This is the mail archive of the gcc-testresults@gcc.gnu.org mailing list for the GCC project.


Index Nav: [Date Index] [Subject Index] [Author Index] [Thread Index]
Message Nav: [Date Prev] [Date Next] [Thread Prev] [Thread Next]
Other format: [Raw text]

Results for 4.4.0 20090121 (experimental) [trunk revision 143546] (GCC) testsuite on x86_64-unknown-linux-gnu


LAST_UPDATED: Thu Jan 22 03:07:54 UTC 2009 (revision 143546)

Native configuration is x86_64-unknown-linux-gnu

		=== gcc tests ===


Running target unix/-m32
FAIL: gcc.c-torture/compile/limits-exprparen.c  -O0  (test for excess errors)
FAIL: gcc.c-torture/compile/limits-exprparen.c  -O1  (test for excess errors)
FAIL: gcc.c-torture/compile/limits-exprparen.c  -O2  (test for excess errors)
FAIL: gcc.c-torture/compile/limits-exprparen.c  -O3 -fomit-frame-pointer  (test for excess errors)
FAIL: gcc.c-torture/compile/limits-exprparen.c  -O3 -g  (test for excess errors)
FAIL: gcc.c-torture/compile/limits-exprparen.c  -Os  (test for excess errors)

		=== gcc Summary for unix/-m32 ===


Running target unix
FAIL: gcc.c-torture/compile/limits-exprparen.c  -O0  (test for excess errors)
FAIL: gcc.c-torture/compile/limits-exprparen.c  -O1  (test for excess errors)
FAIL: gcc.c-torture/compile/limits-exprparen.c  -O2  (test for excess errors)
FAIL: gcc.c-torture/compile/limits-exprparen.c  -O3 -fomit-frame-pointer  (test for excess errors)
FAIL: gcc.c-torture/compile/limits-exprparen.c  -O3 -g  (test for excess errors)
FAIL: gcc.c-torture/compile/limits-exprparen.c  -Os  (test for excess errors)
FAIL: gcc.dg/tree-prof/bb-reorg.c compilation,  -fprofile-use -D_PROFILE_USE
UNRESOLVED: gcc.dg/tree-prof/bb-reorg.c execution,    -fprofile-use -D_PROFILE_USE
FAIL: gcc.dg/tree-prof/pr34999.c compilation,  -fprofile-use -D_PROFILE_USE
UNRESOLVED: gcc.dg/tree-prof/pr34999.c execution,    -fprofile-use -D_PROFILE_USE
FAIL: gcc.target/i386/pr34256.c scan-assembler-times mov 2

		=== gcc Summary for unix ===


		=== gcc Summary ===

# of expected passes		111882
# of unexpected failures	15
# of expected failures		370
# of unresolved testcases	2
# of unsupported tests		1132
/export/gnu/import/svn/gcc-test/bld/gcc/xgcc  version 4.4.0 20090121 (experimental) [trunk revision 143546] (GCC) 

		=== gfortran tests ===


Running target unix/-m32

		=== gfortran Summary for unix/-m32 ===

# of expected passes		3978

Running target unix

		=== gfortran Summary for unix ===

# of expected passes		3978

		=== gfortran Summary ===

# of expected passes		58364
# of expected failures		20
# of unsupported tests		140
/export/gnu/import/svn/gcc-test/bld/gcc/testsuite/gfortran/../../gfortran  version 4.4.0 20090121 (experimental) [trunk revision 143546] (GCC) 

		=== g++ tests ===


Running target unix/-m32
FAIL: g++.dg/cpp0x/pr32114.C (internal compiler error)
FAIL: g++.dg/cpp0x/pr32114.C (test for excess errors)
FAIL: g++.dg/cpp0x/pr34057.C (internal compiler error)
FAIL: g++.dg/cpp0x/pr34057.C (test for excess errors)
FAIL: g++.dg/cpp0x/pr34058.C (internal compiler error)
FAIL: g++.dg/cpp0x/pr34058.C (test for excess errors)
FAIL: g++.dg/cpp0x/variadic71.C (internal compiler error)
FAIL: g++.dg/cpp0x/variadic71.C (test for excess errors)

		=== g++ Summary for unix/-m32 ===

# of expected passes		6810
# of expected failures		28
# of unsupported tests		10

Running target unix
FAIL: g++.dg/cpp0x/pr32114.C (internal compiler error)
FAIL: g++.dg/cpp0x/pr32114.C (test for excess errors)
FAIL: g++.dg/cpp0x/pr34057.C (internal compiler error)
FAIL: g++.dg/cpp0x/pr34057.C (test for excess errors)
FAIL: g++.dg/cpp0x/pr34058.C (internal compiler error)
FAIL: g++.dg/cpp0x/pr34058.C (test for excess errors)
FAIL: g++.dg/cpp0x/variadic71.C (internal compiler error)
FAIL: g++.dg/cpp0x/variadic71.C (test for excess errors)

		=== g++ Summary for unix ===

# of expected passes		6763
# of expected failures		28
# of unsupported tests		20

		=== g++ Summary ===

# of expected passes		38607
# of unexpected failures	16
# of expected failures		282
# of unsupported tests		344
/export/gnu/import/svn/gcc-test/bld/gcc/testsuite/g++/../../g++  version 4.4.0 20090121 (experimental) [trunk revision 143546] (GCC) 

		=== objc tests ===


Running target unix/-m32

		=== objc Summary for unix/-m32 ===

# of expected passes		2

Running target unix
FAIL: objc/execute/forward-1.m execution,  -O0 -fgnu-runtime
FAIL: objc/execute/forward-1.m execution,  -O1 -fgnu-runtime
FAIL: objc/execute/forward-1.m execution,  -O2 -fgnu-runtime
FAIL: objc/execute/forward-1.m execution,  -O3 -fomit-frame-pointer -fgnu-runtime
FAIL: objc/execute/forward-1.m execution,  -O3 -fomit-frame-pointer -funroll-loops -fgnu-runtime
FAIL: objc/execute/forward-1.m execution,  -O3 -fomit-frame-pointer -funroll-all-loops -finline-functions -fgnu-runtime
FAIL: objc/execute/forward-1.m execution,  -O3 -g -fgnu-runtime
FAIL: objc/execute/forward-1.m execution,  -Os -fgnu-runtime

		=== objc Summary for unix ===

# of expected passes		2

		=== objc Summary ===

# of expected passes		3652
# of unexpected failures	8
# of expected failures		14
# of unsupported tests		48
/export/gnu/import/svn/gcc-test/bld/gcc/xgcc  version 4.4.0 20090121 (experimental) [trunk revision 143546] (GCC) 

		=== libffi tests ===


Running target unix/-m32

		=== libffi Summary for unix/-m32 ===

# of expected passes		24

Running target unix

		=== libffi Summary for unix ===

# of expected passes		24

		=== libffi Summary ===

# of expected passes		2778
# of unsupported tests		20
		=== libgomp tests ===


Running target unix/-m32

		=== libgomp Summary for unix/-m32 ===

# of expected passes		1399

Running target unix

		=== libgomp Summary for unix ===

# of expected passes		1399

		=== libgomp Summary ===

# of expected passes		4690
		=== libjava tests ===


Running target unix/-m32

		=== libjava Summary for unix/-m32 ===


Running target unix

		=== libjava Summary for unix ===


		=== libjava Summary ===

# of expected passes		5148
		=== libmudflap tests ===


Running target unix/-m32
FAIL: libmudflap.c++/pass41-frag.cxx execution test
FAIL: libmudflap.c++/pass41-frag.cxx (-static) execution test
FAIL: libmudflap.c++/pass41-frag.cxx (-O2) execution test
FAIL: libmudflap.c++/pass41-frag.cxx (-O3) execution test
FAIL: libmudflap.cth/pass39-frag.c (-O3) (rerun 8) execution test
FAIL: libmudflap.cth/pass39-frag.c (-O3) (rerun 8) output pattern test
FAIL: libmudflap.cth/pass39-frag.c (-O3) (rerun 10) execution test
FAIL: libmudflap.cth/pass39-frag.c (-O3) (rerun 10) output pattern test
FAIL: libmudflap.cth/pass39-frag.c (-O3) (rerun 12) execution test
FAIL: libmudflap.cth/pass39-frag.c (-O3) (rerun 12) output pattern test

		=== libmudflap Summary for unix/-m32 ===

# of expected passes		346
# of unexpected failures	6

Running target unix
FAIL: libmudflap.c++/pass41-frag.cxx execution test
FAIL: libmudflap.c++/pass41-frag.cxx (-static) execution test
FAIL: libmudflap.c++/pass41-frag.cxx (-O2) execution test
FAIL: libmudflap.c++/pass41-frag.cxx (-O3) execution test

		=== libmudflap Summary for unix ===

# of expected passes		352

		=== libmudflap Summary ===

# of expected passes		3774
# of unexpected failures	14
		=== libstdc++ tests ===


Running target unix/-m32
FAIL: 21_strings/basic_string/requirements/explicit_instantiation/debug.cc (test for excess errors)
FAIL: 23_containers/deque/14340.cc (test for excess errors)
FAIL: 23_containers/deque/invalidation/1.cc (test for excess errors)
WARNING: 23_containers/deque/invalidation/1.cc compilation failed to produce executable
FAIL: 23_containers/deque/invalidation/2.cc (test for excess errors)
WARNING: 23_containers/deque/invalidation/2.cc compilation failed to produce executable
FAIL: 23_containers/deque/invalidation/3.cc (test for excess errors)
WARNING: 23_containers/deque/invalidation/3.cc compilation failed to produce executable
FAIL: 23_containers/deque/invalidation/4.cc (test for excess errors)
WARNING: 23_containers/deque/invalidation/4.cc compilation failed to produce executable
FAIL: 23_containers/list/14340.cc (test for excess errors)
FAIL: 23_containers/list/invalidation/1.cc (test for excess errors)
WARNING: 23_containers/list/invalidation/1.cc compilation failed to produce executable
FAIL: 23_containers/list/invalidation/2.cc (test for excess errors)
WARNING: 23_containers/list/invalidation/2.cc compilation failed to produce executable
FAIL: 23_containers/list/invalidation/3.cc (test for excess errors)
WARNING: 23_containers/list/invalidation/3.cc compilation failed to produce executable
FAIL: 23_containers/list/invalidation/4.cc (test for excess errors)
WARNING: 23_containers/list/invalidation/4.cc compilation failed to produce executable
FAIL: 23_containers/list/operations/35969.cc (test for excess errors)
WARNING: 23_containers/list/operations/35969.cc compilation failed to produce executable
FAIL: 23_containers/map/14340.cc (test for excess errors)
FAIL: 23_containers/map/invalidation/1.cc (test for excess errors)
WARNING: 23_containers/map/invalidation/1.cc compilation failed to produce executable
FAIL: 23_containers/map/invalidation/2.cc (test for excess errors)
WARNING: 23_containers/map/invalidation/2.cc compilation failed to produce executable
FAIL: 23_containers/map/modifiers/insert/16813.cc (test for excess errors)
WARNING: 23_containers/map/modifiers/insert/16813.cc compilation failed to produce executable
FAIL: 23_containers/multimap/14340.cc (test for excess errors)
FAIL: 23_containers/multimap/invalidation/1.cc (test for excess errors)
WARNING: 23_containers/multimap/invalidation/1.cc compilation failed to produce executable
FAIL: 23_containers/multimap/invalidation/2.cc (test for excess errors)
WARNING: 23_containers/multimap/invalidation/2.cc compilation failed to produce executable
FAIL: 23_containers/multiset/14340.cc (test for excess errors)
FAIL: 23_containers/multiset/invalidation/1.cc (test for excess errors)
WARNING: 23_containers/multiset/invalidation/1.cc compilation failed to produce executable
FAIL: 23_containers/multiset/invalidation/2.cc (test for excess errors)
WARNING: 23_containers/multiset/invalidation/2.cc compilation failed to produce executable
FAIL: 23_containers/set/14340.cc (test for excess errors)
FAIL: 23_containers/set/invalidation/1.cc (test for excess errors)
WARNING: 23_containers/set/invalidation/1.cc compilation failed to produce executable
FAIL: 23_containers/set/invalidation/2.cc (test for excess errors)
WARNING: 23_containers/set/invalidation/2.cc compilation failed to produce executable
FAIL: 23_containers/unordered_map/requirements/debug_container.cc (test for excess errors)
FAIL: 23_containers/unordered_multimap/requirements/debug.cc (test for excess errors)
FAIL: 23_containers/unordered_multiset/requirements/debug.cc (test for excess errors)
FAIL: 23_containers/unordered_set/requirements/debug_container.cc (test for excess errors)
FAIL: 23_containers/vector/14340.cc (test for excess errors)
FAIL: 23_containers/vector/debug_mode_requires_reallocation-1.cc (test for excess errors)
WARNING: 23_containers/vector/debug_mode_requires_reallocation-1.cc compilation failed to produce executable
FAIL: 23_containers/vector/debug_mode_requires_reallocation-2.cc (test for excess errors)
WARNING: 23_containers/vector/debug_mode_requires_reallocation-2.cc compilation failed to produce executable
FAIL: 23_containers/vector/invalidation/1.cc (test for excess errors)
WARNING: 23_containers/vector/invalidation/1.cc compilation failed to produce executable
FAIL: 23_containers/vector/invalidation/2.cc (test for excess errors)
WARNING: 23_containers/vector/invalidation/2.cc compilation failed to produce executable
FAIL: 23_containers/vector/invalidation/3.cc (test for excess errors)
WARNING: 23_containers/vector/invalidation/3.cc compilation failed to produce executable
FAIL: 23_containers/vector/invalidation/4.cc (test for excess errors)
WARNING: 23_containers/vector/invalidation/4.cc compilation failed to produce executable
FAIL: 25_algorithms/set_difference/35541.cc (test for excess errors)
FAIL: 25_algorithms/set_intersection/34730.cc (test for excess errors)
XPASS: 26_numerics/headers/cmath/c99_classification_macros_c.cc (test for excess errors)
FAIL: ext/slist/check_construct_destroy.cc (test for excess errors)
WARNING: ext/slist/check_construct_destroy.cc compilation failed to produce executable
FAIL: ext/slist/requirements/explicit_instantiation.cc (test for excess errors)
FAIL: tr1/4_metaprogramming/is_member_function_pointer/value.cc execution test
FAIL: tr1/4_metaprogramming/is_member_object_pointer/value.cc execution test

		=== libstdc++ Summary for unix/-m32 ===

# of expected passes		6339
# of unexpected failures	42
# of unexpected successes	1
# of expected failures		79
# of unsupported tests		16

Running target unix
FAIL: 21_strings/basic_string/requirements/explicit_instantiation/debug.cc (test for excess errors)
FAIL: 23_containers/deque/14340.cc (test for excess errors)
FAIL: 23_containers/deque/invalidation/1.cc (test for excess errors)
WARNING: 23_containers/deque/invalidation/1.cc compilation failed to produce executable
FAIL: 23_containers/deque/invalidation/2.cc (test for excess errors)
WARNING: 23_containers/deque/invalidation/2.cc compilation failed to produce executable
FAIL: 23_containers/deque/invalidation/3.cc (test for excess errors)
WARNING: 23_containers/deque/invalidation/3.cc compilation failed to produce executable
FAIL: 23_containers/deque/invalidation/4.cc (test for excess errors)
WARNING: 23_containers/deque/invalidation/4.cc compilation failed to produce executable
FAIL: 23_containers/list/14340.cc (test for excess errors)
FAIL: 23_containers/list/invalidation/1.cc (test for excess errors)
WARNING: 23_containers/list/invalidation/1.cc compilation failed to produce executable
FAIL: 23_containers/list/invalidation/2.cc (test for excess errors)
WARNING: 23_containers/list/invalidation/2.cc compilation failed to produce executable
FAIL: 23_containers/list/invalidation/3.cc (test for excess errors)
WARNING: 23_containers/list/invalidation/3.cc compilation failed to produce executable
FAIL: 23_containers/list/invalidation/4.cc (test for excess errors)
WARNING: 23_containers/list/invalidation/4.cc compilation failed to produce executable
FAIL: 23_containers/list/operations/35969.cc (test for excess errors)
WARNING: 23_containers/list/operations/35969.cc compilation failed to produce executable
FAIL: 23_containers/map/14340.cc (test for excess errors)
FAIL: 23_containers/map/invalidation/1.cc (test for excess errors)
WARNING: 23_containers/map/invalidation/1.cc compilation failed to produce executable
FAIL: 23_containers/map/invalidation/2.cc (test for excess errors)
WARNING: 23_containers/map/invalidation/2.cc compilation failed to produce executable
FAIL: 23_containers/map/modifiers/insert/16813.cc (test for excess errors)
WARNING: 23_containers/map/modifiers/insert/16813.cc compilation failed to produce executable
FAIL: 23_containers/multimap/14340.cc (test for excess errors)
FAIL: 23_containers/multimap/invalidation/1.cc (test for excess errors)
WARNING: 23_containers/multimap/invalidation/1.cc compilation failed to produce executable
FAIL: 23_containers/multimap/invalidation/2.cc (test for excess errors)
WARNING: 23_containers/multimap/invalidation/2.cc compilation failed to produce executable
FAIL: 23_containers/multiset/14340.cc (test for excess errors)
FAIL: 23_containers/multiset/invalidation/1.cc (test for excess errors)
WARNING: 23_containers/multiset/invalidation/1.cc compilation failed to produce executable
FAIL: 23_containers/multiset/invalidation/2.cc (test for excess errors)
WARNING: 23_containers/multiset/invalidation/2.cc compilation failed to produce executable
FAIL: 23_containers/set/14340.cc (test for excess errors)
FAIL: 23_containers/set/invalidation/1.cc (test for excess errors)
WARNING: 23_containers/set/invalidation/1.cc compilation failed to produce executable
FAIL: 23_containers/set/invalidation/2.cc (test for excess errors)
WARNING: 23_containers/set/invalidation/2.cc compilation failed to produce executable
FAIL: 23_containers/unordered_map/requirements/debug_container.cc (test for excess errors)
FAIL: 23_containers/unordered_multimap/requirements/debug.cc (test for excess errors)
FAIL: 23_containers/unordered_multiset/requirements/debug.cc (test for excess errors)
FAIL: 23_containers/unordered_set/requirements/debug_container.cc (test for excess errors)
FAIL: 23_containers/vector/14340.cc (test for excess errors)
FAIL: 23_containers/vector/debug_mode_requires_reallocation-1.cc (test for excess errors)
WARNING: 23_containers/vector/debug_mode_requires_reallocation-1.cc compilation failed to produce executable
FAIL: 23_containers/vector/debug_mode_requires_reallocation-2.cc (test for excess errors)
WARNING: 23_containers/vector/debug_mode_requires_reallocation-2.cc compilation failed to produce executable
FAIL: 23_containers/vector/invalidation/1.cc (test for excess errors)
WARNING: 23_containers/vector/invalidation/1.cc compilation failed to produce executable
FAIL: 23_containers/vector/invalidation/2.cc (test for excess errors)
WARNING: 23_containers/vector/invalidation/2.cc compilation failed to produce executable
FAIL: 23_containers/vector/invalidation/3.cc (test for excess errors)
WARNING: 23_containers/vector/invalidation/3.cc compilation failed to produce executable
FAIL: 23_containers/vector/invalidation/4.cc (test for excess errors)
WARNING: 23_containers/vector/invalidation/4.cc compilation failed to produce executable
FAIL: 25_algorithms/set_difference/35541.cc (test for excess errors)
FAIL: 25_algorithms/set_intersection/34730.cc (test for excess errors)
XPASS: 26_numerics/headers/cmath/c99_classification_macros_c.cc (test for excess errors)
FAIL: ext/slist/check_construct_destroy.cc (test for excess errors)
WARNING: ext/slist/check_construct_destroy.cc compilation failed to produce executable
FAIL: ext/slist/requirements/explicit_instantiation.cc (test for excess errors)
FAIL: tr1/4_metaprogramming/is_member_function_pointer/value.cc execution test
FAIL: tr1/4_metaprogramming/is_member_object_pointer/value.cc execution test

		=== libstdc++ Summary for unix ===

# of expected passes		6345
# of unexpected failures	42
# of unexpected successes	1
# of expected failures		79
# of unsupported tests		13

		=== libstdc++ Summary ===

# of expected passes		12686
# of unexpected failures	84
# of unexpected successes	2
# of expected failures		158
# of unsupported tests		29

Compiler version: 4.4.0 20090121 (experimental) [trunk revision 143546] (GCC) 
Platform: x86_64-unknown-linux-gnu
configure flags: --enable-clocale=gnu --with-system-zlib --enable-shared --with-demangler-in-ld


Index Nav: [Date Index] [Subject Index] [Author Index] [Thread Index]
Message Nav: [Date Prev] [Date Next] [Thread Prev] [Thread Next]