This is the mail archive of the gcc-testresults@gcc.gnu.org mailing list for the GCC project.


Index Nav: [Date Index] [Subject Index] [Author Index] [Thread Index]
Message Nav: [Date Prev] [Date Next] [Thread Prev] [Thread Next]
Other format: [Raw text]

Results for 4.4.0 20090121 (experimental) [trunk revision 143538] (GCC) testsuite on i386-pc-solaris2.11


Notes:

Compiled on OpenSolaris 2008.11 using GNU's 'ld' with mudflaps enabled.
All languages enabled. Most dependancies met. Many extra features enabled.


The results for the "libmudflap tests" below are "as-is" without any
help to make the tests pass. The results will be better when this Bug
is fixed: http://gcc.gnu.org/bugzilla/show_bug.cgi?id=38738

Here is a build from a week ago: http://gcc.gnu.org/ml/gcc-testresults/2009-01/msg00488.html
The result for mudflaps were quite good because I applied a fix to help
the Testsuite pass it's tests. Prior to the fix they were not working.



Even though the ACATS Tests get a PASS they produce this erroneous screen output (unreported):
Running chapter a ...
comm: file 2 is not in sorted order
Running chapter c2 ...
comm: file 2 is not in sorted order
Running chapter c3 ...
comm: file 2 is not in sorted order
Running chapter c4 ...




Reducing the errors in the gcc tests:


gcc.dg/dfp/func-vararg-mixed-2.c (test for excess errors)
Excess errors:
func-vararg-mixed-2.c:(.text+0xaa): undefined reference to `__dpd_truncddsd2'
func-vararg-mixed-2.c:(.text+0x1c1): undefined reference to `__dpd_nesd2'
func-vararg-mixed-2.c:(.text+0x215): undefined reference to `__dpd_extendsddd2'
func-vararg-mixed-2.c:(.text+0x231): undefined reference to `__dpd_nedd2'
func-vararg-mixed-2.c:(.text+0x2b8): undefined reference to `__dpd_netd2'




The PCH Test programs failed starting with "gcc.dg/pch/common-1.c":

Executing on host: /usr/share/src/gcc_build/gcc/xgcc -B/usr/share/src/gcc_build/gcc/ \
/usr/share/src/gcc_trunk/gcc/testsuite/gcc.dg/pch/common-1.c -O0 -g -I. -S -o \
common-1.s (timeout = 300)
/usr/share/src/gcc_trunk/gcc/testsuite/gcc.dg/pch/common-1.c:3: internal compiler error: in ggc_record_overhead, at ggc-common.c:873
Please submit a full bug report,
with preprocessed source if appropriate.
See <http://gcc.gnu.org/bugs.html> for instructions.
compiler exited with status 1
output is:
/usr/share/src/gcc_trunk/gcc/testsuite/gcc.dg/pch/common-1.c:3: internal compiler error: in ggc_record_overhead, at ggc-common.c:873
Please submit a full bug report,
with preprocessed source if appropriate.
See <http://gcc.gnu.org/bugs.html> for instructions.



Executing on host: /usr/share/src/gcc_build/gcc/xgcc -B/usr/share/src/gcc_build/gcc/ \
/usr/share/src/gcc_trunk/gcc/testsuite/gcc.dg/pch/counter-1.c -O0 -g -I. -S -o \
counter-1.s (timeout = 300)
/usr/share/src/gcc_trunk/gcc/testsuite/gcc.dg/pch/counter-1.c: In function 'main':
/usr/share/src/gcc_trunk/gcc/testsuite/gcc.dg/pch/counter-1.c:7: internal compiler error: in ggc_record_overhead, at ggc-common.c:873
Please submit a full bug report,
with preprocessed source if appropriate.
See <http://gcc.gnu.org/bugs.html> for instructions.
compiler exited with status 1
output is:
/usr/share/src/gcc_trunk/gcc/testsuite/gcc.dg/pch/counter-1.c: In function 'main':
/usr/share/src/gcc_trunk/gcc/testsuite/gcc.dg/pch/counter-1.c:7: internal compiler error: in ggc_record_overhead, at ggc-common.c:873
Please submit a full bug report,
with preprocessed source if appropriate.
See <http://gcc.gnu.org/bugs.html> for instructions.



Executing on host: /usr/share/src/gcc_build/gcc/xgcc -B/usr/share/src/gcc_build/gcc/ \
./largefile.h -O0 -o largefile.h.gch (timeout = 300)
PASS: ./largefile.h -O0 (test for excess errors)
Executing on host: /usr/share/src/gcc_build/gcc/xgcc -B/usr/share/src/gcc_build/gcc/ \
largefile.c -O0 -I. -S -o largefile.s (timeout = 1200)
compiler exited with status 1
FAIL: largefile.c -O0 -I. (test for excess errors)
Excess errors:
exit status is 1
assembly file 'largefile.s' missing



Executing on host: /usr/share/src/gcc_build/gcc/xgcc -B/usr/share/src/gcc_build/gcc/ \
/usr/share/src/gcc_trunk/gcc/testsuite/gcc.dg/torture/fp-int-convert-floa
t128.c -O0 \
-lm -o ./fp-int-convert-float128.exe (timeout = 300)
/var/tmp//ccfCaGS5.o: In function `main':
fp-int-convert-float128.c:(.text+0x3a): undefined reference to `__floatsitf'
fp-int-convert-float128.c:(.text+0x5a): undefined reference to `__fixtfsi'
fp-int-convert-float128.c:(.text+0xa1): undefined reference to `__netf2'
fp-int-convert-float128.c:(.text+0xbf): undefined reference to `__netf2'
fp-int-convert-float128.c:(.text+0xe1): undefined reference to `__netf2'
fp-int-convert-float128.c:(.text+0x119): undefined reference to `__floatsitf'
fp-int-convert-float128.c:(.text+0x139): undefined reference to `__fixtfsi'
fp-int-convert-float128.c:(.text+0x188): undefined reference to `__netf2'
fp-int-convert-float128.c:(.text+0x1aa): undefined reference to `__netf2'
fp-int-convert-float128.c:(.text+0x1cc): undefined reference to `__netf2'
fp-int-convert-float128.c:(.text+0x204): undefined reference to `__floatsitf'
fp-int-convert-float128.c:(.text+0x224): undefined reference to `__fixtfsi'
fp-int-convert-float128.c:(.text+0x273): undefined reference to `__netf2'
fp-int-convert-float128.c:(.text+0x295): undefined reference to `__netf2'
fp-int-convert-float128.c:(.text+0x2b7): undefined reference to `__netf2'
fp-int-convert-float128.c:(.text+0x2ef): undefined reference to `__floatsitf'
fp-int-convert-float128.c:(.text+0x30f): undefined reference to `__fixtfsi'
fp-int-convert-float128.c:(.text+0x35e): undefined reference to `__netf2'
fp-int-convert-float128.c:(.text+0x380): undefined reference to `__netf2'
collect2: ld returned 1 exit status



Executing on host: /usr/share/src/gcc_build/gcc/xgcc -B/usr/share/src/gcc_build/gcc/ \
/usr/share/src/gcc_trunk/gcc/testsuite/gcc.target/i386/avx-vmovntdq-256-1
.c -O2 \
-mavx -lm -o ./avx-vmovntdq-256-1.exe (timeout = 300)
/var/tmp//cc_yaOPU.s: Assembler messages:
/var/tmp//cc_yaOPU.s:38: Error: suffix or operands invalid for `vmovntdq'
compiler exited with status 1
output is:
/var/tmp//cc_yaOPU.s: Assembler messages:
/var/tmp//cc_yaOPU.s:38: Error: suffix or operands invalid for `vmovntdq'
Excess errors:
/var/tmp//cc_yaOPU.s:38: Error: suffix or operands invalid for `vmovntdq'



Executing on host: /usr/share/src/gcc_build/gcc/xgcc -B/usr/share/src/gcc_build/gcc/ \
/usr/share/src/gcc_trunk/gcc/testsuite/gcc.target/i386/avx-vmovntpd-256-1
.c -O2 \
-mavx -lm -o ./avx-vmovntpd-256-1.exe (timeout = 300)
/var/tmp//ccK6aGSU.s: Assembler messages:
/var/tmp//ccK6aGSU.s:44: Error: suffix or operands invalid for `vmovntpd'
compiler exited with status 1
output is:
/var/tmp//ccK6aGSU.s: Assembler messages:
/var/tmp//ccK6aGSU.s:44: Error: suffix or operands invalid for `vmovntpd'
Excess errors:
/var/tmp//ccK6aGSU.s:44: Error: suffix or operands invalid for `vmovntpd'



Executing on host: /usr/share/src/gcc_build/gcc/xgcc -B/usr/share/src/gcc_build/gcc/ \
/usr/share/src/gcc_trunk/gcc/testsuite/gcc.target/i386/avx-vmovntps-256-1
.c -O2 \
-mavx -lm -o ./avx-vmovntps-256-1.exe (timeout = 300)
/var/tmp//ccRqaqUU.s: Assembler messages:
/var/tmp//ccRqaqUU.s:46: Error: suffix or operands invalid for `vmovntps'
compiler exited with status 1
output is:
/var/tmp//ccRqaqUU.s: Assembler messages:
/var/tmp//ccRqaqUU.s:46: Error: suffix or operands invalid for `vmovntps'
Excess errors:
/var/tmp//ccRqaqUU.s:46: Error: suffix or operands invalid for `vmovntps'



gcc.target/i386/pr22076.c: ASS: gcc.target/i386/pr22076.c (test for excess errors) AIL: gcc.target/i386/pr22076.c scan-assembler-times movq 3 AIL: gcc.target/i386/pr22076.c scan-assembler-not movl


gcc.target/i386/pr32065-2.c (test for excess errors) Excess errors: pr32065-2.c:(.text+0x61): undefined reference to `__dpd_addtd3' pr32065-2.c:(.text+0x8d): undefined reference to `__dpd_gttd2'


gcc.target/i386/pr32065-2.c (test for excess errors) Excess errors: pr32065-2.c:(.text+0x61): undefined reference to `__dpd_addtd3' pr32065-2.c:(.text+0x8d): undefined reference to `__dpd_gttd2'


YT, Rob

------------------------------------------------------------

LAST_UPDATED: Wed Jan 21 06:07:13 UTC 2009 (revision 143538)

=== acats tests ===

       === acats Summary ===
# of expected passes        2315
# of unexpected failures    0
Native configuration is i386-pc-solaris2.11

=== g++ tests ===


Running target unix
FAIL: g++.dg/opt/pr30965.C scan-tree-dump-times optimized ";; Function" 2
XPASS: g++.dg/other/ucnid-1.C (test for excess errors)
FAIL: g++.dg/pch/array-1.C -g -I. (internal compiler error)
FAIL: g++.dg/pch/array-1.C -g -I. (test for excess errors)
FAIL: g++.dg/pch/array-1.C -g assembly comparison
FAIL: g++.dg/pch/array-1.C -O2 -g -I. (internal compiler error)
FAIL: g++.dg/pch/array-1.C -O2 -g -I. (test for excess errors)
FAIL: g++.dg/pch/array-1.C -O2 -g assembly comparison
FAIL: g++.dg/pch/array-1.C -O2 -I. (internal compiler error)
FAIL: g++.dg/pch/array-1.C -O2 -I. (test for excess errors)
FAIL: g++.dg/pch/array-1.C -O2 assembly comparison
FAIL: g++.dg/pch/empty.C -g -I. (internal compiler error)
FAIL: g++.dg/pch/empty.C -g -I. (test for excess errors)
FAIL: g++.dg/pch/empty.C -g assembly comparison
FAIL: g++.dg/pch/empty.C -O2 -g -I. (internal compiler error)
FAIL: g++.dg/pch/empty.C -O2 -g -I. (test for excess errors)
FAIL: g++.dg/pch/empty.C -O2 -g assembly comparison
FAIL: g++.dg/pch/empty.C -O2 -I. (internal compiler error)
FAIL: g++.dg/pch/empty.C -O2 -I. (test for excess errors)
FAIL: g++.dg/pch/empty.C -O2 assembly comparison
FAIL: g++.dg/pch/externc-1.C -g -I. (internal compiler error)
FAIL: g++.dg/pch/externc-1.C -g -I. (test for excess errors)
FAIL: g++.dg/pch/externc-1.C -g assembly comparison
FAIL: g++.dg/pch/externc-1.C -O2 -g -I. (internal compiler error)
FAIL: g++.dg/pch/externc-1.C -O2 -g -I. (test for excess errors)
FAIL: g++.dg/pch/externc-1.C -O2 -g assembly comparison
FAIL: g++.dg/pch/local-1.C -g -I. (internal compiler error)
FAIL: g++.dg/pch/local-1.C -g -I. (test for excess errors)
FAIL: g++.dg/pch/local-1.C -g assembly comparison
FAIL: g++.dg/pch/local-1.C -O2 -g -I. (internal compiler error)
FAIL: g++.dg/pch/local-1.C -O2 -g -I. (test for excess errors)
FAIL: g++.dg/pch/local-1.C -O2 -g assembly comparison
FAIL: g++.dg/pch/local-1.C -O2 -I. (internal compiler error)
FAIL: g++.dg/pch/local-1.C -O2 -I. (test for excess errors)
FAIL: g++.dg/pch/local-1.C -O2 assembly comparison
FAIL: g++.dg/pch/pch.C -g -I. (internal compiler error)
FAIL: g++.dg/pch/pch.C -g -I. (test for excess errors)
FAIL: g++.dg/pch/pch.C -g assembly comparison
FAIL: g++.dg/pch/pch.C -O2 -g -I. (internal compiler error)
FAIL: g++.dg/pch/pch.C -O2 -g -I. (test for excess errors)
FAIL: g++.dg/pch/pch.C -O2 -g assembly comparison
FAIL: g++.dg/pch/pch.C -O2 -I. (internal compiler error)
FAIL: g++.dg/pch/pch.C -O2 -I. (test for excess errors)
FAIL: g++.dg/pch/pch.C -O2 assembly comparison
FAIL: g++.dg/pch/static-1.C -g -I. (internal compiler error)
FAIL: g++.dg/pch/static-1.C -g -I. (test for excess errors)
FAIL: g++.dg/pch/static-1.C -g assembly comparison
FAIL: g++.dg/pch/static-1.C -O2 -g -I. (internal compiler error)
FAIL: g++.dg/pch/static-1.C -O2 -g -I. (test for excess errors)
FAIL: g++.dg/pch/static-1.C -O2 -g assembly comparison
FAIL: g++.dg/pch/static-1.C -O2 -I. (internal compiler error)
FAIL: g++.dg/pch/static-1.C -O2 -I. (test for excess errors)
FAIL: g++.dg/pch/static-1.C -O2 assembly comparison
FAIL: g++.dg/pch/system-1.C -g -I. (internal compiler error)
FAIL: g++.dg/pch/system-1.C -g -I. (test for excess errors)
FAIL: g++.dg/pch/system-1.C -g assembly comparison
FAIL: g++.dg/pch/system-1.C -O2 -g -I. (internal compiler error)
FAIL: g++.dg/pch/system-1.C -O2 -g -I. (test for excess errors)
FAIL: g++.dg/pch/system-1.C -O2 -g assembly comparison
FAIL: g++.dg/pch/system-1.C -O2 -I. (internal compiler error)
FAIL: g++.dg/pch/system-1.C -O2 -I. (test for excess errors)
FAIL: g++.dg/pch/system-1.C -O2 assembly comparison
FAIL: g++.dg/pch/system-2.C -g -I. (internal compiler error)
FAIL: g++.dg/pch/system-2.C -g -I. (test for excess errors)
FAIL: g++.dg/pch/system-2.C -g assembly comparison
FAIL: g++.dg/pch/system-2.C -O2 -g -I. (internal compiler error)
FAIL: g++.dg/pch/system-2.C -O2 -g -I. (test for excess errors)
FAIL: g++.dg/pch/system-2.C -O2 -g assembly comparison
FAIL: g++.dg/pch/system-2.C -O2 -I. (internal compiler error)
FAIL: g++.dg/pch/system-2.C -O2 -I. (test for excess errors)
FAIL: g++.dg/pch/system-2.C -O2 assembly comparison
FAIL: g++.dg/pch/template-1.C -g -I. (internal compiler error)
FAIL: g++.dg/pch/template-1.C -g -I. (test for excess errors)
FAIL: g++.dg/pch/template-1.C -g assembly comparison
FAIL: g++.dg/pch/template-1.C -O2 -g -I. (internal compiler error)
FAIL: g++.dg/pch/template-1.C -O2 -g -I. (test for excess errors)
FAIL: g++.dg/pch/template-1.C -O2 -g assembly comparison
FAIL: g++.dg/pch/template-1.C -O2 -I. (internal compiler error)
FAIL: g++.dg/pch/template-1.C -O2 -I. (test for excess errors)
FAIL: g++.dg/pch/template-1.C -O2 assembly comparison
FAIL: g++.dg/pch/uninst.C -g -I. (internal compiler error)
FAIL: g++.dg/pch/uninst.C -g -I. (test for excess errors)
FAIL: g++.dg/pch/uninst.C -g assembly comparison
FAIL: g++.dg/pch/uninst.C -O2 -g -I. (internal compiler error)
FAIL: g++.dg/pch/uninst.C -O2 -g -I. (test for excess errors)
FAIL: g++.dg/pch/uninst.C -O2 -g assembly comparison
FAIL: g++.dg/pch/uninst.C -O2 -I. (internal compiler error)
FAIL: g++.dg/pch/uninst.C -O2 -I. (test for excess errors)
FAIL: g++.dg/pch/uninst.C -O2 assembly comparison
FAIL: g++.dg/pch/wchar-1.C -g -I. (internal compiler error)
FAIL: g++.dg/pch/wchar-1.C -g -I. (test for excess errors)
FAIL: g++.dg/pch/wchar-1.C -g assembly comparison
FAIL: g++.dg/pch/wchar-1.C -O2 -g -I. (internal compiler error)
FAIL: g++.dg/pch/wchar-1.C -O2 -g -I. (test for excess errors)
FAIL: g++.dg/pch/wchar-1.C -O2 -g assembly comparison
FAIL: g++.dg/tls/static-1.C execution test
XPASS: g++.old-deja/g++.oliva/dwarf2.C (test for excess errors)
XPASS: g++.old-deja/g++.oliva/dwarf3.C (test for excess errors)
XPASS: g++.old-deja/g++.other/init19.C execution test


=== g++ Summary ===

# of expected passes 19292
# of unexpected failures 95
# of unexpected successes 4
# of expected failures 142
# of unsupported tests 123
/usr/share/src/gcc_build/gcc/testsuite/g++/../../g++ version 4.4.0 20090121 (experimental) [trunk revision 143538] (GCC)


=== gcc tests ===


Running target unix
FAIL: gcc.c-torture/compile/limits-structnest.c -O2 (test for excess errors)
FAIL: gcc.c-torture/compile/limits-structnest.c -O3 -fomit-frame-pointer (test for excess errors)
FAIL: gcc.c-torture/compile/limits-structnest.c -O3 -g (test for excess errors)
FAIL: gcc.c-torture/compile/limits-structnest.c -Os (test for excess errors)
FAIL: gcc.dg/dfp/func-vararg-mixed-2.c (test for excess errors)
WARNING: gcc.dg/dfp/func-vararg-mixed-2.c compilation failed to produce executable
XPASS: gcc.dg/ucnid-2.c (test for excess errors)
XPASS: gcc.dg/ucnid-3.c (test for excess errors)
XPASS: gcc.dg/ucnid-4.c (test for excess errors)
FAIL: gcc.dg/pch/common-1.c -O0 -g -I. (internal compiler error)
FAIL: gcc.dg/pch/common-1.c -O0 -g -I. (test for excess errors)
FAIL: gcc.dg/pch/common-1.c -O0 -g assembly comparison
FAIL: gcc.dg/pch/common-1.c -O3 -g -I. (internal compiler error)
FAIL: gcc.dg/pch/common-1.c -O3 -g -I. (test for excess errors)
FAIL: gcc.dg/pch/common-1.c -O3 -g assembly comparison
FAIL: gcc.dg/pch/counter-1.c -O0 -g -I. (internal compiler error)
FAIL: gcc.dg/pch/counter-1.c -O0 -g -I. (test for excess errors)
FAIL: gcc.dg/pch/counter-1.c -O0 -g assembly comparison
FAIL: gcc.dg/pch/counter-1.c -O0 -I. (internal compiler error)
FAIL: gcc.dg/pch/counter-1.c -O0 -I. (test for excess errors)
FAIL: gcc.dg/pch/counter-1.c -O0 assembly comparison
FAIL: gcc.dg/pch/counter-1.c -O1 -I. (internal compiler error)
FAIL: gcc.dg/pch/counter-1.c -O1 -I. (test for excess errors)
FAIL: gcc.dg/pch/counter-1.c -O1 assembly comparison
FAIL: gcc.dg/pch/counter-1.c -O2 -I. (internal compiler error)
FAIL: gcc.dg/pch/counter-1.c -O2 -I. (test for excess errors)
FAIL: gcc.dg/pch/counter-1.c -O2 assembly comparison
FAIL: gcc.dg/pch/counter-1.c -O3 -fomit-frame-pointer -I. (internal compiler error)
FAIL: gcc.dg/pch/counter-1.c -O3 -fomit-frame-pointer -I. (test for excess errors)
FAIL: gcc.dg/pch/counter-1.c -O3 -fomit-frame-pointer assembly comparison
FAIL: gcc.dg/pch/counter-1.c -O3 -g -I. (internal compiler error)
FAIL: gcc.dg/pch/counter-1.c -O3 -g -I. (test for excess errors)
FAIL: gcc.dg/pch/counter-1.c -O3 -g assembly comparison
FAIL: gcc.dg/pch/counter-1.c -Os -I. (internal compiler error)
FAIL: gcc.dg/pch/counter-1.c -Os -I. (test for excess errors)
FAIL: gcc.dg/pch/counter-1.c -Os assembly comparison
FAIL: gcc.dg/pch/counter-3.c -O0 -g -I. (internal compiler error)
FAIL: gcc.dg/pch/counter-3.c -O0 -g -I. (test for excess errors)
FAIL: gcc.dg/pch/counter-3.c -O0 -g assembly comparison
FAIL: gcc.dg/pch/counter-3.c -O0 -I. (internal compiler error)
FAIL: gcc.dg/pch/counter-3.c -O0 -I. (test for excess errors)
FAIL: gcc.dg/pch/counter-3.c -O0 assembly comparison
FAIL: gcc.dg/pch/counter-3.c -O1 -I. (internal compiler error)
FAIL: gcc.dg/pch/counter-3.c -O1 -I. (test for excess errors)
FAIL: gcc.dg/pch/counter-3.c -O1 assembly comparison
FAIL: gcc.dg/pch/counter-3.c -O2 -I. (internal compiler error)
FAIL: gcc.dg/pch/counter-3.c -O2 -I. (test for excess errors)
FAIL: gcc.dg/pch/counter-3.c -O2 assembly comparison
FAIL: gcc.dg/pch/counter-3.c -O3 -fomit-frame-pointer -I. (internal compiler error)
FAIL: gcc.dg/pch/counter-3.c -O3 -fomit-frame-pointer -I. (test for excess errors)
FAIL: gcc.dg/pch/counter-3.c -O3 -fomit-frame-pointer assembly comparison
FAIL: gcc.dg/pch/counter-3.c -O3 -g -I. (internal compiler error)
FAIL: gcc.dg/pch/counter-3.c -O3 -g -I. (test for excess errors)
FAIL: gcc.dg/pch/counter-3.c -O3 -g assembly comparison
FAIL: gcc.dg/pch/counter-3.c -Os -I. (internal compiler error)
FAIL: gcc.dg/pch/counter-3.c -Os -I. (test for excess errors)
FAIL: gcc.dg/pch/counter-3.c -Os assembly comparison
FAIL: gcc.dg/pch/cpp-1.c -O0 -g -I. (internal compiler error)
FAIL: gcc.dg/pch/cpp-1.c -O0 -g -I. (test for excess errors)
FAIL: gcc.dg/pch/cpp-1.c -O0 -g assembly comparison
FAIL: gcc.dg/pch/cpp-1.c -O3 -g -I. (internal compiler error)
FAIL: gcc.dg/pch/cpp-1.c -O3 -g -I. (test for excess errors)
FAIL: gcc.dg/pch/cpp-1.c -O3 -g assembly comparison
FAIL: gcc.dg/pch/cpp-2.c -O0 -g -I. (internal compiler error)
FAIL: gcc.dg/pch/cpp-2.c -O0 -g -I. (test for excess errors)
FAIL: gcc.dg/pch/cpp-2.c -O0 -g assembly comparison
FAIL: gcc.dg/pch/cpp-2.c -O3 -g -I. (internal compiler error)
FAIL: gcc.dg/pch/cpp-2.c -O3 -g -I. (test for excess errors)
FAIL: gcc.dg/pch/cpp-2.c -O3 -g assembly comparison
FAIL: gcc.dg/pch/cpp-3.c -O0 -g -I. (internal compiler error)
FAIL: gcc.dg/pch/cpp-3.c -O0 -g -I. (test for warnings, line )
FAIL: gcc.dg/pch/cpp-3.c -O0 -g -I. (test for excess errors)
FAIL: gcc.dg/pch/cpp-3.c -O0 -g assembly comparison
FAIL: gcc.dg/pch/cpp-3.c -O0 -I. (internal compiler error)
FAIL: gcc.dg/pch/cpp-3.c -O0 -I. (test for excess errors)
FAIL: gcc.dg/pch/cpp-3.c -O0 assembly comparison
FAIL: gcc.dg/pch/cpp-3.c -O1 -I. (internal compiler error)
FAIL: gcc.dg/pch/cpp-3.c -O1 -I. (test for excess errors)
FAIL: gcc.dg/pch/cpp-3.c -O1 assembly comparison
FAIL: gcc.dg/pch/cpp-3.c -O2 -I. (internal compiler error)
FAIL: gcc.dg/pch/cpp-3.c -O2 -I. (test for excess errors)
FAIL: gcc.dg/pch/cpp-3.c -O2 assembly comparison
FAIL: gcc.dg/pch/cpp-3.c -O3 -fomit-frame-pointer -I. (internal compiler error)
FAIL: gcc.dg/pch/cpp-3.c -O3 -fomit-frame-pointer -I. (test for excess errors)
FAIL: gcc.dg/pch/cpp-3.c -O3 -fomit-frame-pointer assembly comparison
FAIL: gcc.dg/pch/cpp-3.c -O3 -g -I. (internal compiler error)
FAIL: gcc.dg/pch/cpp-3.c -O3 -g -I. (test for warnings, line )
FAIL: gcc.dg/pch/cpp-3.c -O3 -g -I. (test for excess errors)
FAIL: gcc.dg/pch/cpp-3.c -O3 -g assembly comparison
FAIL: gcc.dg/pch/cpp-3.c -Os -I. (internal compiler error)
FAIL: gcc.dg/pch/cpp-3.c -Os -I. (test for excess errors)
FAIL: gcc.dg/pch/cpp-3.c -Os assembly comparison
FAIL: gcc.dg/pch/decl-1.c -O0 -g -I. (internal compiler error)
FAIL: gcc.dg/pch/decl-1.c -O0 -g -I. (test for excess errors)
FAIL: gcc.dg/pch/decl-1.c -O0 -g assembly comparison
FAIL: gcc.dg/pch/decl-1.c -O0 -I. (internal compiler error)
FAIL: gcc.dg/pch/decl-1.c -O0 -I. (test for excess errors)
FAIL: gcc.dg/pch/decl-1.c -O0 assembly comparison
FAIL: gcc.dg/pch/decl-1.c -O1 -I. (internal compiler error)
FAIL: gcc.dg/pch/decl-1.c -O1 -I. (test for excess errors)
FAIL: gcc.dg/pch/decl-1.c -O1 assembly comparison
FAIL: gcc.dg/pch/decl-1.c -O2 -I. (internal compiler error)
FAIL: gcc.dg/pch/decl-1.c -O2 -I. (test for excess errors)
FAIL: gcc.dg/pch/decl-1.c -O2 assembly comparison
FAIL: gcc.dg/pch/decl-1.c -O3 -fomit-frame-pointer -I. (internal compiler error)
FAIL: gcc.dg/pch/decl-1.c -O3 -fomit-frame-pointer -I. (test for excess errors)
FAIL: gcc.dg/pch/decl-1.c -O3 -fomit-frame-pointer assembly comparison
FAIL: gcc.dg/pch/decl-1.c -O3 -g -I. (internal compiler error)
FAIL: gcc.dg/pch/decl-1.c -O3 -g -I. (test for excess errors)
FAIL: gcc.dg/pch/decl-1.c -O3 -g assembly comparison
FAIL: gcc.dg/pch/decl-1.c -Os -I. (internal compiler error)
FAIL: gcc.dg/pch/decl-1.c -Os -I. (test for excess errors)
FAIL: gcc.dg/pch/decl-1.c -Os assembly comparison
FAIL: gcc.dg/pch/decl-2.c -O0 -g -I. (internal compiler error)
FAIL: gcc.dg/pch/decl-2.c -O0 -g -I. (test for excess errors)
FAIL: gcc.dg/pch/decl-2.c -O0 -g assembly comparison
FAIL: gcc.dg/pch/decl-2.c -O0 -I. (internal compiler error)
FAIL: gcc.dg/pch/decl-2.c -O0 -I. (test for excess errors)
FAIL: gcc.dg/pch/decl-2.c -O0 assembly comparison
FAIL: gcc.dg/pch/decl-2.c -O1 -I. (internal compiler error)
FAIL: gcc.dg/pch/decl-2.c -O1 -I. (test for excess errors)
FAIL: gcc.dg/pch/decl-2.c -O1 assembly comparison
FAIL: gcc.dg/pch/decl-2.c -O2 -I. (internal compiler error)
FAIL: gcc.dg/pch/decl-2.c -O2 -I. (test for excess errors)
FAIL: gcc.dg/pch/decl-2.c -O2 assembly comparison
FAIL: gcc.dg/pch/decl-2.c -O3 -fomit-frame-pointer -I. (internal compiler error)
FAIL: gcc.dg/pch/decl-2.c -O3 -fomit-frame-pointer -I. (test for excess errors)
FAIL: gcc.dg/pch/decl-2.c -O3 -fomit-frame-pointer assembly comparison
FAIL: gcc.dg/pch/decl-2.c -O3 -g -I. (internal compiler error)
FAIL: gcc.dg/pch/decl-2.c -O3 -g -I. (test for excess errors)
FAIL: gcc.dg/pch/decl-2.c -O3 -g assembly comparison
FAIL: gcc.dg/pch/decl-2.c -Os -I. (internal compiler error)
FAIL: gcc.dg/pch/decl-2.c -Os -I. (test for excess errors)
FAIL: gcc.dg/pch/decl-2.c -Os assembly comparison
FAIL: gcc.dg/pch/decl-3.c -O0 -g -I. (internal compiler error)
FAIL: gcc.dg/pch/decl-3.c -O0 -g -I. (test for excess errors)
FAIL: gcc.dg/pch/decl-3.c -O0 -g assembly comparison
FAIL: gcc.dg/pch/decl-3.c -O0 -I. (internal compiler error)
FAIL: gcc.dg/pch/decl-3.c -O0 -I. (test for excess errors)
FAIL: gcc.dg/pch/decl-3.c -O0 assembly comparison
FAIL: gcc.dg/pch/decl-3.c -O1 -I. (internal compiler error)
FAIL: gcc.dg/pch/decl-3.c -O1 -I. (test for excess errors)
FAIL: gcc.dg/pch/decl-3.c -O1 assembly comparison
FAIL: gcc.dg/pch/decl-3.c -O2 -I. (internal compiler error)
FAIL: gcc.dg/pch/decl-3.c -O2 -I. (test for excess errors)
FAIL: gcc.dg/pch/decl-3.c -O2 assembly comparison
FAIL: gcc.dg/pch/decl-3.c -O3 -fomit-frame-pointer -I. (internal compiler error)
FAIL: gcc.dg/pch/decl-3.c -O3 -fomit-frame-pointer -I. (test for excess errors)
FAIL: gcc.dg/pch/decl-3.c -O3 -fomit-frame-pointer assembly comparison
FAIL: gcc.dg/pch/decl-3.c -O3 -g -I. (internal compiler error)
FAIL: gcc.dg/pch/decl-3.c -O3 -g -I. (test for excess errors)
FAIL: gcc.dg/pch/decl-3.c -O3 -g assembly comparison
FAIL: gcc.dg/pch/decl-3.c -Os -I. (internal compiler error)
FAIL: gcc.dg/pch/decl-3.c -Os -I. (test for excess errors)
FAIL: gcc.dg/pch/decl-3.c -Os assembly comparison
FAIL: gcc.dg/pch/decl-4.c -O0 -g -I. (internal compiler error)
FAIL: gcc.dg/pch/decl-4.c -O0 -g -I. (test for excess errors)
FAIL: gcc.dg/pch/decl-4.c -O0 -g assembly comparison
FAIL: gcc.dg/pch/decl-4.c -O0 -I. (internal compiler error)
FAIL: gcc.dg/pch/decl-4.c -O0 -I. (test for excess errors)
FAIL: gcc.dg/pch/decl-4.c -O0 assembly comparison
FAIL: gcc.dg/pch/decl-4.c -O1 -I. (internal compiler error)
FAIL: gcc.dg/pch/decl-4.c -O1 -I. (test for excess errors)
FAIL: gcc.dg/pch/decl-4.c -O1 assembly comparison
FAIL: gcc.dg/pch/decl-4.c -O2 -I. (internal compiler error)
FAIL: gcc.dg/pch/decl-4.c -O2 -I. (test for excess errors)
FAIL: gcc.dg/pch/decl-4.c -O2 assembly comparison
FAIL: gcc.dg/pch/decl-4.c -O3 -fomit-frame-pointer -I. (internal compiler error)
FAIL: gcc.dg/pch/decl-4.c -O3 -fomit-frame-pointer -I. (test for excess errors)
FAIL: gcc.dg/pch/decl-4.c -O3 -fomit-frame-pointer assembly comparison
FAIL: gcc.dg/pch/decl-4.c -O3 -g -I. (internal compiler error)
FAIL: gcc.dg/pch/decl-4.c -O3 -g -I. (test for excess errors)
FAIL: gcc.dg/pch/decl-4.c -O3 -g assembly comparison
FAIL: gcc.dg/pch/decl-4.c -Os -I. (internal compiler error)
FAIL: gcc.dg/pch/decl-4.c -Os -I. (test for excess errors)
FAIL: gcc.dg/pch/decl-4.c -Os assembly comparison
FAIL: gcc.dg/pch/decl-5.c -O0 -g -I. (internal compiler error)
FAIL: gcc.dg/pch/decl-5.c -O0 -g -I. (test for excess errors)
FAIL: gcc.dg/pch/decl-5.c -O0 -g assembly comparison
FAIL: gcc.dg/pch/decl-5.c -O3 -g -I. (internal compiler error)
FAIL: gcc.dg/pch/decl-5.c -O3 -g -I. (test for excess errors)
FAIL: gcc.dg/pch/decl-5.c -O3 -g assembly comparison
FAIL: gcc.dg/pch/empty.c -O0 -g -I. (internal compiler error)
FAIL: gcc.dg/pch/empty.c -O0 -g -I. (test for excess errors)
FAIL: gcc.dg/pch/empty.c -O0 -g assembly comparison
FAIL: gcc.dg/pch/empty.c -O0 -I. (internal compiler error)
FAIL: gcc.dg/pch/empty.c -O0 -I. (test for excess errors)
FAIL: gcc.dg/pch/empty.c -O0 assembly comparison
FAIL: gcc.dg/pch/empty.c -O1 -I. (internal compiler error)
FAIL: gcc.dg/pch/empty.c -O1 -I. (test for excess errors)
FAIL: gcc.dg/pch/empty.c -O1 assembly comparison
FAIL: gcc.dg/pch/empty.c -O2 -I. (internal compiler error)
FAIL: gcc.dg/pch/empty.c -O2 -I. (test for excess errors)
FAIL: gcc.dg/pch/empty.c -O2 assembly comparison
FAIL: gcc.dg/pch/empty.c -O3 -fomit-frame-pointer -I. (internal compiler error)
FAIL: gcc.dg/pch/empty.c -O3 -fomit-frame-pointer -I. (test for excess errors)
FAIL: gcc.dg/pch/empty.c -O3 -fomit-frame-pointer assembly comparison
FAIL: gcc.dg/pch/empty.c -O3 -g -I. (internal compiler error)
FAIL: gcc.dg/pch/empty.c -O3 -g -I. (test for excess errors)
FAIL: gcc.dg/pch/empty.c -O3 -g assembly comparison
FAIL: gcc.dg/pch/empty.c -Os -I. (internal compiler error)
FAIL: gcc.dg/pch/empty.c -Os -I. (test for excess errors)
FAIL: gcc.dg/pch/empty.c -Os assembly comparison
FAIL: gcc.dg/pch/except-1.c -O0 -g -I. (internal compiler error)
FAIL: gcc.dg/pch/except-1.c -O0 -g -I. (test for excess errors)
FAIL: gcc.dg/pch/except-1.c -O0 -g assembly comparison
FAIL: gcc.dg/pch/except-1.c -O0 -I. (internal compiler error)
FAIL: gcc.dg/pch/except-1.c -O0 -I. (test for excess errors)
FAIL: gcc.dg/pch/except-1.c -O0 assembly comparison
FAIL: gcc.dg/pch/except-1.c -O1 -I. (internal compiler error)
FAIL: gcc.dg/pch/except-1.c -O1 -I. (test for excess errors)
FAIL: gcc.dg/pch/except-1.c -O1 assembly comparison
FAIL: gcc.dg/pch/except-1.c -O2 -I. (internal compiler error)
FAIL: gcc.dg/pch/except-1.c -O2 -I. (test for excess errors)
FAIL: gcc.dg/pch/except-1.c -O2 assembly comparison
FAIL: gcc.dg/pch/except-1.c -O3 -fomit-frame-pointer -I. (internal compiler error)
FAIL: gcc.dg/pch/except-1.c -O3 -fomit-frame-pointer -I. (test for excess errors)
FAIL: gcc.dg/pch/except-1.c -O3 -fomit-frame-pointer assembly comparison
FAIL: gcc.dg/pch/except-1.c -O3 -g -I. (internal compiler error)
FAIL: gcc.dg/pch/except-1.c -O3 -g -I. (test for excess errors)
FAIL: gcc.dg/pch/except-1.c -O3 -g assembly comparison
FAIL: gcc.dg/pch/except-1.c -Os -I. (internal compiler error)
FAIL: gcc.dg/pch/except-1.c -Os -I. (test for excess errors)
FAIL: gcc.dg/pch/except-1.c -Os assembly comparison
FAIL: gcc.dg/pch/global-1.c -O0 -g -I. (internal compiler error)
FAIL: gcc.dg/pch/global-1.c -O0 -g -I. (test for excess errors)
FAIL: gcc.dg/pch/global-1.c -O0 -g assembly comparison
FAIL: gcc.dg/pch/global-1.c -O3 -g -I. (internal compiler error)
FAIL: gcc.dg/pch/global-1.c -O3 -g -I. (test for excess errors)
FAIL: gcc.dg/pch/global-1.c -O3 -g assembly comparison
FAIL: gcc.dg/pch/import-1.c -O0 -g -I. (internal compiler error)
FAIL: gcc.dg/pch/import-1.c -O0 -g -I. (test for excess errors)
FAIL: gcc.dg/pch/import-1.c -O0 -g assembly comparison
FAIL: gcc.dg/pch/import-1.c -O3 -g -I. (internal compiler error)
FAIL: gcc.dg/pch/import-1.c -O3 -g -I. (test for excess errors)
FAIL: gcc.dg/pch/import-1.c -O3 -g assembly comparison
FAIL: gcc.dg/pch/import-2.c -O0 -g -I. (internal compiler error)
FAIL: gcc.dg/pch/import-2.c -O0 -g -I. (test for excess errors)
FAIL: gcc.dg/pch/import-2.c -O0 -g assembly comparison
FAIL: gcc.dg/pch/import-2.c -O0 -I. (internal compiler error)
FAIL: gcc.dg/pch/import-2.c -O0 -I. (test for excess errors)
FAIL: gcc.dg/pch/import-2.c -O0 assembly comparison
FAIL: gcc.dg/pch/import-2.c -O1 -I. (internal compiler error)
FAIL: gcc.dg/pch/import-2.c -O1 -I. (test for excess errors)
FAIL: gcc.dg/pch/import-2.c -O1 assembly comparison
FAIL: gcc.dg/pch/import-2.c -O2 -I. (internal compiler error)
FAIL: gcc.dg/pch/import-2.c -O2 -I. (test for excess errors)
FAIL: gcc.dg/pch/import-2.c -O2 assembly comparison
FAIL: gcc.dg/pch/import-2.c -O3 -fomit-frame-pointer -I. (internal compiler error)
FAIL: gcc.dg/pch/import-2.c -O3 -fomit-frame-pointer -I. (test for excess errors)
FAIL: gcc.dg/pch/import-2.c -O3 -fomit-frame-pointer assembly comparison
FAIL: gcc.dg/pch/import-2.c -O3 -g -I. (internal compiler error)
FAIL: gcc.dg/pch/import-2.c -O3 -g -I. (test for excess errors)
FAIL: gcc.dg/pch/import-2.c -O3 -g assembly comparison
FAIL: gcc.dg/pch/import-2.c -Os -I. (internal compiler error)
FAIL: gcc.dg/pch/import-2.c -Os -I. (test for excess errors)
FAIL: gcc.dg/pch/import-2.c -Os assembly comparison
FAIL: gcc.dg/pch/inline-1.c -O0 -g -I. (internal compiler error)
FAIL: gcc.dg/pch/inline-1.c -O0 -g -I. (test for excess errors)
FAIL: gcc.dg/pch/inline-1.c -O0 -g assembly comparison
FAIL: gcc.dg/pch/inline-1.c -O0 -I. (internal compiler error)
FAIL: gcc.dg/pch/inline-1.c -O0 -I. (test for excess errors)
FAIL: gcc.dg/pch/inline-1.c -O0 assembly comparison
FAIL: gcc.dg/pch/inline-1.c -O1 -I. (internal compiler error)
FAIL: gcc.dg/pch/inline-1.c -O1 -I. (test for excess errors)
FAIL: gcc.dg/pch/inline-1.c -O1 assembly comparison
FAIL: gcc.dg/pch/inline-1.c -O2 -I. (internal compiler error)
FAIL: gcc.dg/pch/inline-1.c -O2 -I. (test for excess errors)
FAIL: gcc.dg/pch/inline-1.c -O2 assembly comparison
FAIL: gcc.dg/pch/inline-1.c -O3 -fomit-frame-pointer -I. (internal compiler error)
FAIL: gcc.dg/pch/inline-1.c -O3 -fomit-frame-pointer -I. (test for excess errors)
FAIL: gcc.dg/pch/inline-1.c -O3 -fomit-frame-pointer assembly comparison
FAIL: gcc.dg/pch/inline-1.c -O3 -g -I. (internal compiler error)
FAIL: gcc.dg/pch/inline-1.c -O3 -g -I. (test for excess errors)
FAIL: gcc.dg/pch/inline-1.c -O3 -g assembly comparison
FAIL: gcc.dg/pch/inline-1.c -Os -I. (internal compiler error)
FAIL: gcc.dg/pch/inline-1.c -Os -I. (test for excess errors)
FAIL: gcc.dg/pch/inline-1.c -Os assembly comparison
FAIL: gcc.dg/pch/inline-2.c -O0 -g -I. (internal compiler error)
FAIL: gcc.dg/pch/inline-2.c -O0 -g -I. (test for excess errors)
FAIL: gcc.dg/pch/inline-2.c -O0 -g assembly comparison
FAIL: gcc.dg/pch/inline-2.c -O0 -I. (internal compiler error)
FAIL: gcc.dg/pch/inline-2.c -O0 -I. (test for excess errors)
FAIL: gcc.dg/pch/inline-2.c -O0 assembly comparison
FAIL: gcc.dg/pch/inline-2.c -O1 -I. (internal compiler error)
FAIL: gcc.dg/pch/inline-2.c -O1 -I. (test for excess errors)
FAIL: gcc.dg/pch/inline-2.c -O1 assembly comparison
FAIL: gcc.dg/pch/inline-2.c -O2 -I. (internal compiler error)
FAIL: gcc.dg/pch/inline-2.c -O2 -I. (test for excess errors)
FAIL: gcc.dg/pch/inline-2.c -O2 assembly comparison
FAIL: gcc.dg/pch/inline-2.c -O3 -fomit-frame-pointer -I. (internal compiler error)
FAIL: gcc.dg/pch/inline-2.c -O3 -fomit-frame-pointer -I. (test for excess errors)
FAIL: gcc.dg/pch/inline-2.c -O3 -fomit-frame-pointer assembly comparison
FAIL: gcc.dg/pch/inline-2.c -O3 -g -I. (internal compiler error)
FAIL: gcc.dg/pch/inline-2.c -O3 -g -I. (test for excess errors)
FAIL: gcc.dg/pch/inline-2.c -O3 -g assembly comparison
FAIL: gcc.dg/pch/inline-2.c -Os -I. (internal compiler error)
FAIL: gcc.dg/pch/inline-2.c -Os -I. (test for excess errors)
FAIL: gcc.dg/pch/inline-2.c -Os assembly comparison
FAIL: gcc.dg/pch/inline-3.c -O0 -g -I. (internal compiler error)
FAIL: gcc.dg/pch/inline-3.c -O0 -g -I. (test for excess errors)
FAIL: gcc.dg/pch/inline-3.c -O0 -g assembly comparison
FAIL: gcc.dg/pch/inline-3.c -O0 -I. (internal compiler error)
FAIL: gcc.dg/pch/inline-3.c -O0 -I. (test for excess errors)
FAIL: gcc.dg/pch/inline-3.c -O0 assembly comparison
FAIL: gcc.dg/pch/inline-3.c -O1 -I. (internal compiler error)
FAIL: gcc.dg/pch/inline-3.c -O1 -I. (test for excess errors)
FAIL: gcc.dg/pch/inline-3.c -O1 assembly comparison
FAIL: gcc.dg/pch/inline-3.c -O2 -I. (internal compiler error)
FAIL: gcc.dg/pch/inline-3.c -O2 -I. (test for excess errors)
FAIL: gcc.dg/pch/inline-3.c -O2 assembly comparison
FAIL: gcc.dg/pch/inline-3.c -O3 -fomit-frame-pointer -I. (internal compiler error)
FAIL: gcc.dg/pch/inline-3.c -O3 -fomit-frame-pointer -I. (test for excess errors)
FAIL: gcc.dg/pch/inline-3.c -O3 -fomit-frame-pointer assembly comparison
FAIL: gcc.dg/pch/inline-3.c -O3 -g -I. (internal compiler error)
FAIL: gcc.dg/pch/inline-3.c -O3 -g -I. (test for excess errors)
FAIL: gcc.dg/pch/inline-3.c -O3 -g assembly comparison
FAIL: gcc.dg/pch/inline-3.c -Os -I. (internal compiler error)
FAIL: gcc.dg/pch/inline-3.c -Os -I. (test for excess errors)
FAIL: gcc.dg/pch/inline-3.c -Os assembly comparison
FAIL: gcc.dg/pch/inline-4.c -O0 -g -I. (internal compiler error)
FAIL: gcc.dg/pch/inline-4.c -O0 -g -I. (test for excess errors)
FAIL: gcc.dg/pch/inline-4.c -O0 -g assembly comparison
FAIL: gcc.dg/pch/inline-4.c -O0 -I. (internal compiler error)
FAIL: gcc.dg/pch/inline-4.c -O0 -I. (test for excess errors)
FAIL: gcc.dg/pch/inline-4.c -O0 assembly comparison
FAIL: gcc.dg/pch/inline-4.c -O1 -I. (internal compiler error)
FAIL: gcc.dg/pch/inline-4.c -O1 -I. (test for excess errors)
FAIL: gcc.dg/pch/inline-4.c -O1 assembly comparison
FAIL: gcc.dg/pch/inline-4.c -O2 -I. (internal compiler error)
FAIL: gcc.dg/pch/inline-4.c -O2 -I. (test for excess errors)
FAIL: gcc.dg/pch/inline-4.c -O2 assembly comparison
FAIL: gcc.dg/pch/inline-4.c -O3 -fomit-frame-pointer -I. (internal compiler error)
FAIL: gcc.dg/pch/inline-4.c -O3 -fomit-frame-pointer -I. (test for excess errors)
FAIL: gcc.dg/pch/inline-4.c -O3 -fomit-frame-pointer assembly comparison
FAIL: gcc.dg/pch/inline-4.c -O3 -g -I. (internal compiler error)
FAIL: gcc.dg/pch/inline-4.c -O3 -g -I. (test for excess errors)
FAIL: gcc.dg/pch/inline-4.c -O3 -g assembly comparison
FAIL: gcc.dg/pch/inline-4.c -Os -I. (internal compiler error)
FAIL: gcc.dg/pch/inline-4.c -Os -I. (test for excess errors)
FAIL: gcc.dg/pch/inline-4.c -Os assembly comparison
FAIL: gcc.dg/pch/macro-1.c -O0 -g -I. (internal compiler error)
FAIL: gcc.dg/pch/macro-1.c -O0 -g -I. (test for excess errors)
FAIL: gcc.dg/pch/macro-1.c -O0 -g assembly comparison
FAIL: gcc.dg/pch/macro-1.c -O0 -I. (internal compiler error)
FAIL: gcc.dg/pch/macro-1.c -O0 -I. (test for excess errors)
FAIL: gcc.dg/pch/macro-1.c -O0 assembly comparison
FAIL: gcc.dg/pch/macro-1.c -O1 -I. (internal compiler error)
FAIL: gcc.dg/pch/macro-1.c -O1 -I. (test for excess errors)
FAIL: gcc.dg/pch/macro-1.c -O1 assembly comparison
FAIL: gcc.dg/pch/macro-1.c -O2 -I. (internal compiler error)
FAIL: gcc.dg/pch/macro-1.c -O2 -I. (test for excess errors)
FAIL: gcc.dg/pch/macro-1.c -O2 assembly comparison
FAIL: gcc.dg/pch/macro-1.c -O3 -fomit-frame-pointer -I. (internal compiler error)
FAIL: gcc.dg/pch/macro-1.c -O3 -fomit-frame-pointer -I. (test for excess errors)
FAIL: gcc.dg/pch/macro-1.c -O3 -fomit-frame-pointer assembly comparison
FAIL: gcc.dg/pch/macro-1.c -O3 -g -I. (internal compiler error)
FAIL: gcc.dg/pch/macro-1.c -O3 -g -I. (test for excess errors)
FAIL: gcc.dg/pch/macro-1.c -O3 -g assembly comparison
FAIL: gcc.dg/pch/macro-1.c -Os -I. (internal compiler error)
FAIL: gcc.dg/pch/macro-1.c -Os -I. (test for excess errors)
FAIL: gcc.dg/pch/macro-1.c -Os assembly comparison
FAIL: gcc.dg/pch/macro-2.c -O0 -g -I. (internal compiler error)
FAIL: gcc.dg/pch/macro-2.c -O0 -g -I. (test for excess errors)
FAIL: gcc.dg/pch/macro-2.c -O0 -g assembly comparison
FAIL: gcc.dg/pch/macro-2.c -O0 -I. (internal compiler error)
FAIL: gcc.dg/pch/macro-2.c -O0 -I. (test for excess errors)
FAIL: gcc.dg/pch/macro-2.c -O0 assembly comparison
FAIL: gcc.dg/pch/macro-2.c -O1 -I. (internal compiler error)
FAIL: gcc.dg/pch/macro-2.c -O1 -I. (test for excess errors)
FAIL: gcc.dg/pch/macro-2.c -O1 assembly comparison
FAIL: gcc.dg/pch/macro-2.c -O2 -I. (internal compiler error)
FAIL: gcc.dg/pch/macro-2.c -O2 -I. (test for excess errors)
FAIL: gcc.dg/pch/macro-2.c -O2 assembly comparison
FAIL: gcc.dg/pch/macro-2.c -O3 -fomit-frame-pointer -I. (internal compiler error)
FAIL: gcc.dg/pch/macro-2.c -O3 -fomit-frame-pointer -I. (test for excess errors)
FAIL: gcc.dg/pch/macro-2.c -O3 -fomit-frame-pointer assembly comparison
FAIL: gcc.dg/pch/macro-2.c -O3 -g -I. (internal compiler error)
FAIL: gcc.dg/pch/macro-2.c -O3 -g -I. (test for excess errors)
FAIL: gcc.dg/pch/macro-2.c -O3 -g assembly comparison
FAIL: gcc.dg/pch/macro-2.c -Os -I. (internal compiler error)
FAIL: gcc.dg/pch/macro-2.c -Os -I. (test for excess errors)
FAIL: gcc.dg/pch/macro-2.c -Os assembly comparison
FAIL: gcc.dg/pch/macro-3.c -O0 -g -I. (internal compiler error)
FAIL: gcc.dg/pch/macro-3.c -O0 -g -I. (test for excess errors)
FAIL: gcc.dg/pch/macro-3.c -O0 -g assembly comparison
FAIL: gcc.dg/pch/macro-3.c -O0 -I. (internal compiler error)
FAIL: gcc.dg/pch/macro-3.c -O0 -I. (test for excess errors)
FAIL: gcc.dg/pch/macro-3.c -O0 assembly comparison
FAIL: gcc.dg/pch/macro-3.c -O1 -I. (internal compiler error)
FAIL: gcc.dg/pch/macro-3.c -O1 -I. (test for excess errors)
FAIL: gcc.dg/pch/macro-3.c -O1 assembly comparison
FAIL: gcc.dg/pch/macro-3.c -O2 -I. (internal compiler error)
FAIL: gcc.dg/pch/macro-3.c -O2 -I. (test for excess errors)
FAIL: gcc.dg/pch/macro-3.c -O2 assembly comparison
FAIL: gcc.dg/pch/macro-3.c -O3 -fomit-frame-pointer -I. (internal compiler error)
FAIL: gcc.dg/pch/macro-3.c -O3 -fomit-frame-pointer -I. (test for excess errors)
FAIL: gcc.dg/pch/macro-3.c -O3 -fomit-frame-pointer assembly comparison
FAIL: gcc.dg/pch/macro-3.c -O3 -g -I. (internal compiler error)
FAIL: gcc.dg/pch/macro-3.c -O3 -g -I. (test for excess errors)
FAIL: gcc.dg/pch/macro-3.c -O3 -g assembly comparison
FAIL: gcc.dg/pch/macro-3.c -Os -I. (internal compiler error)
FAIL: gcc.dg/pch/macro-3.c -Os -I. (test for excess errors)
FAIL: gcc.dg/pch/macro-3.c -Os assembly comparison
FAIL: gcc.dg/pch/macro-4.c -O0 -g -I. (internal compiler error)
FAIL: gcc.dg/pch/macro-4.c -O0 -g -I. (test for excess errors)
FAIL: gcc.dg/pch/macro-4.c -O0 -g assembly comparison
FAIL: gcc.dg/pch/macro-4.c -O0 -I. (internal compiler error)
FAIL: gcc.dg/pch/macro-4.c -O0 -I. (test for excess errors)
FAIL: gcc.dg/pch/macro-4.c -O0 assembly comparison
FAIL: gcc.dg/pch/macro-4.c -O1 -I. (internal compiler error)
FAIL: gcc.dg/pch/macro-4.c -O1 -I. (test for excess errors)
FAIL: gcc.dg/pch/macro-4.c -O1 assembly comparison
FAIL: gcc.dg/pch/macro-4.c -O2 -I. (internal compiler error)
FAIL: gcc.dg/pch/macro-4.c -O2 -I. (test for excess errors)
FAIL: gcc.dg/pch/macro-4.c -O2 assembly comparison
FAIL: gcc.dg/pch/macro-4.c -O3 -fomit-frame-pointer -I. (internal compiler error)
FAIL: gcc.dg/pch/macro-4.c -O3 -fomit-frame-pointer -I. (test for excess errors)
FAIL: gcc.dg/pch/macro-4.c -O3 -fomit-frame-pointer assembly comparison
FAIL: gcc.dg/pch/macro-4.c -O3 -g -I. (internal compiler error)
FAIL: gcc.dg/pch/macro-4.c -O3 -g -I. (test for excess errors)
FAIL: gcc.dg/pch/macro-4.c -O3 -g assembly comparison
FAIL: gcc.dg/pch/macro-4.c -Os -I. (internal compiler error)
FAIL: gcc.dg/pch/macro-4.c -Os -I. (test for excess errors)
FAIL: gcc.dg/pch/macro-4.c -Os assembly comparison
FAIL: gcc.dg/pch/save-temps-1.c -O0 -g -I. (internal compiler error)
FAIL: gcc.dg/pch/save-temps-1.c -O0 -g -I. (test for excess errors)
FAIL: gcc.dg/pch/save-temps-1.c -O0 -g assembly comparison
FAIL: gcc.dg/pch/save-temps-1.c -O0 -I. (internal compiler error)
FAIL: gcc.dg/pch/save-temps-1.c -O0 -I. (test for excess errors)
FAIL: gcc.dg/pch/save-temps-1.c -O0 assembly comparison
FAIL: gcc.dg/pch/save-temps-1.c -O1 -I. (internal compiler error)
FAIL: gcc.dg/pch/save-temps-1.c -O1 -I. (test for excess errors)
FAIL: gcc.dg/pch/save-temps-1.c -O1 assembly comparison
FAIL: gcc.dg/pch/save-temps-1.c -O2 -I. (internal compiler error)
FAIL: gcc.dg/pch/save-temps-1.c -O2 -I. (test for excess errors)
FAIL: gcc.dg/pch/save-temps-1.c -O2 assembly comparison
FAIL: gcc.dg/pch/save-temps-1.c -O3 -fomit-frame-pointer -I. (internal compiler error)
FAIL: gcc.dg/pch/save-temps-1.c -O3 -fomit-frame-pointer -I. (test for excess errors)
FAIL: gcc.dg/pch/save-temps-1.c -O3 -fomit-frame-pointer assembly comparison
FAIL: gcc.dg/pch/save-temps-1.c -O3 -g -I. (internal compiler error)
FAIL: gcc.dg/pch/save-temps-1.c -O3 -g -I. (test for excess errors)
FAIL: gcc.dg/pch/save-temps-1.c -O3 -g assembly comparison
FAIL: gcc.dg/pch/save-temps-1.c -Os -I. (internal compiler error)
FAIL: gcc.dg/pch/save-temps-1.c -Os -I. (test for excess errors)
FAIL: gcc.dg/pch/save-temps-1.c -Os assembly comparison
FAIL: gcc.dg/pch/static-1.c -O0 -g -I. (internal compiler error)
FAIL: gcc.dg/pch/static-1.c -O0 -g -I. (test for excess errors)
FAIL: gcc.dg/pch/static-1.c -O0 -g assembly comparison
FAIL: gcc.dg/pch/static-1.c -O0 -I. (internal compiler error)
FAIL: gcc.dg/pch/static-1.c -O0 -I. (test for excess errors)
FAIL: gcc.dg/pch/static-1.c -O0 assembly comparison
FAIL: gcc.dg/pch/static-1.c -O1 -I. (internal compiler error)
FAIL: gcc.dg/pch/static-1.c -O1 -I. (test for excess errors)
FAIL: gcc.dg/pch/static-1.c -O1 assembly comparison
FAIL: gcc.dg/pch/static-1.c -O2 -I. (internal compiler error)
FAIL: gcc.dg/pch/static-1.c -O2 -I. (test for excess errors)
FAIL: gcc.dg/pch/static-1.c -O2 assembly comparison
FAIL: gcc.dg/pch/static-1.c -O3 -fomit-frame-pointer -I. (internal compiler error)
FAIL: gcc.dg/pch/static-1.c -O3 -fomit-frame-pointer -I. (test for excess errors)
FAIL: gcc.dg/pch/static-1.c -O3 -fomit-frame-pointer assembly comparison
FAIL: gcc.dg/pch/static-1.c -O3 -g -I. (internal compiler error)
FAIL: gcc.dg/pch/static-1.c -O3 -g -I. (test for excess errors)
FAIL: gcc.dg/pch/static-1.c -O3 -g assembly comparison
FAIL: gcc.dg/pch/static-1.c -Os -I. (internal compiler error)
FAIL: gcc.dg/pch/static-1.c -Os -I. (test for excess errors)
FAIL: gcc.dg/pch/static-1.c -Os assembly comparison
FAIL: gcc.dg/pch/static-2.c -O0 -g -I. (internal compiler error)
FAIL: gcc.dg/pch/static-2.c -O0 -g -I. (test for excess errors)
FAIL: gcc.dg/pch/static-2.c -O0 -g assembly comparison
FAIL: gcc.dg/pch/static-2.c -O0 -I. (internal compiler error)
FAIL: gcc.dg/pch/static-2.c -O0 -I. (test for excess errors)
FAIL: gcc.dg/pch/static-2.c -O0 assembly comparison
FAIL: gcc.dg/pch/static-2.c -O1 -I. (internal compiler error)
FAIL: gcc.dg/pch/static-2.c -O1 -I. (test for excess errors)
FAIL: gcc.dg/pch/static-2.c -O1 assembly comparison
FAIL: gcc.dg/pch/static-2.c -O2 -I. (internal compiler error)
FAIL: gcc.dg/pch/static-2.c -O2 -I. (test for excess errors)
FAIL: gcc.dg/pch/static-2.c -O2 assembly comparison
FAIL: gcc.dg/pch/static-2.c -O3 -fomit-frame-pointer -I. (internal compiler error)
FAIL: gcc.dg/pch/static-2.c -O3 -fomit-frame-pointer -I. (test for excess errors)
FAIL: gcc.dg/pch/static-2.c -O3 -fomit-frame-pointer assembly comparison
FAIL: gcc.dg/pch/static-2.c -O3 -g -I. (internal compiler error)
FAIL: gcc.dg/pch/static-2.c -O3 -g -I. (test for excess errors)
FAIL: gcc.dg/pch/static-2.c -O3 -g assembly comparison
FAIL: gcc.dg/pch/static-2.c -Os -I. (internal compiler error)
FAIL: gcc.dg/pch/static-2.c -Os -I. (test for excess errors)
FAIL: gcc.dg/pch/static-2.c -Os assembly comparison
FAIL: gcc.dg/pch/static-3.c -O0 -g -I. (internal compiler error)
FAIL: gcc.dg/pch/static-3.c -O0 -g -I. (test for excess errors)
FAIL: gcc.dg/pch/static-3.c -O0 -g assembly comparison
FAIL: gcc.dg/pch/static-3.c -O0 -I. (internal compiler error)
FAIL: gcc.dg/pch/static-3.c -O0 -I. (test for excess errors)
FAIL: gcc.dg/pch/static-3.c -O0 assembly comparison
FAIL: gcc.dg/pch/static-3.c -O1 -I. (internal compiler error)
FAIL: gcc.dg/pch/static-3.c -O1 -I. (test for excess errors)
FAIL: gcc.dg/pch/static-3.c -O1 assembly comparison
FAIL: gcc.dg/pch/static-3.c -O2 -I. (internal compiler error)
FAIL: gcc.dg/pch/static-3.c -O2 -I. (test for excess errors)
FAIL: gcc.dg/pch/static-3.c -O2 assembly comparison
FAIL: gcc.dg/pch/static-3.c -O3 -fomit-frame-pointer -I. (internal compiler error)
FAIL: gcc.dg/pch/static-3.c -O3 -fomit-frame-pointer -I. (test for excess errors)
FAIL: gcc.dg/pch/static-3.c -O3 -fomit-frame-pointer assembly comparison
FAIL: gcc.dg/pch/static-3.c -O3 -g -I. (internal compiler error)
FAIL: gcc.dg/pch/static-3.c -O3 -g -I. (test for excess errors)
FAIL: gcc.dg/pch/static-3.c -O3 -g assembly comparison
FAIL: gcc.dg/pch/static-3.c -Os -I. (internal compiler error)
FAIL: gcc.dg/pch/static-3.c -Os -I. (test for excess errors)
FAIL: gcc.dg/pch/static-3.c -Os assembly comparison
FAIL: gcc.dg/pch/struct-1.c -O0 -g -I. (internal compiler error)
FAIL: gcc.dg/pch/struct-1.c -O0 -g -I. (test for excess errors)
FAIL: gcc.dg/pch/struct-1.c -O0 -g assembly comparison
FAIL: gcc.dg/pch/struct-1.c -O0 -I. (internal compiler error)
FAIL: gcc.dg/pch/struct-1.c -O0 -I. (test for excess errors)
FAIL: gcc.dg/pch/struct-1.c -O0 assembly comparison
FAIL: gcc.dg/pch/struct-1.c -O1 -I. (internal compiler error)
FAIL: gcc.dg/pch/struct-1.c -O1 -I. (test for excess errors)
FAIL: gcc.dg/pch/struct-1.c -O1 assembly comparison
FAIL: gcc.dg/pch/struct-1.c -O2 -I. (internal compiler error)
FAIL: gcc.dg/pch/struct-1.c -O2 -I. (test for excess errors)
FAIL: gcc.dg/pch/struct-1.c -O2 assembly comparison
FAIL: gcc.dg/pch/struct-1.c -O3 -fomit-frame-pointer -I. (internal compiler error)
FAIL: gcc.dg/pch/struct-1.c -O3 -fomit-frame-pointer -I. (test for excess errors)
FAIL: gcc.dg/pch/struct-1.c -O3 -fomit-frame-pointer assembly comparison
FAIL: gcc.dg/pch/struct-1.c -O3 -g -I. (internal compiler error)
FAIL: gcc.dg/pch/struct-1.c -O3 -g -I. (test for excess errors)
FAIL: gcc.dg/pch/struct-1.c -O3 -g assembly comparison
FAIL: gcc.dg/pch/struct-1.c -Os -I. (internal compiler error)
FAIL: gcc.dg/pch/struct-1.c -Os -I. (test for excess errors)
FAIL: gcc.dg/pch/struct-1.c -Os assembly comparison
FAIL: gcc.dg/pch/system-1.c -O0 -g -I. (internal compiler error)
FAIL: gcc.dg/pch/system-1.c -O0 -g -I. (test for excess errors)
FAIL: gcc.dg/pch/system-1.c -O0 -g assembly comparison
FAIL: gcc.dg/pch/system-1.c -O0 -I. (internal compiler error)
FAIL: gcc.dg/pch/system-1.c -O0 -I. (test for excess errors)
FAIL: gcc.dg/pch/system-1.c -O0 assembly comparison
FAIL: gcc.dg/pch/system-1.c -O1 -I. (internal compiler error)
FAIL: gcc.dg/pch/system-1.c -O1 -I. (test for excess errors)
FAIL: gcc.dg/pch/system-1.c -O1 assembly comparison
FAIL: gcc.dg/pch/system-1.c -O2 -I. (internal compiler error)
FAIL: gcc.dg/pch/system-1.c -O2 -I. (test for excess errors)
FAIL: gcc.dg/pch/system-1.c -O2 assembly comparison
FAIL: gcc.dg/pch/system-1.c -O3 -fomit-frame-pointer -I. (internal compiler error)
FAIL: gcc.dg/pch/system-1.c -O3 -fomit-frame-pointer -I. (test for excess errors)
FAIL: gcc.dg/pch/system-1.c -O3 -fomit-frame-pointer assembly comparison
FAIL: gcc.dg/pch/system-1.c -O3 -g -I. (internal compiler error)
FAIL: gcc.dg/pch/system-1.c -O3 -g -I. (test for excess errors)
FAIL: gcc.dg/pch/system-1.c -O3 -g assembly comparison
FAIL: gcc.dg/pch/system-1.c -Os -I. (internal compiler error)
FAIL: gcc.dg/pch/system-1.c -Os -I. (test for excess errors)
FAIL: gcc.dg/pch/system-1.c -Os assembly comparison
FAIL: gcc.dg/pch/valid-4.c -O0 -g -I. (internal compiler error)
FAIL: gcc.dg/pch/valid-4.c -O0 -g -I. (test for excess errors)
FAIL: gcc.dg/pch/valid-4.c -O0 -g assembly comparison
FAIL: gcc.dg/pch/valid-4.c -O3 -g -I. (internal compiler error)
FAIL: gcc.dg/pch/valid-4.c -O3 -g -I. (test for excess errors)
FAIL: gcc.dg/pch/valid-4.c -O3 -g assembly comparison
FAIL: gcc.dg/pch/valid-5.c -O0 -g -I. (internal compiler error)
FAIL: gcc.dg/pch/valid-5.c -O0 -g -I. (test for excess errors)
FAIL: gcc.dg/pch/valid-5.c -O0 -g assembly comparison
FAIL: gcc.dg/pch/valid-5.c -O3 -g -I. (internal compiler error)
FAIL: gcc.dg/pch/valid-5.c -O3 -g -I. (test for excess errors)
FAIL: gcc.dg/pch/valid-5.c -O3 -g assembly comparison
FAIL: gcc.dg/pch/valid-6.c -O0 -g -I. (internal compiler error)
FAIL: gcc.dg/pch/valid-6.c -O0 -g -I. (test for excess errors)
FAIL: gcc.dg/pch/valid-6.c -O0 -g assembly comparison
FAIL: gcc.dg/pch/valid-6.c -O3 -g -I. (internal compiler error)
FAIL: gcc.dg/pch/valid-6.c -O3 -g -I. (test for excess errors)
FAIL: gcc.dg/pch/valid-6.c -O3 -g assembly comparison
FAIL: largefile.c -O0 -g -I. (test for excess errors)
FAIL: gcc.dg/pch/largefile.c -O0 -g assembly comparison
FAIL: largefile.c -O0 -I. (test for excess errors)
FAIL: gcc.dg/pch/largefile.c -O0 assembly comparison
FAIL: largefile.c -O1 -I. (test for excess errors)
FAIL: gcc.dg/pch/largefile.c -O1 assembly comparison
FAIL: largefile.c -O2 -I. (test for excess errors)
FAIL: gcc.dg/pch/largefile.c -O2 assembly comparison
FAIL: largefile.c -O3 -fomit-frame-pointer -I. (test for excess errors)
FAIL: gcc.dg/pch/largefile.c -O3 -fomit-frame-pointer assembly comparison
FAIL: largefile.c -O3 -g -I. (test for excess errors)
FAIL: gcc.dg/pch/largefile.c -O3 -g assembly comparison
FAIL: largefile.c -Os -I. (test for excess errors)
FAIL: gcc.dg/pch/largefile.c -Os assembly comparison
FAIL: gcc.dg/torture/fp-int-convert-float128.c -O0 (test for excess errors)
WARNING: gcc.dg/torture/fp-int-convert-float128.c -O0 compilation failed to produce executable
FAIL: gcc.dg/torture/fp-int-convert-float128.c -O1 (test for excess errors)
WARNING: gcc.dg/torture/fp-int-convert-float128.c -O1 compilation failed to produce executable
FAIL: gcc.dg/torture/fp-int-convert-float128.c -O2 (test for excess errors)
WARNING: gcc.dg/torture/fp-int-convert-float128.c -O2 compilation failed to produce executable
FAIL: gcc.dg/torture/fp-int-convert-float128.c -O3 -fomit-frame-pointer (test for excess errors)
WARNING: gcc.dg/torture/fp-int-convert-float128.c -O3 -fomit-frame-pointer compilation failed to produce executable
FAIL: gcc.dg/torture/fp-int-convert-float128.c -O3 -g (test for excess errors)
WARNING: gcc.dg/torture/fp-int-convert-float128.c -O3 -g compilation failed to produce executable
FAIL: gcc.dg/torture/fp-int-convert-float128.c -Os (test for excess errors)
WARNING: gcc.dg/torture/fp-int-convert-float128.c -Os compilation failed to produce executable
FAIL: gcc.dg/torture/stackalign/builtin-apply-4.c -O0 execution test
FAIL: gcc.dg/torture/stackalign/builtin-apply-4.c -O1 execution test
FAIL: gcc.dg/torture/stackalign/builtin-apply-4.c -O2 execution test
FAIL: gcc.dg/torture/stackalign/builtin-apply-4.c -O3 -fomit-frame-pointer execution test
FAIL: gcc.dg/torture/stackalign/builtin-apply-4.c -O3 -g execution test
FAIL: gcc.dg/torture/stackalign/builtin-apply-4.c -Os execution test
FAIL: gcc.dg/torture/stackalign/builtin-apply-4.c -O0 execution test
FAIL: gcc.dg/torture/stackalign/builtin-apply-4.c -O1 execution test
FAIL: gcc.dg/torture/stackalign/builtin-apply-4.c -O2 execution test
FAIL: gcc.dg/torture/stackalign/builtin-apply-4.c -O3 -fomit-frame-pointer execution test
FAIL: gcc.dg/torture/stackalign/builtin-apply-4.c -O3 -g execution test
FAIL: gcc.dg/torture/stackalign/builtin-apply-4.c -Os execution test
FAIL: gcc.dg/torture/stackalign/builtin-apply-4.c -O0 execution test
FAIL: gcc.dg/torture/stackalign/builtin-apply-4.c -O1 execution test
FAIL: gcc.dg/torture/stackalign/builtin-apply-4.c -O2 execution test
FAIL: gcc.dg/torture/stackalign/builtin-apply-4.c -O3 -fomit-frame-pointer execution test
FAIL: gcc.dg/torture/stackalign/builtin-apply-4.c -O3 -g execution test
FAIL: gcc.dg/torture/stackalign/builtin-apply-4.c -Os execution test
FAIL: gcc.dg/torture/stackalign/builtin-apply-4.c -O0 execution test
FAIL: gcc.dg/torture/stackalign/builtin-apply-4.c -O1 execution test
FAIL: gcc.dg/torture/stackalign/builtin-apply-4.c -O2 execution test
FAIL: gcc.dg/torture/stackalign/builtin-apply-4.c -O3 -fomit-frame-pointer execution test
FAIL: gcc.dg/torture/stackalign/builtin-apply-4.c -O3 -g execution test
FAIL: gcc.dg/torture/stackalign/builtin-apply-4.c -Os execution test
FAIL: gcc.target/i386/avx-vmovntdq-256-1.c (test for excess errors)
WARNING: gcc.target/i386/avx-vmovntdq-256-1.c compilation failed to produce executable
FAIL: gcc.target/i386/avx-vmovntpd-256-1.c (test for excess errors)
WARNING: gcc.target/i386/avx-vmovntpd-256-1.c compilation failed to produce executable
FAIL: gcc.target/i386/avx-vmovntps-256-1.c (test for excess errors)
WARNING: gcc.target/i386/avx-vmovntps-256-1.c compilation failed to produce executable
FAIL: gcc.target/i386/pr22076.c scan-assembler-times movq 3
FAIL: gcc.target/i386/pr22076.c scan-assembler-not movl
FAIL: gcc.target/i386/pr32065-2.c (test for excess errors)
WARNING: gcc.target/i386/pr32065-2.c compilation failed to produce executable


=== gcc Summary ===

# of expected passes 55381
# of unexpected failures 615
# of unexpected successes 3
# of expected failures 187
# of unresolved testcases 0
# of unsupported tests 451
/usr/share/src/gcc_build/gcc/xgcc version 4.4.0 20090121 (experimental) [trunk revision 143538] (GCC)


=== gfortran tests ===


Running target unix
FAIL: gfortran.dg/array_constructor_23.f -O3 -fomit-frame-pointer execution test
FAIL: gfortran.dg/array_constructor_23.f -O3 -fomit-frame-pointer -funroll-loops execution test
FAIL: gfortran.dg/array_constructor_23.f -O3 -fomit-frame-pointer -funroll-all-loops -finline-functions execution test
FAIL: gfortran.dg/array_constructor_23.f -O3 -g execution test
FAIL: gfortran.dg/array_constructor_24.f -O3 -fomit-frame-pointer execution test
FAIL: gfortran.dg/array_constructor_24.f -O3 -fomit-frame-pointer -funroll-loops execution test
FAIL: gfortran.dg/array_constructor_24.f -O3 -fomit-frame-pointer -funroll-all-loops -finline-functions execution test
FAIL: gfortran.dg/array_constructor_24.f -O3 -g execution test
FAIL: gfortran.dg/default_format_1.f90 -O0 execution test
FAIL: gfortran.dg/default_format_1.f90 -O1 execution test
FAIL: gfortran.dg/default_format_1.f90 -O2 execution test
FAIL: gfortran.dg/default_format_1.f90 -O3 -fomit-frame-pointer execution test
FAIL: gfortran.dg/default_format_1.f90 -O3 -fomit-frame-pointer -funroll-loops execution test
FAIL: gfortran.dg/default_format_1.f90 -O3 -fomit-frame-pointer -funroll-all-loops -finline-functions execution test
FAIL: gfortran.dg/default_format_1.f90 -O3 -g execution test
FAIL: gfortran.dg/default_format_1.f90 -Os execution test
FAIL: gfortran.dg/default_format_2.f90 -O0 execution test
FAIL: gfortran.dg/default_format_2.f90 -O1 execution test
FAIL: gfortran.dg/default_format_2.f90 -O2 execution test
FAIL: gfortran.dg/default_format_2.f90 -O3 -fomit-frame-pointer execution test
FAIL: gfortran.dg/default_format_2.f90 -O3 -fomit-frame-pointer -funroll-loops execution test
FAIL: gfortran.dg/default_format_2.f90 -O3 -fomit-frame-pointer -funroll-all-loops -finline-functions execution test
FAIL: gfortran.dg/default_format_2.f90 -O3 -g execution test
FAIL: gfortran.dg/default_format_2.f90 -Os execution test
FAIL: gfortran.dg/default_format_denormal_1.f90 -O0 execution test
FAIL: gfortran.dg/default_format_denormal_1.f90 -O1 execution test
FAIL: gfortran.dg/default_format_denormal_1.f90 -O2 execution test
FAIL: gfortran.dg/default_format_denormal_1.f90 -O3 -fomit-frame-pointer execution test
FAIL: gfortran.dg/default_format_denormal_1.f90 -O3 -fomit-frame-pointer -funroll-loops execution test
FAIL: gfortran.dg/default_format_denormal_1.f90 -O3 -fomit-frame-pointer -funroll-all-loops -finline-functions execution test
FAIL: gfortran.dg/default_format_denormal_1.f90 -O3 -g execution test
FAIL: gfortran.dg/default_format_denormal_1.f90 -Os execution test
FAIL: gfortran.dg/default_format_denormal_2.f90 -O0 execution test
FAIL: gfortran.dg/default_format_denormal_2.f90 -O1 execution test
FAIL: gfortran.dg/default_format_denormal_2.f90 -O2 execution test
FAIL: gfortran.dg/default_format_denormal_2.f90 -O3 -fomit-frame-pointer execution test
FAIL: gfortran.dg/default_format_denormal_2.f90 -O3 -fomit-frame-pointer -funroll-loops execution test
FAIL: gfortran.dg/default_format_denormal_2.f90 -O3 -fomit-frame-pointer -funroll-all-loops -finline-functions execution test
FAIL: gfortran.dg/default_format_denormal_2.f90 -O3 -g execution test
FAIL: gfortran.dg/default_format_denormal_2.f90 -Os execution test
FAIL: gfortran.dg/e_d_fmt.f90 -O0 execution test
FAIL: gfortran.dg/e_d_fmt.f90 -O1 execution test
FAIL: gfortran.dg/e_d_fmt.f90 -O2 execution test
FAIL: gfortran.dg/e_d_fmt.f90 -O3 -fomit-frame-pointer execution test
FAIL: gfortran.dg/e_d_fmt.f90 -O3 -fomit-frame-pointer -funroll-loops execution test
FAIL: gfortran.dg/e_d_fmt.f90 -O3 -fomit-frame-pointer -funroll-all-loops -finline-functions execution test
FAIL: gfortran.dg/e_d_fmt.f90 -O3 -g execution test
FAIL: gfortran.dg/e_d_fmt.f90 -Os execution test
FAIL: gfortran.dg/fmt_p_1.f90 -O0 execution test
FAIL: gfortran.dg/fmt_p_1.f90 -O1 execution test
FAIL: gfortran.dg/fmt_p_1.f90 -O2 execution test
FAIL: gfortran.dg/fmt_p_1.f90 -O3 -fomit-frame-pointer execution test
FAIL: gfortran.dg/fmt_p_1.f90 -O3 -fomit-frame-pointer -funroll-loops execution test
FAIL: gfortran.dg/fmt_p_1.f90 -O3 -fomit-frame-pointer -funroll-all-loops -finline-functions execution test
FAIL: gfortran.dg/fmt_p_1.f90 -O3 -g execution test
FAIL: gfortran.dg/fmt_p_1.f90 -Os execution test
FAIL: gfortran.dg/fmt_read_bz_bn.f90 -O0 execution test
FAIL: gfortran.dg/fmt_read_bz_bn.f90 -O1 execution test
FAIL: gfortran.dg/fmt_read_bz_bn.f90 -O2 execution test
FAIL: gfortran.dg/fmt_read_bz_bn.f90 -O3 -fomit-frame-pointer execution test
FAIL: gfortran.dg/fmt_read_bz_bn.f90 -O3 -fomit-frame-pointer -funroll-loops execution test
FAIL: gfortran.dg/fmt_read_bz_bn.f90 -O3 -fomit-frame-pointer -funroll-all-loops -finline-functions execution test
FAIL: gfortran.dg/fmt_read_bz_bn.f90 -O3 -g execution test
FAIL: gfortran.dg/fmt_read_bz_bn.f90 -Os execution test
FAIL: gfortran.dg/fmt_zero_digits.f90 -O0 execution test
FAIL: gfortran.dg/fmt_zero_digits.f90 -O1 execution test
FAIL: gfortran.dg/fmt_zero_digits.f90 -O2 execution test
FAIL: gfortran.dg/fmt_zero_digits.f90 -O3 -fomit-frame-pointer execution test
FAIL: gfortran.dg/fmt_zero_digits.f90 -O3 -fomit-frame-pointer -funroll-loops execution test
FAIL: gfortran.dg/fmt_zero_digits.f90 -O3 -fomit-frame-pointer -funroll-all-loops -finline-functions execution test
FAIL: gfortran.dg/fmt_zero_digits.f90 -O3 -g execution test
FAIL: gfortran.dg/fmt_zero_digits.f90 -Os execution test
FAIL: gfortran.dg/intrinsic_spread_1.f90 -O0 execution test
FAIL: gfortran.dg/intrinsic_spread_1.f90 -O1 execution test
FAIL: gfortran.dg/intrinsic_spread_1.f90 -O2 execution test
FAIL: gfortran.dg/intrinsic_spread_1.f90 -O3 -fomit-frame-pointer execution test
FAIL: gfortran.dg/intrinsic_spread_1.f90 -O3 -fomit-frame-pointer -funroll-loops execution test
FAIL: gfortran.dg/intrinsic_spread_1.f90 -O3 -fomit-frame-pointer -funroll-all-loops -finline-functions execution test
FAIL: gfortran.dg/intrinsic_spread_1.f90 -O3 -g execution test
FAIL: gfortran.dg/intrinsic_spread_1.f90 -Os execution test
FAIL: gfortran.dg/intrinsic_spread_2.f90 -O0 execution test
FAIL: gfortran.dg/intrinsic_spread_2.f90 -O1 execution test
FAIL: gfortran.dg/intrinsic_spread_2.f90 -O2 execution test
FAIL: gfortran.dg/intrinsic_spread_2.f90 -O3 -fomit-frame-pointer execution test
FAIL: gfortran.dg/intrinsic_spread_2.f90 -O3 -fomit-frame-pointer -funroll-loops execution test
FAIL: gfortran.dg/intrinsic_spread_2.f90 -O3 -fomit-frame-pointer -funroll-all-loops -finline-functions execution test
FAIL: gfortran.dg/intrinsic_spread_2.f90 -O3 -g execution test
FAIL: gfortran.dg/intrinsic_unpack_1.f90 -O0 execution test
FAIL: gfortran.dg/intrinsic_unpack_1.f90 -O1 execution test
FAIL: gfortran.dg/intrinsic_unpack_1.f90 -O2 execution test
FAIL: gfortran.dg/intrinsic_unpack_1.f90 -O3 -fomit-frame-pointer execution test
FAIL: gfortran.dg/intrinsic_unpack_1.f90 -O3 -fomit-frame-pointer -funroll-loops execution test
FAIL: gfortran.dg/intrinsic_unpack_1.f90 -O3 -fomit-frame-pointer -funroll-all-loops -finline-functions execution test
FAIL: gfortran.dg/intrinsic_unpack_1.f90 -O3 -g execution test
FAIL: gfortran.dg/intrinsic_unpack_1.f90 -Os execution test
FAIL: gfortran.dg/intrinsic_unpack_2.f90 -O0 execution test
FAIL: gfortran.dg/intrinsic_unpack_2.f90 -O1 execution test
FAIL: gfortran.dg/intrinsic_unpack_2.f90 -O2 execution test
FAIL: gfortran.dg/intrinsic_unpack_2.f90 -O3 -fomit-frame-pointer execution test
FAIL: gfortran.dg/intrinsic_unpack_2.f90 -O3 -fomit-frame-pointer -funroll-loops execution test
FAIL: gfortran.dg/intrinsic_unpack_2.f90 -O3 -fomit-frame-pointer -funroll-all-loops -finline-functions execution test
FAIL: gfortran.dg/intrinsic_unpack_2.f90 -O3 -g execution test
FAIL: gfortran.dg/large_real_kind_1.f90 -O0 execution test
FAIL: gfortran.dg/large_real_kind_1.f90 -O1 execution test
FAIL: gfortran.dg/large_real_kind_1.f90 -O2 execution test
FAIL: gfortran.dg/large_real_kind_1.f90 -O3 -fomit-frame-pointer execution test
FAIL: gfortran.dg/large_real_kind_1.f90 -O3 -fomit-frame-pointer -funroll-loops execution test
FAIL: gfortran.dg/large_real_kind_1.f90 -O3 -fomit-frame-pointer -funroll-all-loops -finline-functions execution test
FAIL: gfortran.dg/large_real_kind_1.f90 -O3 -g execution test
FAIL: gfortran.dg/large_real_kind_1.f90 -Os execution test
FAIL: gfortran.dg/large_real_kind_form_io_2.f90 -O0 execution test
FAIL: gfortran.dg/large_real_kind_form_io_2.f90 -O1 execution test
FAIL: gfortran.dg/large_real_kind_form_io_2.f90 -O2 execution test
FAIL: gfortran.dg/large_real_kind_form_io_2.f90 -O3 -fomit-frame-pointer execution test
FAIL: gfortran.dg/large_real_kind_form_io_2.f90 -O3 -fomit-frame-pointer -funroll-loops execution test
FAIL: gfortran.dg/large_real_kind_form_io_2.f90 -O3 -fomit-frame-pointer -funroll-all-loops -finline-functions execution test
FAIL: gfortran.dg/large_real_kind_form_io_2.f90 -O3 -g execution test
FAIL: gfortran.dg/large_real_kind_form_io_2.f90 -Os execution test
FAIL: gfortran.dg/namelist_16.f90 -O0 execution test
FAIL: gfortran.dg/namelist_16.f90 -O1 execution test
FAIL: gfortran.dg/namelist_16.f90 -O2 execution test
FAIL: gfortran.dg/namelist_16.f90 -O3 -fomit-frame-pointer execution test
FAIL: gfortran.dg/namelist_16.f90 -O3 -fomit-frame-pointer -funroll-loops execution test
FAIL: gfortran.dg/namelist_16.f90 -O3 -fomit-frame-pointer -funroll-all-loops -finline-functions execution test
FAIL: gfortran.dg/namelist_16.f90 -O3 -g execution test
FAIL: gfortran.dg/namelist_16.f90 -Os execution test
FAIL: gfortran.dg/output_exponents_1.f90 -O0 execution test
FAIL: gfortran.dg/output_exponents_1.f90 -O1 execution test
FAIL: gfortran.dg/output_exponents_1.f90 -O2 execution test
FAIL: gfortran.dg/output_exponents_1.f90 -O3 -fomit-frame-pointer execution test
FAIL: gfortran.dg/output_exponents_1.f90 -O3 -fomit-frame-pointer -funroll-loops execution test
FAIL: gfortran.dg/output_exponents_1.f90 -O3 -fomit-frame-pointer -funroll-all-loops -finline-functions execution test
FAIL: gfortran.dg/output_exponents_1.f90 -O3 -g execution test
FAIL: gfortran.dg/output_exponents_1.f90 -Os execution test


=== gfortran Summary ===

# of expected passes 28956
# of unexpected failures 134
# of expected failures 14
# of unsupported tests 113
/usr/share/src/gcc_build/gcc/testsuite/gfortran/../../gfortran version 4.4.0 20090121 (experimental) [trunk revision 143538] (GCC)


=== gnat tests ===


Running target unix


=== gnat Summary ===

# of expected passes        604
# of expected failures      6
       === obj-c++ tests ===


Running target unix
XPASS: obj-c++.dg/comp-types-10.mm (test for excess errors)
WARNING: obj-c++.dg/lookup-2.mm compilation failed to produce executable
WARNING: obj-c++.dg/try-catch-2.mm compilation failed to produce executable
WARNING: obj-c++.dg/try-catch-9.mm compilation failed to produce executable


=== obj-c++ Summary ===

# of expected passes 436
# of unexpected successes 1
# of expected failures 9
# of unsupported tests 13
/usr/share/src/gcc_build/gcc/testsuite/obj-c++/../../g++ version 4.4.0 20090121 (experimental) [trunk revision 143538] (GCC)


=== objc tests ===


Running target unix
FAIL: objc.dg/pch/interface-1.m -O0 -g -I. (internal compiler error)
FAIL: objc.dg/pch/interface-1.m -O0 -g -I. (test for excess errors)
FAIL: objc.dg/pch/interface-1.m -O0 -g assembly comparison
FAIL: objc.dg/pch/interface-1.m -O0 -I. (internal compiler error)
FAIL: objc.dg/pch/interface-1.m -O0 -I. (test for excess errors)
FAIL: objc.dg/pch/interface-1.m -O0 assembly comparison
FAIL: objc.dg/pch/interface-1.m -O1 -I. (internal compiler error)
FAIL: objc.dg/pch/interface-1.m -O1 -I. (test for excess errors)
FAIL: objc.dg/pch/interface-1.m -O1 assembly comparison
FAIL: objc.dg/pch/interface-1.m -O2 -I. (internal compiler error)
FAIL: objc.dg/pch/interface-1.m -O2 -I. (test for excess errors)
FAIL: objc.dg/pch/interface-1.m -O2 assembly comparison
FAIL: objc.dg/pch/interface-1.m -O3 -fomit-frame-pointer -I. (internal compiler error)
FAIL: objc.dg/pch/interface-1.m -O3 -fomit-frame-pointer -I. (test for excess errors)
FAIL: objc.dg/pch/interface-1.m -O3 -fomit-frame-pointer assembly comparison
FAIL: objc.dg/pch/interface-1.m -O3 -g -I. (internal compiler error)
FAIL: objc.dg/pch/interface-1.m -O3 -g -I. (test for excess errors)
FAIL: objc.dg/pch/interface-1.m -O3 -g assembly comparison
FAIL: objc.dg/pch/interface-1.m -Os -I. (internal compiler error)
FAIL: objc.dg/pch/interface-1.m -Os -I. (test for excess errors)
FAIL: objc.dg/pch/interface-1.m -Os assembly comparison


=== objc Summary ===

# of expected passes 1809
# of unexpected failures 21
# of expected failures 7
# of unsupported tests 24
/usr/share/src/gcc_build/gcc/xgcc version 4.4.0 20090121 (experimental) [trunk revision 143538] (GCC)


=== libffi tests ===


Running target unix


=== libffi Summary ===

# of expected passes        1389
# of unsupported tests      10
       === libgomp tests ===


Running target unix
FAIL: libgomp.c/copyin-1.c execution test
FAIL: libgomp.c/copyin-2.c execution test
FAIL: libgomp.c++/copyin-1.C -O0 execution test
FAIL: libgomp.c++/copyin-1.C -O1 execution test
FAIL: libgomp.c++/copyin-1.C -O2 execution test
FAIL: libgomp.c++/copyin-1.C -O3 -fomit-frame-pointer execution test
FAIL: libgomp.c++/copyin-1.C -O3 -fomit-frame-pointer -funroll-loops execution test
FAIL: libgomp.c++/copyin-1.C -O3 -fomit-frame-pointer -funroll-all-loops -finline-functions execution test
FAIL: libgomp.c++/copyin-1.C -O3 -g execution test
FAIL: libgomp.c++/copyin-1.C -Os execution test
FAIL: libgomp.c++/copyin-2.C -O0 execution test
FAIL: libgomp.c++/copyin-2.C -O1 execution test
FAIL: libgomp.c++/copyin-2.C -O2 execution test
FAIL: libgomp.c++/copyin-2.C -O3 -fomit-frame-pointer execution test
FAIL: libgomp.c++/copyin-2.C -O3 -fomit-frame-pointer -funroll-loops execution test
FAIL: libgomp.c++/copyin-2.C -O3 -fomit-frame-pointer -funroll-all-loops -finline-functions execution test
FAIL: libgomp.c++/copyin-2.C -O3 -g execution test
FAIL: libgomp.c++/copyin-2.C -Os execution test


=== libgomp Summary ===

# of expected passes        2323
# of unexpected failures    18
# of unsupported tests      2
       === libjava tests ===


Running target unix
FAIL: /usr/share/src/gcc_trunk/libjava/testsuite/libjava.jar/TestClosureGC.jar execution - gij test
FAIL: /usr/share/src/gcc_trunk/libjava/testsuite/libjava.jar/simple.jar execution - gij test
FAIL: PR15133 execution - gij test
FAIL: PR18116 execution - gij test
FAIL: PR28178 execution - gij test
FAIL: bytebuffer execution - gij test
FAIL: calls execution - gij test
FAIL: cxxtest execution - gij test
FAIL: directbuffer execution - gij test
FAIL: field execution - gij test
FAIL: final_method execution - gij test
FAIL: findclass execution - gij test
FAIL: findclass2 execution - gij test
FAIL: iface execution - gij test
FAIL: init execution - gij test
FAIL: invoke execution - gij test
FAIL: jniutf execution - gij test
FAIL: martin execution - gij test
FAIL: noclass execution - gij test
FAIL: overload execution - gij test
FAIL: pr11951 execution - gij test
FAIL: pr18278 execution - gij test
FAIL: pr23739 execution - gij test
FAIL: register execution - gij test
FAIL: register2 execution - gij test
FAIL: simple_int execution - gij test
FAIL: throwit execution - gij test
FAIL: virtual execution - gij test
FAIL: PR16923 run
FAIL: pr29812 execution - gij test
FAIL: getargssize run
FAIL: getlocalvartable run
FAIL: getstacktrace run
FAIL: ExtraClassLoader execution - source compiled test
FAIL: ExtraClassLoader -findirect-dispatch execution - source compiled test
FAIL: ExtraClassLoader -O3 execution - source compiled test
FAIL: ExtraClassLoader -O3 -findirect-dispatch execution - source compiled test
FAIL: PR18699 execution - source compiled test
FAIL: PR18699 -O3 execution - source compiled test
FAIL: ProxyTest execution - source compiled test
FAIL: ProxyTest -findirect-dispatch execution - source compiled test
FAIL: ProxyTest -O3 execution - source compiled test
FAIL: ProxyTest -O3 -findirect-dispatch execution - source compiled test
FAIL: TestProxy execution - source compiled test
FAIL: TestProxy -findirect-dispatch execution - source compiled test
FAIL: TestProxy -O3 execution - source compiled test
FAIL: TestProxy -O3 -findirect-dispatch execution - source compiled test
FAIL: Throw_2 execution - source compiled test
FAIL: Throw_2 -findirect-dispatch execution - source compiled test
FAIL: Throw_2 -O3 execution - source compiled test
FAIL: Throw_2 -O3 -findirect-dispatch execution - source compiled test
FAIL: /usr/share/src/gcc_build/i386-pc-solaris2.11/libjava/testsuite/TestEarlyG
C.exe execution - /usr/share/src/gcc_build/i386-pc-solaris2.11/libjava/testsuite/TestEarlyG
C.exe
FAIL: /usr/share/src/gcc_build/i386-pc-solaris2.11/libjava/testsuite/TestLeak.e
xe execution - /usr/share/src/gcc_build/i386-pc-solaris2.11/libjava/testsuite/TestLeak.e
xe
FAIL: /usr/share/src/gcc_build/i386-pc-solaris2.11/libjava/testsuite/TestMultip
le.exe execution - /usr/share/src/gcc_build/i386-pc-solaris2.11/libjava/testsuite/TestMultip
le.exe
FAIL: /usr/share/src/gcc_build/i386-pc-solaris2.11/libjava/testsuite/TestParent
.exe execution - /usr/share/src/gcc_build/i386-pc-solaris2.11/libjava/testsuite/TestParent
.exe


=== libjava Summary ===

# of expected passes        2468
# of unexpected failures    55
# of untested testcases     55
       === libmudflap tests ===


Running target unix
FAIL: libmudflap.c/fail40-frag.c output pattern test
FAIL: libmudflap.c/heap-scalestress.c execution test
FAIL: libmudflap.c/heap-scalestress.c output pattern test
FAIL: libmudflap.c/pass-stratcliff.c (test for excess errors)
WARNING: libmudflap.c/pass-stratcliff.c compilation failed to produce executable
FAIL: libmudflap.c/pass42-frag.c execution test
FAIL: libmudflap.c/pass42-frag.c output pattern test
FAIL: libmudflap.c/pass42-frag.c execution test
FAIL: libmudflap.c/pass42-frag.c output pattern test
FAIL: libmudflap.c/pass47-frag.c (test for excess errors)
FAIL: libmudflap.c/pass47-frag.c execution test
FAIL: libmudflap.c/pass47-frag.c (test for excess errors)
FAIL: libmudflap.c/pass47-frag.c execution test
FAIL: libmudflap.c/pass51-frag.c execution test
FAIL: libmudflap.c/pass51-frag.c execution test
FAIL: libmudflap.c/pass52-frag.c execution test
FAIL: libmudflap.c/pass52-frag.c execution test
FAIL: libmudflap.c/fail40-frag.c (-O2) output pattern test
FAIL: libmudflap.c/heap-scalestress.c (-O2) execution test
FAIL: libmudflap.c/heap-scalestress.c (-O2) output pattern test
FAIL: libmudflap.c/pass-stratcliff.c (-O2) (test for excess errors)
WARNING: libmudflap.c/pass-stratcliff.c (-O2) compilation failed to produce executable
FAIL: libmudflap.c/pass42-frag.c (-O2) execution test
FAIL: libmudflap.c/pass42-frag.c (-O2) output pattern test
FAIL: libmudflap.c/pass42-frag.c (-O2) execution test
FAIL: libmudflap.c/pass42-frag.c (-O2) output pattern test
FAIL: libmudflap.c/pass47-frag.c (-O2) (test for excess errors)
FAIL: libmudflap.c/pass47-frag.c (-O2) (test for excess errors)
FAIL: libmudflap.c/pass51-frag.c (-O2) execution test
FAIL: libmudflap.c/pass51-frag.c (-O2) execution test
FAIL: libmudflap.c/pass52-frag.c (-O2) execution test
FAIL: libmudflap.c/pass52-frag.c (-O2) execution test
FAIL: libmudflap.c/fail40-frag.c (-O3) output pattern test
FAIL: libmudflap.c/heap-scalestress.c (-O3) execution test
FAIL: libmudflap.c/heap-scalestress.c (-O3) output pattern test
FAIL: libmudflap.c/pass-stratcliff.c (-O3) (test for excess errors)
WARNING: libmudflap.c/pass-stratcliff.c (-O3) compilation failed to produce executable
FAIL: libmudflap.c/pass42-frag.c (-O3) execution test
FAIL: libmudflap.c/pass42-frag.c (-O3) output pattern test
FAIL: libmudflap.c/pass42-frag.c (-O3) execution test
FAIL: libmudflap.c/pass42-frag.c (-O3) output pattern test
FAIL: libmudflap.c/pass47-frag.c (-O3) (test for excess errors)
FAIL: libmudflap.c/pass47-frag.c (-O3) (test for excess errors)
FAIL: libmudflap.c/pass51-frag.c (-O3) execution test
FAIL: libmudflap.c/pass51-frag.c (-O3) execution test
FAIL: libmudflap.c/pass52-frag.c (-O3) execution test
FAIL: libmudflap.c/pass52-frag.c (-O3) execution test
FAIL: externs-12 linkage
FAIL: externs-21 linkage
WARNING: program timed out.
FAIL: externs-12 execution
WARNING: program timed out.
FAIL: externs-21 execution
FAIL: externs-12 linkage -O2
FAIL: externs-21 linkage -O2
WARNING: program timed out.
FAIL: externs-12 execution -O2
WARNING: program timed out.
FAIL: externs-21 execution -O2
FAIL: externs-12 linkage -O3
FAIL: externs-21 linkage -O3
WARNING: program timed out.
FAIL: externs-12 execution -O3
WARNING: program timed out.
FAIL: externs-21 execution -O3
FAIL: libmudflap.c++/pass41-frag.cxx execution test
FAIL: libmudflap.c++/pass41-frag.cxx (-O2) execution test
FAIL: libmudflap.c++/pass41-frag.cxx (-O3) execution test
FAIL: ctors-12 linkage
FAIL: ctors-21 linkage
WARNING: program timed out.
FAIL: ctors-12 execution
WARNING: program timed out.
FAIL: ctors-21 execution
FAIL: ctors-12 linkage -O2
FAIL: ctors-21 linkage -O2
WARNING: program timed out.
FAIL: ctors-12 execution -O2
WARNING: program timed out.
FAIL: ctors-21 execution -O2
FAIL: ctors-12 linkage -O3
FAIL: ctors-21 linkage -O3
WARNING: program timed out.
FAIL: ctors-12 execution -O3
WARNING: program timed out.
FAIL: ctors-21 execution -O3
FAIL: libmudflap.cth/pass37-frag.c execution test
FAIL: libmudflap.cth/pass37-frag.c output pattern test
FAIL: libmudflap.cth/pass37-frag.c (rerun 1) execution test
FAIL: libmudflap.cth/pass37-frag.c (rerun 1) output pattern test
FAIL: libmudflap.cth/pass37-frag.c (rerun 2) execution test
FAIL: libmudflap.cth/pass37-frag.c (rerun 2) output pattern test
FAIL: libmudflap.cth/pass37-frag.c (rerun 3) execution test
FAIL: libmudflap.cth/pass37-frag.c (rerun 3) output pattern test
FAIL: libmudflap.cth/pass37-frag.c (rerun 4) execution test
FAIL: libmudflap.cth/pass37-frag.c (rerun 4) output pattern test
FAIL: libmudflap.cth/pass37-frag.c (rerun 5) execution test
FAIL: libmudflap.cth/pass37-frag.c (rerun 5) output pattern test
FAIL: libmudflap.cth/pass37-frag.c (rerun 6) execution test
FAIL: libmudflap.cth/pass37-frag.c (rerun 6) output pattern test
FAIL: libmudflap.cth/pass37-frag.c (rerun 7) execution test
FAIL: libmudflap.cth/pass37-frag.c (rerun 7) output pattern test
FAIL: libmudflap.cth/pass37-frag.c (rerun 8) execution test
FAIL: libmudflap.cth/pass37-frag.c (rerun 8) output pattern test
FAIL: libmudflap.cth/pass37-frag.c (rerun 9) execution test
FAIL: libmudflap.cth/pass37-frag.c (rerun 9) output pattern test
FAIL: libmudflap.cth/pass37-frag.c (rerun 10) execution test
FAIL: libmudflap.cth/pass37-frag.c (rerun 10) output pattern test
FAIL: libmudflap.cth/pass37-frag.c (rerun 11) execution test
FAIL: libmudflap.cth/pass37-frag.c (rerun 11) output pattern test
FAIL: libmudflap.cth/pass37-frag.c (rerun 12) execution test
FAIL: libmudflap.cth/pass37-frag.c (rerun 12) output pattern test
FAIL: libmudflap.cth/pass37-frag.c (rerun 13) execution test
FAIL: libmudflap.cth/pass37-frag.c (rerun 13) output pattern test
FAIL: libmudflap.cth/pass37-frag.c (rerun 14) execution test
FAIL: libmudflap.cth/pass37-frag.c (rerun 14) output pattern test
FAIL: libmudflap.cth/pass37-frag.c (rerun 15) execution test
FAIL: libmudflap.cth/pass37-frag.c (rerun 15) output pattern test
FAIL: libmudflap.cth/pass37-frag.c (rerun 16) execution test
FAIL: libmudflap.cth/pass37-frag.c (rerun 16) output pattern test
FAIL: libmudflap.cth/pass37-frag.c (rerun 17) execution test
FAIL: libmudflap.cth/pass37-frag.c (rerun 17) output pattern test
FAIL: libmudflap.cth/pass37-frag.c (rerun 18) execution test
FAIL: libmudflap.cth/pass37-frag.c (rerun 18) output pattern test
FAIL: libmudflap.cth/pass37-frag.c (rerun 19) execution test
FAIL: libmudflap.cth/pass37-frag.c (rerun 19) output pattern test
FAIL: libmudflap.cth/pass39-frag.c execution test
FAIL: libmudflap.cth/pass39-frag.c output pattern test
FAIL: libmudflap.cth/pass39-frag.c (rerun 1) execution test
FAIL: libmudflap.cth/pass39-frag.c (rerun 1) output pattern test
FAIL: libmudflap.cth/pass39-frag.c (rerun 2) execution test
FAIL: libmudflap.cth/pass39-frag.c (rerun 2) output pattern test
FAIL: libmudflap.cth/pass39-frag.c (rerun 3) execution test
FAIL: libmudflap.cth/pass39-frag.c (rerun 3) output pattern test
FAIL: libmudflap.cth/pass39-frag.c (rerun 4) execution test
FAIL: libmudflap.cth/pass39-frag.c (rerun 4) output pattern test
FAIL: libmudflap.cth/pass39-frag.c (rerun 5) execution test
FAIL: libmudflap.cth/pass39-frag.c (rerun 5) output pattern test
FAIL: libmudflap.cth/pass39-frag.c (rerun 6) execution test
FAIL: libmudflap.cth/pass39-frag.c (rerun 6) output pattern test
FAIL: libmudflap.cth/pass39-frag.c (rerun 7) execution test
FAIL: libmudflap.cth/pass39-frag.c (rerun 7) output pattern test
FAIL: libmudflap.cth/pass39-frag.c (rerun 8) execution test
FAIL: libmudflap.cth/pass39-frag.c (rerun 8) output pattern test
FAIL: libmudflap.cth/pass39-frag.c (rerun 9) execution test
FAIL: libmudflap.cth/pass39-frag.c (rerun 9) output pattern test
FAIL: libmudflap.cth/pass39-frag.c (rerun 10) execution test
FAIL: libmudflap.cth/pass39-frag.c (rerun 10) output pattern test
FAIL: libmudflap.cth/pass39-frag.c (rerun 11) execution test
FAIL: libmudflap.cth/pass39-frag.c (rerun 11) output pattern test
FAIL: libmudflap.cth/pass39-frag.c (rerun 12) execution test
FAIL: libmudflap.cth/pass39-frag.c (rerun 12) output pattern test
FAIL: libmudflap.cth/pass39-frag.c (rerun 13) execution test
FAIL: libmudflap.cth/pass39-frag.c (rerun 13) output pattern test
FAIL: libmudflap.cth/pass39-frag.c (rerun 14) execution test
FAIL: libmudflap.cth/pass39-frag.c (rerun 14) output pattern test
FAIL: libmudflap.cth/pass39-frag.c (rerun 15) execution test
FAIL: libmudflap.cth/pass39-frag.c (rerun 15) output pattern test
FAIL: libmudflap.cth/pass39-frag.c (rerun 16) execution test
FAIL: libmudflap.cth/pass39-frag.c (rerun 16) output pattern test
FAIL: libmudflap.cth/pass39-frag.c (rerun 17) execution test
FAIL: libmudflap.cth/pass39-frag.c (rerun 17) output pattern test
FAIL: libmudflap.cth/pass39-frag.c (rerun 18) execution test
FAIL: libmudflap.cth/pass39-frag.c (rerun 18) output pattern test
FAIL: libmudflap.cth/pass39-frag.c (rerun 19) execution test
FAIL: libmudflap.cth/pass39-frag.c (rerun 19) output pattern test
FAIL: libmudflap.cth/pass40-frag.c execution test
FAIL: libmudflap.cth/pass40-frag.c output pattern test
FAIL: libmudflap.cth/pass37-frag.c (-O2) execution test
FAIL: libmudflap.cth/pass37-frag.c (-O2) output pattern test
FAIL: libmudflap.cth/pass37-frag.c (-O2) (rerun 1) execution test
FAIL: libmudflap.cth/pass37-frag.c (-O2) (rerun 1) output pattern test
FAIL: libmudflap.cth/pass37-frag.c (-O2) (rerun 2) execution test
FAIL: libmudflap.cth/pass37-frag.c (-O2) (rerun 2) output pattern test
FAIL: libmudflap.cth/pass37-frag.c (-O2) (rerun 3) execution test
FAIL: libmudflap.cth/pass37-frag.c (-O2) (rerun 3) output pattern test
FAIL: libmudflap.cth/pass37-frag.c (-O2) (rerun 4) execution test
FAIL: libmudflap.cth/pass37-frag.c (-O2) (rerun 4) output pattern test
FAIL: libmudflap.cth/pass37-frag.c (-O2) (rerun 5) execution test
FAIL: libmudflap.cth/pass37-frag.c (-O2) (rerun 5) output pattern test
FAIL: libmudflap.cth/pass37-frag.c (-O2) (rerun 6) execution test
FAIL: libmudflap.cth/pass37-frag.c (-O2) (rerun 6) output pattern test
FAIL: libmudflap.cth/pass37-frag.c (-O2) (rerun 7) execution test
FAIL: libmudflap.cth/pass37-frag.c (-O2) (rerun 7) output pattern test
FAIL: libmudflap.cth/pass37-frag.c (-O2) (rerun 8) execution test
FAIL: libmudflap.cth/pass37-frag.c (-O2) (rerun 8) output pattern test
FAIL: libmudflap.cth/pass37-frag.c (-O2) (rerun 9) execution test
FAIL: libmudflap.cth/pass37-frag.c (-O2) (rerun 9) output pattern test
FAIL: libmudflap.cth/pass37-frag.c (-O2) (rerun 10) execution test
FAIL: libmudflap.cth/pass37-frag.c (-O2) (rerun 10) output pattern test
FAIL: libmudflap.cth/pass37-frag.c (-O2) (rerun 11) execution test
FAIL: libmudflap.cth/pass37-frag.c (-O2) (rerun 11) output pattern test
FAIL: libmudflap.cth/pass37-frag.c (-O2) (rerun 12) execution test
FAIL: libmudflap.cth/pass37-frag.c (-O2) (rerun 12) output pattern test
FAIL: libmudflap.cth/pass37-frag.c (-O2) (rerun 13) execution test
FAIL: libmudflap.cth/pass37-frag.c (-O2) (rerun 13) output pattern test
FAIL: libmudflap.cth/pass37-frag.c (-O2) (rerun 14) execution test
FAIL: libmudflap.cth/pass37-frag.c (-O2) (rerun 14) output pattern test
FAIL: libmudflap.cth/pass37-frag.c (-O2) (rerun 15) execution test
FAIL: libmudflap.cth/pass37-frag.c (-O2) (rerun 15) output pattern test
FAIL: libmudflap.cth/pass37-frag.c (-O2) (rerun 16) execution test
FAIL: libmudflap.cth/pass37-frag.c (-O2) (rerun 16) output pattern test
FAIL: libmudflap.cth/pass37-frag.c (-O2) (rerun 17) execution test
FAIL: libmudflap.cth/pass37-frag.c (-O2) (rerun 17) output pattern test
FAIL: libmudflap.cth/pass37-frag.c (-O2) (rerun 18) execution test
FAIL: libmudflap.cth/pass37-frag.c (-O2) (rerun 18) output pattern test
FAIL: libmudflap.cth/pass37-frag.c (-O2) (rerun 19) execution test
FAIL: libmudflap.cth/pass37-frag.c (-O2) (rerun 19) output pattern test
FAIL: libmudflap.cth/pass39-frag.c (-O2) execution test
FAIL: libmudflap.cth/pass39-frag.c (-O2) output pattern test
FAIL: libmudflap.cth/pass39-frag.c (-O2) (rerun 1) execution test
FAIL: libmudflap.cth/pass39-frag.c (-O2) (rerun 1) output pattern test
FAIL: libmudflap.cth/pass39-frag.c (-O2) (rerun 2) execution test
FAIL: libmudflap.cth/pass39-frag.c (-O2) (rerun 2) output pattern test
FAIL: libmudflap.cth/pass39-frag.c (-O2) (rerun 3) execution test
FAIL: libmudflap.cth/pass39-frag.c (-O2) (rerun 3) output pattern test
FAIL: libmudflap.cth/pass39-frag.c (-O2) (rerun 4) execution test
FAIL: libmudflap.cth/pass39-frag.c (-O2) (rerun 4) output pattern test
FAIL: libmudflap.cth/pass39-frag.c (-O2) (rerun 5) execution test
FAIL: libmudflap.cth/pass39-frag.c (-O2) (rerun 5) output pattern test
FAIL: libmudflap.cth/pass39-frag.c (-O2) (rerun 6) execution test
FAIL: libmudflap.cth/pass39-frag.c (-O2) (rerun 6) output pattern test
FAIL: libmudflap.cth/pass39-frag.c (-O2) (rerun 7) execution test
FAIL: libmudflap.cth/pass39-frag.c (-O2) (rerun 7) output pattern test
FAIL: libmudflap.cth/pass39-frag.c (-O2) (rerun 8) execution test
FAIL: libmudflap.cth/pass39-frag.c (-O2) (rerun 8) output pattern test
FAIL: libmudflap.cth/pass39-frag.c (-O2) (rerun 9) execution test
FAIL: libmudflap.cth/pass39-frag.c (-O2) (rerun 9) output pattern test
FAIL: libmudflap.cth/pass39-frag.c (-O2) (rerun 10) execution test
FAIL: libmudflap.cth/pass39-frag.c (-O2) (rerun 10) output pattern test
FAIL: libmudflap.cth/pass39-frag.c (-O2) (rerun 11) execution test
FAIL: libmudflap.cth/pass39-frag.c (-O2) (rerun 11) output pattern test
FAIL: libmudflap.cth/pass39-frag.c (-O2) (rerun 12) execution test
FAIL: libmudflap.cth/pass39-frag.c (-O2) (rerun 12) output pattern test
FAIL: libmudflap.cth/pass39-frag.c (-O2) (rerun 13) execution test
FAIL: libmudflap.cth/pass39-frag.c (-O2) (rerun 13) output pattern test
FAIL: libmudflap.cth/pass39-frag.c (-O2) (rerun 14) execution test
FAIL: libmudflap.cth/pass39-frag.c (-O2) (rerun 14) output pattern test
FAIL: libmudflap.cth/pass39-frag.c (-O2) (rerun 15) execution test
FAIL: libmudflap.cth/pass39-frag.c (-O2) (rerun 15) output pattern test
FAIL: libmudflap.cth/pass39-frag.c (-O2) (rerun 16) execution test
FAIL: libmudflap.cth/pass39-frag.c (-O2) (rerun 16) output pattern test
FAIL: libmudflap.cth/pass39-frag.c (-O2) (rerun 17) execution test
FAIL: libmudflap.cth/pass39-frag.c (-O2) (rerun 17) output pattern test
FAIL: libmudflap.cth/pass39-frag.c (-O2) (rerun 18) execution test
FAIL: libmudflap.cth/pass39-frag.c (-O2) (rerun 18) output pattern test
FAIL: libmudflap.cth/pass39-frag.c (-O2) (rerun 19) execution test
FAIL: libmudflap.cth/pass39-frag.c (-O2) (rerun 19) output pattern test
FAIL: libmudflap.cth/pass40-frag.c (-O2) execution test
FAIL: libmudflap.cth/pass40-frag.c (-O2) output pattern test
FAIL: libmudflap.cth/pass37-frag.c (-O3) execution test
FAIL: libmudflap.cth/pass37-frag.c (-O3) output pattern test
FAIL: libmudflap.cth/pass37-frag.c (-O3) (rerun 1) execution test
FAIL: libmudflap.cth/pass37-frag.c (-O3) (rerun 1) output pattern test
FAIL: libmudflap.cth/pass37-frag.c (-O3) (rerun 2) execution test
FAIL: libmudflap.cth/pass37-frag.c (-O3) (rerun 2) output pattern test
FAIL: libmudflap.cth/pass37-frag.c (-O3) (rerun 3) execution test
FAIL: libmudflap.cth/pass37-frag.c (-O3) (rerun 3) output pattern test
FAIL: libmudflap.cth/pass37-frag.c (-O3) (rerun 4) execution test
FAIL: libmudflap.cth/pass37-frag.c (-O3) (rerun 4) output pattern test
FAIL: libmudflap.cth/pass37-frag.c (-O3) (rerun 5) execution test
FAIL: libmudflap.cth/pass37-frag.c (-O3) (rerun 5) output pattern test
FAIL: libmudflap.cth/pass37-frag.c (-O3) (rerun 6) execution test
FAIL: libmudflap.cth/pass37-frag.c (-O3) (rerun 6) output pattern test
FAIL: libmudflap.cth/pass37-frag.c (-O3) (rerun 7) execution test
FAIL: libmudflap.cth/pass37-frag.c (-O3) (rerun 7) output pattern test
FAIL: libmudflap.cth/pass37-frag.c (-O3) (rerun 8) execution test
FAIL: libmudflap.cth/pass37-frag.c (-O3) (rerun 8) output pattern test
FAIL: libmudflap.cth/pass37-frag.c (-O3) (rerun 9) execution test
FAIL: libmudflap.cth/pass37-frag.c (-O3) (rerun 9) output pattern test
FAIL: libmudflap.cth/pass37-frag.c (-O3) (rerun 10) execution test
FAIL: libmudflap.cth/pass37-frag.c (-O3) (rerun 10) output pattern test
FAIL: libmudflap.cth/pass37-frag.c (-O3) (rerun 11) execution test
FAIL: libmudflap.cth/pass37-frag.c (-O3) (rerun 11) output pattern test
FAIL: libmudflap.cth/pass37-frag.c (-O3) (rerun 12) execution test
FAIL: libmudflap.cth/pass37-frag.c (-O3) (rerun 12) output pattern test
FAIL: libmudflap.cth/pass37-frag.c (-O3) (rerun 13) execution test
FAIL: libmudflap.cth/pass37-frag.c (-O3) (rerun 13) output pattern test
FAIL: libmudflap.cth/pass37-frag.c (-O3) (rerun 14) execution test
FAIL: libmudflap.cth/pass37-frag.c (-O3) (rerun 14) output pattern test
FAIL: libmudflap.cth/pass37-frag.c (-O3) (rerun 15) execution test
FAIL: libmudflap.cth/pass37-frag.c (-O3) (rerun 15) output pattern test
FAIL: libmudflap.cth/pass37-frag.c (-O3) (rerun 16) execution test
FAIL: libmudflap.cth/pass37-frag.c (-O3) (rerun 16) output pattern test
FAIL: libmudflap.cth/pass37-frag.c (-O3) (rerun 17) execution test
FAIL: libmudflap.cth/pass37-frag.c (-O3) (rerun 17) output pattern test
FAIL: libmudflap.cth/pass37-frag.c (-O3) (rerun 18) execution test
FAIL: libmudflap.cth/pass37-frag.c (-O3) (rerun 18) output pattern test
FAIL: libmudflap.cth/pass37-frag.c (-O3) (rerun 19) execution test
FAIL: libmudflap.cth/pass37-frag.c (-O3) (rerun 19) output pattern test
FAIL: libmudflap.cth/pass39-frag.c (-O3) execution test
FAIL: libmudflap.cth/pass39-frag.c (-O3) output pattern test
FAIL: libmudflap.cth/pass39-frag.c (-O3) (rerun 1) execution test
FAIL: libmudflap.cth/pass39-frag.c (-O3) (rerun 1) output pattern test
FAIL: libmudflap.cth/pass39-frag.c (-O3) (rerun 2) execution test
FAIL: libmudflap.cth/pass39-frag.c (-O3) (rerun 2) output pattern test
FAIL: libmudflap.cth/pass39-frag.c (-O3) (rerun 3) execution test
FAIL: libmudflap.cth/pass39-frag.c (-O3) (rerun 3) output pattern test
FAIL: libmudflap.cth/pass39-frag.c (-O3) (rerun 4) execution test
FAIL: libmudflap.cth/pass39-frag.c (-O3) (rerun 4) output pattern test
FAIL: libmudflap.cth/pass39-frag.c (-O3) (rerun 5) execution test
FAIL: libmudflap.cth/pass39-frag.c (-O3) (rerun 5) output pattern test
FAIL: libmudflap.cth/pass39-frag.c (-O3) (rerun 6) execution test
FAIL: libmudflap.cth/pass39-frag.c (-O3) (rerun 6) output pattern test
FAIL: libmudflap.cth/pass39-frag.c (-O3) (rerun 7) execution test
FAIL: libmudflap.cth/pass39-frag.c (-O3) (rerun 7) output pattern test
FAIL: libmudflap.cth/pass39-frag.c (-O3) (rerun 8) execution test
FAIL: libmudflap.cth/pass39-frag.c (-O3) (rerun 8) output pattern test
FAIL: libmudflap.cth/pass39-frag.c (-O3) (rerun 9) execution test
FAIL: libmudflap.cth/pass39-frag.c (-O3) (rerun 9) output pattern test
FAIL: libmudflap.cth/pass39-frag.c (-O3) (rerun 10) execution test
FAIL: libmudflap.cth/pass39-frag.c (-O3) (rerun 10) output pattern test
FAIL: libmudflap.cth/pass39-frag.c (-O3) (rerun 11) execution test
FAIL: libmudflap.cth/pass39-frag.c (-O3) (rerun 11) output pattern test
FAIL: libmudflap.cth/pass39-frag.c (-O3) (rerun 12) execution test
FAIL: libmudflap.cth/pass39-frag.c (-O3) (rerun 12) output pattern test
FAIL: libmudflap.cth/pass39-frag.c (-O3) (rerun 13) execution test
FAIL: libmudflap.cth/pass39-frag.c (-O3) (rerun 13) output pattern test
FAIL: libmudflap.cth/pass39-frag.c (-O3) (rerun 14) execution test
FAIL: libmudflap.cth/pass39-frag.c (-O3) (rerun 14) output pattern test
FAIL: libmudflap.cth/pass39-frag.c (-O3) (rerun 15) execution test
FAIL: libmudflap.cth/pass39-frag.c (-O3) (rerun 15) output pattern test
FAIL: libmudflap.cth/pass39-frag.c (-O3) (rerun 16) execution test
FAIL: libmudflap.cth/pass39-frag.c (-O3) (rerun 16) output pattern test
FAIL: libmudflap.cth/pass39-frag.c (-O3) (rerun 17) execution test
FAIL: libmudflap.cth/pass39-frag.c (-O3) (rerun 17) output pattern test
FAIL: libmudflap.cth/pass39-frag.c (-O3) (rerun 18) execution test
FAIL: libmudflap.cth/pass39-frag.c (-O3) (rerun 18) output pattern test
FAIL: libmudflap.cth/pass39-frag.c (-O3) (rerun 19) execution test
FAIL: libmudflap.cth/pass39-frag.c (-O3) (rerun 19) output pattern test
FAIL: libmudflap.cth/pass40-frag.c (-O3) execution test
FAIL: libmudflap.cth/pass40-frag.c (-O3) output pattern test


=== libmudflap Summary ===

# of expected passes        1107
# of unexpected failures    317
       === libstdc++ tests ===


Running target unix
FAIL: 18_support/exception_ptr/current_exception.cc (test for excess errors)
WARNING: 18_support/exception_ptr/current_exception.cc compilation failed to produce executable
FAIL: 18_support/exception_ptr/lifespan.cc (test for excess errors)
WARNING: 18_support/exception_ptr/lifespan.cc compilation failed to produce executable
FAIL: 18_support/exception_ptr/rethrow_exception.cc (test for excess errors)
WARNING: 18_support/exception_ptr/rethrow_exception.cc compilation failed to produce executable
FAIL: 23_containers/deque/cons/moveable.cc (test for excess errors)
FAIL: 23_containers/deque/requirements/explicit_instantiation/3.cc (test for excess errors)
FAIL: 23_containers/list/requirements/explicit_instantiation/3.cc (test for excess errors)
FAIL: 23_containers/map/requirements/explicit_instantiation/3.cc (test for excess errors)
FAIL: 23_containers/multimap/requirements/explicit_instantiation/3.cc (test for excess errors)
FAIL: 23_containers/multiset/requirements/explicit_instantiation/3.cc (test for excess errors)
FAIL: 23_containers/set/requirements/explicit_instantiation/3.cc (test for excess errors)
FAIL: 23_containers/vector/cons/moveable.cc (test for excess errors)
FAIL: 23_containers/vector/ext_pointer/explicit_instantiation/3.cc (test for excess errors)
FAIL: 23_containers/vector/requirements/explicit_instantiation/3.cc (test for excess errors)
FAIL: 25_algorithms/copy/34595.cc (test for excess errors)
WARNING: 25_algorithms/copy/34595.cc compilation failed to produce executable
FAIL: 25_algorithms/copy_backward/move_iterators/1.cc (test for excess errors)
WARNING: 25_algorithms/copy_backward/move_iterators/1.cc compilation failed to produce executable
FAIL: 25_algorithms/heap/moveable.cc (test for excess errors)
WARNING: 25_algorithms/heap/moveable.cc compilation failed to produce executable
FAIL: 25_algorithms/move/1.cc (test for excess errors)
WARNING: 25_algorithms/move/1.cc compilation failed to produce executable
FAIL: 25_algorithms/move_backward/1.cc (test for excess errors)
WARNING: 25_algorithms/move_backward/1.cc compilation failed to produce executable
FAIL: 25_algorithms/partial_sort/moveable.cc (test for excess errors)
WARNING: 25_algorithms/partial_sort/moveable.cc compilation failed to produce executable
FAIL: 25_algorithms/partition/moveable.cc (test for excess errors)
WARNING: 25_algorithms/partition/moveable.cc compilation failed to produce executable
FAIL: 25_algorithms/remove/moveable.cc (test for excess errors)
WARNING: 25_algorithms/remove/moveable.cc compilation failed to produce executable
FAIL: 25_algorithms/remove_if/moveable.cc (test for excess errors)
WARNING: 25_algorithms/remove_if/moveable.cc compilation failed to produce executable
FAIL: 25_algorithms/reverse/moveable.cc (test for excess errors)
FAIL: 25_algorithms/rotate/moveable.cc (test for excess errors)
WARNING: 25_algorithms/rotate/moveable.cc compilation failed to produce executable
FAIL: 25_algorithms/swap_ranges/moveable.cc (test for excess errors)
FAIL: 25_algorithms/unique/moveable.cc (test for excess errors)
WARNING: 25_algorithms/unique/moveable.cc compilation failed to produce executable
FAIL: ext/enc_filebuf/char/13598.cc execution test
FAIL: tr1/5_numerical_facilities/random/variate_generator/37986.cc (test for excess errors)


=== libstdc++ Summary ===

# of expected passes        5645
# of unexpected failures    28
# of expected failures      79
# of unsupported tests      383

Compiler version: 4.4.0 20090121 (experimental) [trunk revision 143538] (GCC)
Platform: i386-pc-solaris2.11
configure flags: --enable-languages=ada,c,c++,fortran,java,objc,obj-c++ --enable-shared --disable-static --enable-decimal-float --with-long-double-128 --enable-nls --with-included-gettext --enable-gather-detailed-mem-stats --with-stabs --enable-debug --enable-initfini-array --enable-largefile --enable-symvers --enable-version-specific-runtime-libs --without-system-zlib --enable-gtk-cairo --enable-gconf-peer --enable-xmlj --enable-gtk-peer --enable-qt-peer --enable-plugin --enable-tool-wrappers --enable-portable-native-sync --enable-hash-synchronization --enable-interpreter --enable-local-sockets --enable-gjdoc --enable-java-awt=gtk,xlib,qt,x --enable-gc-debug --enable-libgcj-debug --enable-objc-gc --enable-concept-checks --enable-libstdcxx-debug --disable-stage1-checking --enable-checking=release --without-system-libunwind --with-tune=k8 --with-cpu=k8 --with-arch=k8 --with-gnu-as --with-as=/usr/local/bin/as --with-gnu-ld --with-ld=/usr/local/bin/ld




Index Nav: [Date Index] [Subject Index] [Author Index] [Thread Index]
Message Nav: [Date Prev] [Date Next] [Thread Prev] [Thread Next]