This is the mail archive of the gcc-testresults@gcc.gnu.org mailing list for the GCC project.


Index Nav: [Date Index] [Subject Index] [Author Index] [Thread Index]
Message Nav: [Date Prev] [Date Next] [Thread Prev] [Thread Next]
Other format: [Raw text]

Results for 4.4.0 20090116 (experimental) (GCC) testsuite on i686-pc-linux-gnu


This build run by an automatic regression tester.
See <http://glutton.geoffk.org/HEAD/> for more information.

Date: 2009-01-16T22:40:13Z
Revision: 143447
URL: svn://gcc.gnu.org/svn/gcc/trunk
Status: pass
Prev-Endtime: 2009-01-16T22:03:38Z

LAST_UPDATED: 
Native configuration is i686-pc-linux-gnu

		=== g++ tests ===


Running target unix

		=== g++ Summary ===

# of expected passes		19447
# of expected failures		141
# of unsupported tests		97
/home/regress/tbox/native/build/gcc/testsuite/g++/../../g++  version 4.4.0 20090116 (experimental) (GCC) 

		=== gcc tests ===


Running target unix
ERROR: tcl error sourcing /home/regress/tbox/svn-gcc/gcc/testsuite/gcc.dg/tree-ssa/tree-ssa.exp.
ERROR: unmatched open brace in list

		=== gcc Summary ===

# of expected passes		54124
# of expected failures		166
# of unsupported tests		873
/home/regress/tbox/native/build/gcc/xgcc  version 4.4.0 20090116 (experimental) (GCC) 

		=== gfortran tests ===


Running target unix

		=== gfortran Summary ===

# of expected passes		29057
# of expected failures		10
# of unsupported tests		97
/home/regress/tbox/native/build/gcc/testsuite/gfortran/../../gfortran  version 4.4.0 20090116 (experimental) (GCC) 

		=== objc tests ===


Running target unix

		=== objc Summary ===

# of expected passes		1830
# of expected failures		7
# of unsupported tests		24
/home/regress/tbox/native/build/gcc/xgcc  version 4.4.0 20090116 (experimental) (GCC) 

		=== libffi tests ===


Running target unix

		=== libffi Summary ===

# of expected passes		1389
# of unsupported tests		10
		=== libgomp tests ===


Running target unix

		=== libgomp Summary ===

# of expected passes		2345
		=== libjava tests ===


Running target unix

		=== libjava Summary ===

# of expected passes		2574
		=== libmudflap tests ===


Running target unix
FAIL: libmudflap.c++/pass41-frag.cxx execution test
FAIL: libmudflap.c++/pass41-frag.cxx (-static) execution test
FAIL: libmudflap.c++/pass41-frag.cxx (-O2) execution test
FAIL: libmudflap.c++/pass41-frag.cxx (-O3) execution test
FAIL: libmudflap.cth/pass39-frag.c (rerun 18) execution test
FAIL: libmudflap.cth/pass39-frag.c (rerun 18) output pattern test

		=== libmudflap Summary ===

# of expected passes		1888
# of unexpected failures	6
		=== libstdc++ tests ===


Running target unix
XPASS: 26_numerics/headers/cmath/c99_classification_macros_c.cc (test for excess errors)

		=== libstdc++ Summary ===

# of expected passes		6405
# of unexpected successes	1
# of expected failures		79
# of unsupported tests		16

Compiler version: 4.4.0 20090116 (experimental) (GCC) 
Platform: i686-pc-linux-gnu
configure flags: --prefix=/home/regress/tbox/objs --target=i686-pc-linux-gnu


Index Nav: [Date Index] [Subject Index] [Author Index] [Thread Index]
Message Nav: [Date Prev] [Date Next] [Thread Prev] [Thread Next]