This is the mail archive of the gcc-testresults@gcc.gnu.org mailing list for the GCC project.


Index Nav: [Date Index] [Subject Index] [Author Index] [Thread Index]
Message Nav: [Date Prev] [Date Next] [Thread Prev] [Thread Next]
Other format: [Raw text]

Results for 4.3.3 20090112 (prerelease) [gcc-4_3-branch revision 143302] (GCC) testsuite on x86_64-unknown-linux-gnu


LAST_UPDATED: Mon Jan 12 17:58:23 UTC 2009 (revision 143302)

		=== acats tests ===

		=== acats Summary ===
# of expected passes		2313
# of unexpected failures	0
Native configuration is x86_64-unknown-linux-gnu

		=== gcc tests ===


Running target unix
FAIL: gcc.dg/pr38616.c (test for excess errors)
UNRESOLVED: gcc.dg/pr38616.c compilation failed to produce executable

		=== gcc Summary ===

# of expected passes		49527
# of unexpected failures	1
# of expected failures		168
# of unresolved testcases	1
# of untested testcases		35
# of unsupported tests		469
/home/guerby/build43/gcc/xgcc  version 4.3.3 20090112 (prerelease) [gcc-4_3-branch revision 143302] (GCC) 

		=== gnat tests ===


Running target unix

		=== gnat Summary ===

# of expected passes		374
# of expected failures		1
		=== libgomp tests ===


Running target unix

		=== libgomp Summary ===

# of expected passes		185
		=== libmudflap tests ===


Running target unix

		=== libmudflap Summary ===

# of expected passes		1700
# of unsupported tests		2

Compiler version: 4.3.3 20090112 (prerelease) [gcc-4_3-branch revision 143302] (GCC) 
Platform: x86_64-unknown-linux-gnu
configure flags: --prefix=/n/12/guerby/install-4.3 --enable-languages=c,ada --enable-__cxa_atexit --disable-nls --enable-threads=posix --disable-multilib --with-mpfr=/opt/cfarm/mpfr-2.3.1


Index Nav: [Date Index] [Subject Index] [Author Index] [Thread Index]
Message Nav: [Date Prev] [Date Next] [Thread Prev] [Thread Next]