This is the mail archive of the gcc-testresults@gcc.gnu.org mailing list for the GCC project.


Index Nav: [Date Index] [Subject Index] [Author Index] [Thread Index]
Message Nav: [Date Prev] [Date Next] [Thread Prev] [Thread Next]
Other format: [Raw text]

Results for 4.4.0 20090109 (experimental) (GCC) testsuite on i686-pc-cygwin


LAST_UPDATED: Obtained from SVN: trunk revision 143235

Native configuration is i686-pc-cygwin

		=== g++ tests ===


Running target unix
FAIL: g++.dg/abi/local1.C execution test
FAIL: g++.dg/abi/rtti3.C scan-assembler .weak[ \\t]_?_ZTSPP1A
FAIL: g++.dg/abi/thunk4.C scan-assembler .weak[ \\t]_?_ZThn._N7Derived3FooEv
FAIL: g++.dg/eh/weak1.C execution test
FAIL: g++.dg/ext/dllimport7.C C++ specific error (test for errors, line 24)
FAIL: g++.dg/ext/selectany1.C scan-assembler-dem 
FAIL: g++.dg/init/cleanup3.C scan-assembler-not _tcf
FAIL: g++.dg/opt/vt1.C scan-assembler-not section[^\\n\\r]*_ZTV1S[^\\n\\r]*"[^w"\\n\\r]*"
FAIL: g++.dg/template/spec35.C scan-assembler .weak(_definition)?[\\t ]*_?_Z2f2IiEvT_
FAIL: g++.dg/tree-ssa/ssa-store-ccp-1.C scan-tree-dump-times optimized "conststaticvariable" 1

		=== g++ Summary ===

# of expected passes		8916
# of unexpected failures	10
# of expected failures		112
# of unsupported tests		166
/cygdrive/e/gnu/gcc-4.4-20090109/xp/gcc/testsuite/g++2/../../g++  version 4.4.0 20090109 (experimental) (GCC) 


		=== gcc tests ===


Running target unix
FAIL: gcc.dg/20021014-1.c (test for excess errors)
WARNING: gcc.dg/20021014-1.c compilation failed to produce executable
FAIL: gcc.dg/alias-7.c execution test
FAIL: gcc.dg/dll-4.c scan-assembler (foo2:.*.comm[ \\t_]*foo1)
FAIL: gcc.dg/pr30286.c execution test
FAIL: gcc.dg/ssp-1.c (test for excess errors)
WARNING: gcc.dg/ssp-1.c compilation failed to produce executable
FAIL: gcc.dg/ssp-2.c (test for excess errors)
WARNING: gcc.dg/ssp-2.c compilation failed to produce executable
FAIL: gcc.dg/utf32-4.c  (test for warnings, line 18)

		=== gcc Summary ===

# of expected passes		10782
# of unexpected failures	7
# of expected failures		69
# of unsupported tests		122
/cygdrive/e/gnu/gcc-4.4-20090109/xp/gcc/xgcc  version 4.4.0 20090109 (experimental) (GCC) 


		=== gfortran tests ===


Running target unix
FAIL: gfortran.dg/array_constructor_24.f execution test
FAIL: gfortran.dg/array_constructor_24.f execution test
FAIL: gfortran.dg/array_constructor_24.f execution test
FAIL: gfortran.dg/array_constructor_24.f execution test
FAIL: gfortran.dg/chmod_1.f90 execution test
FAIL: gfortran.dg/chmod_1.f90 execution test
FAIL: gfortran.dg/chmod_1.f90 execution test
FAIL: gfortran.dg/chmod_1.f90 execution test
FAIL: gfortran.dg/chmod_1.f90 execution test
FAIL: gfortran.dg/chmod_1.f90 execution test
FAIL: gfortran.dg/chmod_1.f90 execution test
FAIL: gfortran.dg/chmod_1.f90 execution test
FAIL: gfortran.dg/chmod_2.f90 execution test
FAIL: gfortran.dg/chmod_2.f90 execution test
FAIL: gfortran.dg/chmod_2.f90 execution test
FAIL: gfortran.dg/chmod_2.f90 execution test
FAIL: gfortran.dg/chmod_2.f90 execution test
FAIL: gfortran.dg/chmod_2.f90 execution test
FAIL: gfortran.dg/chmod_2.f90 execution test
FAIL: gfortran.dg/chmod_2.f90 execution test
FAIL: gfortran.dg/chmod_3.f90 execution test
FAIL: gfortran.dg/chmod_3.f90 execution test
FAIL: gfortran.dg/chmod_3.f90 execution test
FAIL: gfortran.dg/chmod_3.f90 execution test
FAIL: gfortran.dg/chmod_3.f90 execution test
FAIL: gfortran.dg/chmod_3.f90 execution test
FAIL: gfortran.dg/chmod_3.f90 execution test
FAIL: gfortran.dg/chmod_3.f90 execution test
FAIL: gfortran.dg/default_format_denormal_1.f90 execution test
FAIL: gfortran.dg/default_format_denormal_1.f90 execution test
FAIL: gfortran.dg/default_format_denormal_1.f90 execution test
FAIL: gfortran.dg/default_format_denormal_1.f90 execution test
FAIL: gfortran.dg/default_format_denormal_1.f90 execution test
FAIL: gfortran.dg/default_format_denormal_1.f90 execution test
FAIL: gfortran.dg/default_format_denormal_1.f90 execution test
FAIL: gfortran.dg/default_format_denormal_1.f90 execution test
FAIL: gfortran.dg/open_errors.f90 execution test
FAIL: gfortran.dg/open_errors.f90 execution test
FAIL: gfortran.dg/open_errors.f90 execution test
FAIL: gfortran.dg/open_errors.f90 execution test
FAIL: gfortran.dg/open_errors.f90 execution test
FAIL: gfortran.dg/open_errors.f90 execution test
FAIL: gfortran.dg/open_errors.f90 execution test
FAIL: gfortran.dg/open_errors.f90 execution test
WARNING: program timed out.
FAIL: gfortran.fortran-torture/compile/enum_1.f90,  -O2 -fomit-frame-pointer -finline-functions  
WARNING: program timed out.
FAIL: gfortran.fortran-torture/compile/inline_1.f90,  -Os  
FAIL: gfortran.fortran-torture/execute/common.f90 execution, -O2 -ftree-vectorize -msse2 
FAIL: gfortran.fortran-torture/execute/common_size.f90 execution, -O2 -ftree-vectorize -msse2 
FAIL: gfortran.fortran-torture/execute/stack_varsize.f90 execution, -O2 -ftree-vectorize -msse2 

		=== gfortran Summary ===

# of expected passes		28643
# of unexpected failures	49
# of expected failures		10
# of unsupported tests		257
/cygdrive/e/gnu/gcc-4.4-20090109/xp/gcc/testsuite/gfortran/../../gfortran  version 4.4.0 20090109 (experimental) (GCC) 

		=== objc tests ===


Running target unix

		=== objc Summary ===

# of expected passes		1910
# of expected failures		7
# of unsupported tests		24
/cygdrive/e/gnu/gcc-4.4-20090109/xp/gcc/xgcc  version 4.4.0 20090109 (experimental) (GCC) 


Running target unix
		=== libstdc++ tests ===


Running target unix
WARNING: program timed out.
FAIL: thread/pthread7-rope.cc execution test
FAIL: tr1/2_general_utilities/shared_ptr/thread/default_weaktoshared.cc execution test
FAIL: tr1/2_general_utilities/shared_ptr/thread/default_weaktoshared.cc execution test
FAIL: tr1/2_general_utilities/shared_ptr/thread/default_weaktoshared.cc execution test
FAIL: tr1/2_general_utilities/shared_ptr/thread/mutex_weaktoshared.cc execution test
FAIL: tr1/2_general_utilities/shared_ptr/thread/mutex_weaktoshared.cc execution test
FAIL: tr1/2_general_utilities/shared_ptr/thread/mutex_weaktoshared.cc execution test

		=== libstdc++ Summary ===

# of expected passes		3635
# of unexpected failures	7
# of expected failures		66
# of unsupported tests		72

Compiler version: 4.4.0 20090109 (experimental) (GCC) 
Platform: i686-pc-cygwin
configure flags: --prefix=/usr/local/gcc44 --enable-languages='c c++ fortran objc' --enable-threads=posix --disable-sjlj-exceptions --enable-maintainer-mode --disable-shared --disable-libmudflap

Tim Prince


Index Nav: [Date Index] [Subject Index] [Author Index] [Thread Index]
Message Nav: [Date Prev] [Date Next] [Thread Prev] [Thread Next]