This is the mail archive of the
gcc-testresults@gcc.gnu.org
mailing list for the GCC project.
Results for 4.4.0 20090109 (experimental) (GCC) testsuite on powerpc-unknown-linux-gnuspe
- From: Edmar Wienskoski-RA8797 <ra8797 at freescale dot com>
- To: gcc-testresults at gcc dot gnu dot org
- Date: Sat, 10 Jan 2009 10:08:33 -0600
- Subject: Results for 4.4.0 20090109 (experimental) (GCC) testsuite on powerpc-unknown-linux-gnuspe
LAST_UPDATED:
Target is powerpc-unknown-linux-gnuspe
Host is x86_64-unknown-linux-gnu
=== g++ tests ===
Running target REG_j_32
WARNING: program timed out.
FAIL: g++.dg/cdce3.C execution test
FAIL: g++.dg/torture/type-generic-1.C -O0 execution test
FAIL: g++.dg/torture/type-generic-1.C -O1 execution test
FAIL: g++.dg/torture/type-generic-1.C -O2 execution test
FAIL: g++.dg/torture/type-generic-1.C -O3 -fomit-frame-pointer execution test
FAIL: g++.dg/torture/type-generic-1.C -O3 -g execution test
FAIL: g++.dg/torture/type-generic-1.C -Os execution test
=== g++ Summary ===
# of expected passes 18760
# of unexpected failures 7
# of expected failures 140
# of unsupported tests 158
/tmp/edmar/build_cde/job_32/obj_gcc/gcc/testsuite/g++/../../g++ version 4.4.0 20090109 (experimental) (GCC)
Host is x86_64-unknown-linux-gnu
=== gcc tests ===
Running target REG_j_32
FAIL: gcc.c-torture/execute/991112-1.c execution, -O0
FAIL: gcc.c-torture/execute/991112-1.c execution, -O1
FAIL: gcc.c-torture/execute/991112-1.c execution, -O2
FAIL: gcc.c-torture/execute/991112-1.c execution, -O3 -fomit-frame-pointer
FAIL: gcc.c-torture/execute/991112-1.c execution, -O3 -g
FAIL: gcc.c-torture/execute/991112-1.c execution, -Os
FAIL: gcc.dg/and-1.c scan-assembler-not nand
FAIL: gcc.dg/memcpy-1.c scan-tree-dump-times optimized "nasty_local" 0
FAIL: gcc.dg/pr28796-2.c execution test
FAIL: gcc.dg/pr35729.c scan-rtl-dump-times loop2_invariant "Decided to move invariant" 0
FAIL: gcc.dg/torture/type-generic-1.c -O0 execution test
FAIL: gcc.dg/torture/type-generic-1.c -O1 execution test
FAIL: gcc.dg/torture/type-generic-1.c -O2 execution test
FAIL: gcc.dg/torture/type-generic-1.c -O3 -fomit-frame-pointer execution test
FAIL: gcc.dg/torture/type-generic-1.c -O3 -g execution test
FAIL: gcc.dg/torture/type-generic-1.c -Os execution test
FAIL: gcc.dg/tree-prof/ic-misattribution-1.c compilation, -fprofile-use -D_PROFILE_USE
UNRESOLVED: gcc.dg/tree-prof/ic-misattribution-1.c execution, -fprofile-use -D_PROFILE_USE
FAIL: gcc.dg/tree-ssa/vrp47.c scan-tree-dump-times vrp1 "[xy][^ ]* !=" 0
FAIL: gcc.dg/tree-ssa/vrp47.c scan-tree-dump-times dom1 "x[^ ]* & y" 1
ERROR: gcc.target/powerpc/405-dlmzb-strlen-1.c: syntax error in target selector "target powerpc_405_nocache" for " dg-skip-if 6 "other options override -mcpu=405" { ! powerpc_405_nocache } { "*" } { "" } "
UNRESOLVED: gcc.target/powerpc/405-dlmzb-strlen-1.c: syntax error in target selector "target powerpc_405_nocache" for " dg-skip-if 6 "other options override -mcpu=405" { ! powerpc_405_nocache } { "*" } { "" } "
ERROR: gcc.target/powerpc/405-macchw-1.c: syntax error in target selector "target powerpc_405_nocache" for " dg-skip-if 6 "other options override -mcpu=405" { ! powerpc_405_nocache } { "*" } { "" } "
UNRESOLVED: gcc.target/powerpc/405-macchw-1.c: syntax error in target selector "target powerpc_405_nocache" for " dg-skip-if 6 "other options override -mcpu=405" { ! powerpc_405_nocache } { "*" } { "" } "
ERROR: gcc.target/powerpc/405-macchw-2.c: syntax error in target selector "target powerpc_405_nocache" for " dg-skip-if 6 "other options override -mcpu=405" { ! powerpc_405_nocache } { "*" } { "" } "
UNRESOLVED: gcc.target/powerpc/405-macchw-2.c: syntax error in target selector "target powerpc_405_nocache" for " dg-skip-if 6 "other options override -mcpu=405" { ! powerpc_405_nocache } { "*" } { "" } "
ERROR: gcc.target/powerpc/405-macchwu-1.c: syntax error in target selector "target powerpc_405_nocache" for " dg-skip-if 6 "other options override -mcpu=405" { ! powerpc_405_nocache } { "*" } { "" } "
UNRESOLVED: gcc.target/powerpc/405-macchwu-1.c: syntax error in target selector "target powerpc_405_nocache" for " dg-skip-if 6 "other options override -mcpu=405" { ! powerpc_405_nocache } { "*" } { "" } "
ERROR: gcc.target/powerpc/405-macchwu-2.c: syntax error in target selector "target powerpc_405_nocache" for " dg-skip-if 6 "other options override -mcpu=405" { ! powerpc_405_nocache } { "*" } { "" } "
UNRESOLVED: gcc.target/powerpc/405-macchwu-2.c: syntax error in target selector "target powerpc_405_nocache" for " dg-skip-if 6 "other options override -mcpu=405" { ! powerpc_405_nocache } { "*" } { "" } "
ERROR: gcc.target/powerpc/405-machhw-1.c: syntax error in target selector "target powerpc_405_nocache" for " dg-skip-if 6 "other options override -mcpu=405" { ! powerpc_405_nocache } { "*" } { "" } "
UNRESOLVED: gcc.target/powerpc/405-machhw-1.c: syntax error in target selector "target powerpc_405_nocache" for " dg-skip-if 6 "other options override -mcpu=405" { ! powerpc_405_nocache } { "*" } { "" } "
ERROR: gcc.target/powerpc/405-machhw-2.c: syntax error in target selector "target powerpc_405_nocache" for " dg-skip-if 6 "other options override -mcpu=405" { ! powerpc_405_nocache } { "*" } { "" } "
UNRESOLVED: gcc.target/powerpc/405-machhw-2.c: syntax error in target selector "target powerpc_405_nocache" for " dg-skip-if 6 "other options override -mcpu=405" { ! powerpc_405_nocache } { "*" } { "" } "
ERROR: gcc.target/powerpc/405-machhwu-1.c: syntax error in target selector "target powerpc_405_nocache" for " dg-skip-if 6 "other options override -mcpu=405" { ! powerpc_405_nocache } { "*" } { "" } "
UNRESOLVED: gcc.target/powerpc/405-machhwu-1.c: syntax error in target selector "target powerpc_405_nocache" for " dg-skip-if 6 "other options override -mcpu=405" { ! powerpc_405_nocache } { "*" } { "" } "
ERROR: gcc.target/powerpc/405-machhwu-2.c: syntax error in target selector "target powerpc_405_nocache" for " dg-skip-if 6 "other options override -mcpu=405" { ! powerpc_405_nocache } { "*" } { "" } "
UNRESOLVED: gcc.target/powerpc/405-machhwu-2.c: syntax error in target selector "target powerpc_405_nocache" for " dg-skip-if 6 "other options override -mcpu=405" { ! powerpc_405_nocache } { "*" } { "" } "
ERROR: gcc.target/powerpc/405-maclhw-1.c: syntax error in target selector "target powerpc_405_nocache" for " dg-skip-if 6 "other options override -mcpu=405" { ! powerpc_405_nocache } { "*" } { "" } "
UNRESOLVED: gcc.target/powerpc/405-maclhw-1.c: syntax error in target selector "target powerpc_405_nocache" for " dg-skip-if 6 "other options override -mcpu=405" { ! powerpc_405_nocache } { "*" } { "" } "
ERROR: gcc.target/powerpc/405-maclhw-2.c: syntax error in target selector "target powerpc_405_nocache" for " dg-skip-if 6 "other options override -mcpu=405" { ! powerpc_405_nocache } { "*" } { "" } "
UNRESOLVED: gcc.target/powerpc/405-maclhw-2.c: syntax error in target selector "target powerpc_405_nocache" for " dg-skip-if 6 "other options override -mcpu=405" { ! powerpc_405_nocache } { "*" } { "" } "
ERROR: gcc.target/powerpc/405-maclhwu-1.c: syntax error in target selector "target powerpc_405_nocache" for " dg-skip-if 6 "other options override -mcpu=405" { ! powerpc_405_nocache } { "*" } { "" } "
UNRESOLVED: gcc.target/powerpc/405-maclhwu-1.c: syntax error in target selector "target powerpc_405_nocache" for " dg-skip-if 6 "other options override -mcpu=405" { ! powerpc_405_nocache } { "*" } { "" } "
ERROR: gcc.target/powerpc/405-maclhwu-2.c: syntax error in target selector "target powerpc_405_nocache" for " dg-skip-if 6 "other options override -mcpu=405" { ! powerpc_405_nocache } { "*" } { "" } "
UNRESOLVED: gcc.target/powerpc/405-maclhwu-2.c: syntax error in target selector "target powerpc_405_nocache" for " dg-skip-if 6 "other options override -mcpu=405" { ! powerpc_405_nocache } { "*" } { "" } "
ERROR: gcc.target/powerpc/405-mulchw-1.c: syntax error in target selector "target powerpc_405_nocache" for " dg-skip-if 6 "other options override -mcpu=405" { ! powerpc_405_nocache } { "*" } { "" } "
UNRESOLVED: gcc.target/powerpc/405-mulchw-1.c: syntax error in target selector "target powerpc_405_nocache" for " dg-skip-if 6 "other options override -mcpu=405" { ! powerpc_405_nocache } { "*" } { "" } "
ERROR: gcc.target/powerpc/405-mulchw-2.c: syntax error in target selector "target powerpc_405_nocache" for " dg-skip-if 6 "other options override -mcpu=405" { ! powerpc_405_nocache } { "*" } { "" } "
UNRESOLVED: gcc.target/powerpc/405-mulchw-2.c: syntax error in target selector "target powerpc_405_nocache" for " dg-skip-if 6 "other options override -mcpu=405" { ! powerpc_405_nocache } { "*" } { "" } "
ERROR: gcc.target/powerpc/405-mulchwu-1.c: syntax error in target selector "target powerpc_405_nocache" for " dg-skip-if 6 "other options override -mcpu=405" { ! powerpc_405_nocache } { "*" } { "" } "
UNRESOLVED: gcc.target/powerpc/405-mulchwu-1.c: syntax error in target selector "target powerpc_405_nocache" for " dg-skip-if 6 "other options override -mcpu=405" { ! powerpc_405_nocache } { "*" } { "" } "
ERROR: gcc.target/powerpc/405-mulchwu-2.c: syntax error in target selector "target powerpc_405_nocache" for " dg-skip-if 6 "other options override -mcpu=405" { ! powerpc_405_nocache } { "*" } { "" } "
UNRESOLVED: gcc.target/powerpc/405-mulchwu-2.c: syntax error in target selector "target powerpc_405_nocache" for " dg-skip-if 6 "other options override -mcpu=405" { ! powerpc_405_nocache } { "*" } { "" } "
ERROR: gcc.target/powerpc/405-mulhhw-1.c: syntax error in target selector "target powerpc_405_nocache" for " dg-skip-if 6 "other options override -mcpu=405" { ! powerpc_405_nocache } { "*" } { "" } "
UNRESOLVED: gcc.target/powerpc/405-mulhhw-1.c: syntax error in target selector "target powerpc_405_nocache" for " dg-skip-if 6 "other options override -mcpu=405" { ! powerpc_405_nocache } { "*" } { "" } "
ERROR: gcc.target/powerpc/405-mulhhw-2.c: syntax error in target selector "target powerpc_405_nocache" for " dg-skip-if 6 "other options override -mcpu=405" { ! powerpc_405_nocache } { "*" } { "" } "
UNRESOLVED: gcc.target/powerpc/405-mulhhw-2.c: syntax error in target selector "target powerpc_405_nocache" for " dg-skip-if 6 "other options override -mcpu=405" { ! powerpc_405_nocache } { "*" } { "" } "
ERROR: gcc.target/powerpc/405-mulhhwu-1.c: syntax error in target selector "target powerpc_405_nocache" for " dg-skip-if 6 "other options override -mcpu=405" { ! powerpc_405_nocache } { "*" } { "" } "
UNRESOLVED: gcc.target/powerpc/405-mulhhwu-1.c: syntax error in target selector "target powerpc_405_nocache" for " dg-skip-if 6 "other options override -mcpu=405" { ! powerpc_405_nocache } { "*" } { "" } "
ERROR: gcc.target/powerpc/405-mulhhwu-2.c: syntax error in target selector "target powerpc_405_nocache" for " dg-skip-if 6 "other options override -mcpu=405" { ! powerpc_405_nocache } { "*" } { "" } "
UNRESOLVED: gcc.target/powerpc/405-mulhhwu-2.c: syntax error in target selector "target powerpc_405_nocache" for " dg-skip-if 6 "other options override -mcpu=405" { ! powerpc_405_nocache } { "*" } { "" } "
ERROR: gcc.target/powerpc/405-mullhw-1.c: syntax error in target selector "target powerpc_405_nocache" for " dg-skip-if 6 "other options override -mcpu=405" { ! powerpc_405_nocache } { "*" } { "" } "
UNRESOLVED: gcc.target/powerpc/405-mullhw-1.c: syntax error in target selector "target powerpc_405_nocache" for " dg-skip-if 6 "other options override -mcpu=405" { ! powerpc_405_nocache } { "*" } { "" } "
ERROR: gcc.target/powerpc/405-mullhw-2.c: syntax error in target selector "target powerpc_405_nocache" for " dg-skip-if 6 "other options override -mcpu=405" { ! powerpc_405_nocache } { "*" } { "" } "
UNRESOLVED: gcc.target/powerpc/405-mullhw-2.c: syntax error in target selector "target powerpc_405_nocache" for " dg-skip-if 6 "other options override -mcpu=405" { ! powerpc_405_nocache } { "*" } { "" } "
ERROR: gcc.target/powerpc/405-mullhwu-1.c: syntax error in target selector "target powerpc_405_nocache" for " dg-skip-if 6 "other options override -mcpu=405" { ! powerpc_405_nocache } { "*" } { "" } "
UNRESOLVED: gcc.target/powerpc/405-mullhwu-1.c: syntax error in target selector "target powerpc_405_nocache" for " dg-skip-if 6 "other options override -mcpu=405" { ! powerpc_405_nocache } { "*" } { "" } "
ERROR: gcc.target/powerpc/405-mullhwu-2.c: syntax error in target selector "target powerpc_405_nocache" for " dg-skip-if 6 "other options override -mcpu=405" { ! powerpc_405_nocache } { "*" } { "" } "
UNRESOLVED: gcc.target/powerpc/405-mullhwu-2.c: syntax error in target selector "target powerpc_405_nocache" for " dg-skip-if 6 "other options override -mcpu=405" { ! powerpc_405_nocache } { "*" } { "" } "
ERROR: gcc.target/powerpc/405-nmacchw-1.c: syntax error in target selector "target powerpc_405_nocache" for " dg-skip-if 6 "other options override -mcpu=405" { ! powerpc_405_nocache } { "*" } { "" } "
UNRESOLVED: gcc.target/powerpc/405-nmacchw-1.c: syntax error in target selector "target powerpc_405_nocache" for " dg-skip-if 6 "other options override -mcpu=405" { ! powerpc_405_nocache } { "*" } { "" } "
ERROR: gcc.target/powerpc/405-nmacchw-2.c: syntax error in target selector "target powerpc_405_nocache" for " dg-skip-if 6 "other options override -mcpu=405" { ! powerpc_405_nocache } { "*" } { "" } "
UNRESOLVED: gcc.target/powerpc/405-nmacchw-2.c: syntax error in target selector "target powerpc_405_nocache" for " dg-skip-if 6 "other options override -mcpu=405" { ! powerpc_405_nocache } { "*" } { "" } "
ERROR: gcc.target/powerpc/405-nmachhw-1.c: syntax error in target selector "target powerpc_405_nocache" for " dg-skip-if 6 "other options override -mcpu=405" { ! powerpc_405_nocache } { "*" } { "" } "
UNRESOLVED: gcc.target/powerpc/405-nmachhw-1.c: syntax error in target selector "target powerpc_405_nocache" for " dg-skip-if 6 "other options override -mcpu=405" { ! powerpc_405_nocache } { "*" } { "" } "
ERROR: gcc.target/powerpc/405-nmachhw-2.c: syntax error in target selector "target powerpc_405_nocache" for " dg-skip-if 6 "other options override -mcpu=405" { ! powerpc_405_nocache } { "*" } { "" } "
UNRESOLVED: gcc.target/powerpc/405-nmachhw-2.c: syntax error in target selector "target powerpc_405_nocache" for " dg-skip-if 6 "other options override -mcpu=405" { ! powerpc_405_nocache } { "*" } { "" } "
ERROR: gcc.target/powerpc/405-nmaclhw-1.c: syntax error in target selector "target powerpc_405_nocache" for " dg-skip-if 6 "other options override -mcpu=405" { ! powerpc_405_nocache } { "*" } { "" } "
UNRESOLVED: gcc.target/powerpc/405-nmaclhw-1.c: syntax error in target selector "target powerpc_405_nocache" for " dg-skip-if 6 "other options override -mcpu=405" { ! powerpc_405_nocache } { "*" } { "" } "
ERROR: gcc.target/powerpc/405-nmaclhw-2.c: syntax error in target selector "target powerpc_405_nocache" for " dg-skip-if 6 "other options override -mcpu=405" { ! powerpc_405_nocache } { "*" } { "" } "
UNRESOLVED: gcc.target/powerpc/405-nmaclhw-2.c: syntax error in target selector "target powerpc_405_nocache" for " dg-skip-if 6 "other options override -mcpu=405" { ! powerpc_405_nocache } { "*" } { "" } "
FAIL: gcc.target/powerpc/altivec-macros.c __vector redefined (test for warnings, line 44)
FAIL: gcc.target/powerpc/altivec-macros.c __pixel redefined (test for warnings, line 45)
FAIL: gcc.target/powerpc/altivec-macros.c __bool redefined (test for warnings, line 46)
FAIL: gcc.target/powerpc/altivec-macros.c vector redefined (test for warnings, line 47)
FAIL: gcc.target/powerpc/altivec-macros.c pixel redefined (test for warnings, line 48)
FAIL: gcc.target/powerpc/altivec-macros.c bool redefined (test for warnings, line 49)
FAIL: gcc.target/powerpc/altivec-macros.c prev __vector defn (test for warnings, line 24)
FAIL: gcc.target/powerpc/altivec-macros.c prev __pixel defn (test for warnings, line 27)
FAIL: gcc.target/powerpc/altivec-macros.c prev __bool defn (test for warnings, line 30)
FAIL: gcc.target/powerpc/altivec-macros.c prev vector defn (test for warnings, line 33)
FAIL: gcc.target/powerpc/altivec-macros.c prev pixel defn (test for warnings, line 36)
FAIL: gcc.target/powerpc/altivec-macros.c prev bool defn (test for warnings, line 39)
FAIL: gcc.target/powerpc/altivec-macros.c (test for excess errors)
FAIL: gcc.target/powerpc/darwin-longlong.c (test for excess errors)
FAIL: gcc.target/powerpc/spe-unwind-1.c execution test
=== gcc Summary ===
# of expected passes 48168
# of unexpected failures 34
# of expected failures 124
# of unresolved testcases 32
# of unsupported tests 622
/tmp/edmar/build_cde/job_32/obj_gcc/gcc/xgcc version 4.4.0 20090109 (experimental) (GCC)
Host is x86_64-unknown-linux-gnu
=== gfortran tests ===
Running target REG_j_32
FAIL: gfortran.dg/array_constructor_23.f -O3 -fomit-frame-pointer execution test
FAIL: gfortran.dg/array_constructor_23.f -O3 -fomit-frame-pointer -funroll-loops execution test
FAIL: gfortran.dg/array_constructor_23.f -O3 -fomit-frame-pointer -funroll-all-loops -finline-functions execution test
FAIL: gfortran.dg/array_constructor_23.f -O3 -g execution test
XPASS: gfortran.dg/default_format_denormal_2.f90 -O0 execution test
XPASS: gfortran.dg/default_format_denormal_2.f90 -O1 execution test
XPASS: gfortran.dg/default_format_denormal_2.f90 -O2 execution test
XPASS: gfortran.dg/default_format_denormal_2.f90 -O3 -fomit-frame-pointer execution test
XPASS: gfortran.dg/default_format_denormal_2.f90 -O3 -fomit-frame-pointer -funroll-loops execution test
XPASS: gfortran.dg/default_format_denormal_2.f90 -O3 -fomit-frame-pointer -funroll-all-loops -finline-functions execution test
XPASS: gfortran.dg/default_format_denormal_2.f90 -O3 -g execution test
XPASS: gfortran.dg/default_format_denormal_2.f90 -Os execution test
FAIL: gfortran.dg/fmt_float.f90 -O0 output pattern test, is 0.10E+01 0.10E+00 0.10E-01
FAIL: gfortran.dg/fmt_float.f90 -O1 output pattern test, is 0.10E+01 0.10E+00 0.10E-01
FAIL: gfortran.dg/fmt_float.f90 -O2 output pattern test, is 0.10E+01 0.10E+00 0.10E-01
FAIL: gfortran.dg/fmt_float.f90 -O3 -fomit-frame-pointer output pattern test, is 0.10E+01 0.10E+00 0.10E-01
FAIL: gfortran.dg/fmt_float.f90 -O3 -fomit-frame-pointer -funroll-loops output pattern test, is 0.10E+01 0.10E+00 0.10E-01
FAIL: gfortran.dg/fmt_float.f90 -O3 -fomit-frame-pointer -funroll-all-loops -finline-functions output pattern test, is 0.10E+01 0.10E+00 0.10E-01
FAIL: gfortran.dg/fmt_float.f90 -O3 -g output pattern test, is 0.10E+01 0.10E+00 0.10E-01
FAIL: gfortran.dg/fmt_float.f90 -Os output pattern test, is 0.10E+01 0.10E+00 0.10E-01
FAIL: gfortran.dg/fmt_l.f90 -O0 output pattern test, is At line 14 of file /tmp/edmar/build_cde/job_32/gcc/gcc/testsuite/gfortran.dg/fmt_l.f90
FAIL: gfortran.dg/fmt_l.f90 -O1 output pattern test, is At line 14 of file /tmp/edmar/build_cde/job_32/gcc/gcc/testsuite/gfortran.dg/fmt_l.f90
FAIL: gfortran.dg/fmt_l.f90 -O2 output pattern test, is At line 14 of file /tmp/edmar/build_cde/job_32/gcc/gcc/testsuite/gfortran.dg/fmt_l.f90
FAIL: gfortran.dg/fmt_l.f90 -O3 -fomit-frame-pointer output pattern test, is At line 14 of file /tmp/edmar/build_cde/job_32/gcc/gcc/testsuite/gfortran.dg/fmt_l.f90
FAIL: gfortran.dg/fmt_l.f90 -O3 -fomit-frame-pointer -funroll-loops output pattern test, is At line 14 of file /tmp/edmar/build_cde/job_32/gcc/gcc/testsuite/gfortran.dg/fmt_l.f90
FAIL: gfortran.dg/fmt_l.f90 -O3 -fomit-frame-pointer -funroll-all-loops -finline-functions output pattern test, is At line 14 of file /tmp/edmar/build_cde/job_32/gcc/gcc/testsuite/gfortran.dg/fmt_l.f90
FAIL: gfortran.dg/fmt_l.f90 -O3 -g output pattern test, is At line 14 of file /tmp/edmar/build_cde/job_32/gcc/gcc/testsuite/gfortran.dg/fmt_l.f90
FAIL: gfortran.dg/fmt_l.f90 -Os output pattern test, is At line 14 of file /tmp/edmar/build_cde/job_32/gcc/gcc/testsuite/gfortran.dg/fmt_l.f90
FAIL: gfortran.dg/fmt_zero_precision.f90 -O0 output pattern test, is 1.<
FAIL: gfortran.dg/fmt_zero_precision.f90 -O1 output pattern test, is 1.<
FAIL: gfortran.dg/fmt_zero_precision.f90 -O2 output pattern test, is 1.<
FAIL: gfortran.dg/fmt_zero_precision.f90 -O3 -fomit-frame-pointer output pattern test, is 1.<
FAIL: gfortran.dg/fmt_zero_precision.f90 -O3 -fomit-frame-pointer -funroll-loops output pattern test, is 1.<
FAIL: gfortran.dg/fmt_zero_precision.f90 -O3 -fomit-frame-pointer -funroll-all-loops -finline-functions output pattern test, is 1.<
FAIL: gfortran.dg/fmt_zero_precision.f90 -O3 -g output pattern test, is 1.<
FAIL: gfortran.dg/fmt_zero_precision.f90 -Os output pattern test, is 1.<
FAIL: gfortran.dg/init_flag_3.f90 -O0 execution test
FAIL: gfortran.dg/init_flag_3.f90 -O1 execution test
FAIL: gfortran.dg/init_flag_3.f90 -O2 execution test
FAIL: gfortran.dg/init_flag_3.f90 -O3 -fomit-frame-pointer execution test
FAIL: gfortran.dg/init_flag_3.f90 -O3 -fomit-frame-pointer -funroll-loops execution test
FAIL: gfortran.dg/init_flag_3.f90 -O3 -fomit-frame-pointer -funroll-all-loops -finline-functions execution test
FAIL: gfortran.dg/init_flag_3.f90 -O3 -g execution test
FAIL: gfortran.dg/init_flag_3.f90 -Os execution test
FAIL: gfortran.dg/init_flag_4.f90 -O0 execution test
FAIL: gfortran.dg/init_flag_4.f90 -O1 execution test
FAIL: gfortran.dg/init_flag_4.f90 -O2 execution test
FAIL: gfortran.dg/init_flag_4.f90 -O3 -fomit-frame-pointer execution test
FAIL: gfortran.dg/init_flag_4.f90 -O3 -fomit-frame-pointer -funroll-loops execution test
FAIL: gfortran.dg/init_flag_4.f90 -O3 -fomit-frame-pointer -funroll-all-loops -finline-functions execution test
FAIL: gfortran.dg/init_flag_4.f90 -O3 -g execution test
FAIL: gfortran.dg/init_flag_4.f90 -Os execution test
FAIL: gfortran.dg/init_flag_5.f90 -O0 execution test
FAIL: gfortran.dg/init_flag_5.f90 -O1 execution test
FAIL: gfortran.dg/init_flag_5.f90 -O2 execution test
FAIL: gfortran.dg/init_flag_5.f90 -O3 -fomit-frame-pointer execution test
FAIL: gfortran.dg/init_flag_5.f90 -O3 -fomit-frame-pointer -funroll-loops execution test
FAIL: gfortran.dg/init_flag_5.f90 -O3 -fomit-frame-pointer -funroll-all-loops -finline-functions execution test
FAIL: gfortran.dg/init_flag_5.f90 -O3 -g execution test
FAIL: gfortran.dg/init_flag_5.f90 -Os execution test
FAIL: gfortran.dg/integer_exponentiation_5.F90 -O0 execution test
FAIL: gfortran.dg/integer_exponentiation_5.F90 -O1 execution test
FAIL: gfortran.dg/integer_exponentiation_5.F90 -O2 execution test
FAIL: gfortran.dg/integer_exponentiation_5.F90 -O3 -fomit-frame-pointer execution test
FAIL: gfortran.dg/integer_exponentiation_5.F90 -O3 -fomit-frame-pointer -funroll-loops execution test
FAIL: gfortran.dg/integer_exponentiation_5.F90 -O3 -fomit-frame-pointer -funroll-all-loops -finline-functions execution test
FAIL: gfortran.dg/integer_exponentiation_5.F90 -O3 -g execution test
FAIL: gfortran.dg/integer_exponentiation_5.F90 -Os execution test
FAIL: gfortran.dg/isnan_1.f90 -O0 execution test
FAIL: gfortran.dg/isnan_1.f90 -O1 execution test
FAIL: gfortran.dg/isnan_1.f90 -O2 execution test
FAIL: gfortran.dg/isnan_1.f90 -O3 -fomit-frame-pointer execution test
FAIL: gfortran.dg/isnan_1.f90 -O3 -fomit-frame-pointer -funroll-loops execution test
FAIL: gfortran.dg/isnan_1.f90 -O3 -fomit-frame-pointer -funroll-all-loops -finline-functions execution test
FAIL: gfortran.dg/isnan_1.f90 -O3 -g execution test
FAIL: gfortran.dg/isnan_1.f90 -Os execution test
FAIL: gfortran.dg/large_real_kind_1.f90 -O0 execution test
FAIL: gfortran.dg/large_real_kind_1.f90 -O1 execution test
FAIL: gfortran.dg/large_real_kind_1.f90 -O2 execution test
FAIL: gfortran.dg/large_real_kind_1.f90 -O3 -fomit-frame-pointer execution test
FAIL: gfortran.dg/large_real_kind_1.f90 -O3 -fomit-frame-pointer -funroll-loops execution test
FAIL: gfortran.dg/large_real_kind_1.f90 -O3 -fomit-frame-pointer -funroll-all-loops -finline-functions execution test
FAIL: gfortran.dg/large_real_kind_1.f90 -O3 -g execution test
FAIL: gfortran.dg/large_real_kind_1.f90 -Os execution test
FAIL: gfortran.dg/large_real_kind_2.F90 -O0 execution test
FAIL: gfortran.dg/large_real_kind_2.F90 -O1 execution test
FAIL: gfortran.dg/large_real_kind_2.F90 -O2 execution test
FAIL: gfortran.dg/large_real_kind_2.F90 -O3 -fomit-frame-pointer execution test
FAIL: gfortran.dg/large_real_kind_2.F90 -O3 -fomit-frame-pointer -funroll-loops execution test
FAIL: gfortran.dg/large_real_kind_2.F90 -O3 -fomit-frame-pointer -funroll-all-loops -finline-functions execution test
FAIL: gfortran.dg/large_real_kind_2.F90 -O3 -g execution test
FAIL: gfortran.dg/large_real_kind_2.F90 -Os execution test
FAIL: gfortran.dg/namelist_40.f90 -O0 output pattern test, is Multiple sub-objects with non-zero rank in namelist object x
FAIL: gfortran.dg/namelist_40.f90 -O1 output pattern test, is Multiple sub-objects with non-zero rank in namelist object x
FAIL: gfortran.dg/namelist_40.f90 -O2 output pattern test, is Multiple sub-objects with non-zero rank in namelist object x
FAIL: gfortran.dg/namelist_40.f90 -O3 -fomit-frame-pointer output pattern test, is Multiple sub-objects with non-zero rank in namelist object x
FAIL: gfortran.dg/namelist_40.f90 -O3 -fomit-frame-pointer -funroll-loops output pattern test, is Multiple sub-objects with non-zero rank in namelist object x
FAIL: gfortran.dg/namelist_40.f90 -O3 -fomit-frame-pointer -funroll-all-loops -finline-functions output pattern test, is Multiple sub-objects with non-zero rank in namelist object x
FAIL: gfortran.dg/namelist_40.f90 -O3 -g output pattern test, is Multiple sub-objects with non-zero rank in namelist object x
FAIL: gfortran.dg/namelist_40.f90 -Os output pattern test, is Multiple sub-objects with non-zero rank in namelist object x
FAIL: gfortran.dg/namelist_47.f90 -O0 output pattern test, is Multiple sub-objects with non-zero rank in namelist object x
FAIL: gfortran.dg/namelist_47.f90 -O1 output pattern test, is Multiple sub-objects with non-zero rank in namelist object x
FAIL: gfortran.dg/namelist_47.f90 -O2 output pattern test, is Multiple sub-objects with non-zero rank in namelist object x
FAIL: gfortran.dg/namelist_47.f90 -O3 -fomit-frame-pointer output pattern test, is Multiple sub-objects with non-zero rank in namelist object x
FAIL: gfortran.dg/namelist_47.f90 -O3 -fomit-frame-pointer -funroll-loops output pattern test, is Multiple sub-objects with non-zero rank in namelist object x
FAIL: gfortran.dg/namelist_47.f90 -O3 -fomit-frame-pointer -funroll-all-loops -finline-functions output pattern test, is Multiple sub-objects with non-zero rank in namelist object x
FAIL: gfortran.dg/namelist_47.f90 -O3 -g output pattern test, is Multiple sub-objects with non-zero rank in namelist object x
FAIL: gfortran.dg/namelist_47.f90 -Os output pattern test, is Multiple sub-objects with non-zero rank in namelist object x
FAIL: gfortran.dg/namelist_print_1.f -O0 output pattern test, is &MYNML
FAIL: gfortran.dg/namelist_print_1.f -O1 output pattern test, is &MYNML
FAIL: gfortran.dg/namelist_print_1.f -O2 output pattern test, is &MYNML
FAIL: gfortran.dg/namelist_print_1.f -O3 -fomit-frame-pointer output pattern test, is &MYNML
FAIL: gfortran.dg/namelist_print_1.f -O3 -fomit-frame-pointer -funroll-loops output pattern test, is &MYNML
FAIL: gfortran.dg/namelist_print_1.f -O3 -fomit-frame-pointer -funroll-all-loops -finline-functions output pattern test, is &MYNML
FAIL: gfortran.dg/namelist_print_1.f -O3 -g output pattern test, is &MYNML
FAIL: gfortran.dg/namelist_print_1.f -Os output pattern test, is &MYNML
FAIL: gfortran.dg/nan_1.f90 -O0 execution test
FAIL: gfortran.dg/nan_1.f90 -O1 execution test
FAIL: gfortran.dg/nan_1.f90 -O2 execution test
FAIL: gfortran.dg/nan_1.f90 -O3 -fomit-frame-pointer execution test
FAIL: gfortran.dg/nan_1.f90 -O3 -fomit-frame-pointer -funroll-loops execution test
FAIL: gfortran.dg/nan_1.f90 -O3 -fomit-frame-pointer -funroll-all-loops -finline-functions execution test
FAIL: gfortran.dg/nan_1.f90 -O3 -g execution test
FAIL: gfortran.dg/nan_1.f90 -Os execution test
FAIL: gfortran.dg/nan_2.f90 -O0 execution test
FAIL: gfortran.dg/nan_2.f90 -O1 execution test
FAIL: gfortran.dg/nan_2.f90 -O2 execution test
FAIL: gfortran.dg/nan_2.f90 -O3 -fomit-frame-pointer execution test
FAIL: gfortran.dg/nan_2.f90 -O3 -fomit-frame-pointer -funroll-loops execution test
FAIL: gfortran.dg/nan_2.f90 -O3 -fomit-frame-pointer -funroll-all-loops -finline-functions execution test
FAIL: gfortran.dg/nan_2.f90 -O3 -g execution test
FAIL: gfortran.dg/nan_2.f90 -Os execution test
FAIL: gfortran.dg/nearest_1.f90 -O0 execution test
FAIL: gfortran.dg/nearest_1.f90 -O1 execution test
FAIL: gfortran.dg/nearest_1.f90 -O2 execution test
FAIL: gfortran.dg/nearest_1.f90 -O3 -fomit-frame-pointer execution test
FAIL: gfortran.dg/nearest_1.f90 -O3 -fomit-frame-pointer -funroll-loops execution test
FAIL: gfortran.dg/nearest_1.f90 -O3 -fomit-frame-pointer -funroll-all-loops -finline-functions execution test
FAIL: gfortran.dg/nearest_1.f90 -O3 -g execution test
FAIL: gfortran.dg/nearest_1.f90 -Os execution test
FAIL: gfortran.dg/nearest_3.f90 -O0 execution test
FAIL: gfortran.dg/nearest_3.f90 -O1 execution test
FAIL: gfortran.dg/nearest_3.f90 -O2 execution test
FAIL: gfortran.dg/nearest_3.f90 -O3 -fomit-frame-pointer execution test
FAIL: gfortran.dg/nearest_3.f90 -O3 -fomit-frame-pointer -funroll-loops execution test
FAIL: gfortran.dg/nearest_3.f90 -O3 -fomit-frame-pointer -funroll-all-loops -finline-functions execution test
FAIL: gfortran.dg/nearest_3.f90 -O3 -g execution test
FAIL: gfortran.dg/nearest_3.f90 -Os execution test
XPASS: gfortran.dg/nint_2.f90 -O0 execution test
FAIL: gfortran.dg/parameter_array_dummy.f90 -O0 output pattern test, is 1 aa
FAIL: gfortran.dg/parameter_array_dummy.f90 -O1 output pattern test, is 1 aa
FAIL: gfortran.dg/parameter_array_dummy.f90 -O2 output pattern test, is 1 aa
FAIL: gfortran.dg/parameter_array_dummy.f90 -O3 -fomit-frame-pointer output pattern test, is 1 aa
FAIL: gfortran.dg/parameter_array_dummy.f90 -O3 -fomit-frame-pointer -funroll-loops output pattern test, is 1 aa
FAIL: gfortran.dg/parameter_array_dummy.f90 -O3 -fomit-frame-pointer -funroll-all-loops -finline-functions output pattern test, is 1 aa
FAIL: gfortran.dg/parameter_array_dummy.f90 -O3 -g output pattern test, is 1 aa
FAIL: gfortran.dg/parameter_array_dummy.f90 -Os output pattern test, is 1 aa
FAIL: gfortran.dg/pr35944-2.f90 -O3 -fomit-frame-pointer execution test
FAIL: gfortran.dg/pr35944-2.f90 -O3 -fomit-frame-pointer -funroll-loops execution test
FAIL: gfortran.dg/pr35944-2.f90 -O3 -fomit-frame-pointer -funroll-all-loops -finline-functions execution test
FAIL: gfortran.dg/pr35944-2.f90 -O3 -g execution test
FAIL: gfortran.dg/real_const_3.f90 -O0 execution test
FAIL: gfortran.dg/real_const_3.f90 -O1 execution test
FAIL: gfortran.dg/real_const_3.f90 -O2 execution test
FAIL: gfortran.dg/real_const_3.f90 -O3 -fomit-frame-pointer execution test
FAIL: gfortran.dg/real_const_3.f90 -O3 -fomit-frame-pointer -funroll-loops execution test
FAIL: gfortran.dg/real_const_3.f90 -O3 -fomit-frame-pointer -funroll-all-loops -finline-functions execution test
FAIL: gfortran.dg/real_const_3.f90 -O3 -g execution test
FAIL: gfortran.dg/real_const_3.f90 -Os execution test
FAIL: gfortran.dg/g77/f77-edit-apostrophe-out.f -O0 output pattern test, is abcde
FAIL: gfortran.dg/g77/f77-edit-apostrophe-out.f -O1 output pattern test, is abcde
FAIL: gfortran.dg/g77/f77-edit-apostrophe-out.f -O2 output pattern test, is abcde
FAIL: gfortran.dg/g77/f77-edit-apostrophe-out.f -O3 -fomit-frame-pointer output pattern test, is abcde
FAIL: gfortran.dg/g77/f77-edit-apostrophe-out.f -O3 -fomit-frame-pointer -funroll-loops output pattern test, is abcde
FAIL: gfortran.dg/g77/f77-edit-apostrophe-out.f -O3 -fomit-frame-pointer -funroll-all-loops -finline-functions output pattern test, is abcde
FAIL: gfortran.dg/g77/f77-edit-apostrophe-out.f -O3 -g output pattern test, is abcde
FAIL: gfortran.dg/g77/f77-edit-apostrophe-out.f -Os output pattern test, is abcde
FAIL: gfortran.dg/g77/f77-edit-colon-out.f -O0 output pattern test, is 123
FAIL: gfortran.dg/g77/f77-edit-colon-out.f -O1 output pattern test, is 123
FAIL: gfortran.dg/g77/f77-edit-colon-out.f -O2 output pattern test, is 123
FAIL: gfortran.dg/g77/f77-edit-colon-out.f -O3 -fomit-frame-pointer output pattern test, is 123
FAIL: gfortran.dg/g77/f77-edit-colon-out.f -O3 -fomit-frame-pointer -funroll-loops output pattern test, is 123
FAIL: gfortran.dg/g77/f77-edit-colon-out.f -O3 -fomit-frame-pointer -funroll-all-loops -finline-functions output pattern test, is 123
FAIL: gfortran.dg/g77/f77-edit-colon-out.f -O3 -g output pattern test, is 123
FAIL: gfortran.dg/g77/f77-edit-colon-out.f -Os output pattern test, is 123
FAIL: gfortran.dg/g77/f77-edit-h-out.f -O0 output pattern test, is 1
FAIL: gfortran.dg/g77/f77-edit-h-out.f -O1 output pattern test, is 1
FAIL: gfortran.dg/g77/f77-edit-h-out.f -O2 output pattern test, is 1
FAIL: gfortran.dg/g77/f77-edit-h-out.f -O3 -fomit-frame-pointer output pattern test, is 1
FAIL: gfortran.dg/g77/f77-edit-h-out.f -O3 -fomit-frame-pointer -funroll-loops output pattern test, is 1
FAIL: gfortran.dg/g77/f77-edit-h-out.f -O3 -fomit-frame-pointer -funroll-all-loops -finline-functions output pattern test, is 1
FAIL: gfortran.dg/g77/f77-edit-h-out.f -O3 -g output pattern test, is 1
FAIL: gfortran.dg/g77/f77-edit-h-out.f -Os output pattern test, is 1
FAIL: gfortran.dg/g77/f77-edit-i-out.f -O0 output pattern test, is 1
FAIL: gfortran.dg/g77/f77-edit-i-out.f -O1 output pattern test, is 1
FAIL: gfortran.dg/g77/f77-edit-i-out.f -O2 output pattern test, is 1
FAIL: gfortran.dg/g77/f77-edit-i-out.f -O3 -fomit-frame-pointer output pattern test, is 1
FAIL: gfortran.dg/g77/f77-edit-i-out.f -O3 -fomit-frame-pointer -funroll-loops output pattern test, is 1
FAIL: gfortran.dg/g77/f77-edit-i-out.f -O3 -fomit-frame-pointer -funroll-all-loops -finline-functions output pattern test, is 1
FAIL: gfortran.dg/g77/f77-edit-i-out.f -O3 -g output pattern test, is 1
FAIL: gfortran.dg/g77/f77-edit-i-out.f -Os output pattern test, is 1
FAIL: gfortran.dg/g77/f77-edit-s-out.f -O0 output pattern test, is +10 20
FAIL: gfortran.dg/g77/f77-edit-s-out.f -O1 output pattern test, is +10 20
FAIL: gfortran.dg/g77/f77-edit-s-out.f -O2 output pattern test, is +10 20
FAIL: gfortran.dg/g77/f77-edit-s-out.f -O3 -fomit-frame-pointer output pattern test, is +10 20
FAIL: gfortran.dg/g77/f77-edit-s-out.f -O3 -fomit-frame-pointer -funroll-loops output pattern test, is +10 20
FAIL: gfortran.dg/g77/f77-edit-s-out.f -O3 -fomit-frame-pointer -funroll-all-loops -finline-functions output pattern test, is +10 20
FAIL: gfortran.dg/g77/f77-edit-s-out.f -O3 -g output pattern test, is +10 20
FAIL: gfortran.dg/g77/f77-edit-s-out.f -Os output pattern test, is +10 20
FAIL: gfortran.dg/g77/f77-edit-slash-out.f -O0 output pattern test, is 123
FAIL: gfortran.dg/g77/f77-edit-slash-out.f -O1 output pattern test, is 123
FAIL: gfortran.dg/g77/f77-edit-slash-out.f -O2 output pattern test, is 123
FAIL: gfortran.dg/g77/f77-edit-slash-out.f -O3 -fomit-frame-pointer output pattern test, is 123
FAIL: gfortran.dg/g77/f77-edit-slash-out.f -O3 -fomit-frame-pointer -funroll-loops output pattern test, is 123
FAIL: gfortran.dg/g77/f77-edit-slash-out.f -O3 -fomit-frame-pointer -funroll-all-loops -finline-functions output pattern test, is 123
FAIL: gfortran.dg/g77/f77-edit-slash-out.f -O3 -g output pattern test, is 123
FAIL: gfortran.dg/g77/f77-edit-slash-out.f -Os output pattern test, is 123
FAIL: gfortran.dg/g77/f77-edit-t-out.f -O0 output pattern test, is 1234 8
FAIL: gfortran.dg/g77/f77-edit-t-out.f -O1 output pattern test, is 1234 8
FAIL: gfortran.dg/g77/f77-edit-t-out.f -O2 output pattern test, is 1234 8
FAIL: gfortran.dg/g77/f77-edit-t-out.f -O3 -fomit-frame-pointer output pattern test, is 1234 8
FAIL: gfortran.dg/g77/f77-edit-t-out.f -O3 -fomit-frame-pointer -funroll-loops output pattern test, is 1234 8
FAIL: gfortran.dg/g77/f77-edit-t-out.f -O3 -fomit-frame-pointer -funroll-all-loops -finline-functions output pattern test, is 1234 8
FAIL: gfortran.dg/g77/f77-edit-t-out.f -O3 -g output pattern test, is 1234 8
FAIL: gfortran.dg/g77/f77-edit-t-out.f -Os output pattern test, is 1234 8
FAIL: gfortran.dg/g77/f77-edit-x-out.f -O0 output pattern test, is 1 2 3
FAIL: gfortran.dg/g77/f77-edit-x-out.f -O1 output pattern test, is 1 2 3
FAIL: gfortran.dg/g77/f77-edit-x-out.f -O2 output pattern test, is 1 2 3
FAIL: gfortran.dg/g77/f77-edit-x-out.f -O3 -fomit-frame-pointer output pattern test, is 1 2 3
FAIL: gfortran.dg/g77/f77-edit-x-out.f -O3 -fomit-frame-pointer -funroll-loops output pattern test, is 1 2 3
FAIL: gfortran.dg/g77/f77-edit-x-out.f -O3 -fomit-frame-pointer -funroll-all-loops -finline-functions output pattern test, is 1 2 3
FAIL: gfortran.dg/g77/f77-edit-x-out.f -O3 -g output pattern test, is 1 2 3
FAIL: gfortran.dg/g77/f77-edit-x-out.f -Os output pattern test, is 1 2 3
FAIL: gfortran.fortran-torture/execute/intrinsic_fraction_exponent.f90 execution, -O0
FAIL: gfortran.fortran-torture/execute/intrinsic_fraction_exponent.f90 execution, -O1
FAIL: gfortran.fortran-torture/execute/intrinsic_fraction_exponent.f90 execution, -O2
FAIL: gfortran.fortran-torture/execute/intrinsic_fraction_exponent.f90 execution, -O2 -fomit-frame-pointer -finline-functions
FAIL: gfortran.fortran-torture/execute/intrinsic_fraction_exponent.f90 execution, -O2 -fomit-frame-pointer -finline-functions -funroll-loops
FAIL: gfortran.fortran-torture/execute/intrinsic_fraction_exponent.f90 execution, -O2 -fbounds-check
FAIL: gfortran.fortran-torture/execute/intrinsic_fraction_exponent.f90 execution, -O3 -g
FAIL: gfortran.fortran-torture/execute/intrinsic_fraction_exponent.f90 execution, -Os
FAIL: gfortran.fortran-torture/execute/intrinsic_nearest.f90 execution, -O0
FAIL: gfortran.fortran-torture/execute/intrinsic_nearest.f90 execution, -O1
FAIL: gfortran.fortran-torture/execute/intrinsic_nearest.f90 execution, -O2
FAIL: gfortran.fortran-torture/execute/intrinsic_nearest.f90 execution, -O2 -fomit-frame-pointer -finline-functions
FAIL: gfortran.fortran-torture/execute/intrinsic_nearest.f90 execution, -O2 -fomit-frame-pointer -finline-functions -funroll-loops
FAIL: gfortran.fortran-torture/execute/intrinsic_nearest.f90 execution, -O2 -fbounds-check
FAIL: gfortran.fortran-torture/execute/intrinsic_nearest.f90 execution, -O3 -g
FAIL: gfortran.fortran-torture/execute/intrinsic_nearest.f90 execution, -Os
FAIL: gfortran.fortran-torture/execute/intrinsic_set_exponent.f90 execution, -O1
FAIL: gfortran.fortran-torture/execute/intrinsic_set_exponent.f90 execution, -O2
FAIL: gfortran.fortran-torture/execute/intrinsic_set_exponent.f90 execution, -O2 -fomit-frame-pointer -finline-functions
FAIL: gfortran.fortran-torture/execute/intrinsic_set_exponent.f90 execution, -O2 -fomit-frame-pointer -finline-functions -funroll-loops
FAIL: gfortran.fortran-torture/execute/intrinsic_set_exponent.f90 execution, -O2 -fbounds-check
FAIL: gfortran.fortran-torture/execute/intrinsic_set_exponent.f90 execution, -O3 -g
FAIL: gfortran.fortran-torture/execute/intrinsic_set_exponent.f90 execution, -Os
FAIL: gfortran.fortran-torture/execute/nan_inf_fmt.f90 execution, -O0
FAIL: gfortran.fortran-torture/execute/nan_inf_fmt.f90 execution, -O1
FAIL: gfortran.fortran-torture/execute/nan_inf_fmt.f90 execution, -O2
FAIL: gfortran.fortran-torture/execute/nan_inf_fmt.f90 execution, -O2 -fomit-frame-pointer -finline-functions
FAIL: gfortran.fortran-torture/execute/nan_inf_fmt.f90 execution, -O2 -fomit-frame-pointer -finline-functions -funroll-loops
FAIL: gfortran.fortran-torture/execute/nan_inf_fmt.f90 execution, -O2 -fbounds-check
FAIL: gfortran.fortran-torture/execute/nan_inf_fmt.f90 execution, -O3 -g
FAIL: gfortran.fortran-torture/execute/nan_inf_fmt.f90 execution, -Os
=== gfortran Summary ===
# of expected passes 28180
# of unexpected failures 255
# of unexpected successes 9
# of expected failures 26
# of unsupported tests 117
/tmp/edmar/build_cde/job_32/obj_gcc/gcc/testsuite/gfortran/../../gfortran version 4.4.0 20090109 (experimental) (GCC)
Compiler version: 4.4.0 20090109 (experimental) (GCC)
Platform: powerpc-unknown-linux-gnuspe
configure flags: --target=powerpc-unknown-linux-gnuspe --prefix=/_TOOLS_/dist/local-/ppc-/regression-gcc-trunk-e500v2/i686-pc-linux2.4 --with-sysroot=/_TOOLS_/dist/local-/ppc-/regression-gcc-trunk-e500v2/i686-pc-linux2.4/sysroot --disable-libssp --disable-libmudflap --enable-languages=c,c++ --with-gmp=/_TOOLS_/dist/gnu_toolchain/build_support-x86_64-unknown-linux-gnu/install_gmp-4.1.4 --with-mpfr=/_TOOLS_/dist/gnu_toolchain/build_support-x86_64-unknown-linux-gnu/install_mpfr-2.3.0 --enable-e500_double --disable-decimal-float --enable-languages=c,c++,fortran