This is the mail archive of the
gcc-testresults@gcc.gnu.org
mailing list for the GCC project.
Results for 4.4.0 20090107 (experimental) [trunk revision 143170] (Debian 20090107-1) testsuite on x86_64-pc-linux-gnu
- From: Matthias Klose <doko at debian dot org>
- To: gcc-testresults at gcc dot gnu dot org
- Cc: debian-gcc at lists dot debian dot org
- Date: Fri, 09 Jan 2009 17:54:51 -0700
- Subject: Results for 4.4.0 20090107 (experimental) [trunk revision 143170] (Debian 20090107-1) testsuite on x86_64-pc-linux-gnu
- Reply-to: Matthias Klose <doko at debian dot org>
LAST_UPDATED: Wed Jan 7 22:55:40 UTC 2009 (revision 143170)
Target: x86_64-linux-gnu
gcc version 4.4.0 20090107 (experimental) [trunk revision 143170] (Debian 20090107-1)
=== acats tests ===
=== acats Summary ===
# of expected passes 2315
# of unexpected failures 0
Native configuration is x86_64-pc-linux-gnu
=== g++ tests ===
Running target unix
=== g++ Summary for unix ===
# of expected passes 19065
# of expected failures 140
# of unsupported tests 247
Running target unix/-m32
=== g++ Summary for unix/-m32 ===
# of expected passes 19378
# of expected failures 140
# of unsupported tests 97
=== g++ Summary ===
# of expected passes 38443
# of expected failures 280
# of unsupported tests 344
/build/buildd/gcc-snapshot-20090107/build/gcc/testsuite/g++/../../g++ version 4.4.0 20090107 (experimental) [trunk revision 143170] (Debian 20090107-1)
=== gcc tests ===
Running target unix
FAIL: gcc.dg/tree-prof/bb-reorg.c compilation, -fprofile-use -D_PROFILE_USE
UNRESOLVED: gcc.dg/tree-prof/bb-reorg.c execution, -fprofile-use -D_PROFILE_USE
FAIL: gcc.dg/tree-prof/pr34999.c compilation, -fprofile-use -D_PROFILE_USE
UNRESOLVED: gcc.dg/tree-prof/pr34999.c execution, -fprofile-use -D_PROFILE_USE
FAIL: gcc.target/i386/pr34256.c scan-assembler-times mov 2
=== gcc Summary for unix ===
# of expected passes 54758
# of unexpected failures 3
# of expected failures 186
# of unresolved testcases 2
# of unsupported tests 1166
Running target unix/-m32
FAIL: gcc.dg/pr30286.c execution test
FAIL: gcc.dg/graphite/block-3.c (test for excess errors)
FAIL: gcc.target/i386/pr37843-3.c scan-assembler-not call[\\\\t ]*foo
FAIL: gcc.target/i386/pr37843-3.c scan-assembler jmp[\\\\t ]*foo
=== gcc Summary for unix/-m32 ===
# of expected passes 55210
# of unexpected failures 4
# of expected failures 186
# of unsupported tests 881
=== gcc Summary ===
# of expected passes 109968
# of unexpected failures 7
# of expected failures 372
# of unresolved testcases 2
# of unsupported tests 2047
/build/buildd/gcc-snapshot-20090107/build/gcc/xgcc version 4.4.0 20090107 (experimental) [trunk revision 143170] (Debian 20090107-1)
=== gfortran tests ===
Running target unix
=== gfortran Summary for unix ===
# of expected passes 29165
# of expected failures 14
# of unsupported tests 43
Running target unix/-m32
=== gfortran Summary for unix/-m32 ===
# of expected passes 29051
# of expected failures 14
# of unsupported tests 97
=== gfortran Summary ===
# of expected passes 58216
# of expected failures 28
# of unsupported tests 140
/build/buildd/gcc-snapshot-20090107/build/gcc/testsuite/gfortran/../../gfortran version 4.4.0 20090107 (experimental) [trunk revision 143170] (Debian 20090107-1)
=== gnat tests ===
Running target unix
=== gnat Summary ===
# of expected passes 602
# of expected failures 6
=== obj-c++ tests ===
Running target unix
UNRESOLVED: obj-c++.dg/lookup-2.mm compilation failed to produce executable
UNRESOLVED: obj-c++.dg/try-catch-2.mm compilation failed to produce executable
UNRESOLVED: obj-c++.dg/try-catch-9.mm compilation failed to produce executable
=== obj-c++ Summary ===
# of expected passes 427
# of expected failures 21
# of unresolved testcases 3
# of unsupported tests 13
/build/buildd/gcc-snapshot-20090107/build/gcc/testsuite/obj-c++/../../g++ version 4.4.0 20090107 (experimental) [trunk revision 143170] (Debian 20090107-1)
=== objc tests ===
Running target unix
FAIL: objc/execute/forward-1.m execution, -O0 -fgnu-runtime
FAIL: objc/execute/forward-1.m execution, -O1 -fgnu-runtime
FAIL: objc/execute/forward-1.m execution, -O2 -fgnu-runtime
FAIL: objc/execute/forward-1.m execution, -O3 -fomit-frame-pointer -fgnu-runtime
FAIL: objc/execute/forward-1.m execution, -O3 -fomit-frame-pointer -funroll-loops -fgnu-runtime
FAIL: objc/execute/forward-1.m execution, -O3 -fomit-frame-pointer -funroll-all-loops -finline-functions -fgnu-runtime
FAIL: objc/execute/forward-1.m execution, -O3 -g -fgnu-runtime
FAIL: objc/execute/forward-1.m execution, -Os -fgnu-runtime
=== objc Summary ===
# of expected passes 1822
# of unexpected failures 8
# of expected failures 7
# of unsupported tests 24
/build/buildd/gcc-snapshot-20090107/build/gcc/xgcc version 4.4.0 20090107 (experimental) [trunk revision 143170] (Debian 20090107-1)
=== libffi tests ===
Running target unix
=== libffi Summary for unix ===
# of expected passes 1389
# of unsupported tests 10
Running target unix/-m32
=== libffi Summary for unix/-m32 ===
# of expected passes 1389
# of unsupported tests 10
=== libffi Summary ===
# of expected passes 2778
# of unsupported tests 20
=== libgomp tests ===
Running target unix
=== libgomp Summary for unix ===
# of expected passes 2345
Running target unix/-m32
=== libgomp Summary for unix/-m32 ===
# of expected passes 2345
=== libgomp Summary ===
# of expected passes 4690
=== libjava tests ===
Running target unix
=== libjava Summary ===
# of expected passes 2574
=== libmudflap tests ===
Running target unix
FAIL: libmudflap.c++/pass41-frag.cxx execution test
FAIL: libmudflap.c++/pass41-frag.cxx (-static) execution test
FAIL: libmudflap.c++/pass41-frag.cxx (-O2) execution test
FAIL: libmudflap.c++/pass41-frag.cxx (-O3) execution test
=== libmudflap Summary for unix ===
# of expected passes 1890
# of unexpected failures 4
Running target unix/-m32
FAIL: libmudflap.c++/pass41-frag.cxx execution test
FAIL: libmudflap.c++/pass41-frag.cxx (-static) execution test
FAIL: libmudflap.c++/pass41-frag.cxx (-O2) execution test
FAIL: libmudflap.c++/pass41-frag.cxx (-O3) execution test
=== libmudflap Summary for unix/-m32 ===
# of expected passes 1890
# of unexpected failures 4
=== libmudflap Summary ===
# of expected passes 3780
# of unexpected failures 8
=== libstdc++ tests ===
Running target unix
XPASS: 26_numerics/headers/cmath/c99_classification_macros_c.cc (test for excess errors)
=== libstdc++ Summary for unix ===
# of expected passes 5781
# of unexpected successes 1
# of expected failures 79
# of unsupported tests 328
Running target unix/-m32
XPASS: 26_numerics/headers/cmath/c99_classification_macros_c.cc (test for excess errors)
=== libstdc++ Summary for unix/-m32 ===
# of expected passes 5781
# of unexpected successes 1
# of expected failures 79
# of unsupported tests 328
=== libstdc++ Summary ===
# of expected passes 11562
# of unexpected successes 2
# of expected failures 158
# of unsupported tests 656
Compiler version: 4.4.0 20090107 (experimental) [trunk revision 143170] (Debian 20090107-1)
Platform: x86_64-pc-linux-gnu
configure flags: -v --with-pkgversion='Debian 20090107-1' --with-bugurl=file:///usr/share/doc/gcc-snapshot/README.Bugs --enable-languages=c,c++,java,fortran,objc,obj-c++,ada --prefix=/usr/lib/gcc-snapshot --enable-shared --with-system-zlib --disable-nls --enable-clocale=gnu --enable-libstdcxx-debug --enable-java-awt=gtk --enable-gtk-cairo --disable-plugin --with-java-home=/usr/lib/gcc-snapshot/java-1.5.0-gcj-4.4-1.5.0.0/jre --enable-java-home --with-jvm-root-dir=/usr/lib/gcc-snapshot/jvm --with-jvm-jar-dir=/usr/lib/gcc-snapshot/jvm-exports --with-ecj-jar=/usr/share/java/eclipse-ecj.jar --enable-objc-gc --enable-mpfr --with-tune=generic --disable-werror --build=x86_64-linux-gnu --host=x86_64-linux-gnu --target=x86_64-linux-gnu
BOOT_CFLAGS=
Build Dependencies:
Desired=Unknown/Install/Remove/Purge/Hold
| Status=Not/Inst/Cfg-files/Unpacked/Failed-cfg/Half-inst/trig-aWait/Trig-pend
|/ Err?=(none)/Hold/Reinst-required/X=both-problems (Status,Err: uppercase=bad)
||/ Name Version Description
+++-========================================-====================-==============================================
ii binutils 2.18.1~cvs20080103-7 The GNU assembler, linker and binary utilities
ii libc6 2.7-18 GNU C Library: Shared libraries
Patches that Debian applied in this version:
armel-atomic-builtins:
Atomic builtins using kernel helpers for ARM Linux/EABI.
cpu-default-i486:
set default 32bit ix86 architecture to i486
gcc-ice-hack-trunk:
Retry the build on an ice, save the calling options and preprocessed
source when the ice is reproducible.
gcc-ice-apport-trunk:
Report an ICE to apport (if apport is available
and the environment variable GCC_NOAPPORT is not set)
libjava-disable-static:
Disable building the static libjava.
multiarch-include-trunk:
biarch-include.dpatch
Adds biarch include directories
/usr/local/include/<arch>-linux-gnu
/usr/include/<arch>-linux-gnu
to the system include paths, depending on 32/64 bit mode.
libjava-nobiarch-check:
For biarch builds, disable the testsuite for the non-default architecture
for runtime libraries, which are not built by default (libjava).
ada-nobiarch-check:
For biarch builds, disable the gnat testsuite for the non-default
config-ml:
disable some biarch libraries for biarch builds
gcc-multilib64dir:
Use lib instead of lib64 as multilibdir on amd64 and ppc64.
Counting all warnings,
there are 0 warnings in stage3 of this bootstrap.
Number of warnings per file:
Number of warning types: