This is the mail archive of the gcc-testresults@gcc.gnu.org mailing list for the GCC project.


Index Nav: [Date Index] [Subject Index] [Author Index] [Thread Index]
Message Nav: [Date Prev] [Date Next] [Thread Prev] [Thread Next]
Other format: [Raw text]

Results for 4.4.0 20090105 (experimental) (GCC) testsuite on i686-pc-linux-gnu


LAST_UPDATED: Mo 5. Jan 08:43:40 UTC 2009 (revision 143069)

		=== acats tests ===
FAIL:	cxa4004
FAIL:	cxa4005
FAIL:	cxa4026

		=== acats Summary ===
# of expected passes		2312
# of unexpected failures	3
Native configuration is i686-pc-linux-gnu

		=== gcc tests ===


Running target unix
FAIL: gcc.dg/pr30286.c execution test
FAIL: gcc.target/i386/pr37843-3.c scan-assembler-not call[\\\\t ]*foo
FAIL: gcc.target/i386/pr37843-3.c scan-assembler jmp[\\\\t ]*foo

		=== gcc Summary ===

# of expected passes		56037
# of unexpected failures	3
# of expected failures		184
# of unsupported tests		438
/data/btmb03/gccobj/gcc/xgcc  version 4.4.0 20090105 (experimental) [trunk revision 143069] (GCC) 

		=== gfortran tests ===


Running target unix

		=== gfortran Summary ===

# of expected passes		29008
# of expected failures		10
# of unsupported tests		97
/data/btmb03/gccobj/gcc/testsuite/gfortran/../../gfortran  version 4.4.0 20090105 (experimental) [trunk revision 143069] (GCC) 

		=== g++ tests ===


Running target unix

		=== g++ Summary ===

# of expected passes		19372
# of expected failures		135
# of unsupported tests		97
/data/btmb03/gccobj/gcc/testsuite/g++/../../g++  version 4.4.0 20090105 (experimental) [trunk revision 143069] (GCC) 

		=== gnat tests ===


Running target unix

		=== gnat Summary ===

# of expected passes		602
# of expected failures		6
		=== obj-c++ tests ===


Running target unix
WARNING: obj-c++.dg/lookup-2.mm compilation failed to produce executable
WARNING: obj-c++.dg/try-catch-2.mm compilation failed to produce executable
WARNING: obj-c++.dg/try-catch-9.mm compilation failed to produce executable

		=== obj-c++ Summary ===

# of expected passes		438
# of expected failures		10
# of unsupported tests		13
/data/btmb03/gccobj/gcc/testsuite/obj-c++/../../g++  version 4.4.0 20090105 (experimental) [trunk revision 143069] (GCC) 

		=== objc tests ===


Running target unix

		=== objc Summary ===

# of expected passes		1830
# of expected failures		7
# of unsupported tests		24
/data/btmb03/gccobj/gcc/xgcc  version 4.4.0 20090105 (experimental) [trunk revision 143069] (GCC) 

		=== libffi tests ===


Running target unix

		=== libffi Summary ===

# of expected passes		1389
# of unsupported tests		10
		=== libgomp tests ===


Running target unix

		=== libgomp Summary ===

# of expected passes		2345
		=== libjava tests ===


Running target unix

		=== libjava Summary ===

# of expected passes		2574
		=== libmudflap tests ===


Running target unix
FAIL: libmudflap.c++/pass41-frag.cxx execution test
FAIL: libmudflap.c++/pass41-frag.cxx (-static) execution test
FAIL: libmudflap.c++/pass41-frag.cxx (-O2) execution test
FAIL: libmudflap.c++/pass41-frag.cxx (-O3) execution test

		=== libmudflap Summary ===

# of expected passes		1890
# of unexpected failures	4
		=== libstdc++ tests ===


Running target unix
XPASS: 26_numerics/headers/cmath/c99_classification_macros_c.cc (test for excess errors)

		=== libstdc++ Summary ===

# of expected passes		6411
# of unexpected successes	1
# of expected failures		79
# of unsupported tests		13

Compiler version: 4.4.0 20090105 (experimental) [trunk revision 143069] (GCC) 
Platform: i686-pc-linux-gnu
configure flags: --enable-languages=ada,c,c++,fortran,java,objc,obj-c++
-- 
Psssst! Schon vom neuen GMX MultiMessenger gehört? Der kann`s mit allen: http://www.gmx.net/de/go/multimessenger


Index Nav: [Date Index] [Subject Index] [Author Index] [Thread Index]
Message Nav: [Date Prev] [Date Next] [Thread Prev] [Thread Next]