This is the mail archive of the gcc-testresults@gcc.gnu.org mailing list for the GCC project.


Index Nav: [Date Index] [Subject Index] [Author Index] [Thread Index]
Message Nav: [Date Prev] [Date Next] [Thread Prev] [Thread Next]
Other format: [Raw text]

Results for 4.4.0 20081023 (experimental) [trunk revision 141326] (Debian 20081023-1) testsuite on alpha-unknown-linux-gnu


LAST_UPDATED: Thu Oct 23 19:32:02 UTC 2008 (revision 141326)

Native configuration is alpha-unknown-linux-gnu

		=== libffi tests ===


Running target unix

		=== libffi Summary ===

# of expected passes		1389
# of unsupported tests		10
		=== libgomp tests ===


Running target unix
FAIL: libgomp.c/atomic-10.c execution test
FAIL: libgomp.c/atomic-6.c execution test
WARNING: program timed out.
FAIL: libgomp.c/autopar-1.c execution test
FAIL: libgomp.c/loop-6.c execution test
FAIL: libgomp.c++/ctor-1.C  -O2  execution test
FAIL: libgomp.c++/ctor-1.C  -Os  execution test
FAIL: libgomp.c++/ctor-11.C  -O2  execution test
FAIL: libgomp.c++/ctor-11.C  -Os  execution test
FAIL: libgomp.c++/ctor-2.C  -O2  execution test
FAIL: libgomp.c++/ctor-2.C  -Os  execution test
FAIL: libgomp.c++/ctor-3.C  -O2  execution test
FAIL: libgomp.c++/ctor-3.C  -Os  execution test
FAIL: libgomp.c++/ctor-4.C  -O2  execution test
FAIL: libgomp.c++/ctor-4.C  -Os  execution test
FAIL: libgomp.c++/ctor-7.C  -O2  execution test
FAIL: libgomp.c++/ctor-7.C  -Os  execution test
FAIL: libgomp.c++/loop-9.C  -O2  execution test
FAIL: libgomp.c++/loop-9.C  -Os  execution test
FAIL: libgomp.c++/pr30703.C  -O2  execution test
FAIL: libgomp.c++/pr30703.C  -Os  execution test

		=== libgomp Summary ===

# of expected passes		2269
# of unexpected failures	20
		=== libjava tests ===


Running target unix
FAIL: PR9577 run
FAIL: longfield run
FAIL: shortfield run
FAIL: TestClosureGC run
FAIL: /build/buildd/gcc-snapshot-20081023/src/libjava/testsuite/libjava.jar/TestClosureGC.jar execution - gij test
FAIL: simple run
WARNING: program timed out.
FAIL: /build/buildd/gcc-snapshot-20081023/src/libjava/testsuite/libjava.jar/simple.jar execution - gij test
FAIL: PR15133 run
FAIL: PR18116 run
FAIL: PR28178 run
FAIL: bytebuffer run
FAIL: calls run
FAIL: cxxtest run
FAIL: directbuffer run
FAIL: field run
FAIL: final_method run
FAIL: findclass run
FAIL: findclass2 run
FAIL: iface run
FAIL: init run
FAIL: invoke run
FAIL: jniutf run
FAIL: martin run
FAIL: noclass run
FAIL: overload run
FAIL: pr11951 run
FAIL: pr18278 run
FAIL: pr23739 run
FAIL: register run
FAIL: register2 run
FAIL: simple_int run
FAIL: throwit run
FAIL: virtual run
FAIL: PR16923 run
FAIL: pr29812 execution - gij test
FAIL: natgetargssize.cc compilation
FAIL: natgetlocalvartable.cc compilation
FAIL: natgetstacktrace.cc compilation
FAIL: natevents.cc compilation
FAIL: natgetallthreads.cc compilation
FAIL: natgeterrorname.cc compilation
FAIL: natgetmethodname.cc compilation
FAIL: ArrayStore execution - source compiled test
WARNING: program timed out.
FAIL: ArrayStore -findirect-dispatch execution - source compiled test
FAIL: ArrayStore -O3 execution - source compiled test
WARNING: program timed out.
FAIL: ArrayStore -O3 -findirect-dispatch execution - source compiled test
FAIL: ArrayStore2 execution - source compiled test
WARNING: program timed out.
FAIL: ArrayStore2 -findirect-dispatch execution - source compiled test
FAIL: ArrayStore2 -O3 execution - source compiled test
WARNING: program timed out.
FAIL: ArrayStore2 -O3 -findirect-dispatch execution - source compiled test
FAIL: Array_1 execution - source compiled test
WARNING: program timed out.
FAIL: Array_1 -findirect-dispatch execution - source compiled test
FAIL: Array_1 -O3 execution - source compiled test
WARNING: program timed out.
FAIL: Array_1 -O3 -findirect-dispatch execution - source compiled test
FAIL: Array_2 execution - source compiled test
WARNING: program timed out.
FAIL: Array_2 -findirect-dispatch execution - source compiled test
FAIL: Array_2 -O3 execution - source compiled test
WARNING: program timed out.
FAIL: Array_2 -O3 -findirect-dispatch execution - source compiled test
FAIL: Array_3 execution - source compiled test
WARNING: program timed out.
FAIL: Array_3 -findirect-dispatch execution - source compiled test
FAIL: Array_3 -O3 execution - source compiled test
WARNING: program timed out.
FAIL: Array_3 -O3 -findirect-dispatch execution - source compiled test
FAIL: Class_1 execution - source compiled test
WARNING: program timed out.
FAIL: Class_1 -findirect-dispatch execution - source compiled test
FAIL: Class_1 -O3 execution - source compiled test
WARNING: program timed out.
FAIL: Class_1 -O3 -findirect-dispatch execution - source compiled test
FAIL: CompareNaN execution - source compiled test
WARNING: program timed out.
FAIL: CompareNaN -findirect-dispatch execution - source compiled test
FAIL: CompareNaN -O3 execution - source compiled test
WARNING: program timed out.
FAIL: CompareNaN -O3 -findirect-dispatch execution - source compiled test
FAIL: Divide_1 execution - source compiled test
WARNING: program timed out.
FAIL: Divide_1 -findirect-dispatch execution - source compiled test
FAIL: Divide_1 -O3 execution - source compiled test
WARNING: program timed out.
FAIL: Divide_1 -O3 -findirect-dispatch execution - source compiled test
FAIL: Divide_2 execution - source compiled test
WARNING: program timed out.
FAIL: Divide_2 -findirect-dispatch execution - source compiled test
FAIL: Divide_2 -O3 execution - source compiled test
WARNING: program timed out.
FAIL: Divide_2 -O3 -findirect-dispatch execution - source compiled test
FAIL: EvaluationOrder execution - source compiled test
WARNING: program timed out.
FAIL: EvaluationOrder -findirect-dispatch execution - source compiled test
FAIL: EvaluationOrder -O3 execution - source compiled test
WARNING: program timed out.
FAIL: EvaluationOrder -O3 -findirect-dispatch execution - source compiled test
FAIL: ExtraClassLoader execution - source compiled test
WARNING: program timed out.
FAIL: ExtraClassLoader -findirect-dispatch execution - source compiled test
FAIL: ExtraClassLoader -O3 execution - source compiled test
WARNING: program timed out.
FAIL: ExtraClassLoader -O3 -findirect-dispatch execution - source compiled test
FAIL: FileHandleGcTest execution - source compiled test
WARNING: program timed out.
FAIL: FileHandleGcTest -findirect-dispatch execution - source compiled test
FAIL: FileHandleGcTest -O3 execution - source compiled test
WARNING: program timed out.
FAIL: FileHandleGcTest -O3 -findirect-dispatch execution - source compiled test
FAIL: Final execution - source compiled test
WARNING: program timed out.
FAIL: Final -findirect-dispatch execution - source compiled test
FAIL: Final -O3 execution - source compiled test
WARNING: program timed out.
FAIL: Final -O3 -findirect-dispatch execution - source compiled test
FAIL: Float_1 execution - source compiled test
WARNING: program timed out.
FAIL: Float_1 -findirect-dispatch execution - source compiled test
FAIL: Float_1 -O3 execution - source compiled test
WARNING: program timed out.
FAIL: Float_1 -O3 -findirect-dispatch execution - source compiled test
FAIL: Float_2 execution - source compiled test
WARNING: program timed out.
FAIL: Float_2 -findirect-dispatch execution - source compiled test
FAIL: Float_2 -O3 execution - source compiled test
WARNING: program timed out.
FAIL: Float_2 -O3 -findirect-dispatch execution - source compiled test
FAIL: G19990301_01 execution - source compiled test
WARNING: program timed out.
FAIL: G19990301_01 -findirect-dispatch execution - source compiled test
FAIL: G19990301_01 -O3 execution - source compiled test
WARNING: program timed out.
FAIL: G19990301_01 -O3 -findirect-dispatch execution - source compiled test
FAIL: G19990302_02 execution - source compiled test
WARNING: program timed out.
FAIL: G19990302_02 -findirect-dispatch execution - source compiled test
FAIL: G19990302_02 -O3 execution - source compiled test
WARNING: program timed out.
FAIL: G19990302_02 -O3 -findirect-dispatch execution - source compiled test
FAIL: G19990303_01 execution - source compiled test
WARNING: program timed out.
FAIL: G19990303_01 -findirect-dispatch execution - source compiled test
FAIL: G19990303_01 -O3 execution - source compiled test
WARNING: program timed out.
FAIL: G19990303_01 -O3 -findirect-dispatch execution - source compiled test
FAIL: G19990303_02 execution - source compiled test
WARNING: program timed out.
FAIL: G19990303_02 -findirect-dispatch execution - source compiled test
FAIL: G19990303_02 -O3 execution - source compiled test
WARNING: program timed out.
FAIL: G19990303_02 -O3 -findirect-dispatch execution - source compiled test
FAIL: G19990304_01 execution - source compiled test
WARNING: program timed out.
FAIL: G19990304_01 -findirect-dispatch execution - source compiled test
FAIL: G19990304_01 -O3 execution - source compiled test
WARNING: program timed out.
FAIL: G19990304_01 -O3 -findirect-dispatch execution - source compiled test
FAIL: G19990310_01 execution - source compiled test
WARNING: program timed out.
FAIL: G19990310_01 -findirect-dispatch execution - source compiled test
FAIL: G19990310_01 -O3 execution - source compiled test
WARNING: program timed out.
FAIL: G19990310_01 -O3 -findirect-dispatch execution - source compiled test
FAIL: II execution - source compiled test
WARNING: program timed out.
FAIL: II -findirect-dispatch execution - source compiled test
FAIL: II -O3 execution - source compiled test
WARNING: program timed out.
FAIL: II -O3 -findirect-dispatch execution - source compiled test
FAIL: InterfaceDispatch execution - source compiled test
WARNING: program timed out.
FAIL: InterfaceDispatch -findirect-dispatch execution - source compiled test
FAIL: InterfaceDispatch -O3 execution - source compiled test
WARNING: program timed out.
FAIL: InterfaceDispatch -O3 -findirect-dispatch execution - source compiled test
FAIL: InvokeInterface execution - source compiled test
WARNING: program timed out.
FAIL: InvokeInterface -findirect-dispatch execution - source compiled test
FAIL: InvokeInterface -O3 execution - source compiled test
WARNING: program timed out.
FAIL: InvokeInterface -O3 -findirect-dispatch execution - source compiled test
FAIL: InvokeReturn execution - source compiled test
WARNING: program timed out.
FAIL: InvokeReturn -findirect-dispatch execution - source compiled test
FAIL: InvokeReturn -O3 execution - source compiled test
WARNING: program timed out.
FAIL: InvokeReturn -O3 -findirect-dispatch execution - source compiled test
FAIL: Invoke_1 execution - source compiled test
WARNING: program timed out.
FAIL: Invoke_1 -findirect-dispatch execution - source compiled test
FAIL: Invoke_1 -O3 execution - source compiled test
WARNING: program timed out.
FAIL: Invoke_1 -O3 -findirect-dispatch execution - source compiled test
FAIL: Invoke_2 execution - source compiled test
WARNING: program timed out.
FAIL: Invoke_2 -findirect-dispatch execution - source compiled test
FAIL: Invoke_2 -O3 execution - source compiled test
WARNING: program timed out.
FAIL: Invoke_2 -O3 -findirect-dispatch execution - source compiled test
FAIL: KeepInline execution - source compiled test
WARNING: program timed out.
FAIL: KeepInline -findirect-dispatch execution - source compiled test
FAIL: KeepInline -O3 execution - source compiled test
WARNING: program timed out.
FAIL: KeepInline -O3 -findirect-dispatch execution - source compiled test
FAIL: LargeFile execution - source compiled test
WARNING: program timed out.
FAIL: LargeFile -findirect-dispatch execution - source compiled test
FAIL: LargeFile -O3 execution - source compiled test
WARNING: program timed out.
FAIL: LargeFile -O3 -findirect-dispatch execution - source compiled test
FAIL: MathBuiltin execution - source compiled test
WARNING: program timed out.
FAIL: MathBuiltin -findirect-dispatch execution - source compiled test
FAIL: MathBuiltin -O3 execution - source compiled test
WARNING: program timed out.
FAIL: MathBuiltin -O3 -findirect-dispatch execution - source compiled test
FAIL: Matrix4f execution - source compiled test
WARNING: program timed out.
FAIL: Matrix4f -findirect-dispatch execution - source compiled test
FAIL: Matrix4f -O3 execution - source compiled test
WARNING: program timed out.
FAIL: Matrix4f -O3 -findirect-dispatch execution - source compiled test
FAIL: N19990310_02 execution - source compiled test
WARNING: program timed out.
FAIL: N19990310_02 -findirect-dispatch execution - source compiled test
FAIL: N19990310_02 -O3 execution - source compiled test
WARNING: program timed out.
FAIL: N19990310_02 -O3 -findirect-dispatch execution - source compiled test
FAIL: N19990310_3 execution - source compiled test
WARNING: program timed out.
FAIL: N19990310_3 -findirect-dispatch execution - source compiled test
FAIL: N19990310_3 -O3 execution - source compiled test
WARNING: program timed out.
FAIL: N19990310_3 -O3 -findirect-dispatch execution - source compiled test
FAIL: N19990310_4 execution - source compiled test
WARNING: program timed out.
FAIL: N19990310_4 -findirect-dispatch execution - source compiled test
FAIL: N19990310_4 -O3 execution - source compiled test
WARNING: program timed out.
FAIL: N19990310_4 -O3 -findirect-dispatch execution - source compiled test
FAIL: N19990310_5 execution - source compiled test
WARNING: program timed out.
FAIL: N19990310_5 -findirect-dispatch execution - source compiled test
FAIL: N19990310_5 -O3 execution - source compiled test
WARNING: program timed out.
FAIL: N19990310_5 -O3 -findirect-dispatch execution - source compiled test
FAIL: Overflow execution - source compiled test
WARNING: program timed out.
FAIL: Overflow -findirect-dispatch execution - source compiled test
FAIL: Overflow -O3 execution - source compiled test
WARNING: program timed out.
FAIL: Overflow -O3 -findirect-dispatch execution - source compiled test
FAIL: PR12350 execution - source compiled test
WARNING: program timed out.
FAIL: PR12350 -findirect-dispatch execution - source compiled test
FAIL: PR12350 -O3 execution - source compiled test
WARNING: program timed out.
FAIL: PR12350 -O3 -findirect-dispatch execution - source compiled test
FAIL: PR12416 execution - source compiled test
WARNING: program timed out.
FAIL: PR12416 -findirect-dispatch execution - source compiled test
FAIL: PR12416 -O3 execution - source compiled test
WARNING: program timed out.
FAIL: PR12416 -O3 -findirect-dispatch execution - source compiled test
FAIL: PR12656 execution - source compiled test
WARNING: program timed out.
FAIL: PR12656 -findirect-dispatch execution - source compiled test
FAIL: PR12656 -O3 execution - source compiled test
WARNING: program timed out.
FAIL: PR12656 -O3 -findirect-dispatch execution - source compiled test
FAIL: PR12915 execution - source compiled test
WARNING: program timed out.
FAIL: PR12915 -findirect-dispatch execution - source compiled test
FAIL: PR12915 -O3 execution - source compiled test
WARNING: program timed out.
FAIL: PR12915 -O3 -findirect-dispatch execution - source compiled test
FAIL: PR141 execution - source compiled test
WARNING: program timed out.
FAIL: PR141 -findirect-dispatch execution - source compiled test
FAIL: PR141 -O3 execution - source compiled test
WARNING: program timed out.
FAIL: PR141 -O3 -findirect-dispatch execution - source compiled test
FAIL: PR160 execution - source compiled test
WARNING: program timed out.
FAIL: PR160 -findirect-dispatch execution - source compiled test
FAIL: PR160 -O3 execution - source compiled test
WARNING: program timed out.
FAIL: PR160 -O3 -findirect-dispatch execution - source compiled test
FAIL: PR162 execution - source compiled test
WARNING: program timed out.
FAIL: PR162 -findirect-dispatch execution - source compiled test
FAIL: PR162 -O3 execution - source compiled test
WARNING: program timed out.
FAIL: PR162 -O3 -findirect-dispatch execution - source compiled test
FAIL: PR16867 execution - source compiled test
WARNING: program timed out.
FAIL: PR16867 -findirect-dispatch execution - source compiled test
FAIL: PR16867 -O3 execution - source compiled test
WARNING: program timed out.
FAIL: PR16867 -O3 -findirect-dispatch execution - source compiled test
FAIL: PR18699 execution - source compiled test
WARNING: program timed out.
FAIL: PR18699 -findirect-dispatch execution - source compiled test
FAIL: PR18699 -O3 execution - source compiled test
WARNING: program timed out.
FAIL: PR18699 -O3 -findirect-dispatch execution - source compiled test
FAIL: PR19870 execution - source compiled test
WARNING: program timed out.
FAIL: PR19870 -findirect-dispatch execution - source compiled test
FAIL: PR19870 -O3 execution - source compiled test
WARNING: program timed out.
FAIL: PR19870 -O3 -findirect-dispatch execution - source compiled test
FAIL: PR19870_2 execution - source compiled test
WARNING: program timed out.
FAIL: PR19870_2 -findirect-dispatch execution - source compiled test
FAIL: PR19870_2 -O3 execution - source compiled test
WARNING: program timed out.
FAIL: PR19870_2 -O3 -findirect-dispatch execution - source compiled test
FAIL: PR19921 execution - source compiled test
WARNING: program timed out.
FAIL: PR19921 -findirect-dispatch execution - source compiled test
FAIL: PR19921 -O3 execution - source compiled test
WARNING: program timed out.
FAIL: PR19921 -O3 -findirect-dispatch execution - source compiled test
FAIL: PR20056 execution - source compiled test
WARNING: program timed out.
FAIL: PR20056 -findirect-dispatch execution - source compiled test
FAIL: PR20056 -O3 execution - source compiled test
WARNING: program timed out.
FAIL: PR20056 -O3 -findirect-dispatch execution - source compiled test
FAIL: PR218 execution - source compiled test
WARNING: program timed out.
FAIL: PR218 -findirect-dispatch execution - source compiled test
FAIL: PR218 -O3 execution - source compiled test
WARNING: program timed out.
FAIL: PR218 -O3 -findirect-dispatch execution - source compiled test
FAIL: PR242 execution - source compiled test
WARNING: program timed out.
FAIL: PR242 -findirect-dispatch execution - source compiled test
FAIL: PR242 -O3 execution - source compiled test
WARNING: program timed out.
FAIL: PR242 -O3 -findirect-dispatch execution - source compiled test
FAIL: PR25535 execution - source compiled test
WARNING: program timed out.
FAIL: PR25535 -findirect-dispatch execution - source compiled test
FAIL: PR25535 -O3 execution - source compiled test
WARNING: program timed out.
FAIL: PR25535 -O3 -findirect-dispatch execution - source compiled test
FAIL: PR260 execution - source compiled test
WARNING: program timed out.
FAIL: PR260 -findirect-dispatch execution - source compiled test
FAIL: PR260 -O3 execution - source compiled test
WARNING: program timed out.
FAIL: PR260 -O3 -findirect-dispatch execution - source compiled test
FAIL: PR26858 execution - source compiled test
WARNING: program timed out.
FAIL: PR26858 -findirect-dispatch execution - source compiled test
FAIL: PR26858 -O3 execution - source compiled test
WARNING: program timed out.
FAIL: PR26858 -O3 -findirect-dispatch execution - source compiled test
FAIL: PR27908 execution - source compiled test
WARNING: program timed out.
FAIL: PR27908 -findirect-dispatch execution - source compiled test
FAIL: PR27908 -O3 execution - source compiled test
WARNING: program timed out.
FAIL: PR27908 -O3 -findirect-dispatch execution - source compiled test
FAIL: PR29013 execution - source compiled test
WARNING: program timed out.
FAIL: PR29013 -findirect-dispatch execution - source compiled test
FAIL: PR29013 -O3 execution - source compiled test
WARNING: program timed out.
FAIL: PR29013 -O3 -findirect-dispatch execution - source compiled test
FAIL: PR29495 execution - source compiled test
WARNING: program timed out.
FAIL: PR29495 -findirect-dispatch execution - source compiled test
FAIL: PR29495 -O3 execution - source compiled test
WARNING: program timed out.
FAIL: PR29495 -O3 -findirect-dispatch execution - source compiled test
FAIL: PR3096 execution - source compiled test
WARNING: program timed out.
FAIL: PR3096 -findirect-dispatch execution - source compiled test
FAIL: PR3096 -O3 execution - source compiled test
WARNING: program timed out.
FAIL: PR3096 -O3 -findirect-dispatch execution - source compiled test
FAIL: PR31264 execution - source compiled test
WARNING: program timed out.
FAIL: PR31264 -findirect-dispatch execution - source compiled test
FAIL: PR31264 -O3 execution - source compiled test
WARNING: program timed out.
FAIL: PR31264 -O3 -findirect-dispatch execution - source compiled test
FAIL: PR35020 execution - source compiled test
WARNING: program timed out.
FAIL: PR35020 -findirect-dispatch execution - source compiled test
FAIL: PR35020 -O3 execution - source compiled test
WARNING: program timed out.
FAIL: PR35020 -O3 -findirect-dispatch execution - source compiled test
FAIL: PR36252 execution - source compiled test
WARNING: program timed out.
FAIL: PR36252 -findirect-dispatch execution - source compiled test
FAIL: PR36252 -O3 execution - source compiled test
WARNING: program timed out.
FAIL: PR36252 -O3 -findirect-dispatch execution - source compiled test
FAIL: PR3731 execution - source compiled test
WARNING: program timed out.
FAIL: PR3731 -findirect-dispatch execution - source compiled test
FAIL: PR3731 -O3 execution - source compiled test
WARNING: program timed out.
FAIL: PR3731 -O3 -findirect-dispatch execution - source compiled test
FAIL: PR5057 execution - source compiled test
WARNING: program timed out.
FAIL: PR5057 -findirect-dispatch execution - source compiled test
FAIL: PR5057 -O3 execution - source compiled test
WARNING: program timed out.
FAIL: PR5057 -O3 -findirect-dispatch execution - source compiled test
FAIL: PR5057_2 execution - source compiled test
WARNING: program timed out.
FAIL: PR5057_2 -findirect-dispatch execution - source compiled test
FAIL: PR5057_2 -O3 execution - source compiled test
WARNING: program timed out.
FAIL: PR5057_2 -O3 -findirect-dispatch execution - source compiled test
FAIL: PR55 execution - source compiled test
WARNING: program timed out.
FAIL: PR55 -findirect-dispatch execution - source compiled test
FAIL: PR55 -O3 execution - source compiled test
WARNING: program timed out.
FAIL: PR55 -O3 -findirect-dispatch execution - source compiled test
FAIL: PR56 execution - source compiled test
WARNING: program timed out.
FAIL: PR56 -findirect-dispatch execution - source compiled test
FAIL: PR56 -O3 execution - source compiled test
WARNING: program timed out.
FAIL: PR56 -O3 -findirect-dispatch execution - source compiled test
FAIL: PR6085 execution - source compiled test
WARNING: program timed out.
FAIL: PR6085 -findirect-dispatch execution - source compiled test
FAIL: PR6085 -O3 execution - source compiled test
WARNING: program timed out.
FAIL: PR6085 -O3 -findirect-dispatch execution - source compiled test
FAIL: PR6204 execution - source compiled test
WARNING: program timed out.
FAIL: PR6204 -findirect-dispatch execution - source compiled test
FAIL: PR6204 -O3 execution - source compiled test
WARNING: program timed out.
FAIL: PR6204 -O3 -findirect-dispatch execution - source compiled test
FAIL: PR6729 execution - source compiled test
WARNING: program timed out.
FAIL: PR6729 -findirect-dispatch execution - source compiled test
FAIL: PR6729 -O3 execution - source compiled test
WARNING: program timed out.
FAIL: PR6729 -O3 -findirect-dispatch execution - source compiled test
FAIL: PR6820 execution - source compiled test
WARNING: program timed out.
FAIL: PR6820 -findirect-dispatch execution - source compiled test
FAIL: PR6820 -O3 execution - source compiled test
WARNING: program timed out.
FAIL: PR6820 -O3 -findirect-dispatch execution - source compiled test
FAIL: PR7482 execution - source compiled test
WARNING: program timed out.
FAIL: PR7482 -findirect-dispatch execution - source compiled test
FAIL: PR7482 -O3 execution - source compiled test
WARNING: program timed out.
FAIL: PR7482 -O3 -findirect-dispatch execution - source compiled test
FAIL: Process_1 execution - source compiled test
WARNING: program timed out.
FAIL: Process_1 -findirect-dispatch execution - source compiled test
FAIL: Process_1 -O3 execution - source compiled test
WARNING: program timed out.
FAIL: Process_1 -O3 -findirect-dispatch execution - source compiled test
FAIL: Process_2 execution - source compiled test
WARNING: program timed out.
FAIL: Process_2 -findirect-dispatch execution - source compiled test
FAIL: Process_2 -O3 execution - source compiled test
WARNING: program timed out.
FAIL: Process_2 -O3 -findirect-dispatch execution - source compiled test
FAIL: Process_3 execution - source compiled test
WARNING: program timed out.
FAIL: Process_3 -findirect-dispatch execution - source compiled test
FAIL: Process_3 -O3 execution - source compiled test
WARNING: program timed out.
FAIL: Process_3 -O3 -findirect-dispatch execution - source compiled test
FAIL: Process_4 execution - source compiled test
WARNING: program timed out.
FAIL: Process_4 -findirect-dispatch execution - source compiled test
FAIL: Process_4 -O3 execution - source compiled test
WARNING: program timed out.
FAIL: Process_4 -O3 -findirect-dispatch execution - source compiled test
FAIL: Process_5 execution - source compiled test
WARNING: program timed out.
FAIL: Process_5 -findirect-dispatch execution - source compiled test
FAIL: Process_5 -O3 execution - source compiled test
WARNING: program timed out.
FAIL: Process_5 -O3 -findirect-dispatch execution - source compiled test
FAIL: Process_6 execution - source compiled test
WARNING: program timed out.
FAIL: Process_6 -findirect-dispatch execution - source compiled test
FAIL: Process_6 -O3 execution - source compiled test
WARNING: program timed out.
FAIL: Process_6 -O3 -findirect-dispatch execution - source compiled test
FAIL: Process_7 execution - source compiled test
WARNING: program timed out.
FAIL: Process_7 -findirect-dispatch execution - source compiled test
FAIL: Process_7 -O3 execution - source compiled test
WARNING: program timed out.
FAIL: Process_7 -O3 -findirect-dispatch execution - source compiled test
FAIL: ProxyTest execution - source compiled test
WARNING: program timed out.
FAIL: ProxyTest -findirect-dispatch execution - source compiled test
FAIL: ProxyTest -O3 execution - source compiled test
WARNING: program timed out.
FAIL: ProxyTest -O3 -findirect-dispatch execution - source compiled test
FAIL: RH194522 execution - source compiled test
WARNING: program timed out.
FAIL: RH194522 -findirect-dispatch execution - source compiled test
FAIL: RH194522 -O3 execution - source compiled test
WARNING: program timed out.
FAIL: RH194522 -O3 -findirect-dispatch execution - source compiled test
FAIL: Serialization execution - source compiled test
WARNING: program timed out.
FAIL: Serialization -findirect-dispatch execution - source compiled test
FAIL: Serialization -O3 execution - source compiled test
WARNING: program timed out.
FAIL: Serialization -O3 -findirect-dispatch execution - source compiled test
FAIL: Shazam execution - source compiled test
WARNING: program timed out.
FAIL: Shazam -findirect-dispatch execution - source compiled test
FAIL: Shazam -O3 execution - source compiled test
WARNING: program timed out.
FAIL: Shazam -O3 -findirect-dispatch execution - source compiled test
FAIL: StackTrace2 execution - source compiled test
WARNING: program timed out.
FAIL: StackTrace2 -findirect-dispatch execution - source compiled test
FAIL: StackTrace2 -O3 execution - source compiled test
WARNING: program timed out.
FAIL: StackTrace2 -O3 -findirect-dispatch execution - source compiled test
FAIL: StaticConstructor execution - source compiled test
WARNING: program timed out.
FAIL: StaticConstructor -findirect-dispatch execution - source compiled test
FAIL: StaticConstructor -O3 execution - source compiled test
WARNING: program timed out.
FAIL: StaticConstructor -O3 -findirect-dispatch execution - source compiled test
FAIL: StringBuffer_1 execution - source compiled test
WARNING: program timed out.
FAIL: StringBuffer_1 -findirect-dispatch execution - source compiled test
FAIL: StringBuffer_1 -O3 execution - source compiled test
WARNING: program timed out.
FAIL: StringBuffer_1 -O3 -findirect-dispatch execution - source compiled test
FAIL: StringBuffer_overflow execution - source compiled test
WARNING: program timed out.
FAIL: StringBuffer_overflow -findirect-dispatch execution - source compiled test
FAIL: StringBuffer_overflow -O3 execution - source compiled test
WARNING: program timed out.
FAIL: StringBuffer_overflow -O3 -findirect-dispatch execution - source compiled test
FAIL: String_overflow execution - source compiled test
WARNING: program timed out.
FAIL: String_overflow -findirect-dispatch execution - source compiled test
FAIL: String_overflow -O3 execution - source compiled test
WARNING: program timed out.
FAIL: String_overflow -O3 -findirect-dispatch execution - source compiled test
FAIL: SyncGlobal execution - source compiled test
WARNING: program timed out.
FAIL: SyncGlobal -findirect-dispatch execution - source compiled test
FAIL: SyncGlobal -O3 execution - source compiled test
WARNING: program timed out.
FAIL: SyncGlobal -O3 -findirect-dispatch execution - source compiled test
FAIL: SyncTest execution - source compiled test
WARNING: program timed out.
FAIL: SyncTest -findirect-dispatch execution - source compiled test
FAIL: SyncTest -O3 execution - source compiled test
WARNING: program timed out.
FAIL: SyncTest -O3 -findirect-dispatch execution - source compiled test
FAIL: Synch execution - source compiled test
WARNING: program timed out.
FAIL: Synch -findirect-dispatch execution - source compiled test
FAIL: Synch -O3 execution - source compiled test
WARNING: program timed out.
FAIL: Synch -O3 -findirect-dispatch execution - source compiled test
FAIL: TLtest execution - source compiled test
WARNING: program timed out.
FAIL: TLtest -findirect-dispatch execution - source compiled test
FAIL: TLtest -O3 execution - source compiled test
WARNING: program timed out.
FAIL: TLtest -O3 -findirect-dispatch execution - source compiled test
FAIL: TestProxy execution - source compiled test
WARNING: program timed out.
FAIL: TestProxy -findirect-dispatch execution - source compiled test
FAIL: TestProxy -O3 execution - source compiled test
WARNING: program timed out.
FAIL: TestProxy -O3 -findirect-dispatch execution - source compiled test
FAIL: Thread_Alive execution - source compiled test
WARNING: program timed out.
FAIL: Thread_Alive -findirect-dispatch execution - source compiled test
FAIL: Thread_Alive -O3 execution - source compiled test
WARNING: program timed out.
FAIL: Thread_Alive -O3 -findirect-dispatch execution - source compiled test
FAIL: Thread_HoldsLock execution - source compiled test
WARNING: program timed out.
FAIL: Thread_HoldsLock -findirect-dispatch execution - source compiled test
FAIL: Thread_HoldsLock -O3 execution - source compiled test
WARNING: program timed out.
FAIL: Thread_HoldsLock -O3 -findirect-dispatch execution - source compiled test
FAIL: Thread_Interrupt execution - source compiled test
WARNING: program timed out.
FAIL: Thread_Interrupt -findirect-dispatch execution - source compiled test
FAIL: Thread_Interrupt -O3 execution - source compiled test
WARNING: program timed out.
FAIL: Thread_Interrupt -O3 -findirect-dispatch execution - source compiled test
FAIL: Thread_Join execution - source compiled test
WARNING: program timed out.
FAIL: Thread_Join -findirect-dispatch execution - source compiled test
FAIL: Thread_Join -O3 execution - source compiled test
WARNING: program timed out.
FAIL: Thread_Join -O3 -findirect-dispatch execution - source compiled test
FAIL: Thread_Monitor execution - source compiled test
WARNING: program timed out.
FAIL: Thread_Monitor -findirect-dispatch execution - source compiled test
FAIL: Thread_Monitor -O3 execution - source compiled test
WARNING: program timed out.
FAIL: Thread_Monitor -O3 -findirect-dispatch execution - source compiled test
FAIL: Thread_Sleep execution - source compiled test
WARNING: program timed out.
FAIL: Thread_Sleep -findirect-dispatch execution - source compiled test
FAIL: Thread_Sleep -O3 execution - source compiled test
WARNING: program timed out.
FAIL: Thread_Sleep -O3 -findirect-dispatch execution - source compiled test
FAIL: Thread_Sleep_2 execution - source compiled test
WARNING: program timed out.
FAIL: Thread_Sleep_2 -findirect-dispatch execution - source compiled test
FAIL: Thread_Sleep_2 -O3 execution - source compiled test
WARNING: program timed out.
FAIL: Thread_Sleep_2 -O3 -findirect-dispatch execution - source compiled test
FAIL: Thread_Wait execution - source compiled test
WARNING: program timed out.
FAIL: Thread_Wait -findirect-dispatch execution - source compiled test
FAIL: Thread_Wait -O3 execution - source compiled test
WARNING: program timed out.
FAIL: Thread_Wait -O3 -findirect-dispatch execution - source compiled test
FAIL: Thread_Wait_2 execution - source compiled test
WARNING: program timed out.
FAIL: Thread_Wait_2 -findirect-dispatch execution - source compiled test
FAIL: Thread_Wait_2 -O3 execution - source compiled test
WARNING: program timed out.
FAIL: Thread_Wait_2 -O3 -findirect-dispatch execution - source compiled test
FAIL: Thread_Wait_Interrupt execution - source compiled test
WARNING: program timed out.
FAIL: Thread_Wait_Interrupt -findirect-dispatch execution - source compiled test
FAIL: Thread_Wait_Interrupt -O3 execution - source compiled test
WARNING: program timed out.
FAIL: Thread_Wait_Interrupt -O3 -findirect-dispatch execution - source compiled test
FAIL: Throw_1 execution - source compiled test
WARNING: program timed out.
FAIL: Throw_1 -findirect-dispatch execution - source compiled test
FAIL: Throw_1 -O3 execution - source compiled test
WARNING: program timed out.
FAIL: Throw_1 -O3 -findirect-dispatch execution - source compiled test
FAIL: Throw_2 execution - source compiled test
WARNING: program timed out.
FAIL: Throw_2 -findirect-dispatch execution - source compiled test
FAIL: Throw_2 -O3 execution - source compiled test
WARNING: program timed out.
FAIL: Throw_2 -O3 -findirect-dispatch execution - source compiled test
FAIL: Throw_3 execution - source compiled test
WARNING: program timed out.
FAIL: Throw_3 -findirect-dispatch execution - source compiled test
FAIL: Throw_3 -O3 execution - source compiled test
WARNING: program timed out.
FAIL: Throw_3 -O3 -findirect-dispatch execution - source compiled test
FAIL: WalkerTest execution - source compiled test
WARNING: program timed out.
FAIL: WalkerTest -findirect-dispatch execution - source compiled test
FAIL: WalkerTest -O3 execution - source compiled test
WARNING: program timed out.
FAIL: WalkerTest -O3 -findirect-dispatch execution - source compiled test
FAIL: anfi execution - source compiled test
WARNING: program timed out.
FAIL: anfi -findirect-dispatch execution - source compiled test
FAIL: anfi -O3 execution - source compiled test
WARNING: program timed out.
FAIL: anfi -O3 -findirect-dispatch execution - source compiled test
FAIL: anon execution - source compiled test
WARNING: program timed out.
FAIL: anon -findirect-dispatch execution - source compiled test
FAIL: anon -O3 execution - source compiled test
WARNING: program timed out.
FAIL: anon -O3 -findirect-dispatch execution - source compiled test
FAIL: anon2 execution - source compiled test
WARNING: program timed out.
FAIL: anon2 -findirect-dispatch execution - source compiled test
FAIL: anon2 -O3 execution - source compiled test
WARNING: program timed out.
FAIL: anon2 -O3 -findirect-dispatch execution - source compiled test
FAIL: anon3 execution - source compiled test
WARNING: program timed out.
FAIL: anon3 -findirect-dispatch execution - source compiled test
FAIL: anon3 -O3 execution - source compiled test
WARNING: program timed out.
FAIL: anon3 -O3 -findirect-dispatch execution - source compiled test
FAIL: anon4 execution - source compiled test
WARNING: program timed out.
FAIL: anon4 -findirect-dispatch execution - source compiled test
FAIL: anon4 -O3 execution - source compiled test
WARNING: program timed out.
FAIL: anon4 -O3 -findirect-dispatch execution - source compiled test
FAIL: anon_ctor_itf_arg execution - source compiled test
WARNING: program timed out.
FAIL: anon_ctor_itf_arg -findirect-dispatch execution - source compiled test
FAIL: anon_ctor_itf_arg -O3 execution - source compiled test
WARNING: program timed out.
FAIL: anon_ctor_itf_arg -O3 -findirect-dispatch execution - source compiled test
FAIL: anonarray execution - source compiled test
WARNING: program timed out.
FAIL: anonarray -findirect-dispatch execution - source compiled test
FAIL: anonarray -O3 execution - source compiled test
WARNING: program timed out.
FAIL: anonarray -O3 -findirect-dispatch execution - source compiled test
FAIL: anonarray2 execution - source compiled test
WARNING: program timed out.
FAIL: anonarray2 -findirect-dispatch execution - source compiled test
FAIL: anonarray2 -O3 execution - source compiled test
WARNING: program timed out.
FAIL: anonarray2 -O3 -findirect-dispatch execution - source compiled test
FAIL: anonarray3 execution - source compiled test
WARNING: program timed out.
FAIL: anonarray3 -findirect-dispatch execution - source compiled test
FAIL: anonarray3 -O3 execution - source compiled test
WARNING: program timed out.
FAIL: anonarray3 -O3 -findirect-dispatch execution - source compiled test
FAIL: assign execution - source compiled test
WARNING: program timed out.
FAIL: assign -findirect-dispatch execution - source compiled test
FAIL: assign -O3 execution - source compiled test
WARNING: program timed out.
FAIL: assign -O3 -findirect-dispatch execution - source compiled test
FAIL: assign2 execution - source compiled test
WARNING: program timed out.
FAIL: assign2 -findirect-dispatch execution - source compiled test
FAIL: assign2 -O3 execution - source compiled test
WARNING: program timed out.
FAIL: assign2 -O3 -findirect-dispatch execution - source compiled test
FAIL: bclink execution - source compiled test
WARNING: program timed out.
FAIL: bclink -findirect-dispatch execution - source compiled test
FAIL: bclink -O3 execution - source compiled test
WARNING: program timed out.
FAIL: bclink -O3 -findirect-dispatch execution - source compiled test
FAIL: bytearray execution - source compiled test
WARNING: program timed out.
FAIL: bytearray -findirect-dispatch execution - source compiled test
FAIL: bytearray -O3 execution - source compiled test
WARNING: program timed out.
FAIL: bytearray -O3 -findirect-dispatch execution - source compiled test
FAIL: direct_read execution - source compiled test
WARNING: program timed out.
FAIL: direct_read -findirect-dispatch execution - source compiled test
FAIL: direct_read -O3 execution - source compiled test
WARNING: program timed out.
FAIL: direct_read -O3 -findirect-dispatch execution - source compiled test
FAIL: direct_write execution - source compiled test
WARNING: program timed out.
FAIL: direct_write -findirect-dispatch execution - source compiled test
FAIL: direct_write -O3 execution - source compiled test
WARNING: program timed out.
FAIL: direct_write -O3 -findirect-dispatch execution - source compiled test
FAIL: emptystring execution - source compiled test
WARNING: program timed out.
FAIL: emptystring -findirect-dispatch execution - source compiled test
FAIL: emptystring -O3 execution - source compiled test
WARNING: program timed out.
FAIL: emptystring -O3 -findirect-dispatch execution - source compiled test
FAIL: err1 execution - source compiled test
WARNING: program timed out.
FAIL: err1 -findirect-dispatch execution - source compiled test
FAIL: err1 -O3 execution - source compiled test
WARNING: program timed out.
FAIL: err1 -O3 -findirect-dispatch execution - source compiled test
FAIL: err10 execution - source compiled test
WARNING: program timed out.
FAIL: err10 -findirect-dispatch execution - source compiled test
FAIL: err10 -O3 execution - source compiled test
WARNING: program timed out.
FAIL: err10 -O3 -findirect-dispatch execution - source compiled test
FAIL: err11 execution - source compiled test
WARNING: program timed out.
FAIL: err11 -findirect-dispatch execution - source compiled test
FAIL: err11 -O3 execution - source compiled test
WARNING: program timed out.
FAIL: err11 -O3 -findirect-dispatch execution - source compiled test
FAIL: err12 execution - source compiled test
WARNING: program timed out.
FAIL: err12 -findirect-dispatch execution - source compiled test
FAIL: err12 -O3 execution - source compiled test
WARNING: program timed out.
FAIL: err12 -O3 -findirect-dispatch execution - source compiled test
FAIL: err13 execution - source compiled test
WARNING: program timed out.
FAIL: err13 -findirect-dispatch execution - source compiled test
FAIL: err13 -O3 execution - source compiled test
WARNING: program timed out.
FAIL: err13 -O3 -findirect-dispatch execution - source compiled test
FAIL: err14 execution - source compiled test
WARNING: program timed out.
FAIL: err14 -findirect-dispatch execution - source compiled test
FAIL: err14 -O3 execution - source compiled test
WARNING: program timed out.
FAIL: err14 -O3 -findirect-dispatch execution - source compiled test
FAIL: err2 execution - source compiled test
WARNING: program timed out.
FAIL: err2 -findirect-dispatch execution - source compiled test
FAIL: err2 -O3 execution - source compiled test
WARNING: program timed out.
FAIL: err2 -O3 -findirect-dispatch execution - source compiled test
FAIL: err3 execution - source compiled test
WARNING: program timed out.
FAIL: err3 -findirect-dispatch execution - source compiled test
FAIL: err3 -O3 execution - source compiled test
WARNING: program timed out.
FAIL: err3 -O3 -findirect-dispatch execution - source compiled test
FAIL: err4 execution - source compiled test
WARNING: program timed out.
FAIL: err4 -findirect-dispatch execution - source compiled test
FAIL: err4 -O3 execution - source compiled test
WARNING: program timed out.
FAIL: err4 -O3 -findirect-dispatch execution - source compiled test
FAIL: err5 execution - source compiled test
WARNING: program timed out.
FAIL: err5 -findirect-dispatch execution - source compiled test
FAIL: err5 -O3 execution - source compiled test
WARNING: program timed out.
FAIL: err5 -O3 -findirect-dispatch execution - source compiled test
FAIL: err6 execution - source compiled test
WARNING: program timed out.
FAIL: err6 -findirect-dispatch execution - source compiled test
FAIL: err6 -O3 execution - source compiled test
WARNING: program timed out.
FAIL: err6 -O3 -findirect-dispatch execution - source compiled test
FAIL: err7 execution - source compiled test
WARNING: program timed out.
FAIL: err7 -findirect-dispatch execution - source compiled test
FAIL: err7 -O3 execution - source compiled test
WARNING: program timed out.
FAIL: err7 -O3 -findirect-dispatch execution - source compiled test
FAIL: err8 execution - source compiled test
WARNING: program timed out.
FAIL: err8 -findirect-dispatch execution - source compiled test
FAIL: err8 -O3 execution - source compiled test
WARNING: program timed out.
FAIL: err8 -O3 -findirect-dispatch execution - source compiled test
FAIL: err9 execution - source compiled test
WARNING: program timed out.
FAIL: err9 -findirect-dispatch execution - source compiled test
FAIL: err9 -O3 execution - source compiled test
WARNING: program timed out.
FAIL: err9 -O3 -findirect-dispatch execution - source compiled test
FAIL: final_inner execution - source compiled test
WARNING: program timed out.
FAIL: final_inner -findirect-dispatch execution - source compiled test
FAIL: final_inner -O3 execution - source compiled test
WARNING: program timed out.
FAIL: final_inner -O3 -findirect-dispatch execution - source compiled test
FAIL: final_int execution - source compiled test
WARNING: program timed out.
FAIL: final_int -findirect-dispatch execution - source compiled test
FAIL: final_int -O3 execution - source compiled test
WARNING: program timed out.
FAIL: final_int -O3 -findirect-dispatch execution - source compiled test
FAIL: final_static_and_friend execution - source compiled test
WARNING: program timed out.
FAIL: final_static_and_friend -findirect-dispatch execution - source compiled test
FAIL: final_static_and_friend -O3 execution - source compiled test
WARNING: program timed out.
FAIL: final_static_and_friend -O3 -findirect-dispatch execution - source compiled test
FAIL: indirect execution - source compiled test
WARNING: program timed out.
FAIL: indirect -findirect-dispatch execution - source compiled test
FAIL: indirect -O3 execution - source compiled test
WARNING: program timed out.
FAIL: indirect -O3 -findirect-dispatch execution - source compiled test
FAIL: indirect_read execution - source compiled test
WARNING: program timed out.
FAIL: indirect_read -findirect-dispatch execution - source compiled test
FAIL: indirect_read -O3 execution - source compiled test
WARNING: program timed out.
FAIL: indirect_read -O3 -findirect-dispatch execution - source compiled test
FAIL: indirect_write execution - source compiled test
WARNING: program timed out.
FAIL: indirect_write -findirect-dispatch execution - source compiled test
FAIL: indirect_write -O3 execution - source compiled test
WARNING: program timed out.
FAIL: indirect_write -O3 -findirect-dispatch execution - source compiled test
FAIL: initexc execution - source compiled test
WARNING: program timed out.
FAIL: initexc -findirect-dispatch execution - source compiled test
FAIL: initexc -O3 execution - source compiled test
WARNING: program timed out.
FAIL: initexc -O3 -findirect-dispatch execution - source compiled test
FAIL: initfield execution - source compiled test
WARNING: program timed out.
FAIL: initfield -findirect-dispatch execution - source compiled test
FAIL: initfield -O3 execution - source compiled test
WARNING: program timed out.
FAIL: initfield -O3 -findirect-dispatch execution - source compiled test
FAIL: inline execution - source compiled test
WARNING: program timed out.
FAIL: inline -findirect-dispatch execution - source compiled test
FAIL: inline -O3 execution - source compiled test
WARNING: program timed out.
FAIL: inline -O3 -findirect-dispatch execution - source compiled test
FAIL: inner1 execution - source compiled test
WARNING: program timed out.
FAIL: inner1 -findirect-dispatch execution - source compiled test
FAIL: inner1 -O3 execution - source compiled test
WARNING: program timed out.
FAIL: inner1 -O3 -findirect-dispatch execution - source compiled test
FAIL: inner2 execution - source compiled test
WARNING: program timed out.
FAIL: inner2 -findirect-dispatch execution - source compiled test
FAIL: inner2 -O3 execution - source compiled test
WARNING: program timed out.
FAIL: inner2 -O3 -findirect-dispatch execution - source compiled test
FAIL: inner3 execution - source compiled test
WARNING: program timed out.
FAIL: inner3 -findirect-dispatch execution - source compiled test
FAIL: inner3 -O3 execution - source compiled test
WARNING: program timed out.
FAIL: inner3 -O3 -findirect-dispatch execution - source compiled test
FAIL: inner4 execution - source compiled test
WARNING: program timed out.
FAIL: inner4 -findirect-dispatch execution - source compiled test
FAIL: inner4 -O3 execution - source compiled test
WARNING: program timed out.
FAIL: inner4 -O3 -findirect-dispatch execution - source compiled test
FAIL: inner_array execution - source compiled test
WARNING: program timed out.
FAIL: inner_array -findirect-dispatch execution - source compiled test
FAIL: inner_array -O3 execution - source compiled test
WARNING: program timed out.
FAIL: inner_array -O3 -findirect-dispatch execution - source compiled test
FAIL: inner_interface execution - source compiled test
WARNING: program timed out.
FAIL: inner_interface -findirect-dispatch execution - source compiled test
FAIL: inner_interface -O3 execution - source compiled test
WARNING: program timed out.
FAIL: inner_interface -O3 -findirect-dispatch execution - source compiled test
FAIL: instance execution - source compiled test
WARNING: program timed out.
FAIL: instance -findirect-dispatch execution - source compiled test
FAIL: instance -O3 execution - source compiled test
WARNING: program timed out.
FAIL: instance -O3 -findirect-dispatch execution - source compiled test
FAIL: instinit execution - source compiled test
WARNING: program timed out.
FAIL: instinit -findirect-dispatch execution - source compiled test
FAIL: instinit -O3 execution - source compiled test
WARNING: program timed out.
FAIL: instinit -O3 -findirect-dispatch execution - source compiled test
FAIL: instinit2 execution - source compiled test
WARNING: program timed out.
FAIL: instinit2 -findirect-dispatch execution - source compiled test
FAIL: instinit2 -O3 execution - source compiled test
WARNING: program timed out.
FAIL: instinit2 -O3 -findirect-dispatch execution - source compiled test
FAIL: invoke_from_inner execution - source compiled test
WARNING: program timed out.
FAIL: invoke_from_inner -findirect-dispatch execution - source compiled test
FAIL: invoke_from_inner -O3 execution - source compiled test
WARNING: program timed out.
FAIL: invoke_from_inner -O3 -findirect-dispatch execution - source compiled test
FAIL: invokethrow execution - source compiled test
WARNING: program timed out.
FAIL: invokethrow -findirect-dispatch execution - source compiled test
FAIL: invokethrow -O3 execution - source compiled test
WARNING: program timed out.
FAIL: invokethrow -O3 -findirect-dispatch execution - source compiled test
FAIL: klass execution - source compiled test
WARNING: program timed out.
FAIL: klass -findirect-dispatch execution - source compiled test
FAIL: klass -O3 execution - source compiled test
WARNING: program timed out.
FAIL: klass -O3 -findirect-dispatch execution - source compiled test
FAIL: md5test execution - source compiled test
WARNING: program timed out.
FAIL: md5test -findirect-dispatch execution - source compiled test
FAIL: md5test -O3 execution - source compiled test
WARNING: program timed out.
FAIL: md5test -O3 -findirect-dispatch execution - source compiled test
FAIL: multiple_finit execution - source compiled test
WARNING: program timed out.
FAIL: multiple_finit -findirect-dispatch execution - source compiled test
FAIL: multiple_finit -O3 execution - source compiled test
WARNING: program timed out.
FAIL: multiple_finit -O3 -findirect-dispatch execution - source compiled test
FAIL: negzero execution - source compiled test
WARNING: program timed out.
FAIL: negzero -findirect-dispatch execution - source compiled test
FAIL: negzero -O3 execution - source compiled test
WARNING: program timed out.
FAIL: negzero -O3 -findirect-dispatch execution - source compiled test
FAIL: nested_with_ctor execution - source compiled test
WARNING: program timed out.
FAIL: nested_with_ctor -findirect-dispatch execution - source compiled test
FAIL: nested_with_ctor -O3 execution - source compiled test
WARNING: program timed out.
FAIL: nested_with_ctor -O3 -findirect-dispatch execution - source compiled test
FAIL: newarray_overflow execution - source compiled test
WARNING: program timed out.
FAIL: newarray_overflow -findirect-dispatch execution - source compiled test
FAIL: newarray_overflow -O3 execution - source compiled test
WARNING: program timed out.
FAIL: newarray_overflow -O3 -findirect-dispatch execution - source compiled test
FAIL: override execution - source compiled test
WARNING: program timed out.
FAIL: override -findirect-dispatch execution - source compiled test
FAIL: override -O3 execution - source compiled test
WARNING: program timed out.
FAIL: override -O3 -findirect-dispatch execution - source compiled test
FAIL: pr109 execution - source compiled test
WARNING: program timed out.
FAIL: pr109 -findirect-dispatch execution - source compiled test
FAIL: pr109 -O3 execution - source compiled test
WARNING: program timed out.
FAIL: pr109 -O3 -findirect-dispatch execution - source compiled test
FAIL: pr13107 execution - source compiled test
WARNING: program timed out.
FAIL: pr13107 -findirect-dispatch execution - source compiled test
FAIL: pr13107 -O3 execution - source compiled test
WARNING: program timed out.
FAIL: pr13107 -O3 -findirect-dispatch execution - source compiled test
FAIL: pr13107_2 execution - source compiled test
WARNING: program timed out.
FAIL: pr13107_2 -findirect-dispatch execution - source compiled test
FAIL: pr13107_2 -O3 execution - source compiled test
WARNING: program timed out.
FAIL: pr13107_2 -O3 -findirect-dispatch execution - source compiled test
FAIL: pr13107_3 execution - source compiled test
WARNING: program timed out.
FAIL: pr13107_3 -findirect-dispatch execution - source compiled test
FAIL: pr13107_3 -O3 execution - source compiled test
WARNING: program timed out.
FAIL: pr13107_3 -O3 -findirect-dispatch execution - source compiled test
FAIL: pr133 execution - source compiled test
WARNING: program timed out.
FAIL: pr133 -findirect-dispatch execution - source compiled test
FAIL: pr133 -O3 execution - source compiled test
WARNING: program timed out.
FAIL: pr133 -O3 -findirect-dispatch execution - source compiled test
FAIL: pr16789 execution - source compiled test
WARNING: program timed out.
FAIL: pr16789 -findirect-dispatch execution - source compiled test
FAIL: pr16789 -O3 execution - source compiled test
WARNING: program timed out.
FAIL: pr16789 -O3 -findirect-dispatch execution - source compiled test
FAIL: pr17536 execution - source compiled test
WARNING: program timed out.
FAIL: pr17536 -findirect-dispatch execution - source compiled test
FAIL: pr17536 -O3 execution - source compiled test
WARNING: program timed out.
FAIL: pr17536 -O3 -findirect-dispatch execution - source compiled test
FAIL: pr179 execution - source compiled test
WARNING: program timed out.
FAIL: pr179 -findirect-dispatch execution - source compiled test
FAIL: pr179 -O3 execution - source compiled test
WARNING: program timed out.
FAIL: pr179 -O3 -findirect-dispatch execution - source compiled test
FAIL: pr184 execution - source compiled test
WARNING: program timed out.
FAIL: pr184 -findirect-dispatch execution - source compiled test
FAIL: pr184 -O3 execution - source compiled test
WARNING: program timed out.
FAIL: pr184 -O3 -findirect-dispatch execution - source compiled test
FAIL: pr21785 execution - source compiled test
WARNING: program timed out.
FAIL: pr21785 -findirect-dispatch execution - source compiled test
FAIL: pr21785 -O3 execution - source compiled test
WARNING: program timed out.
FAIL: pr21785 -O3 -findirect-dispatch execution - source compiled test
FAIL: pr21844 execution - source compiled test
WARNING: program timed out.
FAIL: pr21844 -findirect-dispatch execution - source compiled test
FAIL: pr21844 -O3 execution - source compiled test
WARNING: program timed out.
FAIL: pr21844 -O3 -findirect-dispatch execution - source compiled test
FAIL: pr24321 execution - source compiled test
WARNING: program timed out.
FAIL: pr24321 -findirect-dispatch execution - source compiled test
FAIL: pr24321 -O3 execution - source compiled test
WARNING: program timed out.
FAIL: pr24321 -O3 -findirect-dispatch execution - source compiled test
FAIL: pr25676 execution - source compiled test
WARNING: program timed out.
FAIL: pr25676 -findirect-dispatch execution - source compiled test
FAIL: pr25676 -O3 execution - source compiled test
WARNING: program timed out.
FAIL: pr25676 -O3 -findirect-dispatch execution - source compiled test
FAIL: pr26390 execution - source compiled test
WARNING: program timed out.
FAIL: pr26390 -findirect-dispatch execution - source compiled test
FAIL: pr26390 -O3 execution - source compiled test
WARNING: program timed out.
FAIL: pr26390 -O3 -findirect-dispatch execution - source compiled test
FAIL: pr26990 execution - source compiled test
WARNING: program timed out.
FAIL: pr26990 -findirect-dispatch execution - source compiled test
FAIL: pr26990 -O3 execution - source compiled test
WARNING: program timed out.
FAIL: pr26990 -O3 -findirect-dispatch execution - source compiled test
FAIL: pr27171 execution - source compiled test
WARNING: program timed out.
FAIL: pr27171 -findirect-dispatch execution - source compiled test
FAIL: pr27171 -O3 execution - source compiled test
WARNING: program timed out.
FAIL: pr27171 -O3 -findirect-dispatch execution - source compiled test
FAIL: pr6388 execution - source compiled test
WARNING: program timed out.
FAIL: pr6388 -findirect-dispatch execution - source compiled test
FAIL: pr6388 -O3 execution - source compiled test
WARNING: program timed out.
FAIL: pr6388 -O3 -findirect-dispatch execution - source compiled test
FAIL: pr83 execution - source compiled test
WARNING: program timed out.
FAIL: pr83 -findirect-dispatch execution - source compiled test
FAIL: pr83 -O3 execution - source compiled test
WARNING: program timed out.
FAIL: pr83 -O3 -findirect-dispatch execution - source compiled test
FAIL: pr8415 execution - source compiled test
WARNING: program timed out.
FAIL: pr8415 -findirect-dispatch execution - source compiled test
FAIL: pr8415 -O3 execution - source compiled test
WARNING: program timed out.
FAIL: pr8415 -O3 -findirect-dispatch execution - source compiled test
FAIL: pr8676 execution - source compiled test
WARNING: program timed out.
FAIL: pr8676 -findirect-dispatch execution - source compiled test
FAIL: pr8676 -O3 execution - source compiled test
WARNING: program timed out.
FAIL: pr8676 -O3 -findirect-dispatch execution - source compiled test
FAIL: pr8823 execution - source compiled test
WARNING: program timed out.
FAIL: pr8823 -findirect-dispatch execution - source compiled test
FAIL: pr8823 -O3 execution - source compiled test
WARNING: program timed out.
FAIL: pr8823 -O3 -findirect-dispatch execution - source compiled test
FAIL: pr8945 execution - source compiled test
WARNING: program timed out.
FAIL: pr8945 -findirect-dispatch execution - source compiled test
FAIL: pr8945 -O3 execution - source compiled test
WARNING: program timed out.
FAIL: pr8945 -O3 -findirect-dispatch execution - source compiled test
FAIL: private_direct_read execution - source compiled test
WARNING: program timed out.
FAIL: private_direct_read -findirect-dispatch execution - source compiled test
FAIL: private_direct_read -O3 execution - source compiled test
WARNING: program timed out.
FAIL: private_direct_read -O3 -findirect-dispatch execution - source compiled test
FAIL: search_outer execution - source compiled test
WARNING: program timed out.
FAIL: search_outer -findirect-dispatch execution - source compiled test
FAIL: search_outer -O3 execution - source compiled test
WARNING: program timed out.
FAIL: search_outer -O3 -findirect-dispatch execution - source compiled test
FAIL: shatest execution - source compiled test
WARNING: program timed out.
FAIL: shatest -findirect-dispatch execution - source compiled test
FAIL: shatest -O3 execution - source compiled test
WARNING: program timed out.
FAIL: shatest -O3 -findirect-dispatch execution - source compiled test
FAIL: stacktrace execution - source compiled test
WARNING: program timed out.
FAIL: stacktrace -findirect-dispatch execution - source compiled test
FAIL: stacktrace -O3 execution - source compiled test
WARNING: program timed out.
FAIL: stacktrace -O3 -findirect-dispatch execution - source compiled test
FAIL: stringconst execution - source compiled test
WARNING: program timed out.
FAIL: stringconst -findirect-dispatch execution - source compiled test
FAIL: stringconst -O3 execution - source compiled test
WARNING: program timed out.
FAIL: stringconst -O3 -findirect-dispatch execution - source compiled test
FAIL: stringconst2 execution - source compiled test
WARNING: program timed out.
FAIL: stringconst2 -findirect-dispatch execution - source compiled test
FAIL: stringconst2 -O3 execution - source compiled test
WARNING: program timed out.
FAIL: stringconst2 -O3 -findirect-dispatch execution - source compiled test
FAIL: stub execution - source compiled test
WARNING: program timed out.
FAIL: stub -findirect-dispatch execution - source compiled test
FAIL: stub -O3 execution - source compiled test
WARNING: program timed out.
FAIL: stub -O3 -findirect-dispatch execution - source compiled test
FAIL: test_long execution - source compiled test
WARNING: program timed out.
FAIL: test_long -findirect-dispatch execution - source compiled test
FAIL: test_long -O3 execution - source compiled test
WARNING: program timed out.
FAIL: test_long -O3 -findirect-dispatch execution - source compiled test
FAIL: tmi execution - source compiled test
WARNING: program timed out.
FAIL: tmi -findirect-dispatch execution - source compiled test
FAIL: tmi -O3 execution - source compiled test
WARNING: program timed out.
FAIL: tmi -O3 -findirect-dispatch execution - source compiled test
FAIL: tp execution - source compiled test
WARNING: program timed out.
FAIL: tp -findirect-dispatch execution - source compiled test
FAIL: tp -O3 execution - source compiled test
WARNING: program timed out.
FAIL: tp -O3 -findirect-dispatch execution - source compiled test
FAIL: update_outer execution - source compiled test
WARNING: program timed out.
FAIL: update_outer -findirect-dispatch execution - source compiled test
FAIL: update_outer -O3 execution - source compiled test
WARNING: program timed out.
FAIL: update_outer -O3 -findirect-dispatch execution - source compiled test
FAIL: utf8concat execution - source compiled test
WARNING: program timed out.
FAIL: utf8concat -findirect-dispatch execution - source compiled test
FAIL: utf8concat -O3 execution - source compiled test
WARNING: program timed out.
FAIL: utf8concat -O3 -findirect-dispatch execution - source compiled test
FAIL: utilTest execution - source compiled test
WARNING: program timed out.
FAIL: utilTest -findirect-dispatch execution - source compiled test
FAIL: utilTest -O3 execution - source compiled test
WARNING: program timed out.
FAIL: utilTest -O3 -findirect-dispatch execution - source compiled test
FAIL: verify execution - source compiled test
WARNING: program timed out.
FAIL: verify -findirect-dispatch execution - source compiled test
FAIL: verify -O3 execution - source compiled test
WARNING: program timed out.
FAIL: verify -O3 -findirect-dispatch execution - source compiled test
FAIL: /build/buildd/gcc-snapshot-20081023/build/alpha-linux-gnu/libjava/testsuite/TestEarlyGC.exe execution - /build/buildd/gcc-snapshot-20081023/build/alpha-linux-gnu/libjava/testsuite/TestEarlyGC.exe
FAIL: /build/buildd/gcc-snapshot-20081023/build/alpha-linux-gnu/libjava/testsuite/TestLeak.exe execution - /build/buildd/gcc-snapshot-20081023/build/alpha-linux-gnu/libjava/testsuite/TestLeak.exe
FAIL: /build/buildd/gcc-snapshot-20081023/build/alpha-linux-gnu/libjava/testsuite/TestMultiple.exe execution - /build/buildd/gcc-snapshot-20081023/build/alpha-linux-gnu/libjava/testsuite/TestMultiple.exe
FAIL: /build/buildd/gcc-snapshot-20081023/build/alpha-linux-gnu/libjava/testsuite/TestParent.exe execution - /build/buildd/gcc-snapshot-20081023/build/alpha-linux-gnu/libjava/testsuite/TestParent.exe

		=== libjava Summary ===

# of expected passes		866
# of unexpected failures	842
# of untested testcases		835
		=== libmudflap tests ===


Running target unix
FAIL: libmudflap.c++/pass41-frag.cxx execution test
FAIL: libmudflap.c++/pass41-frag.cxx (-static) execution test
FAIL: libmudflap.c++/pass41-frag.cxx (-O2) execution test
FAIL: libmudflap.c++/pass41-frag.cxx (-O3) execution test

		=== libmudflap Summary ===

# of expected passes		1882
# of unexpected failures	4
		=== libstdc++ tests ===


Running target unix
FAIL: abi_check
XPASS: 26_numerics/headers/cmath/c99_classification_macros_c.cc (test for excess errors)
FAIL: ext/pb_ds/regression/hash_no_data_map_rand.cc execution test
FAIL: ext/pb_ds/regression/tree_no_data_map_rand.cc execution test

		=== libstdc++ Summary ===

# of expected passes		5643
# of unexpected failures	3
# of unexpected successes	1
# of expected failures		72
# of unsupported tests		326
Target: alpha-linux-gnu
gcc version 4.4.0 20081023 (experimental) [trunk revision 141326] (Debian 20081023-1) 

		=== g++ tests ===


Running target unix
FAIL: g++.dg/compat/eh/unexpected1 cp_compat_x_tst.o-cp_compat_y_tst.o execute 
FAIL: tmpdir-g++.dg-struct-layout-1/t024 cp_compat_x_tst.o-cp_compat_y_tst.o execute 
FAIL: g++.dg/eh/unexpected1.C execution test
FAIL: g++.dg/ext/cleanup-10.C execution test
FAIL: g++.dg/ext/cleanup-11.C execution test
FAIL: g++.dg/ext/cleanup-8.C execution test
FAIL: g++.dg/ext/cleanup-9.C execution test
FAIL: g++.dg/ipa/iinline-1.C scan-ipa-dump inline "String::funcOne[^\\n]*inline copy in int main"
FAIL: g++.dg/torture/type-generic-1.C  -O0  execution test
FAIL: g++.dg/torture/type-generic-1.C  -O1  execution test
FAIL: g++.dg/torture/type-generic-1.C  -O2  execution test
FAIL: g++.dg/torture/type-generic-1.C  -O3 -fomit-frame-pointer  execution test
FAIL: g++.dg/torture/type-generic-1.C  -O3 -g  execution test
FAIL: g++.dg/torture/type-generic-1.C  -Os  execution test
FAIL: g++.old-deja/g++.eh/spec2.C execution test
FAIL: g++.old-deja/g++.eh/spec3.C execution test
FAIL: g++.old-deja/g++.eh/spec4.C execution test
FAIL: g++.old-deja/g++.mike/eh33.C execution test
FAIL: g++.old-deja/g++.mike/eh50.C execution test
FAIL: g++.old-deja/g++.mike/eh51.C execution test
FAIL: g++.old-deja/g++.mike/warn1.C  (test for errors, line 12)
FAIL: g++.old-deja/g++.mike/warn1.C (test for excess errors)

		=== g++ Summary ===

# of expected passes		18414
# of unexpected failures	22
# of expected failures		80
# of unsupported tests		154
/build/buildd/gcc-snapshot-20081023/build/gcc/testsuite/g++/../../g++  version 4.4.0 20081023 (experimental) [trunk revision 141326] (Debian 20081023-1) 

		=== gcc tests ===


Running target unix
FAIL: gcc.c-torture/compile/pr11832.c  -O0  (internal compiler error)
FAIL: gcc.c-torture/compile/pr11832.c  -O1  (internal compiler error)
FAIL: gcc.c-torture/compile/pr11832.c  -O2  (internal compiler error)
FAIL: gcc.c-torture/compile/pr11832.c  -O3 -fomit-frame-pointer  (internal compiler error)
FAIL: gcc.c-torture/compile/pr11832.c  -O3 -fomit-frame-pointer -funroll-loops  (internal compiler error)
FAIL: gcc.c-torture/compile/pr11832.c  -O3 -fomit-frame-pointer -funroll-all-loops -finline-functions  (internal compiler error)
FAIL: gcc.c-torture/compile/pr11832.c  -O3 -g  (internal compiler error)
FAIL: gcc.c-torture/compile/pr11832.c  -Os  (internal compiler error)
FAIL: gcc.c-torture/compile/pr33009.c  -O0  (internal compiler error)
FAIL: gcc.c-torture/compile/pr33009.c  -O1  (internal compiler error)
FAIL: gcc.c-torture/compile/pr33009.c  -O2  (internal compiler error)
FAIL: gcc.c-torture/compile/pr33009.c  -O3 -fomit-frame-pointer  (internal compiler error)
FAIL: gcc.c-torture/compile/pr33009.c  -O3 -fomit-frame-pointer -funroll-loops  (internal compiler error)
FAIL: gcc.c-torture/compile/pr33009.c  -O3 -fomit-frame-pointer -funroll-all-loops -finline-functions  (internal compiler error)
FAIL: gcc.c-torture/compile/pr33009.c  -O3 -g  (internal compiler error)
FAIL: gcc.c-torture/compile/pr33009.c  -Os  (internal compiler error)
FAIL: tmpdir-gcc.dg-struct-layout-1/t028 c_compat_x_tst.o-c_compat_y_tst.o execute 
FAIL: gcc.dg/cleanup-10.c execution test
FAIL: gcc.dg/cleanup-11.c execution test
FAIL: gcc.dg/cleanup-8.c execution test
FAIL: gcc.dg/cleanup-9.c execution test
FAIL: gcc.dg/pr17024-1.c (internal compiler error)
FAIL: gcc.dg/pr17024-1.c (test for excess errors)
FAIL: gcc.dg/pr28796-2.c (internal compiler error)
FAIL: gcc.dg/pr28796-2.c (test for excess errors)
UNRESOLVED: gcc.dg/pr28796-2.c compilation failed to produce executable
FAIL: gcc.dg/pr33645-3.c scan-assembler-not var1_t
FAIL: gcc.dg/pr33653.c scan-rtl-dump shorten "mem/v"
FAIL: gcc.dg/pr35729.c scan-rtl-dump-times loop2_invariant "Decided to move invariant" 0
FAIL: gcc.dg/visibility-14.c scan-hidden hidden[ \\t_]*foo
FAIL: gcc.dg/visibility-15.c scan-hidden hidden[ \\t_]*foo
FAIL: gcc.dg/visibility-16.c scan-hidden hidden[ \\t_]*foo
FAIL: gcc.dg/visibility-17.c scan-hidden hidden[ \\t_]*foo
FAIL: gcc.dg/visibility-18.c scan-hidden hidden[ \\t_]*foo
FAIL: gcc.dg/visibility-19.c scan-hidden hidden[ \\t_]*foo
FAIL: gcc.dg/torture/type-generic-1.c  -O0  execution test
FAIL: gcc.dg/torture/type-generic-1.c  -O1  execution test
FAIL: gcc.dg/torture/type-generic-1.c  -O2  execution test
FAIL: gcc.dg/torture/type-generic-1.c  -O3 -fomit-frame-pointer  execution test
FAIL: gcc.dg/torture/type-generic-1.c  -O3 -g  execution test
FAIL: gcc.dg/torture/type-generic-1.c  -Os  execution test
FAIL: gcc.target/alpha/max-1.c (internal compiler error)
FAIL: gcc.target/alpha/max-1.c (test for excess errors)
FAIL: gcc.target/alpha/max-2.c (internal compiler error)
FAIL: gcc.target/alpha/max-2.c (test for excess errors)
FAIL: gcc.target/alpha/pr19518.c (internal compiler error)
FAIL: gcc.target/alpha/pr19518.c (test for excess errors)

		=== gcc Summary ===

# of expected passes		48209
# of unexpected failures	46
# of expected failures		114
# of unresolved testcases	1
# of unsupported tests		491
/build/buildd/gcc-snapshot-20081023/build/gcc/xgcc  version 4.4.0 20081023 (experimental) [trunk revision 141326] (Debian 20081023-1) 

		=== gfortran tests ===


Running target unix
FAIL: gfortran.dg/boz_14.f90  -O0  execution test
FAIL: gfortran.dg/boz_9.f90  -O0  execution test
FAIL: gfortran.dg/boz_9.f90  -O1  execution test
FAIL: gfortran.dg/boz_9.f90  -O2  execution test
FAIL: gfortran.dg/boz_9.f90  -O3 -fomit-frame-pointer  execution test
FAIL: gfortran.dg/boz_9.f90  -O3 -fomit-frame-pointer -funroll-loops  execution test
FAIL: gfortran.dg/boz_9.f90  -O3 -fomit-frame-pointer -funroll-all-loops -finline-functions  execution test
FAIL: gfortran.dg/boz_9.f90  -O3 -g  execution test
FAIL: gfortran.dg/boz_9.f90  -Os  execution test
FAIL: gfortran.dg/default_format_denormal_1.f90  -O0  execution test
FAIL: gfortran.dg/default_format_denormal_1.f90  -O1  execution test
FAIL: gfortran.dg/default_format_denormal_1.f90  -O2  execution test
FAIL: gfortran.dg/default_format_denormal_1.f90  -O3 -fomit-frame-pointer  execution test
FAIL: gfortran.dg/default_format_denormal_1.f90  -O3 -fomit-frame-pointer -funroll-loops  execution test
FAIL: gfortran.dg/default_format_denormal_1.f90  -O3 -fomit-frame-pointer -funroll-all-loops -finline-functions  execution test
FAIL: gfortran.dg/default_format_denormal_1.f90  -O3 -g  execution test
FAIL: gfortran.dg/default_format_denormal_1.f90  -Os  execution test
FAIL: gfortran.dg/init_flag_3.f90  -O0  execution test
FAIL: gfortran.dg/init_flag_3.f90  -O1  execution test
FAIL: gfortran.dg/init_flag_3.f90  -O2  execution test
FAIL: gfortran.dg/init_flag_3.f90  -O3 -fomit-frame-pointer  execution test
FAIL: gfortran.dg/init_flag_3.f90  -O3 -fomit-frame-pointer -funroll-loops  execution test
FAIL: gfortran.dg/init_flag_3.f90  -O3 -fomit-frame-pointer -funroll-all-loops -finline-functions  execution test
FAIL: gfortran.dg/init_flag_3.f90  -O3 -g  execution test
FAIL: gfortran.dg/init_flag_3.f90  -Os  execution test
FAIL: gfortran.dg/init_flag_4.f90  -O0  execution test
FAIL: gfortran.dg/init_flag_4.f90  -O1  execution test
FAIL: gfortran.dg/init_flag_4.f90  -O2  execution test
FAIL: gfortran.dg/init_flag_4.f90  -Os  execution test
FAIL: gfortran.dg/init_flag_5.f90  -O0  execution test
FAIL: gfortran.dg/init_flag_5.f90  -O1  execution test
FAIL: gfortran.dg/init_flag_5.f90  -O2  execution test
FAIL: gfortran.dg/init_flag_5.f90  -Os  execution test
FAIL: gfortran.dg/integer_exponentiation_1.f90  -O0  execution test
FAIL: gfortran.dg/integer_exponentiation_5.F90  -O0  execution test
FAIL: gfortran.dg/integer_exponentiation_5.F90  -O1  execution test
FAIL: gfortran.dg/integer_exponentiation_5.F90  -O2  execution test
FAIL: gfortran.dg/integer_exponentiation_5.F90  -O3 -fomit-frame-pointer  execution test
FAIL: gfortran.dg/integer_exponentiation_5.F90  -O3 -fomit-frame-pointer -funroll-loops  execution test
FAIL: gfortran.dg/integer_exponentiation_5.F90  -O3 -fomit-frame-pointer -funroll-all-loops -finline-functions  execution test
FAIL: gfortran.dg/integer_exponentiation_5.F90  -O3 -g  execution test
FAIL: gfortran.dg/integer_exponentiation_5.F90  -Os  execution test
FAIL: gfortran.dg/isnan_1.f90  -O0  execution test
FAIL: gfortran.dg/isnan_1.f90  -O1  execution test
FAIL: gfortran.dg/isnan_1.f90  -O2  execution test
FAIL: gfortran.dg/isnan_1.f90  -O3 -fomit-frame-pointer  execution test
FAIL: gfortran.dg/isnan_1.f90  -O3 -fomit-frame-pointer -funroll-loops  execution test
FAIL: gfortran.dg/isnan_1.f90  -O3 -fomit-frame-pointer -funroll-all-loops -finline-functions  execution test
FAIL: gfortran.dg/isnan_1.f90  -O3 -g  execution test
FAIL: gfortran.dg/isnan_1.f90  -Os  execution test
FAIL: gfortran.dg/namelist_42.f90  -O0  execution test
FAIL: gfortran.dg/namelist_42.f90  -O1  execution test
FAIL: gfortran.dg/namelist_42.f90  -O2  execution test
FAIL: gfortran.dg/namelist_42.f90  -O3 -fomit-frame-pointer  execution test
FAIL: gfortran.dg/namelist_42.f90  -O3 -fomit-frame-pointer -funroll-loops  execution test
FAIL: gfortran.dg/namelist_42.f90  -O3 -fomit-frame-pointer -funroll-all-loops -finline-functions  execution test
FAIL: gfortran.dg/namelist_42.f90  -O3 -g  execution test
FAIL: gfortran.dg/namelist_42.f90  -Os  execution test
FAIL: gfortran.dg/namelist_43.f90  -O0  execution test
FAIL: gfortran.dg/namelist_43.f90  -O1  execution test
FAIL: gfortran.dg/namelist_43.f90  -O2  execution test
FAIL: gfortran.dg/namelist_43.f90  -O3 -fomit-frame-pointer  execution test
FAIL: gfortran.dg/namelist_43.f90  -O3 -fomit-frame-pointer -funroll-loops  execution test
FAIL: gfortran.dg/namelist_43.f90  -O3 -fomit-frame-pointer -funroll-all-loops -finline-functions  execution test
FAIL: gfortran.dg/namelist_43.f90  -O3 -g  execution test
FAIL: gfortran.dg/namelist_43.f90  -Os  execution test
FAIL: gfortran.dg/nan_1.f90  -O0  execution test
FAIL: gfortran.dg/nan_1.f90  -O1  execution test
FAIL: gfortran.dg/nan_1.f90  -O2  execution test
FAIL: gfortran.dg/nan_1.f90  -O3 -fomit-frame-pointer  execution test
FAIL: gfortran.dg/nan_1.f90  -O3 -fomit-frame-pointer -funroll-loops  execution test
FAIL: gfortran.dg/nan_1.f90  -O3 -fomit-frame-pointer -funroll-all-loops -finline-functions  execution test
FAIL: gfortran.dg/nan_1.f90  -O3 -g  execution test
FAIL: gfortran.dg/nan_1.f90  -Os  execution test
FAIL: gfortran.dg/nan_2.f90  -O0  execution test
FAIL: gfortran.dg/nan_2.f90  -O1  execution test
FAIL: gfortran.dg/nan_2.f90  -O2  execution test
FAIL: gfortran.dg/nan_2.f90  -O3 -fomit-frame-pointer  execution test
FAIL: gfortran.dg/nan_2.f90  -O3 -fomit-frame-pointer -funroll-loops  execution test
FAIL: gfortran.dg/nan_2.f90  -O3 -fomit-frame-pointer -funroll-all-loops -finline-functions  execution test
FAIL: gfortran.dg/nan_2.f90  -O3 -g  execution test
FAIL: gfortran.dg/nan_2.f90  -Os  execution test
FAIL: gfortran.dg/nan_3.f90  -O0  execution test
FAIL: gfortran.dg/nan_3.f90  -O1  execution test
FAIL: gfortran.dg/nan_3.f90  -O2  execution test
FAIL: gfortran.dg/nan_3.f90  -O3 -fomit-frame-pointer  execution test
FAIL: gfortran.dg/nan_3.f90  -O3 -fomit-frame-pointer -funroll-loops  execution test
FAIL: gfortran.dg/nan_3.f90  -O3 -fomit-frame-pointer -funroll-all-loops -finline-functions  execution test
FAIL: gfortran.dg/nan_3.f90  -O3 -g  execution test
FAIL: gfortran.dg/nan_3.f90  -Os  execution test
FAIL: gfortran.dg/nearest_1.f90  -O0  execution test
FAIL: gfortran.dg/nearest_1.f90  -O1  execution test
FAIL: gfortran.dg/nearest_1.f90  -O2  execution test
FAIL: gfortran.dg/nearest_1.f90  -O3 -fomit-frame-pointer  execution test
FAIL: gfortran.dg/nearest_1.f90  -O3 -fomit-frame-pointer -funroll-loops  execution test
FAIL: gfortran.dg/nearest_1.f90  -O3 -fomit-frame-pointer -funroll-all-loops -finline-functions  execution test
FAIL: gfortran.dg/nearest_1.f90  -O3 -g  execution test
FAIL: gfortran.dg/nearest_1.f90  -Os  execution test
FAIL: gfortran.dg/nearest_3.f90  -O0  execution test
FAIL: gfortran.dg/nearest_3.f90  -O1  execution test
FAIL: gfortran.dg/nearest_3.f90  -O2  execution test
FAIL: gfortran.dg/nearest_3.f90  -O3 -fomit-frame-pointer  execution test
FAIL: gfortran.dg/nearest_3.f90  -O3 -fomit-frame-pointer -funroll-loops  execution test
FAIL: gfortran.dg/nearest_3.f90  -O3 -fomit-frame-pointer -funroll-all-loops -finline-functions  execution test
FAIL: gfortran.dg/nearest_3.f90  -O3 -g  execution test
FAIL: gfortran.dg/nearest_3.f90  -Os  execution test
FAIL: gfortran.dg/pr37243.f  -O0  execution test
FAIL: gfortran.dg/pr37243.f  -O1  execution test
FAIL: gfortran.dg/pr37243.f  -O2  execution test
FAIL: gfortran.dg/pr37243.f  -O3 -fomit-frame-pointer  execution test
FAIL: gfortran.dg/pr37243.f  -O3 -fomit-frame-pointer -funroll-loops  execution test
FAIL: gfortran.dg/pr37243.f  -O3 -fomit-frame-pointer -funroll-all-loops -finline-functions  execution test
FAIL: gfortran.dg/pr37243.f  -O3 -g  execution test
FAIL: gfortran.dg/pr37243.f  -Os  execution test
FAIL: gfortran.dg/real_const_3.f90  -O0  execution test
FAIL: gfortran.dg/real_const_3.f90  -O1  execution test
FAIL: gfortran.dg/real_const_3.f90  -O2  execution test
FAIL: gfortran.dg/real_const_3.f90  -O3 -fomit-frame-pointer  execution test
FAIL: gfortran.dg/real_const_3.f90  -O3 -fomit-frame-pointer -funroll-loops  execution test
FAIL: gfortran.dg/real_const_3.f90  -O3 -fomit-frame-pointer -funroll-all-loops -finline-functions  execution test
FAIL: gfortran.dg/real_const_3.f90  -O3 -g  execution test
FAIL: gfortran.dg/real_const_3.f90  -Os  execution test
FAIL: gfortran.dg/transfer_simplify_2.f90  -O0  execution test
FAIL: gfortran.dg/transfer_simplify_2.f90  -O1  execution test
FAIL: gfortran.dg/transfer_simplify_2.f90  -O2  execution test
FAIL: gfortran.dg/transfer_simplify_2.f90  -O3 -fomit-frame-pointer  execution test
FAIL: gfortran.dg/transfer_simplify_2.f90  -O3 -fomit-frame-pointer -funroll-loops  execution test
FAIL: gfortran.dg/transfer_simplify_2.f90  -O3 -fomit-frame-pointer -funroll-all-loops -finline-functions  execution test
FAIL: gfortran.dg/transfer_simplify_2.f90  -O3 -g  execution test
FAIL: gfortran.dg/transfer_simplify_2.f90  -Os  execution test
FAIL: gfortran.fortran-torture/execute/intrinsic_len.f90 execution,  -O2 -fomit-frame-pointer -finline-functions -funroll-loops 
FAIL: gfortran.fortran-torture/execute/intrinsic_spacing.f90 execution,  -O2 
FAIL: gfortran.fortran-torture/execute/intrinsic_spacing.f90 execution,  -O2 -fomit-frame-pointer -finline-functions 
FAIL: gfortran.fortran-torture/execute/intrinsic_spacing.f90 execution,  -O2 -fomit-frame-pointer -finline-functions -funroll-loops 
FAIL: gfortran.fortran-torture/execute/intrinsic_spacing.f90 execution,  -O2 -fbounds-check 
FAIL: gfortran.fortran-torture/execute/intrinsic_spacing.f90 execution,  -O3 -g 
FAIL: gfortran.fortran-torture/execute/intrinsic_spacing.f90 execution, -O2 -ftree-vectorize -mmax 

		=== gfortran Summary ===

# of expected passes		28263
# of unexpected failures	137
# of expected failures		14
# of unsupported tests		45
/build/buildd/gcc-snapshot-20081023/build/gcc/testsuite/gfortran/../../gfortran  version 4.4.0 20081023 (experimental) [trunk revision 141326] (Debian 20081023-1) 

		=== obj-c++ tests ===


Running target unix
UNRESOLVED: obj-c++.dg/bitfield-1.mm compilation failed to produce executable
UNRESOLVED: obj-c++.dg/lookup-2.mm compilation failed to produce executable
UNRESOLVED: obj-c++.dg/try-catch-2.mm compilation failed to produce executable
UNRESOLVED: obj-c++.dg/try-catch-9.mm compilation failed to produce executable

		=== obj-c++ Summary ===

# of expected passes		426
# of expected failures		22
# of unresolved testcases	4
# of unsupported tests		13
/build/buildd/gcc-snapshot-20081023/build/gcc/testsuite/obj-c++/../../g++  version 4.4.0 20081023 (experimental) [trunk revision 141326] (Debian 20081023-1) 

		=== objc tests ===


Running target unix

		=== objc Summary ===

# of expected passes		1812
# of expected failures		7
# of unsupported tests		25
/build/buildd/gcc-snapshot-20081023/build/gcc/xgcc  version 4.4.0 20081023 (experimental) [trunk revision 141326] (Debian 20081023-1) 


Compiler version: 4.4.0 20081023 (experimental) [trunk revision 141326] (Debian 20081023-1) 
Platform: alpha-unknown-linux-gnu
configure flags: -v --with-pkgversion='Debian 20081023-1' --with-bugurl=file:///usr/share/doc/gcc-snapshot/README.Bugs --enable-languages=c,c++,java,fortran,objc,obj-c++ --prefix=/usr/lib/gcc-snapshot --enable-shared --with-system-zlib --disable-nls --enable-clocale=gnu --enable-libstdcxx-debug --enable-java-awt=gtk --enable-gtk-cairo --disable-plugin --with-java-home=/usr/lib/gcc-snapshot/jre --with-ecj-jar=/usr/share/java/eclipse-ecj.jar --enable-objc-gc --enable-mpfr --disable-libssp --with-long-double-128 --disable-werror --build=alpha-linux-gnu --host=alpha-linux-gnu --target=alpha-linux-gnu
BOOT_CFLAGS=


Build Dependencies:
Desired=Unknown/Install/Remove/Purge/Hold
| Status=Not/Inst/Cfg-files/Unpacked/Failed-cfg/Half-inst/trig-aWait/Trig-pend
|/ Err?=(none)/Hold/Reinst-required/X=both-problems (Status,Err: uppercase=bad)
||/ Name                                 Version              Description
+++-====================================-====================-==============================================
ii  binutils                             2.18.1~cvs20080103-7 The GNU assembler, linker and binary utilities
ii  libc6.1                              2.7-13               GNU C Library: Shared libraries


Patches that Debian applied in this version:

pr27880:
  PR target/27880: Restore static linking on ia64 with system libunwind
  by adding unwind-compat to the static libgcc.

cpu-default-i486:
  set default 32bit ix86 architecture to i486

gcc-ice-hack-trunk:
  Retry the build on an ice, save the calling options and preprocessed
  source when the ice is reproducible.

gcc-ice-apport-trunk:
  Report an ICE to apport (if apport is available
  and the environment variable GCC_NOAPPORT is not set)

libjava-disable-static:
  Disable building the static libjava.

multiarch-include-trunk:
  biarch-include.dpatch
  
  Adds biarch include directories
  /usr/local/include/<arch>-linux-gnu
  /usr/include/<arch>-linux-gnu
  to the system include paths, depending on 32/64 bit mode.

Counting all warnings,
there are 0 warnings in stage3 of this bootstrap.

Number of warnings per file:

Number of warning types:


Index Nav: [Date Index] [Subject Index] [Author Index] [Thread Index]
Message Nav: [Date Prev] [Date Next] [Thread Prev] [Thread Next]