This is the mail archive of the gcc-testresults@gcc.gnu.org mailing list for the GCC project.


Index Nav: [Date Index] [Subject Index] [Author Index] [Thread Index]
Message Nav: [Date Prev] [Date Next] [Thread Prev] [Thread Next]
Other format: [Raw text]

Results for 4.4.0 ira 20080826 (experimental) (GCC) testsuite on s390x-ibm-linux-gnu


LAST_UPDATED: Tue Oct 28 22:56:49 UTC 2008 (revision 141414M)

		=== acats tests ===
FAIL:	c34018a
FAIL:	c36104a
FAIL:	c41328a
FAIL:	c760010
FAIL:	c761006
FAIL:	c761007
FAIL:	c761011
FAIL:	ca11d03
FAIL:	cb40005
FAIL:	cb4004a
FAIL:	cc3125a
FAIL:	cc3305a
FAIL:	cc3305b
FAIL:	cc3305c
FAIL:	cc3305d
FAIL:	ce3403f
FAIL:	ce3801b
FAIL:	ce3806b
FAIL:	ce3806h
FAIL:	ce3901a
FAIL:	ce3905c
FAIL:	ce3906b
FAIL:	ce3906e
FAIL:	ce3907a
FAIL:	cxb3010
FAIL:	cxb3011
FAIL:	la14021

		=== acats Summary ===
# of expected passes		2288
# of unexpected failures	27
Native configuration is s390x-ibm-linux-gnu

		=== g++ tests ===


Running target unix
FAIL: g++.dg/eh/registers1.C execution test
FAIL: g++.dg/ipa/iinline-1.C scan-ipa-dump inline "String::funcOne[^\\n]*inline copy in int main"
FAIL: g++.dg/opt/pr23478.C execution test
FAIL: g++.dg/other/PR23205.C scan-assembler .stabs.*foobar:c=i
FAIL: g++.old-deja/g++.abi/cxa_vec.C execution test
WARNING: program timed out.
FAIL: g++.old-deja/g++.eh/inline2.C execution test

		=== g++ Summary ===

# of expected passes		17986
# of unexpected failures	6
# of expected failures		80
# of unsupported tests		144
/31bit/build/BUILD/gcc/obj-s390x-redhat-linux/gcc/testsuite/g++/../../g++  version 4.4.0 20080826 (experimental) (GCC) 

		=== gcc tests ===


Running target unix
FAIL: gcc.c-torture/compile/limits-exprparen.c  -O0  (test for excess errors)
FAIL: gcc.c-torture/compile/limits-exprparen.c  -O1  (test for excess errors)
FAIL: gcc.c-torture/compile/limits-exprparen.c  -O2  (test for excess errors)
FAIL: gcc.c-torture/compile/limits-exprparen.c  -O3 -fomit-frame-pointer  (test for excess errors)
FAIL: gcc.c-torture/compile/limits-exprparen.c  -O3 -g  (test for excess errors)
FAIL: gcc.c-torture/compile/limits-exprparen.c  -Os  (test for excess errors)
FAIL: gcc.c-torture/compile/pr11832.c  -O0  (internal compiler error)
FAIL: gcc.c-torture/compile/pr11832.c  -O1  (internal compiler error)
FAIL: gcc.c-torture/compile/pr11832.c  -O2  (internal compiler error)
FAIL: gcc.c-torture/compile/pr11832.c  -O3 -fomit-frame-pointer  (internal compiler error)
FAIL: gcc.c-torture/compile/pr11832.c  -O3 -fomit-frame-pointer -funroll-loops  (internal compiler error)
FAIL: gcc.c-torture/compile/pr11832.c  -O3 -fomit-frame-pointer -funroll-all-loops -finline-functions  (internal compiler error)
FAIL: gcc.c-torture/compile/pr11832.c  -O3 -g  (internal compiler error)
FAIL: gcc.c-torture/compile/pr11832.c  -Os  (internal compiler error)
FAIL: gcc.c-torture/compile/pr33009.c  -O0  (internal compiler error)
FAIL: gcc.c-torture/compile/pr33009.c  -O1  (internal compiler error)
FAIL: gcc.c-torture/compile/pr33009.c  -O2  (internal compiler error)
FAIL: gcc.c-torture/compile/pr33009.c  -O3 -fomit-frame-pointer  (internal compiler error)
FAIL: gcc.c-torture/compile/pr33009.c  -O3 -fomit-frame-pointer -funroll-loops  (internal compiler error)
FAIL: gcc.c-torture/compile/pr33009.c  -O3 -fomit-frame-pointer -funroll-all-loops -finline-functions  (internal compiler error)
FAIL: gcc.c-torture/compile/pr33009.c  -O3 -g  (internal compiler error)
FAIL: gcc.c-torture/compile/pr33009.c  -Os  (internal compiler error)
FAIL: gcc.dg/debug/dwarf2/dwarf-die3.c scan-assembler-not DW_AT_inline
FAIL: gcc.dg/pr35729.c scan-rtl-dump-times loop2_invariant "Decided to move invariant" 0
FAIL: gcc.dg/uninit-13.c unconditional (test for warnings, line 8)
FAIL: gcc.dg/uninit-13.c (test for excess errors)
FAIL: gcc.dg/visibility-16.c scan-hidden hidden[ \\t_]*foo
FAIL: gcc.dg/ipa/ipa-1.c scan-ipa-dump-times cp "versioned function" 2
FAIL: gcc.dg/ipa/ipa-1.c scan-ipa-dump-times cp "replacing param with const" 2
FAIL: gcc.dg/ipa/ipa-2.c scan-ipa-dump-times cp "versioned function" 2
FAIL: gcc.dg/ipa/ipa-2.c scan-ipa-dump-times cp "replacing param with const" 2
FAIL: gcc.dg/ipa/ipa-3.c scan-ipa-dump-times cp "versioned function" 2
FAIL: gcc.dg/ipa/ipa-3.c scan-ipa-dump-times cp "replacing param with const" 3
FAIL: gcc.dg/ipa/ipa-4.c scan-ipa-dump-times cp "versioned function" 1
FAIL: gcc.dg/ipa/ipa-4.c scan-ipa-dump-times cp "replacing param with const" 1
FAIL: gcc.dg/ipa/ipa-5.c scan-ipa-dump-times cp "versioned function" 2
FAIL: gcc.dg/ipa/ipa-5.c scan-ipa-dump-times cp "replacing param with const" 2
FAIL: gcc.dg/ipa/ipa-7.c scan-ipa-dump-times cp "versioned function" 1
FAIL: gcc.dg/ipa/ipa-7.c scan-ipa-dump-times cp "replacing param with const" 1
FAIL: gcc.dg/ipa/ipacost-1.c scan-tree-dump optimized "symbol: array"
FAIL: gcc.dg/ipa/ipacost-2.c scan-ipa-dump-times cp "versioned function i_can_not_be_propagated_fully2" 1
FAIL: gcc.dg/ipa/ipacost-2.c scan-ipa-dump-times cp "versioned function i_can_not_be_propagated_fully " 1
FAIL: gcc.dg/ipa/ipacost-2.c scan-tree-dump optimized "symbol: array"
FAIL: gcc.dg/tree-prof/bb-reorg.c compilation,  -fprofile-use -D_PROFILE_USE
UNRESOLVED: gcc.dg/tree-prof/bb-reorg.c execution,    -fprofile-use -D_PROFILE_USE
FAIL: gcc.dg/tree-prof/pr34999.c compilation,  -fprofile-use -D_PROFILE_USE
UNRESOLVED: gcc.dg/tree-prof/pr34999.c execution,    -fprofile-use -D_PROFILE_USE
XPASS: gcc.dg/tree-ssa/20040204-1.c scan-tree-dump-times optimized "link_error" 0
XPASS: gcc.dg/tree-ssa/sra-2.c scan-tree-dump-times optimized "link_error" 0
FAIL: gcc.dg/weak/weak-1.c scan-assembler weak[^ \\t]*[ \\t]_?j

		=== gcc Summary ===

# of expected passes		47398
# of unexpected failures	46
# of unexpected successes	2
# of expected failures		118
# of unresolved testcases	2
# of unsupported tests		492
/31bit/build/BUILD/gcc/obj-s390x-redhat-linux/gcc/xgcc  version 4.4.0 20080826 (experimental) (GCC) 

		=== gfortran tests ===


Running target unix
FAIL: gfortran.dg/parameter_array_init_3.f90  -O  (internal compiler error)
FAIL: gfortran.dg/parameter_array_init_3.f90  -O  (test for excess errors)

		=== gfortran Summary ===

# of expected passes		27015
# of unexpected failures	2
# of expected failures		13
# of unsupported tests		36
/31bit/build/BUILD/gcc/obj-s390x-redhat-linux/gcc/testsuite/gfortran/../../gfortran  version 4.4.0 20080826 (experimental) (GCC) 

		=== gnat tests ===


Running target unix
FAIL: gnat.dg/pack3.adb execution test

		=== gnat Summary ===

# of expected passes		566
# of unexpected failures	1
# of expected failures		6
		=== obj-c++ tests ===


Running target unix
WARNING: obj-c++.dg/bitfield-1.mm compilation failed to produce executable
WARNING: obj-c++.dg/lookup-2.mm compilation failed to produce executable
WARNING: obj-c++.dg/try-catch-2.mm compilation failed to produce executable
WARNING: obj-c++.dg/try-catch-9.mm compilation failed to produce executable

		=== obj-c++ Summary ===

# of expected passes		426
# of expected failures		22
# of unsupported tests		13
/31bit/build/BUILD/gcc/obj-s390x-redhat-linux/gcc/testsuite/obj-c++/../../g++  version 4.4.0 20080826 (experimental) (GCC) 

		=== objc tests ===


Running target unix
FAIL: objc/execute/exceptions/local-variables-1.m execution,  -O1 -fgnu-runtime
FAIL: objc/execute/exceptions/local-variables-1.m execution,  -O2 -fgnu-runtime
FAIL: objc/execute/exceptions/local-variables-1.m execution,  -O3 -fomit-frame-pointer -fgnu-runtime
FAIL: objc/execute/exceptions/local-variables-1.m execution,  -O3 -g -fgnu-runtime

		=== objc Summary ===

# of expected passes		1810
# of unexpected failures	4
# of expected failures		7
# of unsupported tests		24
/31bit/build/BUILD/gcc/obj-s390x-redhat-linux/gcc/xgcc  version 4.4.0 20080826 (experimental) (GCC) 

		=== libffi tests ===


Running target unix

		=== libffi Summary ===

# of expected passes		1389
# of unsupported tests		10
		=== libgomp tests ===


Running target unix

		=== libgomp Summary ===

# of expected passes		2289
		=== libjava tests ===


Running target unix
FAIL: events output
FAIL: G19990303_02 execution - source compiled test
FAIL: G19990303_02 -findirect-dispatch execution - source compiled test
FAIL: G19990303_02 -O3 execution - source compiled test
FAIL: G19990303_02 -O3 -findirect-dispatch execution - source compiled test

		=== libjava Summary ===

# of expected passes		2565
# of unexpected failures	5
# of untested testcases		4
		=== libmudflap tests ===


Running target unix
FAIL: libmudflap.c++/pass41-frag.cxx execution test
FAIL: libmudflap.c++/pass41-frag.cxx (-static) execution test
FAIL: libmudflap.c++/pass41-frag.cxx (-O2) execution test
FAIL: libmudflap.c++/pass41-frag.cxx (-O3) execution test

		=== libmudflap Summary ===

# of expected passes		1861
# of unexpected failures	4
		=== libstdc++ tests ===


Running target unix
FAIL: abi_check
FAIL: 20_util/shared_ptr/thread/mutex_weaktoshared.cc execution test
FAIL: 23_containers/list/modifiers/3.cc execution test
WARNING: program timed out.
FAIL: 23_containers/list/modifiers/insert/25288.cc execution test
XPASS: 23_containers/unordered_multimap/init-list.cc (test for excess errors)
FAIL: 23_containers/vector/bool/modifiers/insert/31370.cc execution test
FAIL: 23_containers/vector/cons/4.cc execution test
XPASS: 26_numerics/headers/cmath/c99_classification_macros_c.cc (test for excess errors)
FAIL: 27_io/basic_ios/exceptions/char/2.cc execution test
FAIL: ext/pb_ds/regression/hash_data_map_rand.cc execution test
FAIL: ext/pb_ds/regression/hash_no_data_map_rand.cc execution test
FAIL: ext/pb_ds/regression/priority_queue_rand.cc execution test
FAIL: ext/pb_ds/regression/tree_no_data_map_rand.cc execution test
FAIL: ext/pb_ds/regression/trie_data_map_rand.cc execution test
FAIL: ext/pb_ds/regression/trie_no_data_map_rand.cc execution test
FAIL: ext/pool_allocator/allocate_chunk.cc execution test
FAIL: tr1/2_general_utilities/shared_ptr/thread/mutex_weaktoshared.cc execution test

		=== libstdc++ Summary ===

# of expected passes		5983
# of unexpected failures	15
# of unexpected successes	2
# of expected failures		70
# of unsupported tests		10

Compiler version: 4.4.0 20080826 (experimental) (GCC) 
Platform: s390x-ibm-linux-gnu
configure flags: --prefix=/usr --mandir=/usr/share/man --infodir=/usr/share/info --enable-shared --enable-threads=posix --enable-checking --with-system-zlib --enable-__cxa_atexit --with-long-double-128 --host=s390x-redhat-linux --build=s390x-redhat-linux --target=s390x-redhat-linux --enable-languages=c,c++,objc,obj-c++,java,fortran,ada


Index Nav: [Date Index] [Subject Index] [Author Index] [Thread Index]
Message Nav: [Date Prev] [Date Next] [Thread Prev] [Thread Next]