This is the mail archive of the
gcc-testresults@gcc.gnu.org
mailing list for the GCC project.
Results for 4.4.0 20081023 (experimental) [trunk revision 141326] (Debian 20081023-1) testsuite on ia64-unknown-linux-gnu
- From: Matthias Klose <doko at debian dot org>
- To: gcc-testresults at gcc dot gnu dot org
- Cc: debian-gcc at lists dot debian dot org
- Date: Sat, 25 Oct 2008 17:54:50 -0600
- Subject: Results for 4.4.0 20081023 (experimental) [trunk revision 141326] (Debian 20081023-1) testsuite on ia64-unknown-linux-gnu
- Reply-to: Matthias Klose <doko at debian dot org>
LAST_UPDATED: Thu Oct 23 19:32:02 UTC 2008 (revision 141326)
Target: ia64-linux-gnu
gcc version 4.4.0 20081023 (experimental) [trunk revision 141326] (Debian 20081023-1)
=== acats tests ===
FAIL: c390002
FAIL: c392002
FAIL: c392003
FAIL: c392013
FAIL: c393008
FAIL: c393009
FAIL: c760013
FAIL: c97307a
FAIL: cd72a02
FAIL: cdd2a01
FAIL: cdd2a03
FAIL: cxb3014
FAIL: cxb3016
=== acats Summary ===
# of expected passes 2302
# of unexpected failures 13
Native configuration is ia64-unknown-linux-gnu
=== g++ tests ===
Running target unix
FAIL: g++.dg/tree-prof/indir-call-prof.C scan-tree-dump tree_profile "Indirect call -> direct call.* AA transformation on insn"
FAIL: g++.dg/tree-prof/indir-call-prof.C scan-tree-dump tree_profile "Indirect call -> direct call.* AA transformation on insn"
FAIL: g++.dg/tree-prof/indir-call-prof.C scan-tree-dump tree_profile "Indirect call -> direct call.* AA transformation on insn"
FAIL: g++.dg/tree-prof/indir-call-prof.C scan-tree-dump tree_profile "Indirect call -> direct call.* AA transformation on insn"
FAIL: g++.dg/tree-prof/indir-call-prof.C scan-tree-dump tree_profile "Indirect call -> direct call.* AA transformation on insn"
FAIL: g++.dg/tree-prof/indir-call-prof.C scan-tree-dump tree_profile "Indirect call -> direct call.* AA transformation on insn"
FAIL: g++.dg/tree-prof/indir-call-prof.C scan-tree-dump tree_profile "Indirect call -> direct call.* AA transformation on insn"
FAIL: g++.old-deja/g++.mike/warn1.C (test for errors, line 12)
FAIL: g++.old-deja/g++.mike/warn1.C (test for excess errors)
=== g++ Summary ===
# of expected passes 17728
# of unexpected failures 9
# of expected failures 80
# of unsupported tests 148
/build/buildd/gcc-snapshot-20081023/build/gcc/testsuite/g++/../../g++ version 4.4.0 20081023 (experimental) [trunk revision 141326] (Debian 20081023-1)
=== gcc tests ===
Running target unix
WARNING: program timed out.
FAIL: gcc.c-torture/compile/limits-fnargs.c -O2 (test for excess errors)
WARNING: program timed out.
FAIL: gcc.c-torture/compile/limits-fnargs.c -O3 -fomit-frame-pointer (test for excess errors)
WARNING: program timed out.
FAIL: gcc.c-torture/compile/limits-fnargs.c -O3 -g (test for excess errors)
WARNING: program timed out.
FAIL: gcc.c-torture/compile/limits-fnargs.c -Os (test for excess errors)
XPASS: gcc.c-torture/compile/pr11832.c -O3 -fomit-frame-pointer (test for excess errors)
XPASS: gcc.c-torture/compile/pr11832.c -O3 -fomit-frame-pointer -funroll-loops (test for excess errors)
XPASS: gcc.c-torture/compile/pr11832.c -O3 -fomit-frame-pointer -funroll-all-loops -finline-functions (test for excess errors)
XPASS: gcc.c-torture/compile/pr11832.c -O3 -g (test for excess errors)
XPASS: gcc.c-torture/compile/pr11832.c -Os (test for excess errors)
XPASS: gcc.c-torture/compile/pr33009.c -O1 (test for excess errors)
XPASS: gcc.c-torture/compile/pr33009.c -O2 (test for excess errors)
XPASS: gcc.c-torture/compile/pr33009.c -O3 -fomit-frame-pointer (test for excess errors)
XPASS: gcc.c-torture/compile/pr33009.c -O3 -fomit-frame-pointer -funroll-loops (test for excess errors)
XPASS: gcc.c-torture/compile/pr33009.c -O3 -fomit-frame-pointer -funroll-all-loops -finline-functions (test for excess errors)
XPASS: gcc.c-torture/compile/pr33009.c -O3 -g (test for excess errors)
XPASS: gcc.c-torture/compile/pr33009.c -Os (test for excess errors)
WARNING: program timed out.
FAIL: gcc.dg/20020425-1.c (test for excess errors)
FAIL: gcc.dg/builtin-apply4.c execution test
FAIL: gcc.dg/pr33645-3.c scan-assembler-not var1_t
FAIL: gcc.dg/pr35729.c scan-rtl-dump-times loop2_invariant "Decided to move invariant" 0
UNRESOLVED: gcc.dg/torture/fp-int-convert-float128-timode.c -O0 compilation failed to produce executable
UNRESOLVED: gcc.dg/torture/fp-int-convert-float128-timode.c -O1 compilation failed to produce executable
UNRESOLVED: gcc.dg/torture/fp-int-convert-float128-timode.c -O2 compilation failed to produce executable
UNRESOLVED: gcc.dg/torture/fp-int-convert-float128-timode.c -O3 -fomit-frame-pointer compilation failed to produce executable
UNRESOLVED: gcc.dg/torture/fp-int-convert-float128-timode.c -O3 -g compilation failed to produce executable
UNRESOLVED: gcc.dg/torture/fp-int-convert-float128-timode.c -Os compilation failed to produce executable
FAIL: gcc.dg/torture/fp-int-convert-float128.c -O0 (test for excess errors)
UNRESOLVED: gcc.dg/torture/fp-int-convert-float128.c -O0 compilation failed to produce executable
FAIL: gcc.dg/torture/fp-int-convert-float128.c -O1 (test for excess errors)
UNRESOLVED: gcc.dg/torture/fp-int-convert-float128.c -O1 compilation failed to produce executable
FAIL: gcc.dg/torture/fp-int-convert-float128.c -O2 (test for excess errors)
UNRESOLVED: gcc.dg/torture/fp-int-convert-float128.c -O2 compilation failed to produce executable
FAIL: gcc.dg/torture/fp-int-convert-float128.c -O3 -fomit-frame-pointer (test for excess errors)
UNRESOLVED: gcc.dg/torture/fp-int-convert-float128.c -O3 -fomit-frame-pointer compilation failed to produce executable
FAIL: gcc.dg/torture/fp-int-convert-float128.c -O3 -g (test for excess errors)
UNRESOLVED: gcc.dg/torture/fp-int-convert-float128.c -O3 -g compilation failed to produce executable
FAIL: gcc.dg/torture/fp-int-convert-float128.c -Os (test for excess errors)
UNRESOLVED: gcc.dg/torture/fp-int-convert-float128.c -Os compilation failed to produce executable
XPASS: gcc.dg/tree-ssa/loop-1.c scan-assembler-times foo 5
FAIL: gcc.dg/vect/vect-67.c scan-tree-dump-times vect "vectorized 1 loops" 1
=== gcc Summary ===
# of expected passes 48501
# of unexpected failures 15
# of unexpected successes 13
# of expected failures 253
# of unresolved testcases 12
# of unsupported tests 478
/build/buildd/gcc-snapshot-20081023/build/gcc/xgcc version 4.4.0 20081023 (experimental) [trunk revision 141326] (Debian 20081023-1)
=== gfortran tests ===
Running target unix
FAIL: gfortran.dg/parameter_array_init_3.f90 -O (internal compiler error)
FAIL: gfortran.dg/parameter_array_init_3.f90 -O (test for excess errors)
=== gfortran Summary ===
# of expected passes 28421
# of unexpected failures 2
# of expected failures 22
# of unsupported tests 28
/build/buildd/gcc-snapshot-20081023/build/gcc/testsuite/gfortran/../../gfortran version 4.4.0 20081023 (experimental) [trunk revision 141326] (Debian 20081023-1)
=== gnat tests ===
Running target unix
FAIL: gnat.dg/abstract_with_anonymous_result.adb (test for excess errors)
UNRESOLVED: gnat.dg/abstract_with_anonymous_result.adb compilation failed to produce executable
FAIL: gnat.dg/access_discr.adb (test for excess errors)
FAIL: gnat.dg/access_discr2.adb (test for excess errors)
UNRESOLVED: gnat.dg/access_discr2.adb compilation failed to produce executable
FAIL: gnat.dg/access_test.adb (test for excess errors)
UNRESOLVED: gnat.dg/access_test.adb compilation failed to produce executable
FAIL: gnat.dg/aggr3.adb (test for excess errors)
UNRESOLVED: gnat.dg/aggr3.adb compilation failed to produce executable
FAIL: gnat.dg/aggr7.adb (test for excess errors)
FAIL: gnat.dg/bip_aggregate_bug.adb (test for excess errors)
UNRESOLVED: gnat.dg/bip_aggregate_bug.adb compilation failed to produce executable
FAIL: gnat.dg/check_displace_generation.adb (test for excess errors)
UNRESOLVED: gnat.dg/check_displace_generation.adb compilation failed to produce executable
FAIL: gnat.dg/class_wide.adb (test for excess errors)
FAIL: gnat.dg/discr4.adb (test for excess errors)
UNRESOLVED: gnat.dg/discr4.adb compilation failed to produce executable
FAIL: gnat.dg/finalized.adb (test for excess errors)
FAIL: gnat.dg/inline_tagged.adb (test for excess errors)
UNRESOLVED: gnat.dg/inline_tagged.adb compilation failed to produce executable
FAIL: gnat.dg/interface1.adb (test for excess errors)
UNRESOLVED: gnat.dg/interface1.adb compilation failed to produce executable
FAIL: gnat.dg/interface2.adb (test for excess errors)
UNRESOLVED: gnat.dg/interface2.adb compilation failed to produce executable
FAIL: gnat.dg/interface3.adb (test for excess errors)
UNRESOLVED: gnat.dg/interface3.adb compilation failed to produce executable
FAIL: gnat.dg/interface_conv.adb (test for excess errors)
UNRESOLVED: gnat.dg/interface_conv.adb compilation failed to produce executable
FAIL: gnat.dg/iprot_test.adb (test for excess errors)
UNRESOLVED: gnat.dg/iprot_test.adb compilation failed to produce executable
FAIL: gnat.dg/late_overriding.adb (test for excess errors)
FAIL: gnat.dg/lhs_view_convert.adb (test for excess errors)
UNRESOLVED: gnat.dg/lhs_view_convert.adb compilation failed to produce executable
FAIL: gnat.dg/named_test.adb (test for excess errors)
UNRESOLVED: gnat.dg/named_test.adb compilation failed to produce executable
FAIL: gnat.dg/nested_controlled_alloc.adb (test for excess errors)
UNRESOLVED: gnat.dg/nested_controlled_alloc.adb compilation failed to produce executable
FAIL: gnat.dg/no_final.adb (test for excess errors)
UNRESOLVED: gnat.dg/no_final.adb compilation failed to produce executable
FAIL: gnat.dg/self1.adb (test for excess errors)
FAIL: gnat.dg/set_in_pproc.adb (test for excess errors)
FAIL: gnat.dg/tag1.adb (test for excess errors)
UNRESOLVED: gnat.dg/tag1.adb compilation failed to produce executable
FAIL: gnat.dg/test_iface_aggr.adb (test for excess errors)
UNRESOLVED: gnat.dg/test_iface_aggr.adb compilation failed to produce executable
=== gnat Summary ===
# of expected passes 539
# of unexpected failures 26
# of expected failures 6
# of unresolved testcases 19
=== obj-c++ tests ===
Running target unix
UNRESOLVED: obj-c++.dg/bitfield-1.mm compilation failed to produce executable
UNRESOLVED: obj-c++.dg/lookup-2.mm compilation failed to produce executable
UNRESOLVED: obj-c++.dg/try-catch-2.mm compilation failed to produce executable
UNRESOLVED: obj-c++.dg/try-catch-9.mm compilation failed to produce executable
=== obj-c++ Summary ===
# of expected passes 426
# of expected failures 22
# of unresolved testcases 4
# of unsupported tests 13
/build/buildd/gcc-snapshot-20081023/build/gcc/testsuite/obj-c++/../../g++ version 4.4.0 20081023 (experimental) [trunk revision 141326] (Debian 20081023-1)
=== objc tests ===
Running target unix
=== objc Summary ===
# of expected passes 1812
# of expected failures 7
# of unsupported tests 25
/build/buildd/gcc-snapshot-20081023/build/gcc/xgcc version 4.4.0 20081023 (experimental) [trunk revision 141326] (Debian 20081023-1)
=== libffi tests ===
Running target unix
=== libffi Summary ===
# of expected passes 1389
# of unsupported tests 10
=== libgomp tests ===
Running target unix
=== libgomp Summary ===
# of expected passes 2289
=== libjava tests ===
Running target unix
FAIL: TestClosureGC run
FAIL: getlocalvartable output
FAIL: Array_3 execution - source compiled test
FAIL: Array_3 -findirect-dispatch execution - source compiled test
FAIL: Array_3 -O3 execution - source compiled test
FAIL: Array_3 -O3 -findirect-dispatch execution - source compiled test
FAIL: Divide_1 execution - source compiled test
FAIL: Divide_1 -findirect-dispatch execution - source compiled test
FAIL: Divide_1 -O3 execution - source compiled test
FAIL: Divide_1 -O3 -findirect-dispatch execution - source compiled test
FAIL: Divide_2 execution - source compiled test
FAIL: Divide_2 -findirect-dispatch execution - source compiled test
FAIL: Divide_2 -O3 execution - source compiled test
FAIL: Divide_2 -O3 -findirect-dispatch execution - source compiled test
FAIL: Invoke_1 execution - source compiled test
FAIL: Invoke_1 -findirect-dispatch execution - source compiled test
FAIL: Invoke_1 -O3 execution - source compiled test
FAIL: Invoke_1 -O3 -findirect-dispatch execution - source compiled test
FAIL: StringBuffer_1 execution - source compiled test
FAIL: StringBuffer_1 -findirect-dispatch execution - source compiled test
FAIL: StringBuffer_1 -O3 execution - source compiled test
FAIL: StringBuffer_1 -O3 -findirect-dispatch execution - source compiled test
FAIL: Throw_3 -O3 output - source compiled test
FAIL: Throw_3 -O3 -findirect-dispatch output - source compiled test
FAIL: pr83 -findirect-dispatch execution - source compiled test
FAIL: pr83 -O3 -findirect-dispatch execution - source compiled test
=== libjava Summary ===
# of expected passes 2526
# of unexpected failures 26
# of untested testcases 23
=== libmudflap tests ===
Running target unix
FAIL: libmudflap.c++/pass41-frag.cxx execution test
FAIL: libmudflap.c++/pass41-frag.cxx (-static) execution test
FAIL: libmudflap.c++/pass41-frag.cxx (-O2) execution test
FAIL: libmudflap.c++/pass41-frag.cxx (-O3) execution test
=== libmudflap Summary ===
# of expected passes 1882
# of unexpected failures 4
=== libstdc++ tests ===
Running target unix
XPASS: 26_numerics/headers/cmath/c99_classification_macros_c.cc (test for excess errors)
FAIL: ext/pb_ds/regression/list_update_data_map_rand.cc (test for excess errors)
=== libstdc++ Summary ===
# of expected passes 5645
# of unexpected failures 1
# of unexpected successes 1
# of expected failures 72
# of unsupported tests 326
Compiler version: 4.4.0 20081023 (experimental) [trunk revision 141326] (Debian 20081023-1)
Platform: ia64-unknown-linux-gnu
configure flags: -v --with-pkgversion='Debian 20081023-1' --with-bugurl=file:///usr/share/doc/gcc-snapshot/README.Bugs --enable-languages=c,c++,java,fortran,objc,obj-c++,ada --prefix=/usr/lib/gcc-snapshot --enable-shared --with-system-zlib --disable-nls --enable-clocale=gnu --enable-libstdcxx-debug --enable-java-awt=gtk --enable-gtk-cairo --disable-plugin --with-java-home=/usr/lib/gcc-snapshot/jre --with-ecj-jar=/usr/share/java/eclipse-ecj.jar --enable-objc-gc --enable-mpfr --disable-libssp --with-system-libunwind --disable-werror --build=ia64-linux-gnu --host=ia64-linux-gnu --target=ia64-linux-gnu
BOOT_CFLAGS=
Build Dependencies:
Desired=Unknown/Install/Remove/Purge/Hold
| Status=Not/Inst/Cfg-files/Unpacked/Failed-cfg/Half-inst/trig-aWait/Trig-pend
|/ Err?=(none)/Hold/Reinst-required/X=both-problems (Status,Err: uppercase=bad)
||/ Name Version Description
+++-=====================================-====================-==============================================
ii binutils 2.18.1~cvs20080103-7 The GNU assembler, linker and binary utilities
ii libc6.1 2.7-11 GNU C Library: Shared libraries
Patches that Debian applied in this version:
pr27880:
PR target/27880: Restore static linking on ia64 with system libunwind
by adding unwind-compat to the static libgcc.
cpu-default-i486:
set default 32bit ix86 architecture to i486
gcc-ice-hack-trunk:
Retry the build on an ice, save the calling options and preprocessed
source when the ice is reproducible.
gcc-ice-apport-trunk:
Report an ICE to apport (if apport is available
and the environment variable GCC_NOAPPORT is not set)
libjava-disable-static:
Disable building the static libjava.
multiarch-include-trunk:
biarch-include.dpatch
Adds biarch include directories
/usr/local/include/<arch>-linux-gnu
/usr/include/<arch>-linux-gnu
to the system include paths, depending on 32/64 bit mode.
Counting all warnings,
there are 0 warnings in stage3 of this bootstrap.
Number of warnings per file:
Number of warning types: