This is the mail archive of the gcc-testresults@gcc.gnu.org mailing list for the GCC project.


Index Nav: [Date Index] [Subject Index] [Author Index] [Thread Index]
Message Nav: [Date Prev] [Date Next] [Thread Prev] [Thread Next]
Other format: [Raw text]

Results for 4.3.2 (Debian 4.3.2-2~exp2) testsuite on sparc-unknown-linux-gnu


LAST_UPDATED: Thu Oct 23 13:50:22 UTC 2008 (revision 141322)

Target: sparc-linux-gnu
gcc version 4.3.2 (Debian 4.3.2-2~exp2) 
Native configuration is sparc-unknown-linux-gnu

		=== g++ tests ===


Running target unix
FAIL: g++.dg/opt/anchor1.C execution test

		=== g++ Summary for unix ===

# of expected passes		17580
# of unexpected failures	1
# of expected failures		82
# of unsupported tests		138

Running target unix/-fstack-protector
FAIL: g++.dg/opt/anchor1.C execution test

		=== g++ Summary for unix/-fstack-protector ===

# of expected passes		17580
# of unexpected failures	1
# of expected failures		82
# of unsupported tests		138

Running target unix/-m64
FAIL: tmpdir-g++.dg-struct-layout-1/t026 cp_compat_x_tst.o compile,  (internal compiler error)
FAIL: tmpdir-g++.dg-struct-layout-1/t026 cp_compat_y_tst.o compile,  (internal compiler error)
UNRESOLVED: tmpdir-g++.dg-struct-layout-1/t026 cp_compat_x_tst.o-cp_compat_y_tst.o link 
UNRESOLVED: tmpdir-g++.dg-struct-layout-1/t026 cp_compat_x_tst.o-cp_compat_y_tst.o execute 
FAIL: g++.dg/opt/anchor1.C execution test

		=== g++ Summary for unix/-m64 ===

# of expected passes		17544
# of unexpected failures	3
# of expected failures		82
# of unresolved testcases	2
# of unsupported tests		140

		=== g++ Summary ===

# of expected passes		52704
# of unexpected failures	5
# of expected failures		246
# of unresolved testcases	2
# of unsupported tests		416
/home/packages/gcc/4.3/gcc-4.3-4.3.2/build/gcc/testsuite/g++/../../g++  version 4.3.2 (Debian 4.3.2-2~exp2) 

		=== gcc tests ===


Running target unix
FAIL: gcc.dg/torture/pr37868.c  -O0  execution test
FAIL: gcc.dg/torture/pr37868.c  -O1  execution test
FAIL: gcc.dg/torture/pr37868.c  -O2  execution test
FAIL: gcc.dg/torture/pr37868.c  -O3 -fomit-frame-pointer  execution test
FAIL: gcc.dg/torture/pr37868.c  -O3 -g  execution test
FAIL: gcc.dg/torture/pr37868.c  -Os  execution test
FAIL: gcc.dg/vect/pr33804.c scan-tree-dump-times vect "vectorized 1 loops" 1
FAIL: gcc.dg/vect/pr33804.c scan-tree-dump-times vect "vectorizing stmts using SLP" 1
FAIL: gcc.dg/vect/pr33953.c scan-tree-dump-times vect "vectorized 1 loops" 1
FAIL: gcc.dg/vect/pr33953.c scan-tree-dump-times vect "vectorizing stmts using SLP" 1
FAIL: gcc.dg/vect/vect-35.c scan-tree-dump-times vect "vectorized 1 loops" 1
FAIL: gcc.dg/vect/vect-iv-6.c scan-tree-dump-times vect "vectorized 1 loops" 1
FAIL: gcc.dg/vect/vect-multitypes-5.c scan-tree-dump-times vect "vectorized 1 loops" 1
FAIL: gcc.dg/vect/vect-multitypes-6.c scan-tree-dump-times vect "vectorized 1 loops" 1
FAIL: gcc.dg/vect/vect-outer-5.c scan-tree-dump-times vect "OUTER LOOP VECTORIZED" 1
FAIL: gcc.dg/vect/vect-outer-5.c scan-tree-dump-times vect "zero step in outer loop." 1
FAIL: gcc.dg/vect/vect-outer-6.c scan-tree-dump-times vect "OUTER LOOP VECTORIZED" 1
FAIL: gcc.dg/vect/vect-outer-6.c scan-tree-dump-times vect "zero step in outer loop." 1
FAIL: gcc.dg/vect/vect-vfa-slp.c scan-tree-dump-times vect "vectorized 1 loops" 1
FAIL: gcc.dg/vect/slp-15.c scan-tree-dump-times vect "vectorizing stmts using SLP" 2
FAIL: gcc.dg/vect/slp-25.c scan-tree-dump-times vect "Alignment of access forced using peeling" 2
FAIL: gcc.dg/vect/slp-3.c scan-tree-dump-times vect "vectorized 3 loops" 1
FAIL: gcc.dg/vect/slp-3.c scan-tree-dump-times vect "vectorizing stmts using SLP" 3
FAIL: gcc.dg/vect/no-vfa-pr29145.c scan-tree-dump-times vect "vectorized 0 loops" 2
FAIL: gcc.dg/vect/no-vfa-pr29145.c scan-tree-dump-times vect "vectorized 1 loops" 1
FAIL: gcc.dg/vect/no-vfa-vect-depend-1.c scan-tree-dump-times vect "vectorized 1 loops" 1
FAIL: gcc.target/sparc/pdist-3.c (internal compiler error)
FAIL: gcc.target/sparc/pdist-3.c (test for excess errors)
UNRESOLVED: gcc.target/sparc/pdist-3.c compilation failed to produce executable

		=== gcc Summary for unix ===

# of expected passes		47160
# of unexpected failures	28
# of expected failures		191
# of untested testcases		35
# of unresolved testcases	1
# of unsupported tests		450

Running target unix/-fstack-protector
FAIL: gcc.c-torture/compile/limits-blockid.c  -O0  (internal compiler error)
FAIL: gcc.c-torture/compile/limits-blockid.c  -O0  (test for excess errors)
FAIL: gcc.dg/torture/pr37868.c  -O0  execution test
FAIL: gcc.dg/torture/pr37868.c  -O1  execution test
FAIL: gcc.dg/torture/pr37868.c  -O2  execution test
FAIL: gcc.dg/torture/pr37868.c  -O3 -fomit-frame-pointer  execution test
FAIL: gcc.dg/torture/pr37868.c  -O3 -g  execution test
FAIL: gcc.dg/torture/pr37868.c  -Os  execution test
FAIL: gcc.dg/vect/pr33804.c scan-tree-dump-times vect "vectorized 1 loops" 1
FAIL: gcc.dg/vect/pr33804.c scan-tree-dump-times vect "vectorizing stmts using SLP" 1
FAIL: gcc.dg/vect/pr33953.c scan-tree-dump-times vect "vectorized 1 loops" 1
FAIL: gcc.dg/vect/pr33953.c scan-tree-dump-times vect "vectorizing stmts using SLP" 1
FAIL: gcc.dg/vect/vect-35.c scan-tree-dump-times vect "vectorized 1 loops" 1
FAIL: gcc.dg/vect/vect-iv-6.c scan-tree-dump-times vect "vectorized 1 loops" 1
FAIL: gcc.dg/vect/vect-multitypes-5.c scan-tree-dump-times vect "vectorized 1 loops" 1
FAIL: gcc.dg/vect/vect-multitypes-6.c scan-tree-dump-times vect "vectorized 1 loops" 1
FAIL: gcc.dg/vect/vect-outer-5.c scan-tree-dump-times vect "OUTER LOOP VECTORIZED" 1
FAIL: gcc.dg/vect/vect-outer-5.c scan-tree-dump-times vect "zero step in outer loop." 1
FAIL: gcc.dg/vect/vect-outer-6.c scan-tree-dump-times vect "OUTER LOOP VECTORIZED" 1
FAIL: gcc.dg/vect/vect-outer-6.c scan-tree-dump-times vect "zero step in outer loop." 1
FAIL: gcc.dg/vect/vect-vfa-slp.c scan-tree-dump-times vect "vectorized 1 loops" 1
FAIL: gcc.dg/vect/slp-15.c scan-tree-dump-times vect "vectorizing stmts using SLP" 2
FAIL: gcc.dg/vect/slp-25.c scan-tree-dump-times vect "Alignment of access forced using peeling" 2
FAIL: gcc.dg/vect/slp-3.c scan-tree-dump-times vect "vectorized 3 loops" 1
FAIL: gcc.dg/vect/slp-3.c scan-tree-dump-times vect "vectorizing stmts using SLP" 3
FAIL: gcc.dg/vect/no-vfa-pr29145.c scan-tree-dump-times vect "vectorized 0 loops" 2
FAIL: gcc.dg/vect/no-vfa-pr29145.c scan-tree-dump-times vect "vectorized 1 loops" 1
FAIL: gcc.dg/vect/no-vfa-vect-depend-1.c scan-tree-dump-times vect "vectorized 1 loops" 1
FAIL: gcc.target/sparc/pdist-3.c (internal compiler error)
FAIL: gcc.target/sparc/pdist-3.c (test for excess errors)
UNRESOLVED: gcc.target/sparc/pdist-3.c compilation failed to produce executable

		=== gcc Summary for unix/-fstack-protector ===

# of expected passes		47159
# of unexpected failures	30
# of expected failures		191
# of untested testcases		35
# of unresolved testcases	1
# of unsupported tests		450

Running target unix/-m64
FAIL: gcc.dg/torture/pr37868.c  -O0  execution test
FAIL: gcc.dg/torture/pr37868.c  -O1  execution test
FAIL: gcc.dg/torture/pr37868.c  -O2  execution test
FAIL: gcc.dg/torture/pr37868.c  -O3 -fomit-frame-pointer  execution test
FAIL: gcc.dg/torture/pr37868.c  -O3 -g  execution test
FAIL: gcc.dg/torture/pr37868.c  -Os  execution test
FAIL: gcc.dg/tree-ssa/gen-vect-11c.c scan-tree-dump-times vect "vectorized 0 loops" 1
FAIL: gcc.dg/vect/pr33804.c scan-tree-dump-times vect "vectorized 1 loops" 1
FAIL: gcc.dg/vect/pr33804.c scan-tree-dump-times vect "vectorizing stmts using SLP" 1
FAIL: gcc.dg/vect/pr33953.c scan-tree-dump-times vect "vectorized 1 loops" 1
FAIL: gcc.dg/vect/pr33953.c scan-tree-dump-times vect "vectorizing stmts using SLP" 1
FAIL: gcc.dg/vect/vect-iv-6.c scan-tree-dump-times vect "vectorized 1 loops" 1
FAIL: gcc.dg/vect/vect-outer-5.c scan-tree-dump-times vect "OUTER LOOP VECTORIZED" 1
FAIL: gcc.dg/vect/vect-outer-5.c scan-tree-dump-times vect "zero step in outer loop." 1
FAIL: gcc.dg/vect/vect-outer-6.c scan-tree-dump-times vect "OUTER LOOP VECTORIZED" 1
FAIL: gcc.dg/vect/vect-outer-6.c scan-tree-dump-times vect "zero step in outer loop." 1
FAIL: gcc.dg/vect/vect-vfa-slp.c scan-tree-dump-times vect "vectorized 1 loops" 1
FAIL: gcc.dg/vect/slp-15.c scan-tree-dump-times vect "vectorizing stmts using SLP" 2
FAIL: gcc.dg/vect/slp-25.c scan-tree-dump-times vect "Alignment of access forced using peeling" 2
FAIL: gcc.dg/vect/slp-3.c scan-tree-dump-times vect "vectorized 3 loops" 1
FAIL: gcc.dg/vect/slp-3.c scan-tree-dump-times vect "vectorizing stmts using SLP" 3
FAIL: gcc.dg/vect/no-vfa-pr29145.c scan-tree-dump-times vect "vectorized 0 loops" 2
FAIL: gcc.dg/vect/no-vfa-pr29145.c scan-tree-dump-times vect "vectorized 1 loops" 1
FAIL: gcc.dg/vect/no-vfa-vect-depend-1.c scan-tree-dump-times vect "vectorized 1 loops" 1
FAIL: gcc.misc-tests/linkage.c link
FAIL: gcc.target/sparc/pdist-3.c execution test

		=== gcc Summary for unix/-m64 ===

# of expected passes		47145
# of unexpected failures	26
# of expected failures		191
# of untested testcases		35
# of unsupported tests		457

		=== gcc Summary ===

# of expected passes		141464
# of unexpected failures	84
# of expected failures		573
# of untested testcases		105
# of unresolved testcases	2
# of unsupported tests		1357
/home/packages/gcc/4.3/gcc-4.3-4.3.2/build/gcc/xgcc  version 4.3.2 (Debian 4.3.2-2~exp2) 

		=== gfortran tests ===


Running target unix

		=== gfortran Summary for unix ===

# of expected passes		24366
# of expected failures		5
# of unsupported tests		45

Running target unix/-fstack-protector

		=== gfortran Summary for unix/-fstack-protector ===

# of expected passes		24366
# of expected failures		5
# of unsupported tests		45

Running target unix/-m64
FAIL: gfortran.dg/deallocate_stat.f90  -O1  (internal compiler error)
FAIL: gfortran.dg/deallocate_stat.f90  -O1  (test for excess errors)
UNRESOLVED: gfortran.dg/deallocate_stat.f90  -O1  compilation failed to produce executable
FAIL: gfortran.dg/large_real_kind_2.F90  -O0  execution test
FAIL: gfortran.dg/large_real_kind_2.F90  -O1  execution test
FAIL: gfortran.dg/large_real_kind_2.F90  -O2  execution test
FAIL: gfortran.dg/large_real_kind_2.F90  -O3 -fomit-frame-pointer  execution test
FAIL: gfortran.dg/large_real_kind_2.F90  -O3 -fomit-frame-pointer -funroll-loops  execution test
FAIL: gfortran.dg/large_real_kind_2.F90  -O3 -fomit-frame-pointer -funroll-all-loops -finline-functions  execution test
FAIL: gfortran.dg/large_real_kind_2.F90  -O3 -g  execution test
FAIL: gfortran.dg/large_real_kind_2.F90  -Os  execution test

		=== gfortran Summary for unix/-m64 ===

# of expected passes		24388
# of unexpected failures	10
# of expected failures		5
# of unresolved testcases	1
# of unsupported tests		29

		=== gfortran Summary ===

# of expected passes		73120
# of unexpected failures	10
# of expected failures		15
# of unresolved testcases	1
# of unsupported tests		119
/home/packages/gcc/4.3/gcc-4.3-4.3.2/build/gcc/testsuite/gfortran/../../gfortran  version 4.3.2 (Debian 4.3.2-2~exp2) 

		=== obj-c++ tests ===


Running target unix
UNRESOLVED: obj-c++.dg/lookup-2.mm compilation failed to produce executable
UNRESOLVED: obj-c++.dg/try-catch-2.mm compilation failed to produce executable
UNRESOLVED: obj-c++.dg/try-catch-9.mm compilation failed to produce executable

		=== obj-c++ Summary ===

# of expected passes		437
# of expected failures		9
# of unresolved testcases	3
# of unsupported tests		13
/home/packages/gcc/4.3/gcc-4.3-4.3.2/build/gcc/testsuite/obj-c++/../../g++  version 4.3.2 (Debian 4.3.2-2~exp2) 

		=== objc tests ===


Running target unix
FAIL: objc/execute/exceptions/foward-1.m execution,  -O3 -fomit-frame-pointer -funroll-loops  -fgnu-runtime
FAIL: objc/execute/exceptions/foward-1.m execution,  -O3 -fomit-frame-pointer -funroll-all-loops -finline-functions  -fgnu-runtime

		=== objc Summary ===

# of expected passes		1810
# of unexpected failures	2
# of expected failures		7
# of unsupported tests		24
/home/packages/gcc/4.3/gcc-4.3-4.3.2/build/gcc/xgcc  version 4.3.2 (Debian 4.3.2-2~exp2) 

		=== libgomp tests ===


Running target unix

		=== libgomp Summary for unix ===

# of expected passes		1749
# of unsupported tests		7

Running target unix/-fstack-protector

		=== libgomp Summary for unix/-fstack-protector ===

# of expected passes		1749
# of unsupported tests		7

Running target unix/-m64

		=== libgomp Summary for unix/-m64 ===

# of expected passes		1749
# of unsupported tests		7

		=== libgomp Summary ===

# of expected passes		5247
# of unsupported tests		21
		=== libmudflap tests ===


Running target unix
FAIL: libmudflap.c/pass54-frag.c execution test
FAIL: libmudflap.c/pass54-frag.c execution test
FAIL: libmudflap.c/pass54-frag.c (-static) execution test
FAIL: libmudflap.c/pass54-frag.c (-static) execution test
FAIL: libmudflap.c++/pass41-frag.cxx execution test
FAIL: libmudflap.c++/pass41-frag.cxx (-static) execution test
FAIL: libmudflap.c++/pass41-frag.cxx ( -O) execution test
FAIL: libmudflap.c++/pass41-frag.cxx (-O2) execution test
FAIL: libmudflap.c++/pass41-frag.cxx (-O3) execution test

		=== libmudflap Summary for unix ===

# of expected passes		1840
# of unexpected failures	9

Running target unix/-fstack-protector
FAIL: libmudflap.c/pass54-frag.c execution test
FAIL: libmudflap.c/pass54-frag.c execution test
FAIL: libmudflap.c/pass54-frag.c (-static) execution test
FAIL: libmudflap.c/pass54-frag.c (-static) execution test
FAIL: libmudflap.c++/pass41-frag.cxx execution test
FAIL: libmudflap.c++/pass41-frag.cxx (-static) execution test
FAIL: libmudflap.c++/pass41-frag.cxx ( -O) execution test
FAIL: libmudflap.c++/pass41-frag.cxx (-O2) execution test
FAIL: libmudflap.c++/pass41-frag.cxx (-O3) execution test

		=== libmudflap Summary for unix/-fstack-protector ===

# of expected passes		1840
# of unexpected failures	9

Running target unix/-m64
FAIL: libmudflap.c/pass54-frag.c execution test
FAIL: libmudflap.c/pass54-frag.c execution test
FAIL: libmudflap.c/fail27-frag.c (-static) output pattern test
FAIL: libmudflap.c/pass54-frag.c (-static) execution test
FAIL: libmudflap.c/pass54-frag.c (-static) execution test
FAIL: libmudflap.c++/pass41-frag.cxx execution test
FAIL: libmudflap.c++/pass41-frag.cxx (-static) execution test
FAIL: libmudflap.c++/pass41-frag.cxx ( -O) execution test
FAIL: libmudflap.c++/pass41-frag.cxx (-O2) execution test
FAIL: libmudflap.c++/pass41-frag.cxx (-O3) execution test

		=== libmudflap Summary for unix/-m64 ===

# of expected passes		1839
# of unexpected failures	10

		=== libmudflap Summary ===

# of expected passes		5519
# of unexpected failures	28
		=== libstdc++ tests ===


Running target unix
XPASS: 26_numerics/headers/cmath/c99_classification_macros_c.cc (test for excess errors)

		=== libstdc++ Summary for unix ===

# of expected passes		4943
# of unexpected successes	1
# of expected failures		59
# of unsupported tests		326

Running target unix/-fstack-protector
XPASS: 26_numerics/headers/cmath/c99_classification_macros_c.cc (test for excess errors)

		=== libstdc++ Summary for unix/-fstack-protector ===

# of expected passes		4943
# of unexpected successes	1
# of expected failures		59
# of unsupported tests		326

Running target unix/-m64
XPASS: 26_numerics/headers/cmath/c99_classification_macros_c.cc (test for excess errors)
FAIL: 27_io/basic_filebuf/close/char/4879.cc execution test
FAIL: 27_io/basic_filebuf/close/char/9964.cc execution test
FAIL: 27_io/basic_filebuf/seekoff/char/26777.cc execution test
FAIL: 27_io/basic_filebuf/underflow/char/10097.cc execution test
FAIL: 27_io/objects/char/7.cc execution test
FAIL: 27_io/objects/char/9661-1.cc execution test
FAIL: 27_io/objects/wchar_t/7.cc execution test
FAIL: 27_io/objects/wchar_t/9661-1.cc execution test
WARNING: program timed out.
WARNING: program timed out.

		=== libstdc++ Summary for unix/-m64 ===

# of expected passes		4935
# of unexpected successes	1
# of unexpected failures	8
# of expected failures		59
# of unsupported tests		326

		=== libstdc++ Summary ===

# of expected passes		14821
# of unexpected failures	8
# of unexpected successes	3
# of expected failures		177
# of unsupported tests		978

Compiler version: 4.3.2 (Debian 4.3.2-2~exp2) 
Platform: sparc-unknown-linux-gnu
configure flags: -v --with-pkgversion='Debian 4.3.2-2~exp2' --with-bugurl=file:///usr/share/doc/gcc-4.3/README.Bugs --enable-languages=c,c++,fortran,objc,obj-c++ --prefix=/usr --enable-shared --with-system-zlib --libexecdir=/usr/lib --without-included-gettext --enable-threads=posix --enable-nls --with-gxx-include-dir=/usr/include/c++/4.3 --program-suffix=-4.3 --enable-clocale=gnu --enable-libstdcxx-debug --enable-objc-gc --enable-mpfr --with-cpu=v8 --with-long-double-128 --enable-checking=release --build=sparc-linux-gnu --host=sparc-linux-gnu --target=sparc-linux-gnu
BOOT_CFLAGS=


Build Dependencies:
Desired=Unknown/Install/Remove/Purge/Hold
| Status=Not/Inst/Cfg-files/Unpacked/Failed-cfg/Half-inst/trig-aWait/Trig-pend
|/ Err?=(none)/Hold/Reinst-required/X=both-problems (Status,Err: uppercase=bad)
||/ Name                                                    Version                    Description
+++-=======================================================-==========================-==============================================
ii  binutils                                                2.18.1~cvs20080103-7       The GNU assembler, linker and binary utilities
ii  libc6                                                   2.7-15                     GNU C Library: Shared libraries


Patches that Debian applied in this version:

svn-updates:
  updates from the 4.3 branch upto 20081023.

parallel-check:
  Parallelize the testsuite

pr30740:
  PR ada/30740: Do not optimize X*(2**Y) in a modular context

gcc-textdomain:
  Set gettext's domain and textdomain to the versioned package name.

gcc-driver-extra-langs:
  Add options and specs for languages that are not built from a source
  (but built from separate sources).

gcc-hash-style-both:
  Link using --hash-style=both (alpha, amd64, ia64, i386, powerpc, ppc64, s390, sparc)

libstdc++-pic:
  Build and install libstdc++_pic.a library.

libstdc++-doclink:
  adjust hrefs to point to the local documentation

libobjc-gc-link:
  Link libobjc_gc with libgcjgc_convenience.la and needed thread flags
  and libraries.

libjava-stacktrace:
  libgcj: Lookup source file name and line number in separated
  debug files found in /usr/lib/debug

libjava-subdir:
  - Set the libjava sublibdir to /usr/lib/gcj-4.3
  - Set the default libgcj database dir to /var/lib/gcj-4.3

libjava-jnipath:
  - Add /usr/lib/jni to java.library.path.
  - When running the i386 binaries on amd64, look in
  - /usr/lib32/gcj-x.y and /usr/lib32/jni instead.

libjava-sjlj:
  Don't try to use _Unwind_Backtrace on SJLJ targets.
  See bug #387875, #388505, GCC PR 29206.

libjava-rpath:
  - Link ecjx with -rpath \$(dbexecdir)

libjava-file-support:
  libjava: @file support for gjavah & gjar

libjava-soname:
  Bump the libgcj soversion.

libjava-xulrunner1.9:
  Add configure check for xulrunner-1.9.

libjava-realloc-leak:
  Don't leak upon failed realloc (taken from the trunk).

libgcj-bc:
  libgcj_bc

pr28102:
  Apply proposed fix for PR target/28102.

alpha-no-ev4-directive:

boehm-gc-getnprocs:
  boehm-gc/pthread_support.c (GC_get_nprocs): Use sysconf as fallback.

note-gnu-stack:
  Add .note.GNU-stack sections for gcc's crt files, libffi and boehm-gc
  Taken from FC.

libjava-armel-ldflags:
  Adjust libjava extra_ldflags for armel.

libstdc++-symbols-hppa:
  Update libstdc++ baseline symbols for hppa.

pr10768:
  PR ada/10768: ICEs on compilation of ada support library for avr

pr15808:
  PR ada/15808: Illegal program not detected, RM 3.9.3(10)

pr15915:
  PR ada/15915: Illegal program not detected, RM 13.11(15)

pr16086:
  PR ada/16086: Legal program rejected, procedure of protected object should be visible

pr16087:
  PR ada/16087: Accept statically matching constraint in full view

pr16098:
  PR ada/16098: Illegal program not detected, RM 13.1(6)

pr17985:
  PR ada/17985: GNAT accepts extension aggregate where expected type is not extension

pr18680:
  PR ada/18680: pragma Linker_Section problems

pr22255:
  PR ada/22255: Reset on shared file causes Use_Error.

pr22387:
  PR ada/22387: Ada compiler crash when inheriting from a record with custom layout

pr24170:
  Fix PR libgcj/24170.

pr28305:
  PR ada/28305: GNAT bug when inlining instance of a generic subprogram

pr28322:
  Fix PR other/28322, GCC new warnings and compatibility.

pr28733:
  PR ada/28733: GNAT crash while compiling Ada-2005 code

pr29015:
  ada/29015: Do not ICE on incomplete type whose underlying type is known

pr30827:
  PR ada/30827: GNAT.compiler_version problem for official releases

pr33688:
  PR ada/33688: Ada package Gnat.Sockets missing constant for IP_PKTINFO

pr34466:
  PR ada/34466: s-tasinf.ads:81:42: "cpu_set_t" not declared in "OS_Interface"

pr35050:
  PR ada/35050: [4.1/4.2/4.3/4.4 regression] renames entities not in symbol table

pr35792:
  PR ada/35792: Illegal program not detected, RM 3.10.1(4/2)

gnalasup_to_lapack:
  Ada: Use liblapack and libblas instead of libgnalasup

gcc-m68k-pch:
  PR target/25343, fix gcc.dg/pch/pch for m68k.

pr35020:
  Fix PR libjava/35020, taken from the trunk.

libjava-extra-cflags:
  libjava/classpath: Set and use EXTRA_CFLAGS.

pr35965:
  Fix PIC + -fstack-protector (PR target/35965)

m68k-allow-gnu99:
  patch to allow gnu99 mode on m68k

libjava-javah-bridge-tgts:
  libjava: Fix naming of bridge targets in gjavah (class file updates)

pr37661:
  PR target/37661, fix SPARC64 int-to-TFmode conversions.

pr37868:
  Proposed patch for PR tree-optimization/37868

arm-unbreak-eabi-armv4t:
  Fix armv4t build on ARM

libssp-gnu:
  GNU/k*BSD support

deb-protoize:
  build protoize/unprotoize binaries

cpu-default-i486:
  set default 32bit ix86 architecture to i486

gcc-ice-hack:
  Retry the build on an ice, save the calling options and preprocessed
  source when the ice is reproducible.

gcc-ice-apport:
  Report an ICE to apport (if apport is available
  and the environment variable GCC_NOAPPORT is not set)

libjava-disable-static:
  Disable building the static libjava.

multiarch-include:
  biarch-include.dpatch
  
  Adds biarch include directories
  /usr/local/include/<arch>-linux-gnu
  /usr/include/<arch>-linux-gnu
  to the system include paths, depending on 32/64 bit mode.

libjava-nobiarch-check:
  For biarch builds, disable the testsuite for the non-default architecture
  for runtime libraries, which are not built by default (libjava).

ada-nobiarch-check:
  For biarch builds, disable the gnat testsuite for the non-default

config-ml:
  disable some biarch libraries for biarch builds

sparc-biarch:
  Enable biarch support for the 32bit sparc compiler

Counting all warnings,
there are 0 warnings in stage3 of this bootstrap.

Number of warnings per file:

Number of warning types:


Index Nav: [Date Index] [Subject Index] [Author Index] [Thread Index]
Message Nav: [Date Prev] [Date Next] [Thread Prev] [Thread Next]