This is the mail archive of the gcc-testresults@gcc.gnu.org mailing list for the GCC project.


Index Nav: [Date Index] [Subject Index] [Author Index] [Thread Index]
Message Nav: [Date Prev] [Date Next] [Thread Prev] [Thread Next]
Other format: [Raw text]

Results for 4.4.0 20081021 (experimental) (GCC) testsuite on xtensa-unknown-elf


LAST_UPDATED: 
Target is xtensa-unknown-elf
Host   is i686-pc-linux-gnu

		=== gcc tests ===


Running target xtensa-sim
FAIL: gcc.dg/memcpy-1.c scan-tree-dump-times optimized "nasty_local" 0
FAIL: gcc.dg/pr33645-3.c scan-assembler-not var1_t
FAIL: gcc.dg/pr35729.c scan-rtl-dump-times loop2_invariant "Decided to move invariant" 0
FAIL: gcc.dg/utf32-4.c  (test for warnings, line 18)
FAIL: gcc.dg/visibility-16.c scan-hidden hidden[ \\t_]*foo
FAIL: gcc.dg/weak/weak-1.c scan-assembler weak[^ \\t]*[ \\t]_?j
FAIL: gcc.dg/weak/weak-16.c scan-assembler weak[^ \\t]*[ \\t]_?kallsyms_token_index

		=== gcc Summary ===

# of expected passes		47179
# of unexpected failures	7
# of expected failures		123
# of unsupported tests		595
/opt/local/bwilson/gcc/trunk/build/gcc/xgcc  version 4.4.0 20081021 (experimental) (GCC) 

Host   is i686-pc-linux-gnu

		=== g++ tests ===


Running target xtensa-sim
FAIL: g++.dg/ipa/iinline-1.C scan-ipa-dump inline "String::funcOne[^\\n]*inline copy in int main"
FAIL: g++.dg/other/PR23205.C scan-assembler .stabs.*foobar:c=i
WARNING: program timed out.
FAIL: g++.old-deja/g++.eh/inline2.C execution test
FAIL: g++.old-deja/g++.jason/thunk3.C (test for excess errors)
UNRESOLVED: g++.old-deja/g++.jason/thunk3.C compilation failed to produce executable

		=== g++ Summary ===

# of expected passes		17843
# of unexpected failures	4
# of expected failures		79
# of unresolved testcases	1
# of unsupported tests		189
/opt/local/bwilson/gcc/trunk/build/gcc/testsuite/g++/../../g++  version 4.4.0 20081021 (experimental) (GCC) 


Compiler version: 4.4.0 20081021 (experimental) (GCC) 
Platform: xtensa-unknown-elf
configure flags: --target=xtensa-elf --prefix=/home/bwilson/local/gcc/trunk/install --disable-shared --with-as=/home/bwilson/local/gcc/trunk/install/bin/xtensa-elf-as --with-ld=/home/bwilson/local/gcc/trunk/install/bin/xtensa-elf-ld --with-gxx-include-dir=/home/bwilson/local/gcc/trunk/install/xtensa-elf/include/c++ --with-newlib target_alias=xtensa-elf --enable-languages=c,c++ --no-create --no-recursion


Index Nav: [Date Index] [Subject Index] [Author Index] [Thread Index]
Message Nav: [Date Prev] [Date Next] [Thread Prev] [Thread Next]