This is the mail archive of the gcc-testresults@gcc.gnu.org mailing list for the GCC project.


Index Nav: [Date Index] [Subject Index] [Author Index] [Thread Index]
Message Nav: [Date Prev] [Date Next] [Thread Prev] [Thread Next]
Other format: [Raw text]

Results for 4.4.0 20081017 (experimental) [gcj/classpath-098-merge-branch revision 141123] (Debian 20081019-1) testsuite on powerpc-unknown-linux-gnu


LAST_UPDATED: Tue Oct 14 23:45:19 UTC 2008 (revision 141123)

Target: powerpc-linux-gnu
gcc version 4.4.0 20081017 (experimental) [gcj/classpath-098-merge-branch revision 141123] (Debian 20081019-1) 
Native configuration is powerpc-unknown-linux-gnu

		=== g++ tests ===


Running target unix
FAIL: g++.dg/ext/altivec-types-1.C  (test for errors, line 30)
FAIL: g++.dg/ipa/iinline-1.C scan-ipa-dump inline "String::funcOne[^\\n]*inline copy in int main"
FAIL: g++.dg/other/PR23205.C scan-assembler .stabs.*foobar:c=i

		=== g++ Summary for unix ===

# of expected passes		18607
# of unexpected failures	3
# of expected failures		81
# of unsupported tests		127

Running target unix/-m64
FAIL: g++.dg/compat/eh/unexpected1 cp_compat_x_tst.o-cp_compat_y_tst.o execute 
FAIL: g++.dg/eh/cond1.C execution test
FAIL: g++.dg/eh/crossjump1.C execution test
FAIL: g++.dg/eh/ctor1.C execution test
FAIL: g++.dg/eh/ctor2.C execution test
FAIL: g++.dg/eh/dtor1.C execution test
FAIL: g++.dg/eh/elide2.C execution test
FAIL: g++.dg/eh/filter1.C execution test
FAIL: g++.dg/eh/filter2.C execution test
FAIL: g++.dg/eh/forced1.C execution test
FAIL: g++.dg/eh/ia64-2.C execution test
FAIL: g++.dg/eh/new1.C execution test
FAIL: g++.dg/eh/omit-frame-pointer2.C execution test
FAIL: g++.dg/eh/pr29166.C execution test
FAIL: g++.dg/eh/simd-1.C execution test
FAIL: g++.dg/eh/simd-3.C execution test
FAIL: g++.dg/eh/spec3.C execution test
FAIL: g++.dg/eh/spec7.C execution test
FAIL: g++.dg/eh/synth2.C execution test
FAIL: g++.dg/eh/uncaught1.C execution test
FAIL: g++.dg/eh/unexpected1.C execution test
FAIL: g++.dg/eh/weak1.C execution test
FAIL: g++.dg/ext/altivec-types-1.C  (test for errors, line 30)
FAIL: g++.dg/ext/cleanup-10.C execution test
FAIL: g++.dg/ext/cleanup-11.C execution test
FAIL: g++.dg/ext/cleanup-9.C execution test
FAIL: g++.dg/init/array16.C execution test
FAIL: g++.dg/init/array5.C execution test
FAIL: g++.dg/init/ctor1.C execution test
FAIL: g++.dg/init/placement2.C execution test
FAIL: g++.dg/init/ref9.C execution test
FAIL: g++.dg/ipa/iinline-1.C scan-ipa-dump inline "String::funcOne[^\\n]*inline copy in int main"
FAIL: g++.dg/opt/eh2.C execution test
FAIL: g++.dg/opt/pr23478.C execution test
FAIL: g++.dg/other/PR23205.C scan-assembler .stabs.*foobar:c=i
FAIL: g++.old-deja/g++.abi/cxa_vec.C execution test
FAIL: g++.old-deja/g++.brendan/eh1.C execution test
FAIL: g++.old-deja/g++.eh/badalloc1.C execution test
FAIL: g++.old-deja/g++.eh/catchptr1.C execution test
FAIL: g++.old-deja/g++.eh/cleanup1.C execution test
FAIL: g++.old-deja/g++.eh/cleanup2.C execution test
FAIL: g++.old-deja/g++.eh/fntry1.C execution test
FAIL: g++.old-deja/g++.eh/ia64-1.C execution test
FAIL: g++.old-deja/g++.eh/new1.C execution test
FAIL: g++.old-deja/g++.eh/new2.C execution test
FAIL: g++.old-deja/g++.eh/ptr1.C execution test
FAIL: g++.old-deja/g++.eh/rethrow6.C execution test
FAIL: g++.old-deja/g++.eh/spec1.C execution test
FAIL: g++.old-deja/g++.eh/spec2.C execution test
FAIL: g++.old-deja/g++.eh/spec3.C execution test
FAIL: g++.old-deja/g++.eh/spec4.C execution test
FAIL: g++.old-deja/g++.eh/terminate1.C execution test
FAIL: g++.old-deja/g++.eh/vbase1.C execution test
FAIL: g++.old-deja/g++.eh/vbase2.C execution test
FAIL: g++.old-deja/g++.eh/vbase4.C execution test
FAIL: g++.old-deja/g++.martin/new1.C execution test
FAIL: g++.old-deja/g++.mike/dyncast1.C execution test
FAIL: g++.old-deja/g++.mike/dyncast2.C execution test
FAIL: g++.old-deja/g++.mike/eh10.C execution test
FAIL: g++.old-deja/g++.mike/eh14.C execution test
FAIL: g++.old-deja/g++.mike/eh16.C execution test
FAIL: g++.old-deja/g++.mike/eh17.C execution test
FAIL: g++.old-deja/g++.mike/eh18.C execution test
FAIL: g++.old-deja/g++.mike/eh2.C execution test
FAIL: g++.old-deja/g++.mike/eh23.C execution test
FAIL: g++.old-deja/g++.mike/eh24.C execution test
FAIL: g++.old-deja/g++.mike/eh25.C execution test
FAIL: g++.old-deja/g++.mike/eh28.C execution test
FAIL: g++.old-deja/g++.mike/eh29.C execution test
FAIL: g++.old-deja/g++.mike/eh31.C execution test
FAIL: g++.old-deja/g++.mike/eh33.C execution test
FAIL: g++.old-deja/g++.mike/eh36.C execution test
FAIL: g++.old-deja/g++.mike/eh37.C execution test
FAIL: g++.old-deja/g++.mike/eh38.C execution test
FAIL: g++.old-deja/g++.mike/eh39.C execution test
FAIL: g++.old-deja/g++.mike/eh40.C execution test
FAIL: g++.old-deja/g++.mike/eh41.C execution test
FAIL: g++.old-deja/g++.mike/eh44.C execution test
FAIL: g++.old-deja/g++.mike/eh50.C execution test
FAIL: g++.old-deja/g++.mike/eh51.C execution test
FAIL: g++.old-deja/g++.mike/p7912.C execution test
FAIL: g++.old-deja/g++.mike/p9706.C execution test
FAIL: g++.old-deja/g++.mike/warn1.C  (test for errors, line 12)
FAIL: g++.old-deja/g++.mike/warn1.C (test for excess errors)
FAIL: g++.old-deja/g++.other/array1.C execution test
FAIL: g++.old-deja/g++.other/init7.C execution test
FAIL: g++.old-deja/g++.other/singleton.C execution test
FAIL: g++.old-deja/g++.other/vbase2.C execution test
FAIL: g++.old-deja/g++.robertl/eh990323-1.C execution test

		=== g++ Summary for unix/-m64 ===

# of expected passes		18481
# of unexpected failures	89
# of expected failures		81
# of unsupported tests		130

		=== g++ Summary ===

# of expected passes		37088
# of unexpected failures	92
# of expected failures		162
# of unsupported tests		257
/home/doko/gcc/snap/gcc-snapshot-20081019/build/gcc/testsuite/g++/../../g++  version 4.4.0 20081017 (experimental) [gcj/classpath-098-merge-branch revision 141123] (Debian 20081019-1) 

		=== gcc tests ===


Running target unix
FAIL: gcc.dg/debug/dwarf2/dwarf-die3.c scan-assembler-not DW_AT_inline
FAIL: gcc.dg/dfp/convert-int-max.c execution test
XPASS: gcc.dg/20020103-1.c scan-assembler-not LC[0-9]
FAIL: gcc.dg/and-1.c scan-assembler-not nand
FAIL: gcc.dg/memcpy-1.c scan-tree-dump-times optimized "nasty_local" 0
FAIL: gcc.dg/pr33645-3.c scan-assembler-not var1_t
FAIL: gcc.dg/pr35729.c scan-rtl-dump-times loop2_invariant "Decided to move invariant" 0
FAIL: gcc.dg/pch/valid-1b.c -O0 -g -I. (test for excess errors)
FAIL: gcc.dg/pch/valid-1b.c -O0 -g assembly comparison
FAIL: gcc.dg/pch/valid-1b.c  -O0  -I. (test for excess errors)
FAIL: gcc.dg/pch/valid-1b.c  -O0  assembly comparison
FAIL: gcc.dg/pch/valid-1b.c  -O1  -I. (test for excess errors)
FAIL: gcc.dg/pch/valid-1b.c  -O1  assembly comparison
FAIL: gcc.dg/pch/valid-1b.c  -O2  -I. (test for excess errors)
FAIL: gcc.dg/pch/valid-1b.c  -O2  assembly comparison
FAIL: gcc.dg/pch/valid-1b.c  -O3 -fomit-frame-pointer  -I. (test for excess errors)
FAIL: gcc.dg/pch/valid-1b.c  -O3 -fomit-frame-pointer  assembly comparison
FAIL: gcc.dg/pch/valid-1b.c  -O3 -g  -I. (test for excess errors)
FAIL: gcc.dg/pch/valid-1b.c  -O3 -g  assembly comparison
FAIL: gcc.dg/pch/valid-1b.c  -Os  -I. (test for excess errors)
FAIL: gcc.dg/pch/valid-1b.c  -Os  assembly comparison
FAIL: gcc.dg/tree-ssa/vrp47.c scan-tree-dump-times vrp1 "[xy][^ ]* !=" 0
FAIL: gcc.dg/tree-ssa/vrp47.c scan-tree-dump-times dom1 "x[^ ]* & y" 1
FAIL: gcc.dg/vect/costmodel/ppc/costmodel-slp-12.c scan-tree-dump-times vect "vectorized 1 loops" 1
FAIL: gcc.dg/vect/costmodel/ppc/costmodel-slp-12.c scan-tree-dump-times vect "vectorizing stmts using SLP" 1
FAIL: gcc.dg/vect/vect-67.c scan-tree-dump-times vect "vectorized 1 loops" 1
FAIL: gcc.target/powerpc/ppc64-double-1.c scan-assembler-not stfd
FAIL: gcc.target/powerpc/pr18096-1.c stack frame too large (test for errors, line 8)
FAIL: gcc.target/powerpc/pr18096-1.c (test for excess errors)

		=== gcc Summary for unix ===

# of expected passes		51295
# of unexpected failures	28
# of unexpected successes	1
# of expected failures		202
# of unsupported tests		542

Running target unix/-m64
FAIL: gcc.dg/debug/dwarf2/dwarf-die3.c scan-assembler-not DW_AT_inline
FAIL: gcc.dg/dfp/convert-int-max.c execution test
FAIL: gcc.dg/and-1.c scan-assembler-not nand
FAIL: gcc.dg/cleanup-10.c execution test
FAIL: gcc.dg/cleanup-11.c execution test
FAIL: gcc.dg/cleanup-9.c execution test
FAIL: gcc.dg/pr33645-3.c scan-assembler-not var1_t
FAIL: gcc.dg/pr35729.c scan-rtl-dump-times loop2_invariant "Decided to move invariant" 0
FAIL: gcc.dg/visibility-16.c scan-hidden hidden[ \\t_]*foo
FAIL: gcc.dg/pch/valid-1b.c -O0 -g -I. (test for excess errors)
FAIL: gcc.dg/pch/valid-1b.c -O0 -g assembly comparison
FAIL: gcc.dg/pch/valid-1b.c  -O0  -I. (test for excess errors)
FAIL: gcc.dg/pch/valid-1b.c  -O0  assembly comparison
FAIL: gcc.dg/pch/valid-1b.c  -O1  -I. (test for excess errors)
FAIL: gcc.dg/pch/valid-1b.c  -O1  assembly comparison
FAIL: gcc.dg/pch/valid-1b.c  -O2  -I. (test for excess errors)
FAIL: gcc.dg/pch/valid-1b.c  -O2  assembly comparison
FAIL: gcc.dg/pch/valid-1b.c  -O3 -fomit-frame-pointer  -I. (test for excess errors)
FAIL: gcc.dg/pch/valid-1b.c  -O3 -fomit-frame-pointer  assembly comparison
FAIL: gcc.dg/pch/valid-1b.c  -O3 -g  -I. (test for excess errors)
FAIL: gcc.dg/pch/valid-1b.c  -O3 -g  assembly comparison
FAIL: gcc.dg/pch/valid-1b.c  -Os  -I. (test for excess errors)
FAIL: gcc.dg/pch/valid-1b.c  -Os  assembly comparison
XPASS: gcc.dg/tree-ssa/sra-2.c scan-tree-dump-times optimized "link_error" 0
FAIL: gcc.dg/tree-ssa/vrp47.c scan-tree-dump-times vrp1 "[xy][^ ]* !=" 0
FAIL: gcc.dg/tree-ssa/vrp47.c scan-tree-dump-times dom1 "x[^ ]* & y" 1
FAIL: gcc.dg/vect/costmodel/ppc/costmodel-slp-12.c scan-tree-dump-times vect "vectorized 1 loops" 1
FAIL: gcc.dg/vect/costmodel/ppc/costmodel-slp-12.c scan-tree-dump-times vect "vectorizing stmts using SLP" 1
FAIL: gcc.dg/vect/vect-67.c scan-tree-dump-times vect "vectorized 1 loops" 1
FAIL: gcc.dg/weak/weak-1.c scan-assembler weak[^ \\t]*[ \\t]_?j
FAIL: gcc.dg/weak/weak-16.c scan-assembler weak[^ \\t]*[ \\t]_?kallsyms_token_index
FAIL: gcc.target/powerpc/ppc64-double-1.c scan-assembler-not stfd

		=== gcc Summary for unix/-m64 ===

# of expected passes		51139
# of unexpected failures	31
# of unexpected successes	1
# of expected failures		204
# of unsupported tests		606

		=== gcc Summary ===

# of expected passes		102434
# of unexpected failures	59
# of unexpected successes	2
# of expected failures		406
# of unsupported tests		1148
/home/doko/gcc/snap/gcc-snapshot-20081019/build/gcc/xgcc  version 4.4.0 20081017 (experimental) [gcj/classpath-098-merge-branch revision 141123] (Debian 20081019-1) 

		=== obj-c++ tests ===


Running target unix
UNRESOLVED: obj-c++.dg/bitfield-1.mm compilation failed to produce executable
UNRESOLVED: obj-c++.dg/lookup-2.mm compilation failed to produce executable
UNRESOLVED: obj-c++.dg/try-catch-2.mm compilation failed to produce executable
UNRESOLVED: obj-c++.dg/try-catch-9.mm compilation failed to produce executable

		=== obj-c++ Summary for unix ===

# of expected passes		437
# of expected failures		11
# of unresolved testcases	4
# of unsupported tests		13

Running target unix/-m64
UNRESOLVED: obj-c++.dg/bitfield-1.mm compilation failed to produce executable
UNRESOLVED: obj-c++.dg/lookup-2.mm compilation failed to produce executable
UNRESOLVED: obj-c++.dg/try-catch-2.mm compilation failed to produce executable
UNRESOLVED: obj-c++.dg/try-catch-9.mm compilation failed to produce executable

		=== obj-c++ Summary for unix/-m64 ===

# of expected passes		426
# of expected failures		22
# of unresolved testcases	4
# of unsupported tests		13

		=== obj-c++ Summary ===

# of expected passes		863
# of expected failures		33
# of unresolved testcases	8
# of unsupported tests		26
/home/doko/gcc/snap/gcc-snapshot-20081019/build/gcc/testsuite/obj-c++/../../g++  version 4.4.0 20081017 (experimental) [gcj/classpath-098-merge-branch revision 141123] (Debian 20081019-1) 

		=== objc tests ===


Running target unix

		=== objc Summary for unix ===

# of expected passes		1814
# of expected failures		7
# of unsupported tests		24

Running target unix/-m64
FAIL: objc/execute/exceptions/catchall-1.m execution,  -O3 -fomit-frame-pointer -fgnu-runtime
FAIL: objc/execute/exceptions/catchall-1.m execution,  -O3 -g -fgnu-runtime
FAIL: objc/execute/exceptions/finally-1.m execution,  -O0 -fgnu-runtime
FAIL: objc/execute/exceptions/finally-1.m execution,  -O1 -fgnu-runtime
FAIL: objc/execute/exceptions/finally-1.m execution,  -O2 -fgnu-runtime
FAIL: objc/execute/exceptions/finally-1.m execution,  -O3 -fomit-frame-pointer -fgnu-runtime
FAIL: objc/execute/exceptions/finally-1.m execution,  -O3 -g -fgnu-runtime
FAIL: objc/execute/exceptions/finally-1.m execution,  -Os -fgnu-runtime
FAIL: objc/execute/exceptions/local-variables-1.m execution,  -O3 -fomit-frame-pointer -fgnu-runtime
FAIL: objc/execute/exceptions/local-variables-1.m execution,  -O3 -g -fgnu-runtime

		=== objc Summary for unix/-m64 ===

# of expected passes		1804
# of unexpected failures	10
# of expected failures		7
# of unsupported tests		24

		=== objc Summary ===

# of expected passes		3618
# of unexpected failures	10
# of expected failures		14
# of unsupported tests		48
/home/doko/gcc/snap/gcc-snapshot-20081019/build/gcc/xgcc  version 4.4.0 20081017 (experimental) [gcj/classpath-098-merge-branch revision 141123] (Debian 20081019-1) 

		=== libffi tests ===


Running target unix

		=== libffi Summary for unix ===

# of expected passes		1389
# of unsupported tests		10

Running target unix/-m64
FAIL: libffi.special/unwindtest_ffi_call.cc  -shared-libgcc -lstdc++ execution test
FAIL: libffi.special/unwindtest_ffi_call.cc  -shared-libgcc -lstdc++ execution test
FAIL: libffi.special/unwindtest_ffi_call.cc  -shared-libgcc -lstdc++ execution test

		=== libffi Summary for unix/-m64 ===

# of expected passes		1383
# of unexpected failures	3
# of unsupported tests		10

		=== libffi Summary ===

# of expected passes		2772
# of unexpected failures	3
# of unsupported tests		20
		=== libgomp tests ===


Running target unix
FAIL: libgomp.c/atomic-3.c execution test

		=== libgomp Summary for unix ===

# of expected passes		889
# of unexpected failures	1

Running target unix/-m64

		=== libgomp Summary for unix/-m64 ===

# of expected passes		890

		=== libgomp Summary ===

# of expected passes		1779
# of unexpected failures	1
		=== libjava tests ===


Running target unix

		=== libjava Summary ===

# of expected passes		2574
		=== libmudflap tests ===


Running target unix
FAIL: libmudflap.c++/pass41-frag.cxx execution test
FAIL: libmudflap.c++/pass41-frag.cxx (-static) execution test
FAIL: libmudflap.c++/pass41-frag.cxx (-O2) execution test
FAIL: libmudflap.c++/pass41-frag.cxx (-O3) execution test

		=== libmudflap Summary for unix ===

# of expected passes		1882
# of unexpected failures	4

Running target unix/-m64
FAIL: libmudflap.c/fail27-frag.c output pattern test
FAIL: libmudflap.c/fail27-frag.c (-static) output pattern test
FAIL: libmudflap.c/fail27-frag.c (-O2) output pattern test
FAIL: libmudflap.c/fail27-frag.c (-O3) output pattern test
FAIL: libmudflap.c++/pass41-frag.cxx execution test
FAIL: libmudflap.c++/pass41-frag.cxx (-static) execution test
FAIL: libmudflap.c++/pass41-frag.cxx (-O2) execution test
FAIL: libmudflap.c++/pass41-frag.cxx (-O3) execution test

		=== libmudflap Summary for unix/-m64 ===

# of expected passes		1878
# of unexpected failures	8

		=== libmudflap Summary ===

# of expected passes		3760
# of unexpected failures	12
		=== libstdc++ tests ===


Running target unix
XPASS: 26_numerics/headers/cmath/c99_classification_macros_c.cc (test for excess errors)

		=== libstdc++ Summary for unix ===

# of expected passes		5645
# of unexpected successes	1
# of expected failures		72
# of unsupported tests		326

Running target unix/-m64
FAIL: 18_support/exception_ptr/current_exception.cc execution test
FAIL: 18_support/exception_ptr/lifespan.cc execution test
FAIL: 18_support/exception_ptr/rethrow_exception.cc execution test
FAIL: 19_diagnostics/logic_error/cons_virtual_derivation.cc execution test
FAIL: 19_diagnostics/runtime_error/cons_virtual_derivation.cc execution test
FAIL: 19_diagnostics/system_error/cons_virtual_derivation.cc execution test
FAIL: 20_util/shared_ptr/thread/default_weaktoshared.cc execution test
FAIL: 20_util/shared_ptr/thread/mutex_weaktoshared.cc execution test
FAIL: 21_strings/basic_string/append/char/1.cc execution test
FAIL: 21_strings/basic_string/append/wchar_t/1.cc execution test
FAIL: 21_strings/basic_string/cons/char/1.cc execution test
FAIL: 21_strings/basic_string/cons/char/3.cc execution test
FAIL: 21_strings/basic_string/cons/wchar_t/1.cc execution test
FAIL: 21_strings/basic_string/cons/wchar_t/3.cc execution test
FAIL: 21_strings/basic_string/element_access/char/1.cc execution test
FAIL: 21_strings/basic_string/element_access/wchar_t/1.cc execution test
FAIL: 21_strings/basic_string/insert/char/1.cc execution test
FAIL: 21_strings/basic_string/insert/wchar_t/1.cc execution test
FAIL: 21_strings/basic_string/inserters_extractors/pod/10081-in.cc execution test
FAIL: 21_strings/basic_string/numeric_conversions/char/stod.cc execution test
FAIL: 21_strings/basic_string/numeric_conversions/char/stof.cc execution test
FAIL: 21_strings/basic_string/numeric_conversions/char/stoi.cc execution test
FAIL: 21_strings/basic_string/numeric_conversions/char/stol.cc execution test
FAIL: 21_strings/basic_string/numeric_conversions/char/stold.cc execution test
FAIL: 21_strings/basic_string/numeric_conversions/char/stoll.cc execution test
FAIL: 21_strings/basic_string/numeric_conversions/char/stoul.cc execution test
FAIL: 21_strings/basic_string/numeric_conversions/char/stoull.cc execution test
FAIL: 21_strings/basic_string/numeric_conversions/wchar_t/stod.cc execution test
FAIL: 21_strings/basic_string/numeric_conversions/wchar_t/stof.cc execution test
FAIL: 21_strings/basic_string/numeric_conversions/wchar_t/stoi.cc execution test
FAIL: 21_strings/basic_string/numeric_conversions/wchar_t/stol.cc execution test
FAIL: 21_strings/basic_string/numeric_conversions/wchar_t/stold.cc execution test
FAIL: 21_strings/basic_string/numeric_conversions/wchar_t/stoll.cc execution test
FAIL: 21_strings/basic_string/numeric_conversions/wchar_t/stoul.cc execution test
FAIL: 21_strings/basic_string/numeric_conversions/wchar_t/stoull.cc execution test
FAIL: 21_strings/basic_string/substr/char/1.cc execution test
FAIL: 21_strings/basic_string/substr/wchar_t/1.cc execution test
FAIL: 22_locale/facet/25421.cc execution test
FAIL: 22_locale/locale/cons/unicode.cc execution test
FAIL: 22_locale/numpunct/members/pod/2.cc execution test
FAIL: 23_containers/bitset/cons/1.cc execution test
FAIL: 23_containers/bitset/cons/6282.cc execution test
FAIL: 23_containers/bitset/test/1.cc execution test
FAIL: 23_containers/bitset/to_ulong/1.cc execution test
FAIL: 23_containers/deque/capacity/29134-2.cc execution test
FAIL: 23_containers/deque/cons/2.cc execution test
FAIL: 23_containers/list/modifiers/3.cc execution test
FAIL: 23_containers/list/operations/5.cc execution test
FAIL: 23_containers/map/element_access/1.cc execution test
FAIL: 23_containers/unordered_map/dr761.cc execution test
FAIL: 23_containers/vector/bool/modifiers/insert/31370.cc execution test
FAIL: 23_containers/vector/capacity/2.cc execution test
FAIL: 23_containers/vector/capacity/29134-2.cc execution test
FAIL: 23_containers/vector/capacity/8230.cc execution test
FAIL: 23_containers/vector/cons/4.cc execution test
FAIL: 23_containers/vector/element_access/1.cc execution test
FAIL: 23_containers/vector/modifiers/insert/1.cc execution test
FAIL: 23_containers/vector/resize/1.cc execution test
XPASS: 26_numerics/headers/cmath/c99_classification_macros_c.cc (test for excess errors)
FAIL: 27_io/basic_filebuf/cons/wchar_t/10132-1.cc execution test
FAIL: 27_io/basic_filebuf/overflow/char/13858.cc execution test
FAIL: 27_io/basic_filebuf/overflow/char/9182-2.cc execution test
FAIL: 27_io/basic_filebuf/overflow/wchar_t/13858.cc execution test
FAIL: 27_io/basic_filebuf/seekoff/wchar_t/3.cc execution test
FAIL: 27_io/basic_filebuf/seekpos/wchar_t/1.cc execution test
FAIL: 27_io/basic_filebuf/sync/char/9182-1.cc execution test
FAIL: 27_io/basic_filebuf/underflow/wchar_t/11544-1.cc execution test
FAIL: 27_io/basic_filebuf/underflow/wchar_t/11544-2.cc execution test
FAIL: 27_io/basic_filebuf/underflow/wchar_t/11603.cc execution test
FAIL: 27_io/basic_ios/copyfmt/char/1.cc execution test
FAIL: 27_io/basic_ios/exceptions/char/1.cc execution test
FAIL: 27_io/basic_ios/exceptions/char/2.cc execution test
FAIL: 27_io/basic_ios/imbue/14072.cc execution test
FAIL: 27_io/basic_istream/exceptions/char/9561.cc execution test
FAIL: 27_io/basic_istream/exceptions/wchar_t/9561.cc execution test
FAIL: 27_io/basic_istream/extractors_arithmetic/char/exceptions_badbit_throw.cc execution test
FAIL: 27_io/basic_istream/extractors_arithmetic/char/exceptions_failbit.cc execution test
FAIL: 27_io/basic_istream/extractors_arithmetic/char/exceptions_failbit_throw.cc execution test
FAIL: 27_io/basic_istream/extractors_arithmetic/pod/3983-1.cc execution test
FAIL: 27_io/basic_istream/extractors_arithmetic/wchar_t/exceptions_badbit_throw.cc execution test
FAIL: 27_io/basic_istream/extractors_arithmetic/wchar_t/exceptions_failbit.cc execution test
FAIL: 27_io/basic_istream/extractors_arithmetic/wchar_t/exceptions_failbit_throw.cc execution test
FAIL: 27_io/basic_istream/extractors_character/pod/3983-2.cc execution test
FAIL: 27_io/basic_istream/extractors_other/char/error_failbit.cc execution test
FAIL: 27_io/basic_istream/extractors_other/char/exceptions_badbit_throw.cc execution test
FAIL: 27_io/basic_istream/extractors_other/char/exceptions_failbit_throw.cc execution test
FAIL: 27_io/basic_istream/extractors_other/char/exceptions_null.cc execution test
FAIL: 27_io/basic_istream/extractors_other/pod/3983-3.cc execution test
FAIL: 27_io/basic_istream/extractors_other/wchar_t/error_failbit.cc execution test
FAIL: 27_io/basic_istream/extractors_other/wchar_t/exceptions_badbit_throw.cc execution test
FAIL: 27_io/basic_istream/extractors_other/wchar_t/exceptions_failbit_throw.cc execution test
FAIL: 27_io/basic_istream/extractors_other/wchar_t/exceptions_null.cc execution test
FAIL: 27_io/basic_istream/seekg/char/exceptions_badbit_throw.cc execution test
FAIL: 27_io/basic_istream/seekg/wchar_t/exceptions_badbit_throw.cc execution test
FAIL: 27_io/basic_istream/sentry/char/12297.cc execution test
FAIL: 27_io/basic_istream/sentry/pod/1.cc execution test
FAIL: 27_io/basic_istream/sentry/wchar_t/12297.cc execution test
FAIL: 27_io/basic_istream/tellg/char/exceptions_badbit_throw.cc execution test
FAIL: 27_io/basic_istream/tellg/wchar_t/exceptions_badbit_throw.cc execution test
FAIL: 27_io/basic_ostream/exceptions/char/9561.cc execution test
FAIL: 27_io/basic_ostream/exceptions/wchar_t/9561.cc execution test
FAIL: 27_io/basic_ostream/flush/char/exceptions_badbit_throw.cc execution test
FAIL: 27_io/basic_ostream/flush/wchar_t/exceptions_badbit_throw.cc execution test
FAIL: 27_io/basic_ostream/inserters_arithmetic/char/9555-oa.cc execution test
FAIL: 27_io/basic_ostream/inserters_arithmetic/char/exceptions_badbit_throw.cc execution test
FAIL: 27_io/basic_ostream/inserters_arithmetic/char/exceptions_failbit_throw.cc execution test
FAIL: 27_io/basic_ostream/inserters_arithmetic/pod/23875.cc execution test
FAIL: 27_io/basic_ostream/inserters_arithmetic/wchar_t/9555-oa.cc execution test
FAIL: 27_io/basic_ostream/inserters_arithmetic/wchar_t/exceptions_badbit_throw.cc execution test
FAIL: 27_io/basic_ostream/inserters_arithmetic/wchar_t/exceptions_failbit_throw.cc execution test
FAIL: 27_io/basic_ostream/inserters_character/char/9555-oc.cc execution test
FAIL: 27_io/basic_ostream/inserters_character/wchar_t/9555-oc.cc execution test
FAIL: 27_io/basic_ostream/inserters_other/char/5.cc execution test
FAIL: 27_io/basic_ostream/inserters_other/char/error_failbit.cc execution test
FAIL: 27_io/basic_ostream/inserters_other/char/exceptions_badbit_throw.cc execution test
FAIL: 27_io/basic_ostream/inserters_other/char/exceptions_failbit_throw.cc execution test
FAIL: 27_io/basic_ostream/inserters_other/char/exceptions_null.cc execution test
FAIL: 27_io/basic_ostream/inserters_other/wchar_t/5.cc execution test
FAIL: 27_io/basic_ostream/inserters_other/wchar_t/error_failbit.cc execution test
FAIL: 27_io/basic_ostream/inserters_other/wchar_t/exceptions_badbit_throw.cc execution test
FAIL: 27_io/basic_ostream/inserters_other/wchar_t/exceptions_failbit_throw.cc execution test
FAIL: 27_io/basic_ostream/inserters_other/wchar_t/exceptions_null.cc execution test
FAIL: 27_io/basic_ostream/put/char/1.cc execution test
FAIL: 27_io/basic_ostream/put/wchar_t/1.cc execution test
FAIL: 27_io/basic_ostream/seekp/char/exceptions_badbit_throw.cc execution test
FAIL: 27_io/basic_ostream/seekp/wchar_t/exceptions_badbit_throw.cc execution test
FAIL: 27_io/basic_ostream/tellp/char/exceptions_badbit_throw.cc execution test
FAIL: 27_io/basic_ostream/tellp/wchar_t/exceptions_badbit_throw.cc execution test
FAIL: 27_io/basic_ostream/write/char/1.cc execution test
FAIL: 27_io/basic_ostream/write/wchar_t/1.cc execution test
FAIL: 27_io/ios_base/failure/cons_virtual_derivation.cc execution test
FAIL: 27_io/ios_base/storage/11584.cc execution test
FAIL: 27_io/ios_base/storage/2.cc execution test
FAIL: 27_io/objects/char/6.cc execution test
FAIL: 27_io/objects/wchar_t/6.cc execution test
FAIL: 30_threads/unique_lock/locking/2.cc execution test
FAIL: ext/concurrence_lock_error/cons_virtual_derivation.cc execution test
FAIL: ext/concurrence_unlock_error/cons_virtual_derivation.cc execution test
FAIL: ext/enc_filebuf/char/13189.cc execution test
FAIL: ext/enc_filebuf/wchar_t/13189.cc execution test
FAIL: ext/mt_allocator/22309_thread.cc execution test
FAIL: ext/pb_ds/example/hash_illegal_resize.cc execution test
FAIL: ext/pb_ds/regression/hash_data_map_rand.cc execution test
FAIL: ext/pb_ds/regression/hash_no_data_map_rand.cc execution test
FAIL: ext/pb_ds/regression/list_update_data_map_rand.cc execution test
FAIL: ext/pb_ds/regression/list_update_no_data_map_rand.cc execution test
FAIL: ext/pb_ds/regression/priority_queue_rand.cc execution test
FAIL: ext/pb_ds/regression/tree_data_map_rand.cc execution test
FAIL: ext/pb_ds/regression/tree_no_data_map_rand.cc execution test
FAIL: ext/pb_ds/regression/trie_data_map_rand.cc execution test
FAIL: ext/pb_ds/regression/trie_no_data_map_rand.cc execution test
FAIL: ext/pool_allocator/allocate_chunk.cc execution test
FAIL: ext/pool_allocator/check_allocate_max_size.cc execution test
FAIL: ext/throw_allocator/check_deallocate_null.cc execution test
FAIL: thread/18185.cc execution test
FAIL: tr1/2_general_utilities/enable_shared_from_this/not_shared.cc execution test
FAIL: tr1/2_general_utilities/enable_shared_from_this/not_shared2.cc execution test
FAIL: tr1/2_general_utilities/enable_shared_from_this/not_shared3.cc execution test
FAIL: tr1/2_general_utilities/shared_ptr/thread/default_weaktoshared.cc execution test
FAIL: tr1/2_general_utilities/shared_ptr/thread/mutex_weaktoshared.cc execution test
FAIL: tr1/6_containers/array/element_access/at_out_of_range.cc execution test

		=== libstdc++ Summary for unix/-m64 ===

# of expected passes		5485
# of unexpected failures	160
# of unexpected successes	1
# of expected failures		72
# of unsupported tests		326

		=== libstdc++ Summary ===

# of expected passes		11130
# of unexpected failures	160
# of unexpected successes	2
# of expected failures		144
# of unsupported tests		652

Compiler version: 4.4.0 20081017 (experimental) [gcj/classpath-098-merge-branch revision 141123] (Debian 20081019-1) 
Platform: powerpc-unknown-linux-gnu
configure flags: -v --with-pkgversion='Debian 20081019-1' --with-bugurl=file:///usr/share/doc/gcc-snapshot/README.Bugs --enable-languages=c,c++,java,objc,obj-c++ --prefix=/usr/lib/gcc-snapshot --enable-shared --with-system-zlib --disable-nls --enable-clocale=gnu --enable-libstdcxx-debug --enable-java-awt=gtk --enable-gtk-cairo --disable-plugin --with-java-home=/usr/lib/gcc-snapshot/jre --with-ecj-jar=/usr/share/java/eclipse-ecj.jar --enable-objc-gc --disable-softfloat --enable-secureplt --enable-targets=powerpc-linux,powerpc64-linux --with-cpu=default32 --with-long-double-128 --disable-werror --build=powerpc-linux-gnu --host=powerpc-linux-gnu --target=powerpc-linux-gnu
BOOT_CFLAGS=


Build Dependencies:
Desired=Unknown/Install/Remove/Purge/Hold
| Status=Not/Inst/Cfg-files/Unpacked/Failed-cfg/Half-inst/trig-aWait/Trig-pend
|/ Err?=(none)/Hold/Reinst-required/X=both-problems (Status,Err: uppercase=bad)
||/ Name                                                    Version                    Description
+++-=======================================================-==========================-==============================================
ii  binutils                                                2.18.1~cvs20080103-7       The GNU assembler, linker and binary utilities
ii  libc6                                                   2.7-15                     GNU C Library: Shared libraries


Patches that Debian applied in this version:

r141182-revert:
  Revert revision 141182 (breaks Ada)

pr27880:
  PR target/27880: Restore static linking on ia64 with system libunwind
  by adding unwind-compat to the static libgcc.

pr37815:
  Proposed patch for PR target/37815

cpu-default-i486:
  set default 32bit ix86 architecture to i486

gcc-ice-hack-trunk:
  Retry the build on an ice, save the calling options and preprocessed
  source when the ice is reproducible.

gcc-ice-apport-trunk:
  Report an ICE to apport (if apport is available
  and the environment variable GCC_NOAPPORT is not set)

libjava-disable-static:
  Disable building the static libjava.

multiarch-include-trunk:
  biarch-include.dpatch
  
  Adds biarch include directories
  /usr/local/include/<arch>-linux-gnu
  /usr/include/<arch>-linux-gnu
  to the system include paths, depending on 32/64 bit mode.

libjava-nobiarch-check:
  For biarch builds, disable the testsuite for the non-default architecture
  for runtime libraries, which are not built by default (libjava).

config-ml:
  disable some biarch libraries for biarch builds

powerpc-biarch:
  enable biarch for 32 bit compiler

Counting all warnings,
there are 0 warnings in stage3 of this bootstrap.

Number of warnings per file:

Number of warning types:


Index Nav: [Date Index] [Subject Index] [Author Index] [Thread Index]
Message Nav: [Date Prev] [Date Next] [Thread Prev] [Thread Next]