This is the mail archive of the
gcc-testresults@gcc.gnu.org
mailing list for the GCC project.
Results for 4.4.0 20080912 (experimental) [trunk revision 140313] (GCC) testsuite on sparc-sun-solaris2.10
- From: Andreas Tobler <andreast-list at fgznet dot ch>
- To: gcc-testresults at gcc dot gnu dot org
- Date: Fri, 12 Sep 2008 20:35:54 +0200
- Subject: Results for 4.4.0 20080912 (experimental) [trunk revision 140313] (GCC) testsuite on sparc-sun-solaris2.10
LAST_UPDATED: Fri Sep 12 10:17:36 UTC 2008 (revision 140313)
Native configuration is sparc-sun-solaris2.10
=== g++ tests ===
Running target unix/-m64
FAIL: g++.dg/eh/registers1.C execution test
FAIL: g++.dg/other/PR23205.C scan-assembler .stabs.*foobar:c=i
FAIL: g++.dg/other/anon5.C undefined (test for errors, line )
FAIL: g++.dg/other/anon5.C (test for excess errors)
WARNING: g++.dg/other/ucnid-1.C compilation failed to produce executable
WARNING: program timed out.
FAIL: g++.old-deja/g++.eh/inline2.C execution test
WARNING: program timed out.
XPASS: g++.old-deja/g++.other/init19.C execution test
FAIL: g++.old-deja/g++.other/static14.C (test for excess errors)
FAIL: g++.old-deja/g++.other/static20.C (test for excess errors)
=== g++ Summary for unix/-m64 ===
# of expected passes 17911
# of unexpected failures 7
# of unexpected successes 1
# of expected failures 83
# of unsupported tests 236
Running target unix
FAIL: g++.dg/eh/registers1.C execution test
FAIL: g++.dg/other/PR23205.C scan-assembler .stabs.*foobar:c=i
FAIL: g++.dg/other/anon5.C undefined (test for errors, line )
FAIL: g++.dg/other/anon5.C (test for excess errors)
WARNING: g++.dg/other/ucnid-1.C compilation failed to produce executable
WARNING: program timed out.
FAIL: g++.old-deja/g++.eh/inline2.C execution test
WARNING: program timed out.
XPASS: g++.old-deja/g++.other/init19.C execution test
FAIL: g++.old-deja/g++.other/static14.C (test for excess errors)
FAIL: g++.old-deja/g++.other/static20.C (test for excess errors)
=== g++ Summary for unix ===
# of expected passes 17945
# of unexpected failures 7
# of unexpected successes 1
# of expected failures 83
# of unsupported tests 234
=== g++ Summary ===
# of expected passes 35856
# of unexpected failures 14
# of unexpected successes 2
# of expected failures 166
# of unsupported tests 470
/export/data/tobleran/gcc-test/head/objdir/gcc/testsuite/g++/../../g++ version 4.4.0 20080912 (experimental) [trunk revision 140313] (GCC)
=== gcc tests ===
Running target unix/-m64
WARNING: program timed out.
FAIL: gcc.c-torture/compile/limits-fnargs.c -O2 (test for excess errors)
WARNING: program timed out.
FAIL: gcc.c-torture/compile/limits-fnargs.c -O3 -fomit-frame-pointer (test for excess errors)
WARNING: program timed out.
FAIL: gcc.c-torture/compile/limits-fnargs.c -O3 -g (test for excess errors)
WARNING: program timed out.
FAIL: gcc.c-torture/compile/limits-fnargs.c -Os (test for excess errors)
FAIL: gcc.c-torture/compile/pr11832.c -O0 (internal compiler error)
FAIL: gcc.c-torture/compile/pr11832.c -O1 (internal compiler error)
FAIL: gcc.c-torture/compile/pr11832.c -O2 (internal compiler error)
FAIL: gcc.c-torture/compile/pr11832.c -O3 -fomit-frame-pointer (internal compiler error)
FAIL: gcc.c-torture/compile/pr11832.c -O3 -fomit-frame-pointer -funroll-loops (internal compiler error)
FAIL: gcc.c-torture/compile/pr11832.c -O3 -fomit-frame-pointer -funroll-all-loops -finline-functions (internal compiler error)
FAIL: gcc.c-torture/compile/pr11832.c -O3 -g (internal compiler error)
FAIL: gcc.c-torture/compile/pr11832.c -Os (internal compiler error)
FAIL: gcc.c-torture/compile/pr33009.c -O0 (internal compiler error)
FAIL: gcc.c-torture/compile/pr33009.c -O1 (internal compiler error)
FAIL: gcc.c-torture/compile/pr33009.c -O2 (internal compiler error)
FAIL: gcc.c-torture/compile/pr33009.c -O3 -fomit-frame-pointer (internal compiler error)
FAIL: gcc.c-torture/compile/pr33009.c -O3 -fomit-frame-pointer -funroll-loops (internal compiler error)
FAIL: gcc.c-torture/compile/pr33009.c -O3 -fomit-frame-pointer -funroll-all-loops -finline-functions (internal compiler error)
FAIL: gcc.c-torture/compile/pr33009.c -O3 -g (internal compiler error)
FAIL: gcc.c-torture/compile/pr33009.c -Os (internal compiler error)
FAIL: gcc.dg/compat/struct-by-value-11 c_compat_x_tst.o-c_compat_y_tst.o execute
FAIL: gcc.dg/compat/struct-by-value-12 c_compat_x_tst.o-c_compat_y_tst.o execute
FAIL: gcc.dg/compat/vector-1 c_compat_x_tst.o-c_compat_y_tst.o execute
FAIL: tmpdir-gcc.dg-struct-layout-1/t027 c_compat_x_tst.o-c_compat_y_tst.o execute
FAIL: gcc.dg/cpp/cmdlne-dU-16.c -fno-show-column (internal compiler error)
FAIL: gcc.dg/cpp/cmdlne-dU-16.c -fno-show-column (test for excess errors)
ERROR: gcc.dg/cpp/cmdlne-dU-16.c -fno-show-column: error executing dg-final: couldn't open "cmdlne-dU-16.i": no such file or directory
UNRESOLVED: gcc.dg/cpp/cmdlne-dU-16.c -fno-show-column: error executing dg-final: couldn't open "cmdlne-dU-16.i": no such file or directory
FAIL: gcc.dg/cpp/cmdlne-dU-17.c -fno-show-column (internal compiler error)
FAIL: gcc.dg/cpp/cmdlne-dU-17.c -fno-show-column (test for excess errors)
ERROR: gcc.dg/cpp/cmdlne-dU-17.c -fno-show-column: error executing dg-final: couldn't open "cmdlne-dU-17.i": no such file or directory
UNRESOLVED: gcc.dg/cpp/cmdlne-dU-17.c -fno-show-column: error executing dg-final: couldn't open "cmdlne-dU-17.i": no such file or directory
FAIL: gcc.dg/cpp/trad/include.c -fno-show-column (internal compiler error)
FAIL: gcc.dg/cpp/trad/include.c -fno-show-column (test for excess errors)
FAIL: gcc.dg/debug/dwarf2/dwarf-die3.c scan-assembler-not DW_AT_inline
WARNING: program timed out.
FAIL: gcc.dg/20020425-1.c (test for excess errors)
FAIL: gcc.dg/pr33645-3.c scan-assembler-not var1_t
FAIL: gcc.dg/pr35729.c scan-rtl-dump-times loop2_invariant "Decided to move invariant" 0
FAIL: gcc.dg/pragma-align-2.c (test for errors, line 22)
FAIL: gcc.dg/pragma-align-2.c (test for errors, line 23)
FAIL: gcc.dg/pragma-align-2.c (test for errors, line 24)
FAIL: gcc.dg/pragma-align-2.c (test for errors, line 25)
FAIL: gcc.dg/pragma-align-2.c (test for errors, line 26)
FAIL: gcc.dg/pragma-align-2.c (test for errors, line 30)
FAIL: gcc.dg/pragma-align-2.c (test for excess errors)
FAIL: gcc.dg/pragma-init-fini.c (test for errors, line 7)
FAIL: gcc.dg/pragma-init-fini.c (test for errors, line 8)
FAIL: gcc.dg/pragma-init-fini.c (test for errors, line 9)
FAIL: gcc.dg/pragma-init-fini.c (test for errors, line 11)
FAIL: gcc.dg/pragma-init-fini.c (test for errors, line 12)
FAIL: gcc.dg/pragma-init-fini.c (test for errors, line 13)
FAIL: gcc.dg/pragma-init-fini.c (test for excess errors)
WARNING: gcc.dg/ucnid-2.c compilation failed to produce executable
WARNING: gcc.dg/ucnid-3.c compilation failed to produce executable
WARNING: gcc.dg/ucnid-4.c compilation failed to produce executable
FAIL: gcc.dg/format/cmn-err-1.c (test for errors, line 31)
FAIL: gcc.dg/format/cmn-err-1.c (test for errors, line 32)
FAIL: gcc.dg/format/cmn-err-1.c (test for errors, line 33)
FAIL: gcc.dg/format/cmn-err-1.c (test for errors, line 34)
FAIL: gcc.dg/format/cmn-err-1.c (test for errors, line 35)
FAIL: gcc.dg/format/cmn-err-1.c (test for errors, line 36)
FAIL: gcc.dg/format/cmn-err-1.c (test for excess errors)
FAIL: gcc.dg/format/cmn-err-1.c -DWIDE (test for errors, line 31)
FAIL: gcc.dg/format/cmn-err-1.c -DWIDE (test for errors, line 32)
FAIL: gcc.dg/format/cmn-err-1.c -DWIDE (test for errors, line 33)
FAIL: gcc.dg/format/cmn-err-1.c -DWIDE (test for errors, line 34)
FAIL: gcc.dg/format/cmn-err-1.c -DWIDE (test for errors, line 35)
FAIL: gcc.dg/format/cmn-err-1.c -DWIDE (test for errors, line 36)
FAIL: gcc.dg/format/cmn-err-1.c -DWIDE (test for excess errors)
FAIL: gcc.dg/vect/vect-67.c scan-tree-dump-times vect "vectorized 1 loops" 1
FAIL: gcc.dg/vect/vect-outer-5.c scan-tree-dump-times vect "OUTER LOOP VECTORIZED" 1
FAIL: gcc.dg/vect/vect-outer-6.c scan-tree-dump-times vect "OUTER LOOP VECTORIZED" 1
FAIL: gcc.dg/vect/vect-outer-6.c scan-tree-dump-times vect "zero step in outer loop." 1
ERROR: gcc.dg/vect/slp-widen-mult-s16.c: error executing dg-final: syntax error in target selector "target vect_inpack"
UNRESOLVED: gcc.dg/vect/slp-widen-mult-s16.c: error executing dg-final: syntax error in target selector "target vect_inpack"
FAIL: gcc.dg/vect/O3-vect-pr34223.c scan-tree-dump-times vect "vectorized 1 loops" 1
FAIL: gcc.dg/weak/weak-1.c scan-assembler weak[^ \\t]*[ \\t]_?j
=== gcc Summary for unix/-m64 ===
# of expected passes 48261
# of unexpected failures 68
# of expected failures 229
# of unresolved testcases 3
# of unsupported tests 688
Running target unix
WARNING: program timed out.
FAIL: gcc.c-torture/compile/limits-fnargs.c -O2 (test for excess errors)
WARNING: program timed out.
FAIL: gcc.c-torture/compile/limits-fnargs.c -O3 -fomit-frame-pointer (test for excess errors)
WARNING: program timed out.
FAIL: gcc.c-torture/compile/limits-fnargs.c -O3 -g (test for excess errors)
WARNING: program timed out.
FAIL: gcc.c-torture/compile/limits-fnargs.c -Os (test for excess errors)
FAIL: gcc.c-torture/compile/pr11832.c -O0 (internal compiler error)
FAIL: gcc.c-torture/compile/pr11832.c -O1 (internal compiler error)
FAIL: gcc.c-torture/compile/pr11832.c -O2 (internal compiler error)
FAIL: gcc.c-torture/compile/pr11832.c -O3 -fomit-frame-pointer (internal compiler error)
FAIL: gcc.c-torture/compile/pr11832.c -O3 -fomit-frame-pointer -funroll-loops (internal compiler error)
FAIL: gcc.c-torture/compile/pr11832.c -O3 -fomit-frame-pointer -funroll-all-loops -finline-functions (internal compiler error)
FAIL: gcc.c-torture/compile/pr11832.c -O3 -g (internal compiler error)
FAIL: gcc.c-torture/compile/pr11832.c -Os (internal compiler error)
FAIL: gcc.c-torture/compile/pr33009.c -O0 (internal compiler error)
FAIL: gcc.c-torture/compile/pr33009.c -O1 (internal compiler error)
FAIL: gcc.c-torture/compile/pr33009.c -O2 (internal compiler error)
FAIL: gcc.c-torture/compile/pr33009.c -O3 -fomit-frame-pointer (internal compiler error)
FAIL: gcc.c-torture/compile/pr33009.c -O3 -fomit-frame-pointer -funroll-loops (internal compiler error)
FAIL: gcc.c-torture/compile/pr33009.c -O3 -fomit-frame-pointer -funroll-all-loops -finline-functions (internal compiler error)
FAIL: gcc.c-torture/compile/pr33009.c -O3 -g (internal compiler error)
FAIL: gcc.c-torture/compile/pr33009.c -Os (internal compiler error)
FAIL: gcc.c-torture/execute/pr28982b.c execution, -O2
FAIL: gcc.c-torture/execute/pr28982b.c execution, -O3 -fomit-frame-pointer
FAIL: gcc.c-torture/execute/pr28982b.c execution, -O3 -g
FAIL: gcc.dg/cpp/cmdlne-dU-16.c -fno-show-column (internal compiler error)
FAIL: gcc.dg/cpp/cmdlne-dU-16.c -fno-show-column (test for excess errors)
ERROR: gcc.dg/cpp/cmdlne-dU-16.c -fno-show-column: error executing dg-final: couldn't open "cmdlne-dU-16.i": no such file or directory
UNRESOLVED: gcc.dg/cpp/cmdlne-dU-16.c -fno-show-column: error executing dg-final: couldn't open "cmdlne-dU-16.i": no such file or directory
FAIL: gcc.dg/cpp/cmdlne-dU-17.c -fno-show-column (internal compiler error)
FAIL: gcc.dg/cpp/cmdlne-dU-17.c -fno-show-column (test for excess errors)
ERROR: gcc.dg/cpp/cmdlne-dU-17.c -fno-show-column: error executing dg-final: couldn't open "cmdlne-dU-17.i": no such file or directory
UNRESOLVED: gcc.dg/cpp/cmdlne-dU-17.c -fno-show-column: error executing dg-final: couldn't open "cmdlne-dU-17.i": no such file or directory
FAIL: gcc.dg/debug/dwarf2/dwarf-die3.c scan-assembler-not DW_AT_inline
WARNING: program timed out.
FAIL: gcc.dg/20020425-1.c (test for excess errors)
FAIL: gcc.dg/pr33645-3.c scan-assembler-not var1_t
FAIL: gcc.dg/pr35729.c scan-rtl-dump-times loop2_invariant "Decided to move invariant" 0
FAIL: gcc.dg/pragma-align-2.c (test for errors, line 22)
FAIL: gcc.dg/pragma-align-2.c (test for errors, line 23)
FAIL: gcc.dg/pragma-align-2.c (test for errors, line 24)
FAIL: gcc.dg/pragma-align-2.c (test for errors, line 25)
FAIL: gcc.dg/pragma-align-2.c (test for errors, line 26)
FAIL: gcc.dg/pragma-align-2.c (test for errors, line 30)
FAIL: gcc.dg/pragma-align-2.c (test for excess errors)
FAIL: gcc.dg/pragma-init-fini.c (test for errors, line 7)
FAIL: gcc.dg/pragma-init-fini.c (test for errors, line 8)
FAIL: gcc.dg/pragma-init-fini.c (test for errors, line 9)
FAIL: gcc.dg/pragma-init-fini.c (test for errors, line 11)
FAIL: gcc.dg/pragma-init-fini.c (test for errors, line 12)
FAIL: gcc.dg/pragma-init-fini.c (test for errors, line 13)
FAIL: gcc.dg/pragma-init-fini.c (test for excess errors)
WARNING: gcc.dg/ucnid-2.c compilation failed to produce executable
WARNING: gcc.dg/ucnid-3.c compilation failed to produce executable
WARNING: gcc.dg/ucnid-4.c compilation failed to produce executable
FAIL: gcc.dg/format/cmn-err-1.c (test for errors, line 31)
FAIL: gcc.dg/format/cmn-err-1.c (test for errors, line 32)
FAIL: gcc.dg/format/cmn-err-1.c (test for errors, line 33)
FAIL: gcc.dg/format/cmn-err-1.c (test for errors, line 34)
FAIL: gcc.dg/format/cmn-err-1.c (test for errors, line 35)
FAIL: gcc.dg/format/cmn-err-1.c (test for errors, line 36)
FAIL: gcc.dg/format/cmn-err-1.c (test for excess errors)
FAIL: gcc.dg/format/cmn-err-1.c -DWIDE (test for errors, line 31)
FAIL: gcc.dg/format/cmn-err-1.c -DWIDE (test for errors, line 32)
FAIL: gcc.dg/format/cmn-err-1.c -DWIDE (test for errors, line 33)
FAIL: gcc.dg/format/cmn-err-1.c -DWIDE (test for errors, line 34)
FAIL: gcc.dg/format/cmn-err-1.c -DWIDE (test for errors, line 35)
FAIL: gcc.dg/format/cmn-err-1.c -DWIDE (test for errors, line 36)
FAIL: gcc.dg/format/cmn-err-1.c -DWIDE (test for excess errors)
FAIL: gcc.dg/vect/pr36493.c scan-tree-dump-times vect "vectorized 1 loops" 1
FAIL: gcc.dg/vect/vect-35.c scan-tree-dump-times vect "vectorized 1 loops" 1
FAIL: gcc.dg/vect/vect-67.c scan-tree-dump-times vect "vectorized 1 loops" 1
FAIL: gcc.dg/vect/vect-multitypes-12.c scan-tree-dump-times vect "vectorized 1 loops" 1
FAIL: gcc.dg/vect/vect-multitypes-5.c scan-tree-dump-times vect "vectorized 1 loops" 1
FAIL: gcc.dg/vect/vect-multitypes-6.c scan-tree-dump-times vect "vectorized 1 loops" 1
FAIL: gcc.dg/vect/vect-outer-5.c scan-tree-dump-times vect "OUTER LOOP VECTORIZED" 1
FAIL: gcc.dg/vect/vect-outer-6.c scan-tree-dump-times vect "OUTER LOOP VECTORIZED" 1
FAIL: gcc.dg/vect/vect-outer-6.c scan-tree-dump-times vect "zero step in outer loop." 1
FAIL: gcc.dg/vect/slp-multitypes-2.c execution test
FAIL: gcc.dg/vect/slp-multitypes-3.c scan-tree-dump-times vect "vectorized 1 loops" 1
FAIL: gcc.dg/vect/slp-multitypes-3.c scan-tree-dump-times vect "vectorizing stmts using SLP" 2
ERROR: gcc.dg/vect/slp-widen-mult-s16.c: error executing dg-final: syntax error in target selector "target vect_inpack"
UNRESOLVED: gcc.dg/vect/slp-widen-mult-s16.c: error executing dg-final: syntax error in target selector "target vect_inpack"
FAIL: gcc.dg/vect/O3-vect-pr34223.c scan-tree-dump-times vect "vectorized 1 loops" 1
FAIL: gcc.dg/weak/weak-1.c scan-assembler weak[^ \\t]*[ \\t]_?j
FAIL: gcc.target/sparc/pdist-3.c (internal compiler error)
FAIL: gcc.target/sparc/pdist-3.c (test for excess errors)
WARNING: gcc.target/sparc/pdist-3.c compilation failed to produce executable
=== gcc Summary for unix ===
# of expected passes 48264
# of unexpected failures 75
# of expected failures 228
# of unresolved testcases 3
# of unsupported tests 685
=== gcc Summary ===
# of expected passes 96525
# of unexpected failures 143
# of expected failures 457
# of unresolved testcases 6
# of unsupported tests 1373
/export/data/tobleran/gcc-test/head/objdir/gcc/xgcc version 4.4.0 20080912 (experimental) [trunk revision 140313] (GCC)
=== gfortran tests ===
Running target unix/-m64
=== gfortran Summary for unix/-m64 ===
# of expected passes 27870
# of expected failures 12
# of unsupported tests 67
Running target unix
=== gfortran Summary for unix ===
# of expected passes 27721
# of expected failures 12
# of unsupported tests 140
=== gfortran Summary ===
# of expected passes 55591
# of expected failures 24
# of unsupported tests 207
/export/data/tobleran/gcc-test/head/objdir/gcc/testsuite/gfortran/../../gfortran version 4.4.0 20080912 (experimental) [trunk revision 140313] (GCC)
=== objc tests ===
Running target unix/-m64
FAIL: objc/execute/exceptions/catchall-1.m execution, -O1 -fgnu-runtime
FAIL: objc/execute/exceptions/catchall-1.m execution, -O2 -fgnu-runtime
FAIL: objc/execute/exceptions/catchall-1.m execution, -Os -fgnu-runtime
FAIL: objc/execute/exceptions/foward-1.m execution, -O3 -fomit-frame-pointer -funroll-loops -fgnu-runtime
FAIL: objc/execute/exceptions/foward-1.m execution, -O3 -fomit-frame-pointer -funroll-all-loops -finline-functions -fgnu-runtime
=== objc Summary for unix/-m64 ===
# of expected passes 1809
# of unexpected failures 5
# of expected failures 7
# of unsupported tests 24
Running target unix
FAIL: objc/execute/exceptions/catchall-1.m execution, -O1 -fgnu-runtime
FAIL: objc/execute/exceptions/catchall-1.m execution, -O2 -fgnu-runtime
FAIL: objc/execute/exceptions/catchall-1.m execution, -Os -fgnu-runtime
FAIL: objc/execute/exceptions/foward-1.m execution, -O3 -fomit-frame-pointer -funroll-loops -fgnu-runtime
FAIL: objc/execute/exceptions/foward-1.m execution, -O3 -fomit-frame-pointer -funroll-all-loops -finline-functions -fgnu-runtime
=== objc Summary for unix ===
# of expected passes 1809
# of unexpected failures 5
# of expected failures 7
# of unsupported tests 24
=== objc Summary ===
# of expected passes 3618
# of unexpected failures 10
# of expected failures 14
# of unsupported tests 48
/export/data/tobleran/gcc-test/head/objdir/gcc/xgcc version 4.4.0 20080912 (experimental) [trunk revision 140313] (GCC)
=== libffi tests ===
Running target unix/-m64
=== libffi Summary for unix/-m64 ===
# of expected passes 1389
# of unsupported tests 10
Running target unix
FAIL: libffi.call/return_sc.c -O0 -W -Wall execution test
=== libffi Summary for unix ===
# of expected passes 1388
# of unexpected failures 1
# of unsupported tests 10
=== libffi Summary ===
# of expected passes 2777
# of unexpected failures 1
# of unsupported tests 20
=== libgomp tests ===
Running target unix/-m64
FAIL: libgomp.c++/ctor-10.C -O1 execution test
FAIL: libgomp.c++/ctor-10.C -O2 execution test
FAIL: libgomp.c++/ctor-10.C -O3 -g execution test
FAIL: libgomp.c++/ctor-8.C -O1 execution test
FAIL: libgomp.c++/ctor-8.C -O3 -fomit-frame-pointer -funroll-loops execution test
FAIL: libgomp.c++/ctor-8.C -Os execution test
FAIL: libgomp.fortran/crayptr2.f90 -O3 -fomit-frame-pointer execution test
FAIL: libgomp.fortran/crayptr2.f90 -O3 -fomit-frame-pointer -funroll-loops execution test
FAIL: libgomp.fortran/crayptr2.f90 -O3 -g execution test
FAIL: libgomp.fortran/crayptr2.f90 -Os execution test
FAIL: libgomp.fortran/pr25162.f -O0 execution test
FAIL: libgomp.fortran/pr25162.f -O1 execution test
FAIL: libgomp.fortran/pr25162.f -O2 execution test
FAIL: libgomp.fortran/pr25162.f -O3 -fomit-frame-pointer execution test
FAIL: libgomp.fortran/pr25162.f -O3 -fomit-frame-pointer -funroll-loops execution test
FAIL: libgomp.fortran/pr25162.f -O3 -fomit-frame-pointer -funroll-all-loops -finline-functions execution test
FAIL: libgomp.fortran/pr25162.f -O3 -g execution test
FAIL: libgomp.fortran/pr25162.f -Os execution test
FAIL: libgomp.fortran/threadprivate1.f90 -O0 execution test
FAIL: libgomp.fortran/threadprivate1.f90 -O1 execution test
FAIL: libgomp.fortran/threadprivate1.f90 -O2 execution test
FAIL: libgomp.fortran/threadprivate1.f90 -O3 -fomit-frame-pointer -funroll-loops execution test
FAIL: libgomp.fortran/threadprivate1.f90 -O3 -g execution test
FAIL: libgomp.fortran/threadprivate2.f90 -O0 execution test
FAIL: libgomp.fortran/threadprivate2.f90 -O1 execution test
FAIL: libgomp.fortran/threadprivate2.f90 -O2 execution test
FAIL: libgomp.fortran/threadprivate2.f90 -O3 -fomit-frame-pointer execution test
FAIL: libgomp.fortran/threadprivate2.f90 -O3 -fomit-frame-pointer -funroll-loops execution test
FAIL: libgomp.fortran/threadprivate2.f90 -O3 -fomit-frame-pointer -funroll-all-loops -finline-functions execution test
FAIL: libgomp.fortran/threadprivate2.f90 -O3 -g execution test
FAIL: libgomp.fortran/threadprivate2.f90 -Os execution test
FAIL: libgomp.fortran/threadprivate3.f90 -O0 execution test
FAIL: libgomp.fortran/threadprivate3.f90 -O1 execution test
FAIL: libgomp.fortran/threadprivate3.f90 -O2 execution test
FAIL: libgomp.fortran/threadprivate3.f90 -O3 -fomit-frame-pointer execution test
FAIL: libgomp.fortran/threadprivate3.f90 -O3 -fomit-frame-pointer -funroll-loops execution test
FAIL: libgomp.fortran/threadprivate3.f90 -O3 -fomit-frame-pointer -funroll-all-loops -finline-functions execution test
FAIL: libgomp.fortran/threadprivate3.f90 -O3 -g execution test
FAIL: libgomp.fortran/threadprivate3.f90 -Os execution test
=== libgomp Summary for unix/-m64 ===
# of expected passes 2232
# of unexpected failures 39
# of unsupported tests 9
Running target unix
FAIL: libgomp.c++/ctor-10.C -O3 -g execution test
FAIL: libgomp.c++/ctor-10.C -Os execution test
FAIL: libgomp.c++/ctor-8.C -O3 -fomit-frame-pointer -funroll-loops execution test
FAIL: libgomp.c++/ctor-8.C -Os execution test
FAIL: libgomp.c++/ctor-9.C -O3 -fomit-frame-pointer -funroll-loops execution test
FAIL: libgomp.c++/ctor-9.C -O3 -fomit-frame-pointer -funroll-all-loops -finline-functions execution test
FAIL: libgomp.fortran/crayptr2.f90 -O1 execution test
FAIL: libgomp.fortran/crayptr2.f90 -O3 -fomit-frame-pointer -funroll-all-loops -finline-functions execution test
FAIL: libgomp.fortran/omp_parse3.f90 -O1 execution test
FAIL: libgomp.fortran/omp_parse3.f90 -O2 execution test
FAIL: libgomp.fortran/omp_parse3.f90 -O3 -fomit-frame-pointer execution test
FAIL: libgomp.fortran/omp_parse3.f90 -O3 -fomit-frame-pointer -funroll-loops execution test
FAIL: libgomp.fortran/omp_parse3.f90 -O3 -fomit-frame-pointer -funroll-all-loops -finline-functions execution test
FAIL: libgomp.fortran/omp_parse3.f90 -Os execution test
FAIL: libgomp.fortran/pr25162.f -O0 execution test
FAIL: libgomp.fortran/pr25162.f -O1 execution test
FAIL: libgomp.fortran/pr25162.f -O2 execution test
FAIL: libgomp.fortran/pr25162.f -O3 -fomit-frame-pointer execution test
FAIL: libgomp.fortran/pr25162.f -O3 -fomit-frame-pointer -funroll-loops execution test
FAIL: libgomp.fortran/pr25162.f -O3 -fomit-frame-pointer -funroll-all-loops -finline-functions execution test
FAIL: libgomp.fortran/pr25162.f -O3 -g execution test
FAIL: libgomp.fortran/pr25162.f -Os execution test
FAIL: libgomp.fortran/threadprivate1.f90 -O2 execution test
FAIL: libgomp.fortran/threadprivate2.f90 -O0 execution test
FAIL: libgomp.fortran/threadprivate2.f90 -O1 execution test
FAIL: libgomp.fortran/threadprivate2.f90 -O2 execution test
FAIL: libgomp.fortran/threadprivate2.f90 -O3 -fomit-frame-pointer execution test
FAIL: libgomp.fortran/threadprivate2.f90 -O3 -fomit-frame-pointer -funroll-loops execution test
FAIL: libgomp.fortran/threadprivate2.f90 -O3 -fomit-frame-pointer -funroll-all-loops -finline-functions execution test
FAIL: libgomp.fortran/threadprivate2.f90 -O3 -g execution test
FAIL: libgomp.fortran/threadprivate2.f90 -Os execution test
FAIL: libgomp.fortran/threadprivate3.f90 -O0 execution test
FAIL: libgomp.fortran/threadprivate3.f90 -O1 execution test
FAIL: libgomp.fortran/threadprivate3.f90 -O2 execution test
FAIL: libgomp.fortran/threadprivate3.f90 -O3 -fomit-frame-pointer execution test
FAIL: libgomp.fortran/threadprivate3.f90 -O3 -fomit-frame-pointer -funroll-loops execution test
FAIL: libgomp.fortran/threadprivate3.f90 -O3 -fomit-frame-pointer -funroll-all-loops -finline-functions execution test
FAIL: libgomp.fortran/threadprivate3.f90 -O3 -g execution test
FAIL: libgomp.fortran/threadprivate3.f90 -Os execution test
=== libgomp Summary for unix ===
# of expected passes 2232
# of unexpected failures 39
# of unsupported tests 9
=== libgomp Summary ===
# of expected passes 4464
# of unexpected failures 78
# of unsupported tests 18
=== libjava tests ===
Running target unix/-m64
FAIL: InvokeInterface execution - source compiled test
FAIL: InvokeInterface -O3 execution - source compiled test
=== libjava Summary for unix/-m64 ===
# of expected passes 2570
# of unexpected failures 2
# of untested testcases 2
Running target unix
FAIL: events output
FAIL: InvokeInterface execution - source compiled test
FAIL: InvokeInterface -O3 execution - source compiled test
=== libjava Summary for unix ===
# of expected passes 2569
# of unexpected failures 3
# of untested testcases 2
=== libjava Summary ===
# of expected passes 5139
# of unexpected failures 5
# of untested testcases 4
=== libstdc++ tests ===
Running target unix/-m64
XPASS: 23_containers/unordered_multimap/init-list.cc (test for excess errors)
FAIL: 23_containers/vector/capacity/2.cc execution test
XPASS: 27_io/basic_istream/extractors_arithmetic/char/12.cc execution test
XPASS: 27_io/basic_istream/extractors_arithmetic/wchar_t/12.cc execution test
FAIL: ext/enc_filebuf/char/13598.cc execution test
=== libstdc++ Summary for unix/-m64 ===
# of expected passes 5425
# of unexpected failures 2
# of unexpected successes 3
# of expected failures 71
# of unsupported tests 369
Running target unix
XPASS: 23_containers/unordered_multimap/init-list.cc (test for excess errors)
FAIL: 23_containers/vector/capacity/2.cc execution test
XPASS: 27_io/basic_istream/extractors_arithmetic/char/12.cc execution test
XPASS: 27_io/basic_istream/extractors_arithmetic/wchar_t/12.cc execution test
FAIL: ext/enc_filebuf/char/13598.cc execution test
=== libstdc++ Summary for unix ===
# of expected passes 5425
# of unexpected failures 2
# of unexpected successes 3
# of expected failures 71
# of unsupported tests 369
=== libstdc++ Summary ===
# of expected passes 10850
# of unexpected failures 4
# of unexpected successes 6
# of expected failures 142
# of unsupported tests 738
Compiler version: 4.4.0 20080912 (experimental) [trunk revision 140313] (GCC)
Platform: sparc-sun-solaris2.10
configure flags: --with-as=/usr/ccs/bin/as --with-ld=/usr/ccs/bin/ld --prefix=/export/data/tobleran/gcc-test/head/testbin --disable-static --with-gmp=/export/data/tobleran/install --with-mpfr=/export/data/tobleran/install --enable-languages=c,c++,java,fortran,objc --disable-nls --disable-tls --disable-checking