This is the mail archive of the
gcc-testresults@gcc.gnu.org
mailing list for the GCC project.
Results for 4.4.0 20080907 (experimental) [trunk revision 140091] (GCC) testsuite on hppa2.0w-hp-hpux11.11
- From: John David Anglin <dave at hiauly3 dot hia dot nrc dot ca>
- To: dave at hiauly3 dot hia dot nrc dot ca, gcc-testresults at gcc dot gnu dot org
- Date: Mon, 8 Sep 2008 00:16:55 -0400 (EDT)
- Subject: Results for 4.4.0 20080907 (experimental) [trunk revision 140091] (GCC) testsuite on hppa2.0w-hp-hpux11.11
LAST_UPDATED: Sun Sep 7 18:46:40 UTC 2008 (revision 140091)
Native configuration is hppa2.0w-hp-hpux11.11
=== g++ tests ===
Running target unix
FAIL: g++.dg/other/PR23205.C scan-assembler .stabs.*foobar:c=i
FAIL: g++.old-deja/g++.other/static14.C (test for excess errors)
FAIL: g++.old-deja/g++.other/static20.C (test for excess errors)
XPASS: g++.old-deja/g++.pt/static6.C (test for excess errors)
=== g++ Summary ===
# of expected passes 17124
# of unexpected failures 3
# of unexpected successes 1
# of expected failures 85
# of unsupported tests 234
/test/gnu/gcc/objdir/gcc/testsuite/g++/../../g++ version 4.4.0 20080907 (experimental) [trunk revision 140091] (GCC)
=== gcc tests ===
Running target unix
WARNING: program timed out.
FAIL: gcc.dg/20020425-1.c (test for excess errors)
FAIL: gcc.dg/pr33645-3.c scan-assembler-not var1_t
FAIL: gcc.dg/pr35729.c scan-rtl-dump-times loop2_invariant "Decided to move invariant" 0
FAIL: gcc.dg/utf-array.c (test for errors, line 30)
FAIL: gcc.dg/utf-array.c (test for errors, line 40)
=== gcc Summary ===
# of expected passes 46383
# of unexpected failures 5
# of expected failures 136
# of unsupported tests 641
/test/gnu/gcc/objdir/gcc/xgcc version 4.4.0 20080907 (experimental) [trunk revision 140091] (GCC)
=== libgomp tests ===
Running target unix
FAIL: libgomp.c++/ctor-10.C -O0 execution test
FAIL: libgomp.c++/ctor-10.C -O3 -fomit-frame-pointer -funroll-loops execution test
=== libgomp Summary ===
# of expected passes 870
# of unexpected failures 2
# of unsupported tests 9
=== libstdc++ tests ===
Running target unix
XPASS: 23_containers/unordered_multimap/init-list.cc (test for excess errors)
=== libstdc++ Summary ===
# of expected passes 5219
# of unexpected successes 1
# of expected failures 65
# of unsupported tests 468
Compiler version: 4.4.0 20080907 (experimental) [trunk revision 140091] (GCC)
Platform: hppa2.0w-hp-hpux11.11
configure flags: --with-gnu-as --with-as=/opt/gnu/bin/as --enable-shared --disable-nls --with-local-prefix=/opt/gnu --prefix=/opt/gnu/gcc/gcc-4.4.0 --enable-debug=no --enable-threads=posix --with-mpfr=/opt/gnu/gcc/gcc-4.4.0 --with-gmp=/opt/gnu/gcc/gcc-4.3.0 --disable-libmudflap --enable-languages=c++