This is the mail archive of the
gcc-testresults@gcc.gnu.org
mailing list for the GCC project.
Results for 4.4.0 20080906 (experimental) [trunk revision 140075] (GCC) testsuite on x86_64-suse-linux-gnu
- From: dave at hiauly1 dot hia dot nrc dot ca (John David Anglin)
- To: dave at hiauly1 dot hia dot nrc dot ca, gcc-testresults at gcc dot gnu dot org
- Date: Sun, 7 Sep 2008 09:42:30 -0400 (EDT)
- Subject: Results for 4.4.0 20080906 (experimental) [trunk revision 140075] (GCC) testsuite on x86_64-suse-linux-gnu
LAST_UPDATED: Sat Sep 6 22:45:57 UTC 2008 (revision 140075)
=== acats tests ===
=== acats Summary ===
# of expected passes 2315
# of unexpected failures 0
Native configuration is x86_64-suse-linux-gnu
=== gcc tests ===
Running target unix
FAIL: gcc.dg/debug/dwarf2/dwarf-die3.c scan-assembler-not DW_AT_inline
FAIL: gcc.dg/pr33645-3.c scan-assembler-not var1_t
FAIL: gcc.dg/tree-prof/bb-reorg.c compilation, -fprofile-use -D_PROFILE_USE
UNRESOLVED: gcc.dg/tree-prof/bb-reorg.c execution, -fprofile-use -D_PROFILE_USE
FAIL: gcc.dg/tree-prof/pr34999.c compilation, -fprofile-use -D_PROFILE_USE
UNRESOLVED: gcc.dg/tree-prof/pr34999.c execution, -fprofile-use -D_PROFILE_USE
FAIL: gcc.dg/vect/vect-67.c scan-tree-dump-times vect "vectorized 1 loops" 1
FAIL: gcc.dg/vect/no-scevccp-outer-13.c scan-tree-dump-times vect "OUTER LOOP VECTORIZED." 1
FAIL: gcc.dg/vect/no-scevccp-outer-7.c scan-tree-dump-times vect "OUTER LOOP VECTORIZED." 1
FAIL: gcc.target/i386/pr34256.c scan-assembler-times mov 2
=== gcc Summary ===
# of expected passes 54267
# of unexpected failures 8
# of expected failures 194
# of unresolved testcases 2
# of unsupported tests 715
/home/dave/gnu/gcc/objdir/gcc/xgcc version 4.4.0 20080906 (experimental) [trunk revision 140075] (GCC)
=== gfortran tests ===
Running target unix
=== gfortran Summary ===
# of expected passes 27823
# of expected failures 9
# of unsupported tests 34
/home/dave/gnu/gcc/objdir/gcc/testsuite/gfortran/../../gfortran version 4.4.0 20080906 (experimental) [trunk revision 140075] (GCC)
=== g++ tests ===
Running target unix
FAIL: g++.dg/other/PR23205.C scan-assembler .stabs.*foobar:c=i
=== g++ Summary ===
# of expected passes 18502
# of unexpected failures 1
# of expected failures 83
# of unsupported tests 241
/home/dave/gnu/gcc/objdir/gcc/testsuite/g++/../../g++ version 4.4.0 20080906 (experimental) [trunk revision 140075] (GCC)
=== gnat tests ===
Running target unix
=== gnat Summary ===
# of expected passes 567
# of expected failures 6
=== obj-c++ tests ===
Running target unix
WARNING: obj-c++.dg/bitfield-1.mm compilation failed to produce executable
WARNING: obj-c++.dg/lookup-2.mm compilation failed to produce executable
WARNING: obj-c++.dg/try-catch-2.mm compilation failed to produce executable
WARNING: obj-c++.dg/try-catch-9.mm compilation failed to produce executable
=== obj-c++ Summary ===
# of expected passes 426
# of expected failures 22
# of unsupported tests 13
/home/dave/gnu/gcc/objdir/gcc/testsuite/obj-c++/../../g++ version 4.4.0 20080906 (experimental) [trunk revision 140075] (GCC)
=== objc tests ===
Running target unix
=== objc Summary ===
# of expected passes 1814
# of expected failures 7
# of unsupported tests 24
/home/dave/gnu/gcc/objdir/gcc/xgcc version 4.4.0 20080906 (experimental) [trunk revision 140075] (GCC)
=== libffi tests ===
Running target unix
=== libffi Summary ===
# of expected passes 1389
# of unsupported tests 10
=== libgomp tests ===
Running target unix
=== libgomp Summary ===
# of expected passes 2289
=== libjava tests ===
Running target unix
FAIL: Process_3 output - source compiled test
FAIL: Process_3 -findirect-dispatch output - source compiled test
FAIL: Process_3 -O3 output - source compiled test
FAIL: Process_3 -O3 -findirect-dispatch output - source compiled test
WARNING: program timed out.
FAIL: Process_6 execution - source compiled test
WARNING: program timed out.
FAIL: Process_6 -findirect-dispatch execution - source compiled test
WARNING: program timed out.
FAIL: Process_6 -O3 execution - source compiled test
WARNING: program timed out.
FAIL: Process_6 -O3 -findirect-dispatch execution - source compiled test
WARNING: program timed out.
FAIL: Thread_Interrupt execution - source compiled test
WARNING: program timed out.
FAIL: Thread_Interrupt -findirect-dispatch execution - source compiled test
WARNING: program timed out.
FAIL: Thread_Interrupt -O3 execution - source compiled test
WARNING: program timed out.
FAIL: Thread_Interrupt -O3 -findirect-dispatch execution - source compiled test
WARNING: program timed out.
FAIL: Thread_Wait_2 execution - source compiled test
WARNING: program timed out.
FAIL: Thread_Wait_2 -findirect-dispatch execution - source compiled test
WARNING: program timed out.
FAIL: Thread_Wait_2 -O3 execution - source compiled test
WARNING: program timed out.
FAIL: Thread_Wait_2 -O3 -findirect-dispatch execution - source compiled test
FAIL: Thread_Wait_Interrupt execution - source compiled test
FAIL: Thread_Wait_Interrupt -findirect-dispatch execution - source compiled test
FAIL: Thread_Wait_Interrupt -O3 execution - source compiled test
FAIL: Thread_Wait_Interrupt -O3 -findirect-dispatch execution - source compiled test
=== libjava Summary ===
# of expected passes 2538
# of unexpected failures 20
# of untested testcases 16
=== libmudflap tests ===
Running target unix
FAIL: libmudflap.c++/pass41-frag.cxx execution test
FAIL: libmudflap.c++/pass41-frag.cxx (-static) execution test
FAIL: libmudflap.c++/pass41-frag.cxx (-O2) execution test
FAIL: libmudflap.c++/pass41-frag.cxx (-O3) execution test
=== libmudflap Summary ===
# of expected passes 1861
# of unexpected failures 4
=== libstdc++ tests ===
Running target unix
XPASS: 23_containers/unordered_multimap/init-list.cc (test for excess errors)
XPASS: 26_numerics/headers/cmath/c99_classification_macros_c.cc (test for excess errors)
=== libstdc++ Summary ===
# of expected passes 6133
# of unexpected successes 2
# of expected failures 71
# of unsupported tests 10
Compiler version: 4.4.0 20080906 (experimental) [trunk revision 140075] (GCC)
Platform: x86_64-suse-linux-gnu
configure flags: --with-gnu-as --with-gnu-ld --enable-shared --prefix=/home/dave/opt/gnu/gcc/gcc-4.4.0 --with-local-prefix=/home/dave/opt/gnu --enable-threads=posix --enable-__cxa_atexit --build=x86_64-suse-linux --enable-clocale=gnu --enable-java-gc=boehm --enable-version-specific-runtime-libs --enable-linux-futex --without-system-libunwind --with-cpu=generic --enable-languages=c,c++,objc,fortran,obj-c++,java,ada