This is the mail archive of the
gcc-testresults@gcc.gnu.org
mailing list for the GCC project.
Results for 4.4.0 20080902 (experimental) [trunk revision 139918] (GCC) gcc testsuite on cris-axis-elf
- From: Mike Stein <mstein dot lists at googlemail dot com>
- To: gcc-testresults at gcc dot gnu dot org
- Date: Wed, 3 Sep 2008 23:55:02 +0200
- Subject: Results for 4.4.0 20080902 (experimental) [trunk revision 139918] (GCC) gcc testsuite on cris-axis-elf
- Reply-to: gcc at gcc dot gnu dot org
Debian 4 on x86_64
cross tool versions:
GNU assembler (GNU Binutils) 2.18.50.20080419
GNU gdb 6.8.50.20080419-cvs
GNU ld (GNU Binutils) 2.18.50.20080419
GNU Make 3.81
expect version 5.43.0
host gcc version: gcc (GCC) 4.4.0 20080823 (experimental) [trunk revision 139524]
LAST_UPDATED: Tue Sep 2 22:03:29 UTC 2008 (revision 139918)
Target is cris-axis-elf
Host is x86_64-unknown-linux-gnu
=== gcc tests ===
Running target cris-sim
FAIL: gcc.c-torture/execute/931018-1.c compilation, -O3 -fomit-frame-pointer (internal compiler error)
UNRESOLVED: gcc.c-torture/execute/931018-1.c execution, -O3 -fomit-frame-pointer
FAIL: gcc.c-torture/execute/931018-1.c compilation, -O3 -g (internal compiler error)
UNRESOLVED: gcc.c-torture/execute/931018-1.c execution, -O3 -g
FAIL: gcc.c-torture/execute/int-compare.c compilation, -O2 (internal compiler error)
UNRESOLVED: gcc.c-torture/execute/int-compare.c execution, -O2
FAIL: gcc.c-torture/execute/int-compare.c compilation, -Os (internal compiler error)
UNRESOLVED: gcc.c-torture/execute/int-compare.c execution, -Os
FAIL: gcc.c-torture/execute/ieee/inf-2.c compilation, -O3 -fomit-frame-pointer (internal compiler error)
UNRESOLVED: gcc.c-torture/execute/ieee/inf-2.c execution, -O3 -fomit-frame-pointer
FAIL: gcc.c-torture/execute/ieee/inf-2.c compilation, -O3 -g (internal compiler error)
UNRESOLVED: gcc.c-torture/execute/ieee/inf-2.c execution, -O3 -g
FAIL: gcc.c-torture/execute/ieee/mzero6.c compilation, -O3 -fomit-frame-pointer (internal compiler error)
UNRESOLVED: gcc.c-torture/execute/ieee/mzero6.c execution, -O3 -fomit-frame-pointer
FAIL: gcc.c-torture/execute/ieee/mzero6.c compilation, -O3 -fomit-frame-pointer -funroll-loops (internal compiler error)
UNRESOLVED: gcc.c-torture/execute/ieee/mzero6.c execution, -O3 -fomit-frame-pointer -funroll-loops
FAIL: gcc.c-torture/execute/ieee/mzero6.c compilation, -O3 -fomit-frame-pointer -funroll-all-loops -finline-functions (internal compiler error)
UNRESOLVED: gcc.c-torture/execute/ieee/mzero6.c execution, -O3 -fomit-frame-pointer -funroll-all-loops -finline-functions
FAIL: gcc.c-torture/execute/ieee/mzero6.c compilation, -O3 -g (internal compiler error)
UNRESOLVED: gcc.c-torture/execute/ieee/mzero6.c execution, -O3 -g
FAIL: gcc.dg/debug/dwarf2/dwarf-die3.c scan-assembler-not DW_AT_inline
FAIL: gcc.dg/large-size-array-2.c (internal compiler error)
FAIL: gcc.dg/large-size-array-2.c (test for errors, line 6)
FAIL: gcc.dg/large-size-array-2.c (test for excess errors)
FAIL: gcc.dg/large-size-array-4.c (internal compiler error)
FAIL: gcc.dg/large-size-array-4.c (test for errors, line 6)
FAIL: gcc.dg/large-size-array-4.c (test for excess errors)
FAIL: gcc.dg/pr33645-3.c scan-assembler-not var1_t
FAIL: gcc.dg/trampoline-1.c execution test
FAIL: gcc.dg/visibility-16.c scan-hidden hidden[ \\t_]*foo
FAIL: gcc.dg/graphite/block-0.c (test for excess errors)
FAIL: gcc.dg/graphite/block-0.c scan-tree-dump-times graphite "Loop blocked" 1
FAIL: gcc.dg/graphite/block-1.c (test for excess errors)
FAIL: gcc.dg/graphite/block-1.c scan-tree-dump-times graphite "Loop blocked" 3
FAIL: gcc.dg/graphite/scop-0.c (test for excess errors)
FAIL: gcc.dg/graphite/scop-0.c scan-tree-dump-times graphite "number of SCoPs: 1" 1
FAIL: gcc.dg/graphite/scop-1.c (test for excess errors)
FAIL: gcc.dg/graphite/scop-1.c scan-tree-dump-times graphite "number of SCoPs: 3" 1
FAIL: gcc.dg/graphite/scop-10.c (test for excess errors)
FAIL: gcc.dg/graphite/scop-10.c scan-tree-dump-times graphite "number of SCoPs: 3" 1
FAIL: gcc.dg/graphite/scop-11.c (test for excess errors)
FAIL: gcc.dg/graphite/scop-11.c scan-tree-dump-times graphite "number of SCoPs: 3" 1
FAIL: gcc.dg/graphite/scop-12.c (test for excess errors)
FAIL: gcc.dg/graphite/scop-12.c scan-tree-dump-times graphite "number of SCoPs: 5" 1
FAIL: gcc.dg/graphite/scop-13.c (test for excess errors)
FAIL: gcc.dg/graphite/scop-13.c scan-tree-dump-times graphite "number of SCoPs: 2" 1
FAIL: gcc.dg/graphite/scop-14.c (test for excess errors)
FAIL: gcc.dg/graphite/scop-14.c scan-tree-dump-times graphite "number of SCoPs: 0" 1
FAIL: gcc.dg/graphite/scop-15.c (test for excess errors)
FAIL: gcc.dg/graphite/scop-15.c scan-tree-dump-times graphite "number of SCoPs: 0" 1
FAIL: gcc.dg/graphite/scop-16.c (test for excess errors)
FAIL: gcc.dg/graphite/scop-16.c scan-tree-dump-times graphite "Interchange valid for loops 0 and 1:" 2
FAIL: gcc.dg/graphite/scop-17.c (test for excess errors)
FAIL: gcc.dg/graphite/scop-17.c scan-tree-dump-times graphite "Interchange not valid for loops 0 and 1:" 1
FAIL: gcc.dg/graphite/scop-18.c (test for excess errors)
FAIL: gcc.dg/graphite/scop-18.c scan-tree-dump-times graphite "Strip Mining is not profitable" 3
FAIL: gcc.dg/graphite/scop-2.c (test for excess errors)
FAIL: gcc.dg/graphite/scop-2.c scan-tree-dump-times graphite "number of SCoPs: 4" 1
FAIL: gcc.dg/graphite/scop-3.c (test for excess errors)
FAIL: gcc.dg/graphite/scop-3.c scan-tree-dump-times graphite "number of SCoPs: 3" 1
FAIL: gcc.dg/graphite/scop-4.c (test for excess errors)
FAIL: gcc.dg/graphite/scop-4.c scan-tree-dump-times graphite "number of SCoPs: 2" 1
FAIL: gcc.dg/graphite/scop-5.c (test for excess errors)
FAIL: gcc.dg/graphite/scop-5.c scan-tree-dump-times graphite "number of SCoPs: 3" 1
FAIL: gcc.dg/graphite/scop-6.c (test for excess errors)
FAIL: gcc.dg/graphite/scop-6.c scan-tree-dump-times graphite "number of SCoPs: 3" 1
FAIL: gcc.dg/graphite/scop-7.c (test for excess errors)
FAIL: gcc.dg/graphite/scop-7.c scan-tree-dump-times graphite "number of SCoPs: 3" 1
FAIL: gcc.dg/graphite/scop-8.c (test for excess errors)
FAIL: gcc.dg/graphite/scop-8.c scan-tree-dump-times graphite "number of SCoPs: 2" 1
FAIL: gcc.dg/graphite/scop-9.c (test for excess errors)
FAIL: gcc.dg/graphite/scop-9.c scan-tree-dump-times graphite "number of SCoPs: 2" 1
FAIL: gcc.dg/graphite/scop-matmult.c (test for excess errors)
FAIL: gcc.dg/weak/weak-1.c scan-assembler weak[^ \\t]*[ \\t]_?j
=== gcc Summary ===
# of expected passes 46660
# of unexpected failures 64
# of expected failures 131
# of unresolved testcases 10
# of unsupported tests 616
/home/mstein/sim/trunk/cris-elf/build/gcc/xgcc version 4.4.0 20080902 (experimental) [trunk revision 139918] (GCC)
Compiler version: 4.4.0 20080902 (experimental) [trunk revision 139918] (GCC) gcc
Platform: cris-axis-elf
configure flags: --target=cris-elf --prefix=/home/mstein/cross-local/cris-elf --enable-languages=c --disable-nls --disable-build-warnings --with-sysroot=/home/mstein/cross-local/cris-elf --with-build-sysroot=/home/mstein/cross-local/cris-elf --with-ld=/home/mstein/cross-local/cris-elf/usr/bin/ld --with-as=/home/mstein/cross-local/cris-elf/usr/bin/as --disable-libssp --with-mpfr=/opt/cfarm/mpfr-2.3.1