This is the mail archive of the
gcc-testresults@gcc.gnu.org
mailing list for the GCC project.
Results for 4.4.0 20080831 (experimental) [trunk revision 139833] (GCC) testsuite on mips-unknown-rtems4.9
- From: joel at gcc11 dot fsffrance dot org
- To: gcc-testresults at gcc dot gnu dot org
- Date: Mon, 01 Sep 2008 21:03:25 +0200
- Subject: Results for 4.4.0 20080831 (experimental) [trunk revision 139833] (GCC) testsuite on mips-unknown-rtems4.9
LAST_UPDATED: Sun Aug 31 15:16:00 UTC 2008 (revision 139833)
Target is mips-unknown-rtems4.9
Host is x86_64-unknown-linux-gnu
=== gcc tests ===
Running target rtems-mips-jmr3904
FAIL: gcc.c-torture/compile/20080806-1.c -O1 (internal compiler error)
FAIL: gcc.c-torture/compile/20080806-1.c -O1 (test for excess errors)
FAIL: gcc.c-torture/execute/pr36321.c execution, -O0
FAIL: gcc.c-torture/execute/pr36321.c execution, -O1
FAIL: gcc.c-torture/execute/pr36321.c execution, -O2
FAIL: gcc.c-torture/execute/pr36321.c execution, -O3 -fomit-frame-pointer
FAIL: gcc.c-torture/execute/pr36321.c execution, -O3 -g
FAIL: gcc.c-torture/execute/pr36321.c execution, -Os
FAIL: gcc.c-torture/execute/ieee/20000320-1.c execution, -O0
FAIL: gcc.c-torture/execute/ieee/20000320-1.c execution, -O1
FAIL: gcc.c-torture/execute/ieee/20000320-1.c execution, -O2
FAIL: gcc.c-torture/execute/ieee/20000320-1.c execution, -O3 -fomit-frame-pointer
FAIL: gcc.c-torture/execute/ieee/20000320-1.c execution, -O3 -g
FAIL: gcc.c-torture/execute/ieee/20000320-1.c execution, -Os
FAIL: gcc.c-torture/execute/ieee/mul-subnormal-single-1.c execution, -O0
FAIL: gcc.c-torture/execute/ieee/mul-subnormal-single-1.c execution, -O1
FAIL: gcc.c-torture/execute/ieee/mul-subnormal-single-1.c execution, -O2
FAIL: gcc.c-torture/execute/ieee/mul-subnormal-single-1.c execution, -O3 -fomit-frame-pointer
FAIL: gcc.c-torture/execute/ieee/mul-subnormal-single-1.c execution, -O3 -fomit-frame-pointer -funroll-loops
FAIL: gcc.c-torture/execute/ieee/mul-subnormal-single-1.c execution, -O3 -fomit-frame-pointer -funroll-all-loops -finline-functions
FAIL: gcc.c-torture/execute/ieee/mul-subnormal-single-1.c execution, -O3 -g
FAIL: gcc.c-torture/execute/ieee/mul-subnormal-single-1.c execution, -Os
FAIL: gcc.dg/debug/dwarf2/dwarf-die3.c scan-assembler-not DW_AT_inline
FAIL: gcc.dg/20021014-1.c (test for excess errors)
UNRESOLVED: gcc.dg/20021014-1.c compilation failed to produce executable
FAIL: gcc.dg/20061124-1.c (test for excess errors)
UNRESOLVED: gcc.dg/20061124-1.c compilation failed to produce executable
FAIL: gcc.dg/ia64-sync-1.c (test for excess errors)
UNRESOLVED: gcc.dg/ia64-sync-1.c compilation failed to produce executable
FAIL: gcc.dg/ia64-sync-2.c (test for excess errors)
UNRESOLVED: gcc.dg/ia64-sync-2.c compilation failed to produce executable
FAIL: gcc.dg/ia64-sync-3.c (test for excess errors)
UNRESOLVED: gcc.dg/ia64-sync-3.c compilation failed to produce executable
FAIL: gcc.dg/nest.c (test for excess errors)
UNRESOLVED: gcc.dg/nest.c compilation failed to produce executable
FAIL: gcc.dg/nested-func-4.c (test for excess errors)
UNRESOLVED: gcc.dg/nested-func-4.c compilation failed to produce executable
FAIL: gcc.dg/pr26570.c (internal compiler error)
FAIL: gcc.dg/pr26570.c (test for excess errors)
FAIL: gcc.dg/pr32450.c (test for excess errors)
UNRESOLVED: gcc.dg/pr32450.c compilation failed to produce executable
FAIL: gcc.dg/pr32773.c (internal compiler error)
FAIL: gcc.dg/pr32773.c (test for excess errors)
FAIL: gcc.dg/pr35729.c scan-rtl-dump-times loop2_invariant "Decided to move invariant" 0
FAIL: gcc.dg/sync-2.c (test for excess errors)
UNRESOLVED: gcc.dg/sync-2.c compilation failed to produce executable
FAIL: gcc.dg/sync-3.c (test for excess errors)
UNRESOLVED: gcc.dg/sync-3.c compilation failed to produce executable
FAIL: gcc.dg/visibility-16.c scan-hidden hidden[ \\t_]*foo
FAIL: gcc.dg/fixed-point/composite-type.c (test for excess errors)
FAIL: gcc.dg/matrix/transpose-1.c compilation, -fprofile-generate -O3
UNRESOLVED: gcc.dg/matrix/transpose-1.c execution, -fprofile-generate -O3
UNRESOLVED: gcc.dg/matrix/transpose-1.c compilation, -fprofile-use -fipa-matrix-reorg -fdump-ipa-matrix-reorg -O3 -fwhole-program -combine
UNRESOLVED: gcc.dg/matrix/transpose-1.c execution, -fprofile-use -fipa-matrix-reorg -fdump-ipa-matrix-reorg -O3 -fwhole-program -combine
FAIL: gcc.dg/matrix/transpose-2.c compilation, -fprofile-generate -O3
UNRESOLVED: gcc.dg/matrix/transpose-2.c execution, -fprofile-generate -O3
UNRESOLVED: gcc.dg/matrix/transpose-2.c compilation, -fprofile-use -fipa-matrix-reorg -fdump-ipa-matrix-reorg -O3 -fwhole-program -combine
UNRESOLVED: gcc.dg/matrix/transpose-2.c execution, -fprofile-use -fipa-matrix-reorg -fdump-ipa-matrix-reorg -O3 -fwhole-program -combine
FAIL: gcc.dg/matrix/transpose-3.c compilation, -fprofile-generate -O3
UNRESOLVED: gcc.dg/matrix/transpose-3.c execution, -fprofile-generate -O3
UNRESOLVED: gcc.dg/matrix/transpose-3.c compilation, -fprofile-use -fipa-matrix-reorg -fdump-ipa-matrix-reorg -O3 -fwhole-program -combine
UNRESOLVED: gcc.dg/matrix/transpose-3.c execution, -fprofile-use -fipa-matrix-reorg -fdump-ipa-matrix-reorg -O3 -fwhole-program -combine
FAIL: gcc.dg/matrix/transpose-4.c compilation, -fprofile-generate -O3
UNRESOLVED: gcc.dg/matrix/transpose-4.c execution, -fprofile-generate -O3
UNRESOLVED: gcc.dg/matrix/transpose-4.c compilation, -fprofile-use -fipa-matrix-reorg -fdump-ipa-matrix-reorg -O3 -fwhole-program -combine
UNRESOLVED: gcc.dg/matrix/transpose-4.c execution, -fprofile-use -fipa-matrix-reorg -fdump-ipa-matrix-reorg -O3 -fwhole-program -combine
FAIL: gcc.dg/matrix/transpose-5.c compilation, -fprofile-generate -O3
UNRESOLVED: gcc.dg/matrix/transpose-5.c execution, -fprofile-generate -O3
UNRESOLVED: gcc.dg/matrix/transpose-5.c compilation, -fprofile-use -fipa-matrix-reorg -fdump-ipa-matrix-reorg -O3 -fwhole-program -combine
UNRESOLVED: gcc.dg/matrix/transpose-5.c execution, -fprofile-use -fipa-matrix-reorg -fdump-ipa-matrix-reorg -O3 -fwhole-program -combine
FAIL: gcc.dg/matrix/transpose-6.c compilation, -fprofile-generate -O3
UNRESOLVED: gcc.dg/matrix/transpose-6.c execution, -fprofile-generate -O3
UNRESOLVED: gcc.dg/matrix/transpose-6.c compilation, -fprofile-use -fipa-matrix-reorg -fdump-ipa-matrix-reorg -O3 -fwhole-program -combine
UNRESOLVED: gcc.dg/matrix/transpose-6.c execution, -fprofile-use -fipa-matrix-reorg -fdump-ipa-matrix-reorg -O3 -fwhole-program -combine
FAIL: gcc.dg/pch/valid-1b.c -O0 -g -I. (test for excess errors)
FAIL: gcc.dg/pch/valid-1b.c -O0 -g assembly comparison
FAIL: gcc.dg/pch/valid-1b.c -O0 -I. (test for excess errors)
FAIL: gcc.dg/pch/valid-1b.c -O0 assembly comparison
FAIL: gcc.dg/pch/valid-1b.c -O1 -I. (test for excess errors)
FAIL: gcc.dg/pch/valid-1b.c -O1 assembly comparison
FAIL: gcc.dg/pch/valid-1b.c -O2 -I. (test for excess errors)
FAIL: gcc.dg/pch/valid-1b.c -O2 assembly comparison
FAIL: gcc.dg/pch/valid-1b.c -O3 -fomit-frame-pointer -I. (test for excess errors)
FAIL: gcc.dg/pch/valid-1b.c -O3 -fomit-frame-pointer assembly comparison
FAIL: gcc.dg/pch/valid-1b.c -O3 -g -I. (test for excess errors)
FAIL: gcc.dg/pch/valid-1b.c -O3 -g assembly comparison
FAIL: gcc.dg/pch/valid-1b.c -Os -I. (test for excess errors)
FAIL: gcc.dg/pch/valid-1b.c -Os assembly comparison
FAIL: gcc.dg/struct/wo_prof_single_str_global.c execution test
FAIL: gcc.dg/struct/wo_prof_single_str_local.c execution test
FAIL: gcc.dg/struct/wo_prof_single_str_pointer.c execution test
FAIL: gcc.dg/struct/w_prof_global_array.c compilation, -O3 -fwhole-program -combine -fipa-type-escape -fprofile-generate
UNRESOLVED: gcc.dg/struct/w_prof_global_array.c execution, -O3 -fwhole-program -combine -fipa-type-escape -fprofile-generate
UNRESOLVED: gcc.dg/struct/w_prof_global_array.c compilation, -O3 -fwhole-program -combine -fipa-type-escape -fprofile-use -fipa-struct-reorg -fdump-ipa-all
UNRESOLVED: gcc.dg/struct/w_prof_global_array.c execution, -O3 -fwhole-program -combine -fipa-type-escape -fprofile-use -fipa-struct-reorg -fdump-ipa-all
FAIL: gcc.dg/struct/w_prof_global_var.c compilation, -O3 -fwhole-program -combine -fipa-type-escape -fprofile-generate
UNRESOLVED: gcc.dg/struct/w_prof_global_var.c execution, -O3 -fwhole-program -combine -fipa-type-escape -fprofile-generate
UNRESOLVED: gcc.dg/struct/w_prof_global_var.c compilation, -O3 -fwhole-program -combine -fipa-type-escape -fprofile-use -fipa-struct-reorg -fdump-ipa-all
UNRESOLVED: gcc.dg/struct/w_prof_global_var.c execution, -O3 -fwhole-program -combine -fipa-type-escape -fprofile-use -fipa-struct-reorg -fdump-ipa-all
FAIL: gcc.dg/struct/w_prof_local_array.c compilation, -O3 -fwhole-program -combine -fipa-type-escape -fprofile-generate
UNRESOLVED: gcc.dg/struct/w_prof_local_array.c execution, -O3 -fwhole-program -combine -fipa-type-escape -fprofile-generate
UNRESOLVED: gcc.dg/struct/w_prof_local_array.c compilation, -O3 -fwhole-program -combine -fipa-type-escape -fprofile-use -fipa-struct-reorg -fdump-ipa-all
UNRESOLVED: gcc.dg/struct/w_prof_local_array.c execution, -O3 -fwhole-program -combine -fipa-type-escape -fprofile-use -fipa-struct-reorg -fdump-ipa-all
FAIL: gcc.dg/struct/w_prof_local_var.c compilation, -O3 -fwhole-program -combine -fipa-type-escape -fprofile-generate
UNRESOLVED: gcc.dg/struct/w_prof_local_var.c execution, -O3 -fwhole-program -combine -fipa-type-escape -fprofile-generate
UNRESOLVED: gcc.dg/struct/w_prof_local_var.c compilation, -O3 -fwhole-program -combine -fipa-type-escape -fprofile-use -fipa-struct-reorg -fdump-ipa-all
UNRESOLVED: gcc.dg/struct/w_prof_local_var.c execution, -O3 -fwhole-program -combine -fipa-type-escape -fprofile-use -fipa-struct-reorg -fdump-ipa-all
FAIL: gcc.dg/struct/w_prof_single_str_global.c compilation, -O3 -fwhole-program -combine -fipa-type-escape -fprofile-generate
UNRESOLVED: gcc.dg/struct/w_prof_single_str_global.c execution, -O3 -fwhole-program -combine -fipa-type-escape -fprofile-generate
UNRESOLVED: gcc.dg/struct/w_prof_single_str_global.c compilation, -O3 -fwhole-program -combine -fipa-type-escape -fprofile-use -fipa-struct-reorg -fdump-ipa-all
UNRESOLVED: gcc.dg/struct/w_prof_single_str_global.c execution, -O3 -fwhole-program -combine -fipa-type-escape -fprofile-use -fipa-struct-reorg -fdump-ipa-all
FAIL: gcc.dg/struct/w_prof_two_strs.c compilation, -O3 -fwhole-program -combine -fipa-type-escape -fprofile-generate
UNRESOLVED: gcc.dg/struct/w_prof_two_strs.c execution, -O3 -fwhole-program -combine -fipa-type-escape -fprofile-generate
UNRESOLVED: gcc.dg/struct/w_prof_two_strs.c compilation, -O3 -fwhole-program -combine -fipa-type-escape -fprofile-use -fipa-struct-reorg -fdump-ipa-all
UNRESOLVED: gcc.dg/struct/w_prof_two_strs.c execution, -O3 -fwhole-program -combine -fipa-type-escape -fprofile-use -fipa-struct-reorg -fdump-ipa-all
FAIL: gcc.dg/struct/w_ratio_cold_str.c compilation, -O3 -fwhole-program -combine -fipa-type-escape -fprofile-generate
UNRESOLVED: gcc.dg/struct/w_ratio_cold_str.c execution, -O3 -fwhole-program -combine -fipa-type-escape -fprofile-generate
UNRESOLVED: gcc.dg/struct/w_ratio_cold_str.c compilation, -O3 -fwhole-program -combine -fipa-type-escape -fprofile-use -fipa-struct-reorg -fdump-ipa-all --param struct-reorg-cold-struct-ratio=30
UNRESOLVED: gcc.dg/struct/w_ratio_cold_str.c execution, -O3 -fwhole-program -combine -fipa-type-escape -fprofile-use -fipa-struct-reorg -fdump-ipa-all --param struct-reorg-cold-struct-ratio=30
WARNING: program timed out.
FAIL: gcc.dg/torture/builtin-math-2.c -O0 (test for excess errors)
FAIL: gcc.dg/torture/builtin-math-2.c -O0 scan-tree-dump-times original "exp2 " 9: dump file does not exist
FAIL: gcc.dg/torture/builtin-math-2.c -O0 scan-tree-dump-times original "exp2f" 9: dump file does not exist
FAIL: gcc.dg/torture/builtin-math-2.c -O0 scan-tree-dump-times original "exp2l" 9: dump file does not exist
FAIL: gcc.dg/torture/builtin-math-2.c -O0 scan-tree-dump-times original "asin " 2: dump file does not exist
FAIL: gcc.dg/torture/builtin-math-2.c -O0 scan-tree-dump-times original "asinf" 2: dump file does not exist
FAIL: gcc.dg/torture/builtin-math-2.c -O0 scan-tree-dump-times original "asinl" 2: dump file does not exist
FAIL: gcc.dg/torture/builtin-math-2.c -O0 scan-tree-dump-times original "acos " 2: dump file does not exist
FAIL: gcc.dg/torture/builtin-math-2.c -O0 scan-tree-dump-times original "acosf" 2: dump file does not exist
FAIL: gcc.dg/torture/builtin-math-2.c -O0 scan-tree-dump-times original "acosl" 2: dump file does not exist
FAIL: gcc.dg/torture/builtin-math-2.c -O0 scan-tree-dump-times original "acosh " 1: dump file does not exist
FAIL: gcc.dg/torture/builtin-math-2.c -O0 scan-tree-dump-times original "acoshf" 1: dump file does not exist
FAIL: gcc.dg/torture/builtin-math-2.c -O0 scan-tree-dump-times original "acoshl" 1: dump file does not exist
FAIL: gcc.dg/torture/builtin-math-2.c -O0 scan-tree-dump-times original "atanh " 2: dump file does not exist
FAIL: gcc.dg/torture/builtin-math-2.c -O0 scan-tree-dump-times original "atanhf" 2: dump file does not exist
FAIL: gcc.dg/torture/builtin-math-2.c -O0 scan-tree-dump-times original "atanhl" 2: dump file does not exist
FAIL: gcc.dg/torture/builtin-math-2.c -O0 scan-tree-dump-times original "log " 3: dump file does not exist
FAIL: gcc.dg/torture/builtin-math-2.c -O0 scan-tree-dump-times original "logf" 3: dump file does not exist
FAIL: gcc.dg/torture/builtin-math-2.c -O0 scan-tree-dump-times original "logl" 3: dump file does not exist
FAIL: gcc.dg/torture/builtin-math-2.c -O0 scan-tree-dump-times original "log2 " 3: dump file does not exist
FAIL: gcc.dg/torture/builtin-math-2.c -O0 scan-tree-dump-times original "log2f" 3: dump file does not exist
FAIL: gcc.dg/torture/builtin-math-2.c -O0 scan-tree-dump-times original "log2l" 3: dump file does not exist
FAIL: gcc.dg/torture/builtin-math-2.c -O0 scan-tree-dump-times original "log10 " 3: dump file does not exist
FAIL: gcc.dg/torture/builtin-math-2.c -O0 scan-tree-dump-times original "log10f" 3: dump file does not exist
FAIL: gcc.dg/torture/builtin-math-2.c -O0 scan-tree-dump-times original "log10l" 3: dump file does not exist
FAIL: gcc.dg/torture/builtin-math-2.c -O0 scan-tree-dump-times original "log1p " 2: dump file does not exist
FAIL: gcc.dg/torture/builtin-math-2.c -O0 scan-tree-dump-times original "log1pf" 2: dump file does not exist
FAIL: gcc.dg/torture/builtin-math-2.c -O0 scan-tree-dump-times original "log1pl" 2: dump file does not exist
FAIL: gcc.dg/torture/builtin-math-2.c -O0 scan-tree-dump-times original "tgamma " 5: dump file does not exist
FAIL: gcc.dg/torture/builtin-math-2.c -O0 scan-tree-dump-times original "tgammaf" 5: dump file does not exist
FAIL: gcc.dg/torture/builtin-math-2.c -O0 scan-tree-dump-times original "tgammal" 5: dump file does not exist
FAIL: gcc.dg/torture/builtin-math-2.c -O0 scan-tree-dump-times original "pow " 13: dump file does not exist
FAIL: gcc.dg/torture/builtin-math-2.c -O0 scan-tree-dump-times original "powf" 13: dump file does not exist
FAIL: gcc.dg/torture/builtin-math-2.c -O0 scan-tree-dump-times original "powl" 13: dump file does not exist
FAIL: gcc.dg/torture/builtin-math-2.c -O0 scan-tree-dump-times original "fma " 3: dump file does not exist
FAIL: gcc.dg/torture/builtin-math-2.c -O0 scan-tree-dump-times original "fmaf" 3: dump file does not exist
FAIL: gcc.dg/torture/builtin-math-2.c -O0 scan-tree-dump-times original "fmal" 3: dump file does not exist
FAIL: gcc.dg/torture/builtin-math-2.c -O0 scan-tree-dump-times original "sqrt " 1: dump file does not exist
FAIL: gcc.dg/torture/builtin-math-2.c -O0 scan-tree-dump-times original "sqrtf" 1: dump file does not exist
FAIL: gcc.dg/torture/builtin-math-2.c -O0 scan-tree-dump-times original "sqrtl" 1: dump file does not exist
FAIL: gcc.dg/torture/builtin-math-2.c -O0 scan-tree-dump-times original "ldexp " 8: dump file does not exist
FAIL: gcc.dg/torture/builtin-math-2.c -O0 scan-tree-dump-times original "ldexpf" 8: dump file does not exist
FAIL: gcc.dg/torture/builtin-math-2.c -O0 scan-tree-dump-times original "ldexpl" 8: dump file does not exist
FAIL: gcc.dg/torture/builtin-math-2.c -O0 scan-tree-dump-times original "scalbn " 8: dump file does not exist
FAIL: gcc.dg/torture/builtin-math-2.c -O0 scan-tree-dump-times original "scalbnf" 8: dump file does not exist
FAIL: gcc.dg/torture/builtin-math-2.c -O0 scan-tree-dump-times original "scalbnl" 8: dump file does not exist
FAIL: gcc.dg/torture/builtin-math-2.c -O0 scan-tree-dump-times original "scalbln " 8: dump file does not exist
FAIL: gcc.dg/torture/builtin-math-2.c -O0 scan-tree-dump-times original "scalblnf" 8: dump file does not exist
FAIL: gcc.dg/torture/builtin-math-2.c -O0 scan-tree-dump-times original "scalblnl" 8: dump file does not exist
FAIL: gcc.dg/torture/builtin-math-2.c -O0 scan-tree-dump-times original "_logb " 2: dump file does not exist
FAIL: gcc.dg/torture/builtin-math-2.c -O0 scan-tree-dump-times original "_logbf" 2: dump file does not exist
FAIL: gcc.dg/torture/builtin-math-2.c -O0 scan-tree-dump-times original "_logbl" 2: dump file does not exist
FAIL: gcc.dg/torture/builtin-math-2.c -O0 scan-tree-dump-times original "ilogb " 6: dump file does not exist
FAIL: gcc.dg/torture/builtin-math-2.c -O0 scan-tree-dump-times original "ilogbf" 6: dump file does not exist
FAIL: gcc.dg/torture/builtin-math-2.c -O0 scan-tree-dump-times original "ilogbl" 6: dump file does not exist
FAIL: gcc.dg/torture/builtin-math-2.c -O0 scan-tree-dump-times original "y0 " 3: dump file does not exist
FAIL: gcc.dg/torture/builtin-math-2.c -O0 scan-tree-dump-times original "y0f" 3: dump file does not exist
FAIL: gcc.dg/torture/builtin-math-2.c -O0 scan-tree-dump-times original "y0l" 3: dump file does not exist
FAIL: gcc.dg/torture/builtin-math-2.c -O0 scan-tree-dump-times original "y1 " 3: dump file does not exist
FAIL: gcc.dg/torture/builtin-math-2.c -O0 scan-tree-dump-times original "y1f" 3: dump file does not exist
FAIL: gcc.dg/torture/builtin-math-2.c -O0 scan-tree-dump-times original "y1l" 3: dump file does not exist
FAIL: gcc.dg/torture/builtin-math-2.c -O0 scan-tree-dump-times original "yn " 6: dump file does not exist
FAIL: gcc.dg/torture/builtin-math-2.c -O0 scan-tree-dump-times original "ynf" 6: dump file does not exist
FAIL: gcc.dg/torture/builtin-math-2.c -O0 scan-tree-dump-times original "ynl" 6: dump file does not exist
FAIL: gcc.dg/torture/builtin-math-2.c -O0 scan-tree-dump-times original "remquo " 2: dump file does not exist
FAIL: gcc.dg/torture/builtin-math-2.c -O0 scan-tree-dump-times original "remquof" 2: dump file does not exist
FAIL: gcc.dg/torture/builtin-math-2.c -O0 scan-tree-dump-times original "remquol" 2: dump file does not exist
FAIL: gcc.dg/torture/builtin-math-2.c -O0 scan-tree-dump-times original "remainder " 2: dump file does not exist
FAIL: gcc.dg/torture/builtin-math-2.c -O0 scan-tree-dump-times original "remainderf" 2: dump file does not exist
FAIL: gcc.dg/torture/builtin-math-2.c -O0 scan-tree-dump-times original "remainderl" 2: dump file does not exist
FAIL: gcc.dg/torture/builtin-math-2.c -O0 scan-tree-dump-times original "drem " 2: dump file does not exist
FAIL: gcc.dg/torture/builtin-math-2.c -O0 scan-tree-dump-times original "dremf" 2: dump file does not exist
FAIL: gcc.dg/torture/builtin-math-2.c -O0 scan-tree-dump-times original "dreml" 2: dump file does not exist
FAIL: gcc.dg/torture/builtin-math-2.c -O0 scan-tree-dump-times original "lgamma_r " 6: dump file does not exist
FAIL: gcc.dg/torture/builtin-math-2.c -O0 scan-tree-dump-times original "lgammaf_r" 6: dump file does not exist
FAIL: gcc.dg/torture/builtin-math-2.c -O0 scan-tree-dump-times original "lgammal_r" 6: dump file does not exist
FAIL: gcc.dg/torture/builtin-math-2.c -O0 scan-tree-dump-times original "_gamma_r " 6: dump file does not exist
FAIL: gcc.dg/torture/builtin-math-2.c -O0 scan-tree-dump-times original "_gammaf_r" 6: dump file does not exist
FAIL: gcc.dg/torture/builtin-math-2.c -O0 scan-tree-dump-times original "_gammal_r" 6: dump file does not exist
FAIL: gcc.dg/torture/builtin-math-2.c -O1 (test for excess errors)
FAIL: gcc.dg/torture/builtin-math-2.c -O1 scan-tree-dump-times original "exp2 " 9: dump file does not exist
FAIL: gcc.dg/torture/builtin-math-2.c -O1 scan-tree-dump-times original "exp2f" 9: dump file does not exist
FAIL: gcc.dg/torture/builtin-math-2.c -O1 scan-tree-dump-times original "exp2l" 9: dump file does not exist
FAIL: gcc.dg/torture/builtin-math-2.c -O1 scan-tree-dump-times original "asin " 2: dump file does not exist
FAIL: gcc.dg/torture/builtin-math-2.c -O1 scan-tree-dump-times original "asinf" 2: dump file does not exist
FAIL: gcc.dg/torture/builtin-math-2.c -O1 scan-tree-dump-times original "asinl" 2: dump file does not exist
FAIL: gcc.dg/torture/builtin-math-2.c -O1 scan-tree-dump-times original "acos " 2: dump file does not exist
FAIL: gcc.dg/torture/builtin-math-2.c -O1 scan-tree-dump-times original "acosf" 2: dump file does not exist
FAIL: gcc.dg/torture/builtin-math-2.c -O1 scan-tree-dump-times original "acosl" 2: dump file does not exist
FAIL: gcc.dg/torture/builtin-math-2.c -O1 scan-tree-dump-times original "acosh " 1: dump file does not exist
FAIL: gcc.dg/torture/builtin-math-2.c -O1 scan-tree-dump-times original "acoshf" 1: dump file does not exist
FAIL: gcc.dg/torture/builtin-math-2.c -O1 scan-tree-dump-times original "acoshl" 1: dump file does not exist
FAIL: gcc.dg/torture/builtin-math-2.c -O1 scan-tree-dump-times original "atanh " 2: dump file does not exist
FAIL: gcc.dg/torture/builtin-math-2.c -O1 scan-tree-dump-times original "atanhf" 2: dump file does not exist
FAIL: gcc.dg/torture/builtin-math-2.c -O1 scan-tree-dump-times original "atanhl" 2: dump file does not exist
FAIL: gcc.dg/torture/builtin-math-2.c -O1 scan-tree-dump-times original "log " 3: dump file does not exist
FAIL: gcc.dg/torture/builtin-math-2.c -O1 scan-tree-dump-times original "logf" 3: dump file does not exist
FAIL: gcc.dg/torture/builtin-math-2.c -O1 scan-tree-dump-times original "logl" 3: dump file does not exist
FAIL: gcc.dg/torture/builtin-math-2.c -O1 scan-tree-dump-times original "log2 " 3: dump file does not exist
FAIL: gcc.dg/torture/builtin-math-2.c -O1 scan-tree-dump-times original "log2f" 3: dump file does not exist
FAIL: gcc.dg/torture/builtin-math-2.c -O1 scan-tree-dump-times original "log2l" 3: dump file does not exist
FAIL: gcc.dg/torture/builtin-math-2.c -O1 scan-tree-dump-times original "log10 " 3: dump file does not exist
FAIL: gcc.dg/torture/builtin-math-2.c -O1 scan-tree-dump-times original "log10f" 3: dump file does not exist
FAIL: gcc.dg/torture/builtin-math-2.c -O1 scan-tree-dump-times original "log10l" 3: dump file does not exist
FAIL: gcc.dg/torture/builtin-math-2.c -O1 scan-tree-dump-times original "log1p " 2: dump file does not exist
FAIL: gcc.dg/torture/builtin-math-2.c -O1 scan-tree-dump-times original "log1pf" 2: dump file does not exist
FAIL: gcc.dg/torture/builtin-math-2.c -O1 scan-tree-dump-times original "log1pl" 2: dump file does not exist
FAIL: gcc.dg/torture/builtin-math-2.c -O1 scan-tree-dump-times original "tgamma " 5: dump file does not exist
FAIL: gcc.dg/torture/builtin-math-2.c -O1 scan-tree-dump-times original "tgammaf" 5: dump file does not exist
FAIL: gcc.dg/torture/builtin-math-2.c -O1 scan-tree-dump-times original "tgammal" 5: dump file does not exist
FAIL: gcc.dg/torture/builtin-math-2.c -O1 scan-tree-dump-times original "pow " 13: dump file does not exist
FAIL: gcc.dg/torture/builtin-math-2.c -O1 scan-tree-dump-times original "powf" 13: dump file does not exist
FAIL: gcc.dg/torture/builtin-math-2.c -O1 scan-tree-dump-times original "powl" 13: dump file does not exist
FAIL: gcc.dg/torture/builtin-math-2.c -O1 scan-tree-dump-times original "fma " 3: dump file does not exist
FAIL: gcc.dg/torture/builtin-math-2.c -O1 scan-tree-dump-times original "fmaf" 3: dump file does not exist
FAIL: gcc.dg/torture/builtin-math-2.c -O1 scan-tree-dump-times original "fmal" 3: dump file does not exist
FAIL: gcc.dg/torture/builtin-math-2.c -O1 scan-tree-dump-times original "sqrt " 1: dump file does not exist
FAIL: gcc.dg/torture/builtin-math-2.c -O1 scan-tree-dump-times original "sqrtf" 1: dump file does not exist
FAIL: gcc.dg/torture/builtin-math-2.c -O1 scan-tree-dump-times original "sqrtl" 1: dump file does not exist
FAIL: gcc.dg/torture/builtin-math-2.c -O1 scan-tree-dump-times original "ldexp " 8: dump file does not exist
FAIL: gcc.dg/torture/builtin-math-2.c -O1 scan-tree-dump-times original "ldexpf" 8: dump file does not exist
FAIL: gcc.dg/torture/builtin-math-2.c -O1 scan-tree-dump-times original "ldexpl" 8: dump file does not exist
FAIL: gcc.dg/torture/builtin-math-2.c -O1 scan-tree-dump-times original "scalbn " 8: dump file does not exist
FAIL: gcc.dg/torture/builtin-math-2.c -O1 scan-tree-dump-times original "scalbnf" 8: dump file does not exist
FAIL: gcc.dg/torture/builtin-math-2.c -O1 scan-tree-dump-times original "scalbnl" 8: dump file does not exist
FAIL: gcc.dg/torture/builtin-math-2.c -O1 scan-tree-dump-times original "scalbln " 8: dump file does not exist
FAIL: gcc.dg/torture/builtin-math-2.c -O1 scan-tree-dump-times original "scalblnf" 8: dump file does not exist
FAIL: gcc.dg/torture/builtin-math-2.c -O1 scan-tree-dump-times original "scalblnl" 8: dump file does not exist
FAIL: gcc.dg/torture/builtin-math-2.c -O1 scan-tree-dump-times original "_logb " 2: dump file does not exist
FAIL: gcc.dg/torture/builtin-math-2.c -O1 scan-tree-dump-times original "_logbf" 2: dump file does not exist
FAIL: gcc.dg/torture/builtin-math-2.c -O1 scan-tree-dump-times original "_logbl" 2: dump file does not exist
FAIL: gcc.dg/torture/builtin-math-2.c -O1 scan-tree-dump-times original "ilogb " 6: dump file does not exist
FAIL: gcc.dg/torture/builtin-math-2.c -O1 scan-tree-dump-times original "ilogbf" 6: dump file does not exist
FAIL: gcc.dg/torture/builtin-math-2.c -O1 scan-tree-dump-times original "ilogbl" 6: dump file does not exist
FAIL: gcc.dg/torture/builtin-math-2.c -O1 scan-tree-dump-times original "y0 " 3: dump file does not exist
FAIL: gcc.dg/torture/builtin-math-2.c -O1 scan-tree-dump-times original "y0f" 3: dump file does not exist
FAIL: gcc.dg/torture/builtin-math-2.c -O1 scan-tree-dump-times original "y0l" 3: dump file does not exist
FAIL: gcc.dg/torture/builtin-math-2.c -O1 scan-tree-dump-times original "y1 " 3: dump file does not exist
FAIL: gcc.dg/torture/builtin-math-2.c -O1 scan-tree-dump-times original "y1f" 3: dump file does not exist
FAIL: gcc.dg/torture/builtin-math-2.c -O1 scan-tree-dump-times original "y1l" 3: dump file does not exist
FAIL: gcc.dg/torture/builtin-math-2.c -O1 scan-tree-dump-times original "yn " 6: dump file does not exist
FAIL: gcc.dg/torture/builtin-math-2.c -O1 scan-tree-dump-times original "ynf" 6: dump file does not exist
FAIL: gcc.dg/torture/builtin-math-2.c -O1 scan-tree-dump-times original "ynl" 6: dump file does not exist
FAIL: gcc.dg/torture/builtin-math-2.c -O1 scan-tree-dump-times original "remquo " 2: dump file does not exist
FAIL: gcc.dg/torture/builtin-math-2.c -O1 scan-tree-dump-times original "remquof" 2: dump file does not exist
FAIL: gcc.dg/torture/builtin-math-2.c -O1 scan-tree-dump-times original "remquol" 2: dump file does not exist
FAIL: gcc.dg/torture/builtin-math-2.c -O1 scan-tree-dump-times original "remainder " 2: dump file does not exist
FAIL: gcc.dg/torture/builtin-math-2.c -O1 scan-tree-dump-times original "remainderf" 2: dump file does not exist
FAIL: gcc.dg/torture/builtin-math-2.c -O1 scan-tree-dump-times original "remainderl" 2: dump file does not exist
FAIL: gcc.dg/torture/builtin-math-2.c -O1 scan-tree-dump-times original "drem " 2: dump file does not exist
FAIL: gcc.dg/torture/builtin-math-2.c -O1 scan-tree-dump-times original "dremf" 2: dump file does not exist
FAIL: gcc.dg/torture/builtin-math-2.c -O1 scan-tree-dump-times original "dreml" 2: dump file does not exist
FAIL: gcc.dg/torture/builtin-math-2.c -O1 scan-tree-dump-times original "lgamma_r " 6: dump file does not exist
FAIL: gcc.dg/torture/builtin-math-2.c -O1 scan-tree-dump-times original "lgammaf_r" 6: dump file does not exist
FAIL: gcc.dg/torture/builtin-math-2.c -O1 scan-tree-dump-times original "lgammal_r" 6: dump file does not exist
FAIL: gcc.dg/torture/builtin-math-2.c -O1 scan-tree-dump-times original "_gamma_r " 6: dump file does not exist
FAIL: gcc.dg/torture/builtin-math-2.c -O1 scan-tree-dump-times original "_gammaf_r" 6: dump file does not exist
FAIL: gcc.dg/torture/builtin-math-2.c -O1 scan-tree-dump-times original "_gammal_r" 6: dump file does not exist
FAIL: gcc.dg/torture/builtin-math-2.c -O2 (test for excess errors)
FAIL: gcc.dg/torture/builtin-math-2.c -O2 scan-tree-dump-times original "exp2 " 9: dump file does not exist
FAIL: gcc.dg/torture/builtin-math-2.c -O2 scan-tree-dump-times original "exp2f" 9: dump file does not exist
FAIL: gcc.dg/torture/builtin-math-2.c -O2 scan-tree-dump-times original "exp2l" 9: dump file does not exist
FAIL: gcc.dg/torture/builtin-math-2.c -O2 scan-tree-dump-times original "asin " 2: dump file does not exist
FAIL: gcc.dg/torture/builtin-math-2.c -O2 scan-tree-dump-times original "asinf" 2: dump file does not exist
FAIL: gcc.dg/torture/builtin-math-2.c -O2 scan-tree-dump-times original "asinl" 2: dump file does not exist
FAIL: gcc.dg/torture/builtin-math-2.c -O2 scan-tree-dump-times original "acos " 2: dump file does not exist
FAIL: gcc.dg/torture/builtin-math-2.c -O2 scan-tree-dump-times original "acosf" 2: dump file does not exist
FAIL: gcc.dg/torture/builtin-math-2.c -O2 scan-tree-dump-times original "acosl" 2: dump file does not exist
FAIL: gcc.dg/torture/builtin-math-2.c -O2 scan-tree-dump-times original "acosh " 1: dump file does not exist
FAIL: gcc.dg/torture/builtin-math-2.c -O2 scan-tree-dump-times original "acoshf" 1: dump file does not exist
FAIL: gcc.dg/torture/builtin-math-2.c -O2 scan-tree-dump-times original "acoshl" 1: dump file does not exist
FAIL: gcc.dg/torture/builtin-math-2.c -O2 scan-tree-dump-times original "atanh " 2: dump file does not exist
FAIL: gcc.dg/torture/builtin-math-2.c -O2 scan-tree-dump-times original "atanhf" 2: dump file does not exist
FAIL: gcc.dg/torture/builtin-math-2.c -O2 scan-tree-dump-times original "atanhl" 2: dump file does not exist
FAIL: gcc.dg/torture/builtin-math-2.c -O2 scan-tree-dump-times original "log " 3: dump file does not exist
FAIL: gcc.dg/torture/builtin-math-2.c -O2 scan-tree-dump-times original "logf" 3: dump file does not exist
FAIL: gcc.dg/torture/builtin-math-2.c -O2 scan-tree-dump-times original "logl" 3: dump file does not exist
FAIL: gcc.dg/torture/builtin-math-2.c -O2 scan-tree-dump-times original "log2 " 3: dump file does not exist
FAIL: gcc.dg/torture/builtin-math-2.c -O2 scan-tree-dump-times original "log2f" 3: dump file does not exist
FAIL: gcc.dg/torture/builtin-math-2.c -O2 scan-tree-dump-times original "log2l" 3: dump file does not exist
FAIL: gcc.dg/torture/builtin-math-2.c -O2 scan-tree-dump-times original "log10 " 3: dump file does not exist
FAIL: gcc.dg/torture/builtin-math-2.c -O2 scan-tree-dump-times original "log10f" 3: dump file does not exist
FAIL: gcc.dg/torture/builtin-math-2.c -O2 scan-tree-dump-times original "log10l" 3: dump file does not exist
FAIL: gcc.dg/torture/builtin-math-2.c -O2 scan-tree-dump-times original "log1p " 2: dump file does not exist
FAIL: gcc.dg/torture/builtin-math-2.c -O2 scan-tree-dump-times original "log1pf" 2: dump file does not exist
FAIL: gcc.dg/torture/builtin-math-2.c -O2 scan-tree-dump-times original "log1pl" 2: dump file does not exist
FAIL: gcc.dg/torture/builtin-math-2.c -O2 scan-tree-dump-times original "tgamma " 5: dump file does not exist
FAIL: gcc.dg/torture/builtin-math-2.c -O2 scan-tree-dump-times original "tgammaf" 5: dump file does not exist
FAIL: gcc.dg/torture/builtin-math-2.c -O2 scan-tree-dump-times original "tgammal" 5: dump file does not exist
FAIL: gcc.dg/torture/builtin-math-2.c -O2 scan-tree-dump-times original "pow " 13: dump file does not exist
FAIL: gcc.dg/torture/builtin-math-2.c -O2 scan-tree-dump-times original "powf" 13: dump file does not exist
FAIL: gcc.dg/torture/builtin-math-2.c -O2 scan-tree-dump-times original "powl" 13: dump file does not exist
FAIL: gcc.dg/torture/builtin-math-2.c -O2 scan-tree-dump-times original "fma " 3: dump file does not exist
FAIL: gcc.dg/torture/builtin-math-2.c -O2 scan-tree-dump-times original "fmaf" 3: dump file does not exist
FAIL: gcc.dg/torture/builtin-math-2.c -O2 scan-tree-dump-times original "fmal" 3: dump file does not exist
FAIL: gcc.dg/torture/builtin-math-2.c -O2 scan-tree-dump-times original "sqrt " 1: dump file does not exist
FAIL: gcc.dg/torture/builtin-math-2.c -O2 scan-tree-dump-times original "sqrtf" 1: dump file does not exist
FAIL: gcc.dg/torture/builtin-math-2.c -O2 scan-tree-dump-times original "sqrtl" 1: dump file does not exist
FAIL: gcc.dg/torture/builtin-math-2.c -O2 scan-tree-dump-times original "ldexp " 8: dump file does not exist
FAIL: gcc.dg/torture/builtin-math-2.c -O2 scan-tree-dump-times original "ldexpf" 8: dump file does not exist
FAIL: gcc.dg/torture/builtin-math-2.c -O2 scan-tree-dump-times original "ldexpl" 8: dump file does not exist
FAIL: gcc.dg/torture/builtin-math-2.c -O2 scan-tree-dump-times original "scalbn " 8: dump file does not exist
FAIL: gcc.dg/torture/builtin-math-2.c -O2 scan-tree-dump-times original "scalbnf" 8: dump file does not exist
FAIL: gcc.dg/torture/builtin-math-2.c -O2 scan-tree-dump-times original "scalbnl" 8: dump file does not exist
FAIL: gcc.dg/torture/builtin-math-2.c -O2 scan-tree-dump-times original "scalbln " 8: dump file does not exist
FAIL: gcc.dg/torture/builtin-math-2.c -O2 scan-tree-dump-times original "scalblnf" 8: dump file does not exist
FAIL: gcc.dg/torture/builtin-math-2.c -O2 scan-tree-dump-times original "scalblnl" 8: dump file does not exist
FAIL: gcc.dg/torture/builtin-math-2.c -O2 scan-tree-dump-times original "_logb " 2: dump file does not exist
FAIL: gcc.dg/torture/builtin-math-2.c -O2 scan-tree-dump-times original "_logbf" 2: dump file does not exist
FAIL: gcc.dg/torture/builtin-math-2.c -O2 scan-tree-dump-times original "_logbl" 2: dump file does not exist
FAIL: gcc.dg/torture/builtin-math-2.c -O2 scan-tree-dump-times original "ilogb " 6: dump file does not exist
FAIL: gcc.dg/torture/builtin-math-2.c -O2 scan-tree-dump-times original "ilogbf" 6: dump file does not exist
FAIL: gcc.dg/torture/builtin-math-2.c -O2 scan-tree-dump-times original "ilogbl" 6: dump file does not exist
FAIL: gcc.dg/torture/builtin-math-2.c -O2 scan-tree-dump-times original "y0 " 3: dump file does not exist
FAIL: gcc.dg/torture/builtin-math-2.c -O2 scan-tree-dump-times original "y0f" 3: dump file does not exist
FAIL: gcc.dg/torture/builtin-math-2.c -O2 scan-tree-dump-times original "y0l" 3: dump file does not exist
FAIL: gcc.dg/torture/builtin-math-2.c -O2 scan-tree-dump-times original "y1 " 3: dump file does not exist
FAIL: gcc.dg/torture/builtin-math-2.c -O2 scan-tree-dump-times original "y1f" 3: dump file does not exist
FAIL: gcc.dg/torture/builtin-math-2.c -O2 scan-tree-dump-times original "y1l" 3: dump file does not exist
FAIL: gcc.dg/torture/builtin-math-2.c -O2 scan-tree-dump-times original "yn " 6: dump file does not exist
FAIL: gcc.dg/torture/builtin-math-2.c -O2 scan-tree-dump-times original "ynf" 6: dump file does not exist
FAIL: gcc.dg/torture/builtin-math-2.c -O2 scan-tree-dump-times original "ynl" 6: dump file does not exist
FAIL: gcc.dg/torture/builtin-math-2.c -O2 scan-tree-dump-times original "remquo " 2: dump file does not exist
FAIL: gcc.dg/torture/builtin-math-2.c -O2 scan-tree-dump-times original "remquof" 2: dump file does not exist
FAIL: gcc.dg/torture/builtin-math-2.c -O2 scan-tree-dump-times original "remquol" 2: dump file does not exist
FAIL: gcc.dg/torture/builtin-math-2.c -O2 scan-tree-dump-times original "remainder " 2: dump file does not exist
FAIL: gcc.dg/torture/builtin-math-2.c -O2 scan-tree-dump-times original "remainderf" 2: dump file does not exist
FAIL: gcc.dg/torture/builtin-math-2.c -O2 scan-tree-dump-times original "remainderl" 2: dump file does not exist
FAIL: gcc.dg/torture/builtin-math-2.c -O2 scan-tree-dump-times original "drem " 2: dump file does not exist
FAIL: gcc.dg/torture/builtin-math-2.c -O2 scan-tree-dump-times original "dremf" 2: dump file does not exist
FAIL: gcc.dg/torture/builtin-math-2.c -O2 scan-tree-dump-times original "dreml" 2: dump file does not exist
FAIL: gcc.dg/torture/builtin-math-2.c -O2 scan-tree-dump-times original "lgamma_r " 6: dump file does not exist
FAIL: gcc.dg/torture/builtin-math-2.c -O2 scan-tree-dump-times original "lgammaf_r" 6: dump file does not exist
FAIL: gcc.dg/torture/builtin-math-2.c -O2 scan-tree-dump-times original "lgammal_r" 6: dump file does not exist
FAIL: gcc.dg/torture/builtin-math-2.c -O2 scan-tree-dump-times original "_gamma_r " 6: dump file does not exist
FAIL: gcc.dg/torture/builtin-math-2.c -O2 scan-tree-dump-times original "_gammaf_r" 6: dump file does not exist
FAIL: gcc.dg/torture/builtin-math-2.c -O2 scan-tree-dump-times original "_gammal_r" 6: dump file does not exist
FAIL: gcc.dg/torture/builtin-math-2.c -O3 -fomit-frame-pointer (test for excess errors)
FAIL: gcc.dg/torture/builtin-math-2.c -O3 -fomit-frame-pointer scan-tree-dump-times original "exp2 " 9: dump file does not exist
FAIL: gcc.dg/torture/builtin-math-2.c -O3 -fomit-frame-pointer scan-tree-dump-times original "exp2f" 9: dump file does not exist
FAIL: gcc.dg/torture/builtin-math-2.c -O3 -fomit-frame-pointer scan-tree-dump-times original "exp2l" 9: dump file does not exist
FAIL: gcc.dg/torture/builtin-math-2.c -O3 -fomit-frame-pointer scan-tree-dump-times original "asin " 2: dump file does not exist
FAIL: gcc.dg/torture/builtin-math-2.c -O3 -fomit-frame-pointer scan-tree-dump-times original "asinf" 2: dump file does not exist
FAIL: gcc.dg/torture/builtin-math-2.c -O3 -fomit-frame-pointer scan-tree-dump-times original "asinl" 2: dump file does not exist
FAIL: gcc.dg/torture/builtin-math-2.c -O3 -fomit-frame-pointer scan-tree-dump-times original "acos " 2: dump file does not exist
FAIL: gcc.dg/torture/builtin-math-2.c -O3 -fomit-frame-pointer scan-tree-dump-times original "acosf" 2: dump file does not exist
FAIL: gcc.dg/torture/builtin-math-2.c -O3 -fomit-frame-pointer scan-tree-dump-times original "acosl" 2: dump file does not exist
FAIL: gcc.dg/torture/builtin-math-2.c -O3 -fomit-frame-pointer scan-tree-dump-times original "acosh " 1: dump file does not exist
FAIL: gcc.dg/torture/builtin-math-2.c -O3 -fomit-frame-pointer scan-tree-dump-times original "acoshf" 1: dump file does not exist
FAIL: gcc.dg/torture/builtin-math-2.c -O3 -fomit-frame-pointer scan-tree-dump-times original "acoshl" 1: dump file does not exist
FAIL: gcc.dg/torture/builtin-math-2.c -O3 -fomit-frame-pointer scan-tree-dump-times original "atanh " 2: dump file does not exist
FAIL: gcc.dg/torture/builtin-math-2.c -O3 -fomit-frame-pointer scan-tree-dump-times original "atanhf" 2: dump file does not exist
FAIL: gcc.dg/torture/builtin-math-2.c -O3 -fomit-frame-pointer scan-tree-dump-times original "atanhl" 2: dump file does not exist
FAIL: gcc.dg/torture/builtin-math-2.c -O3 -fomit-frame-pointer scan-tree-dump-times original "log " 3: dump file does not exist
FAIL: gcc.dg/torture/builtin-math-2.c -O3 -fomit-frame-pointer scan-tree-dump-times original "logf" 3: dump file does not exist
FAIL: gcc.dg/torture/builtin-math-2.c -O3 -fomit-frame-pointer scan-tree-dump-times original "logl" 3: dump file does not exist
FAIL: gcc.dg/torture/builtin-math-2.c -O3 -fomit-frame-pointer scan-tree-dump-times original "log2 " 3: dump file does not exist
FAIL: gcc.dg/torture/builtin-math-2.c -O3 -fomit-frame-pointer scan-tree-dump-times original "log2f" 3: dump file does not exist
FAIL: gcc.dg/torture/builtin-math-2.c -O3 -fomit-frame-pointer scan-tree-dump-times original "log2l" 3: dump file does not exist
FAIL: gcc.dg/torture/builtin-math-2.c -O3 -fomit-frame-pointer scan-tree-dump-times original "log10 " 3: dump file does not exist
FAIL: gcc.dg/torture/builtin-math-2.c -O3 -fomit-frame-pointer scan-tree-dump-times original "log10f" 3: dump file does not exist
FAIL: gcc.dg/torture/builtin-math-2.c -O3 -fomit-frame-pointer scan-tree-dump-times original "log10l" 3: dump file does not exist
FAIL: gcc.dg/torture/builtin-math-2.c -O3 -fomit-frame-pointer scan-tree-dump-times original "log1p " 2: dump file does not exist
FAIL: gcc.dg/torture/builtin-math-2.c -O3 -fomit-frame-pointer scan-tree-dump-times original "log1pf" 2: dump file does not exist
FAIL: gcc.dg/torture/builtin-math-2.c -O3 -fomit-frame-pointer scan-tree-dump-times original "log1pl" 2: dump file does not exist
FAIL: gcc.dg/torture/builtin-math-2.c -O3 -fomit-frame-pointer scan-tree-dump-times original "tgamma " 5: dump file does not exist
FAIL: gcc.dg/torture/builtin-math-2.c -O3 -fomit-frame-pointer scan-tree-dump-times original "tgammaf" 5: dump file does not exist
FAIL: gcc.dg/torture/builtin-math-2.c -O3 -fomit-frame-pointer scan-tree-dump-times original "tgammal" 5: dump file does not exist
FAIL: gcc.dg/torture/builtin-math-2.c -O3 -fomit-frame-pointer scan-tree-dump-times original "pow " 13: dump file does not exist
FAIL: gcc.dg/torture/builtin-math-2.c -O3 -fomit-frame-pointer scan-tree-dump-times original "powf" 13: dump file does not exist
FAIL: gcc.dg/torture/builtin-math-2.c -O3 -fomit-frame-pointer scan-tree-dump-times original "powl" 13: dump file does not exist
FAIL: gcc.dg/torture/builtin-math-2.c -O3 -fomit-frame-pointer scan-tree-dump-times original "fma " 3: dump file does not exist
FAIL: gcc.dg/torture/builtin-math-2.c -O3 -fomit-frame-pointer scan-tree-dump-times original "fmaf" 3: dump file does not exist
FAIL: gcc.dg/torture/builtin-math-2.c -O3 -fomit-frame-pointer scan-tree-dump-times original "fmal" 3: dump file does not exist
FAIL: gcc.dg/torture/builtin-math-2.c -O3 -fomit-frame-pointer scan-tree-dump-times original "sqrt " 1: dump file does not exist
FAIL: gcc.dg/torture/builtin-math-2.c -O3 -fomit-frame-pointer scan-tree-dump-times original "sqrtf" 1: dump file does not exist
FAIL: gcc.dg/torture/builtin-math-2.c -O3 -fomit-frame-pointer scan-tree-dump-times original "sqrtl" 1: dump file does not exist
FAIL: gcc.dg/torture/builtin-math-2.c -O3 -fomit-frame-pointer scan-tree-dump-times original "ldexp " 8: dump file does not exist
FAIL: gcc.dg/torture/builtin-math-2.c -O3 -fomit-frame-pointer scan-tree-dump-times original "ldexpf" 8: dump file does not exist
FAIL: gcc.dg/torture/builtin-math-2.c -O3 -fomit-frame-pointer scan-tree-dump-times original "ldexpl" 8: dump file does not exist
FAIL: gcc.dg/torture/builtin-math-2.c -O3 -fomit-frame-pointer scan-tree-dump-times original "scalbn " 8: dump file does not exist
FAIL: gcc.dg/torture/builtin-math-2.c -O3 -fomit-frame-pointer scan-tree-dump-times original "scalbnf" 8: dump file does not exist
FAIL: gcc.dg/torture/builtin-math-2.c -O3 -fomit-frame-pointer scan-tree-dump-times original "scalbnl" 8: dump file does not exist
FAIL: gcc.dg/torture/builtin-math-2.c -O3 -fomit-frame-pointer scan-tree-dump-times original "scalbln " 8: dump file does not exist
FAIL: gcc.dg/torture/builtin-math-2.c -O3 -fomit-frame-pointer scan-tree-dump-times original "scalblnf" 8: dump file does not exist
FAIL: gcc.dg/torture/builtin-math-2.c -O3 -fomit-frame-pointer scan-tree-dump-times original "scalblnl" 8: dump file does not exist
FAIL: gcc.dg/torture/builtin-math-2.c -O3 -fomit-frame-pointer scan-tree-dump-times original "_logb " 2: dump file does not exist
FAIL: gcc.dg/torture/builtin-math-2.c -O3 -fomit-frame-pointer scan-tree-dump-times original "_logbf" 2: dump file does not exist
FAIL: gcc.dg/torture/builtin-math-2.c -O3 -fomit-frame-pointer scan-tree-dump-times original "_logbl" 2: dump file does not exist
FAIL: gcc.dg/torture/builtin-math-2.c -O3 -fomit-frame-pointer scan-tree-dump-times original "ilogb " 6: dump file does not exist
FAIL: gcc.dg/torture/builtin-math-2.c -O3 -fomit-frame-pointer scan-tree-dump-times original "ilogbf" 6: dump file does not exist
FAIL: gcc.dg/torture/builtin-math-2.c -O3 -fomit-frame-pointer scan-tree-dump-times original "ilogbl" 6: dump file does not exist
FAIL: gcc.dg/torture/builtin-math-2.c -O3 -fomit-frame-pointer scan-tree-dump-times original "y0 " 3: dump file does not exist
FAIL: gcc.dg/torture/builtin-math-2.c -O3 -fomit-frame-pointer scan-tree-dump-times original "y0f" 3: dump file does not exist
FAIL: gcc.dg/torture/builtin-math-2.c -O3 -fomit-frame-pointer scan-tree-dump-times original "y0l" 3: dump file does not exist
FAIL: gcc.dg/torture/builtin-math-2.c -O3 -fomit-frame-pointer scan-tree-dump-times original "y1 " 3: dump file does not exist
FAIL: gcc.dg/torture/builtin-math-2.c -O3 -fomit-frame-pointer scan-tree-dump-times original "y1f" 3: dump file does not exist
FAIL: gcc.dg/torture/builtin-math-2.c -O3 -fomit-frame-pointer scan-tree-dump-times original "y1l" 3: dump file does not exist
FAIL: gcc.dg/torture/builtin-math-2.c -O3 -fomit-frame-pointer scan-tree-dump-times original "yn " 6: dump file does not exist
FAIL: gcc.dg/torture/builtin-math-2.c -O3 -fomit-frame-pointer scan-tree-dump-times original "ynf" 6: dump file does not exist
FAIL: gcc.dg/torture/builtin-math-2.c -O3 -fomit-frame-pointer scan-tree-dump-times original "ynl" 6: dump file does not exist
FAIL: gcc.dg/torture/builtin-math-2.c -O3 -fomit-frame-pointer scan-tree-dump-times original "remquo " 2: dump file does not exist
FAIL: gcc.dg/torture/builtin-math-2.c -O3 -fomit-frame-pointer scan-tree-dump-times original "remquof" 2: dump file does not exist
FAIL: gcc.dg/torture/builtin-math-2.c -O3 -fomit-frame-pointer scan-tree-dump-times original "remquol" 2: dump file does not exist
FAIL: gcc.dg/torture/builtin-math-2.c -O3 -fomit-frame-pointer scan-tree-dump-times original "remainder " 2: dump file does not exist
FAIL: gcc.dg/torture/builtin-math-2.c -O3 -fomit-frame-pointer scan-tree-dump-times original "remainderf" 2: dump file does not exist
FAIL: gcc.dg/torture/builtin-math-2.c -O3 -fomit-frame-pointer scan-tree-dump-times original "remainderl" 2: dump file does not exist
FAIL: gcc.dg/torture/builtin-math-2.c -O3 -fomit-frame-pointer scan-tree-dump-times original "drem " 2: dump file does not exist
FAIL: gcc.dg/torture/builtin-math-2.c -O3 -fomit-frame-pointer scan-tree-dump-times original "dremf" 2: dump file does not exist
FAIL: gcc.dg/torture/builtin-math-2.c -O3 -fomit-frame-pointer scan-tree-dump-times original "dreml" 2: dump file does not exist
FAIL: gcc.dg/torture/builtin-math-2.c -O3 -fomit-frame-pointer scan-tree-dump-times original "lgamma_r " 6: dump file does not exist
FAIL: gcc.dg/torture/builtin-math-2.c -O3 -fomit-frame-pointer scan-tree-dump-times original "lgammaf_r" 6: dump file does not exist
FAIL: gcc.dg/torture/builtin-math-2.c -O3 -fomit-frame-pointer scan-tree-dump-times original "lgammal_r" 6: dump file does not exist
FAIL: gcc.dg/torture/builtin-math-2.c -O3 -fomit-frame-pointer scan-tree-dump-times original "_gamma_r " 6: dump file does not exist
FAIL: gcc.dg/torture/builtin-math-2.c -O3 -fomit-frame-pointer scan-tree-dump-times original "_gammaf_r" 6: dump file does not exist
FAIL: gcc.dg/torture/builtin-math-2.c -O3 -fomit-frame-pointer scan-tree-dump-times original "_gammal_r" 6: dump file does not exist
FAIL: gcc.dg/torture/builtin-math-2.c -O3 -fomit-frame-pointer -funroll-loops (test for excess errors)
FAIL: gcc.dg/torture/builtin-math-2.c -O3 -fomit-frame-pointer -funroll-loops scan-tree-dump-times original "exp2 " 9: dump file does not exist
FAIL: gcc.dg/torture/builtin-math-2.c -O3 -fomit-frame-pointer -funroll-loops scan-tree-dump-times original "exp2f" 9: dump file does not exist
FAIL: gcc.dg/torture/builtin-math-2.c -O3 -fomit-frame-pointer -funroll-loops scan-tree-dump-times original "exp2l" 9: dump file does not exist
FAIL: gcc.dg/torture/builtin-math-2.c -O3 -fomit-frame-pointer -funroll-loops scan-tree-dump-times original "asin " 2: dump file does not exist
FAIL: gcc.dg/torture/builtin-math-2.c -O3 -fomit-frame-pointer -funroll-loops scan-tree-dump-times original "asinf" 2: dump file does not exist
FAIL: gcc.dg/torture/builtin-math-2.c -O3 -fomit-frame-pointer -funroll-loops scan-tree-dump-times original "asinl" 2: dump file does not exist
FAIL: gcc.dg/torture/builtin-math-2.c -O3 -fomit-frame-pointer -funroll-loops scan-tree-dump-times original "acos " 2: dump file does not exist
FAIL: gcc.dg/torture/builtin-math-2.c -O3 -fomit-frame-pointer -funroll-loops scan-tree-dump-times original "acosf" 2: dump file does not exist
FAIL: gcc.dg/torture/builtin-math-2.c -O3 -fomit-frame-pointer -funroll-loops scan-tree-dump-times original "acosl" 2: dump file does not exist
FAIL: gcc.dg/torture/builtin-math-2.c -O3 -fomit-frame-pointer -funroll-loops scan-tree-dump-times original "acosh " 1: dump file does not exist
FAIL: gcc.dg/torture/builtin-math-2.c -O3 -fomit-frame-pointer -funroll-loops scan-tree-dump-times original "acoshf" 1: dump file does not exist
FAIL: gcc.dg/torture/builtin-math-2.c -O3 -fomit-frame-pointer -funroll-loops scan-tree-dump-times original "acoshl" 1: dump file does not exist
FAIL: gcc.dg/torture/builtin-math-2.c -O3 -fomit-frame-pointer -funroll-loops scan-tree-dump-times original "atanh " 2: dump file does not exist
FAIL: gcc.dg/torture/builtin-math-2.c -O3 -fomit-frame-pointer -funroll-loops scan-tree-dump-times original "atanhf" 2: dump file does not exist
FAIL: gcc.dg/torture/builtin-math-2.c -O3 -fomit-frame-pointer -funroll-loops scan-tree-dump-times original "atanhl" 2: dump file does not exist
FAIL: gcc.dg/torture/builtin-math-2.c -O3 -fomit-frame-pointer -funroll-loops scan-tree-dump-times original "log " 3: dump file does not exist
FAIL: gcc.dg/torture/builtin-math-2.c -O3 -fomit-frame-pointer -funroll-loops scan-tree-dump-times original "logf" 3: dump file does not exist
FAIL: gcc.dg/torture/builtin-math-2.c -O3 -fomit-frame-pointer -funroll-loops scan-tree-dump-times original "logl" 3: dump file does not exist
FAIL: gcc.dg/torture/builtin-math-2.c -O3 -fomit-frame-pointer -funroll-loops scan-tree-dump-times original "log2 " 3: dump file does not exist
FAIL: gcc.dg/torture/builtin-math-2.c -O3 -fomit-frame-pointer -funroll-loops scan-tree-dump-times original "log2f" 3: dump file does not exist
FAIL: gcc.dg/torture/builtin-math-2.c -O3 -fomit-frame-pointer -funroll-loops scan-tree-dump-times original "log2l" 3: dump file does not exist
FAIL: gcc.dg/torture/builtin-math-2.c -O3 -fomit-frame-pointer -funroll-loops scan-tree-dump-times original "log10 " 3: dump file does not exist
FAIL: gcc.dg/torture/builtin-math-2.c -O3 -fomit-frame-pointer -funroll-loops scan-tree-dump-times original "log10f" 3: dump file does not exist
FAIL: gcc.dg/torture/builtin-math-2.c -O3 -fomit-frame-pointer -funroll-loops scan-tree-dump-times original "log10l" 3: dump file does not exist
FAIL: gcc.dg/torture/builtin-math-2.c -O3 -fomit-frame-pointer -funroll-loops scan-tree-dump-times original "log1p " 2: dump file does not exist
FAIL: gcc.dg/torture/builtin-math-2.c -O3 -fomit-frame-pointer -funroll-loops scan-tree-dump-times original "log1pf" 2: dump file does not exist
FAIL: gcc.dg/torture/builtin-math-2.c -O3 -fomit-frame-pointer -funroll-loops scan-tree-dump-times original "log1pl" 2: dump file does not exist
FAIL: gcc.dg/torture/builtin-math-2.c -O3 -fomit-frame-pointer -funroll-loops scan-tree-dump-times original "tgamma " 5: dump file does not exist
FAIL: gcc.dg/torture/builtin-math-2.c -O3 -fomit-frame-pointer -funroll-loops scan-tree-dump-times original "tgammaf" 5: dump file does not exist
FAIL: gcc.dg/torture/builtin-math-2.c -O3 -fomit-frame-pointer -funroll-loops scan-tree-dump-times original "tgammal" 5: dump file does not exist
FAIL: gcc.dg/torture/builtin-math-2.c -O3 -fomit-frame-pointer -funroll-loops scan-tree-dump-times original "pow " 13: dump file does not exist
FAIL: gcc.dg/torture/builtin-math-2.c -O3 -fomit-frame-pointer -funroll-loops scan-tree-dump-times original "powf" 13: dump file does not exist
FAIL: gcc.dg/torture/builtin-math-2.c -O3 -fomit-frame-pointer -funroll-loops scan-tree-dump-times original "powl" 13: dump file does not exist
FAIL: gcc.dg/torture/builtin-math-2.c -O3 -fomit-frame-pointer -funroll-loops scan-tree-dump-times original "fma " 3: dump file does not exist
FAIL: gcc.dg/torture/builtin-math-2.c -O3 -fomit-frame-pointer -funroll-loops scan-tree-dump-times original "fmaf" 3: dump file does not exist
FAIL: gcc.dg/torture/builtin-math-2.c -O3 -fomit-frame-pointer -funroll-loops scan-tree-dump-times original "fmal" 3: dump file does not exist
FAIL: gcc.dg/torture/builtin-math-2.c -O3 -fomit-frame-pointer -funroll-loops scan-tree-dump-times original "sqrt " 1: dump file does not exist
FAIL: gcc.dg/torture/builtin-math-2.c -O3 -fomit-frame-pointer -funroll-loops scan-tree-dump-times original "sqrtf" 1: dump file does not exist
FAIL: gcc.dg/torture/builtin-math-2.c -O3 -fomit-frame-pointer -funroll-loops scan-tree-dump-times original "sqrtl" 1: dump file does not exist
FAIL: gcc.dg/torture/builtin-math-2.c -O3 -fomit-frame-pointer -funroll-loops scan-tree-dump-times original "ldexp " 8: dump file does not exist
FAIL: gcc.dg/torture/builtin-math-2.c -O3 -fomit-frame-pointer -funroll-loops scan-tree-dump-times original "ldexpf" 8: dump file does not exist
FAIL: gcc.dg/torture/builtin-math-2.c -O3 -fomit-frame-pointer -funroll-loops scan-tree-dump-times original "ldexpl" 8: dump file does not exist
FAIL: gcc.dg/torture/builtin-math-2.c -O3 -fomit-frame-pointer -funroll-loops scan-tree-dump-times original "scalbn " 8: dump file does not exist
FAIL: gcc.dg/torture/builtin-math-2.c -O3 -fomit-frame-pointer -funroll-loops scan-tree-dump-times original "scalbnf" 8: dump file does not exist
FAIL: gcc.dg/torture/builtin-math-2.c -O3 -fomit-frame-pointer -funroll-loops scan-tree-dump-times original "scalbnl" 8: dump file does not exist
FAIL: gcc.dg/torture/builtin-math-2.c -O3 -fomit-frame-pointer -funroll-loops scan-tree-dump-times original "scalbln " 8: dump file does not exist
FAIL: gcc.dg/torture/builtin-math-2.c -O3 -fomit-frame-pointer -funroll-loops scan-tree-dump-times original "scalblnf" 8: dump file does not exist
FAIL: gcc.dg/torture/builtin-math-2.c -O3 -fomit-frame-pointer -funroll-loops scan-tree-dump-times original "scalblnl" 8: dump file does not exist
FAIL: gcc.dg/torture/builtin-math-2.c -O3 -fomit-frame-pointer -funroll-loops scan-tree-dump-times original "_logb " 2: dump file does not exist
FAIL: gcc.dg/torture/builtin-math-2.c -O3 -fomit-frame-pointer -funroll-loops scan-tree-dump-times original "_logbf" 2: dump file does not exist
FAIL: gcc.dg/torture/builtin-math-2.c -O3 -fomit-frame-pointer -funroll-loops scan-tree-dump-times original "_logbl" 2: dump file does not exist
FAIL: gcc.dg/torture/builtin-math-2.c -O3 -fomit-frame-pointer -funroll-loops scan-tree-dump-times original "ilogb " 6: dump file does not exist
FAIL: gcc.dg/torture/builtin-math-2.c -O3 -fomit-frame-pointer -funroll-loops scan-tree-dump-times original "ilogbf" 6: dump file does not exist
FAIL: gcc.dg/torture/builtin-math-2.c -O3 -fomit-frame-pointer -funroll-loops scan-tree-dump-times original "ilogbl" 6: dump file does not exist
FAIL: gcc.dg/torture/builtin-math-2.c -O3 -fomit-frame-pointer -funroll-loops scan-tree-dump-times original "y0 " 3: dump file does not exist
FAIL: gcc.dg/torture/builtin-math-2.c -O3 -fomit-frame-pointer -funroll-loops scan-tree-dump-times original "y0f" 3: dump file does not exist
FAIL: gcc.dg/torture/builtin-math-2.c -O3 -fomit-frame-pointer -funroll-loops scan-tree-dump-times original "y0l" 3: dump file does not exist
FAIL: gcc.dg/torture/builtin-math-2.c -O3 -fomit-frame-pointer -funroll-loops scan-tree-dump-times original "y1 " 3: dump file does not exist
FAIL: gcc.dg/torture/builtin-math-2.c -O3 -fomit-frame-pointer -funroll-loops scan-tree-dump-times original "y1f" 3: dump file does not exist
FAIL: gcc.dg/torture/builtin-math-2.c -O3 -fomit-frame-pointer -funroll-loops scan-tree-dump-times original "y1l" 3: dump file does not exist
FAIL: gcc.dg/torture/builtin-math-2.c -O3 -fomit-frame-pointer -funroll-loops scan-tree-dump-times original "yn " 6: dump file does not exist
FAIL: gcc.dg/torture/builtin-math-2.c -O3 -fomit-frame-pointer -funroll-loops scan-tree-dump-times original "ynf" 6: dump file does not exist
FAIL: gcc.dg/torture/builtin-math-2.c -O3 -fomit-frame-pointer -funroll-loops scan-tree-dump-times original "ynl" 6: dump file does not exist
FAIL: gcc.dg/torture/builtin-math-2.c -O3 -fomit-frame-pointer -funroll-loops scan-tree-dump-times original "remquo " 2: dump file does not exist
FAIL: gcc.dg/torture/builtin-math-2.c -O3 -fomit-frame-pointer -funroll-loops scan-tree-dump-times original "remquof" 2: dump file does not exist
FAIL: gcc.dg/torture/builtin-math-2.c -O3 -fomit-frame-pointer -funroll-loops scan-tree-dump-times original "remquol" 2: dump file does not exist
FAIL: gcc.dg/torture/builtin-math-2.c -O3 -fomit-frame-pointer -funroll-loops scan-tree-dump-times original "remainder " 2: dump file does not exist
FAIL: gcc.dg/torture/builtin-math-2.c -O3 -fomit-frame-pointer -funroll-loops scan-tree-dump-times original "remainderf" 2: dump file does not exist
FAIL: gcc.dg/torture/builtin-math-2.c -O3 -fomit-frame-pointer -funroll-loops scan-tree-dump-times original "remainderl" 2: dump file does not exist
FAIL: gcc.dg/torture/builtin-math-2.c -O3 -fomit-frame-pointer -funroll-loops scan-tree-dump-times original "drem " 2: dump file does not exist
FAIL: gcc.dg/torture/builtin-math-2.c -O3 -fomit-frame-pointer -funroll-loops scan-tree-dump-times original "dremf" 2: dump file does not exist
FAIL: gcc.dg/torture/builtin-math-2.c -O3 -fomit-frame-pointer -funroll-loops scan-tree-dump-times original "dreml" 2: dump file does not exist
FAIL: gcc.dg/torture/builtin-math-2.c -O3 -fomit-frame-pointer -funroll-loops scan-tree-dump-times original "lgamma_r " 6: dump file does not exist
FAIL: gcc.dg/torture/builtin-math-2.c -O3 -fomit-frame-pointer -funroll-loops scan-tree-dump-times original "lgammaf_r" 6: dump file does not exist
FAIL: gcc.dg/torture/builtin-math-2.c -O3 -fomit-frame-pointer -funroll-loops scan-tree-dump-times original "lgammal_r" 6: dump file does not exist
FAIL: gcc.dg/torture/builtin-math-2.c -O3 -fomit-frame-pointer -funroll-loops scan-tree-dump-times original "_gamma_r " 6: dump file does not exist
FAIL: gcc.dg/torture/builtin-math-2.c -O3 -fomit-frame-pointer -funroll-loops scan-tree-dump-times original "_gammaf_r" 6: dump file does not exist
FAIL: gcc.dg/torture/builtin-math-2.c -O3 -fomit-frame-pointer -funroll-loops scan-tree-dump-times original "_gammal_r" 6: dump file does not exist
FAIL: gcc.dg/torture/builtin-math-2.c -O3 -fomit-frame-pointer -funroll-all-loops -finline-functions (test for excess errors)
FAIL: gcc.dg/torture/builtin-math-2.c -O3 -fomit-frame-pointer -funroll-all-loops -finline-functions scan-tree-dump-times original "exp2 " 9: dump file does not exist
FAIL: gcc.dg/torture/builtin-math-2.c -O3 -fomit-frame-pointer -funroll-all-loops -finline-functions scan-tree-dump-times original "exp2f" 9: dump file does not exist
FAIL: gcc.dg/torture/builtin-math-2.c -O3 -fomit-frame-pointer -funroll-all-loops -finline-functions scan-tree-dump-times original "exp2l" 9: dump file does not exist
FAIL: gcc.dg/torture/builtin-math-2.c -O3 -fomit-frame-pointer -funroll-all-loops -finline-functions scan-tree-dump-times original "asin " 2: dump file does not exist
FAIL: gcc.dg/torture/builtin-math-2.c -O3 -fomit-frame-pointer -funroll-all-loops -finline-functions scan-tree-dump-times original "asinf" 2: dump file does not exist
FAIL: gcc.dg/torture/builtin-math-2.c -O3 -fomit-frame-pointer -funroll-all-loops -finline-functions scan-tree-dump-times original "asinl" 2: dump file does not exist
FAIL: gcc.dg/torture/builtin-math-2.c -O3 -fomit-frame-pointer -funroll-all-loops -finline-functions scan-tree-dump-times original "acos " 2: dump file does not exist
FAIL: gcc.dg/torture/builtin-math-2.c -O3 -fomit-frame-pointer -funroll-all-loops -finline-functions scan-tree-dump-times original "acosf" 2: dump file does not exist
FAIL: gcc.dg/torture/builtin-math-2.c -O3 -fomit-frame-pointer -funroll-all-loops -finline-functions scan-tree-dump-times original "acosl" 2: dump file does not exist
FAIL: gcc.dg/torture/builtin-math-2.c -O3 -fomit-frame-pointer -funroll-all-loops -finline-functions scan-tree-dump-times original "acosh " 1: dump file does not exist
FAIL: gcc.dg/torture/builtin-math-2.c -O3 -fomit-frame-pointer -funroll-all-loops -finline-functions scan-tree-dump-times original "acoshf" 1: dump file does not exist
FAIL: gcc.dg/torture/builtin-math-2.c -O3 -fomit-frame-pointer -funroll-all-loops -finline-functions scan-tree-dump-times original "acoshl" 1: dump file does not exist
FAIL: gcc.dg/torture/builtin-math-2.c -O3 -fomit-frame-pointer -funroll-all-loops -finline-functions scan-tree-dump-times original "atanh " 2: dump file does not exist
FAIL: gcc.dg/torture/builtin-math-2.c -O3 -fomit-frame-pointer -funroll-all-loops -finline-functions scan-tree-dump-times original "atanhf" 2: dump file does not exist
FAIL: gcc.dg/torture/builtin-math-2.c -O3 -fomit-frame-pointer -funroll-all-loops -finline-functions scan-tree-dump-times original "atanhl" 2: dump file does not exist
FAIL: gcc.dg/torture/builtin-math-2.c -O3 -fomit-frame-pointer -funroll-all-loops -finline-functions scan-tree-dump-times original "log " 3: dump file does not exist
FAIL: gcc.dg/torture/builtin-math-2.c -O3 -fomit-frame-pointer -funroll-all-loops -finline-functions scan-tree-dump-times original "logf" 3: dump file does not exist
FAIL: gcc.dg/torture/builtin-math-2.c -O3 -fomit-frame-pointer -funroll-all-loops -finline-functions scan-tree-dump-times original "logl" 3: dump file does not exist
FAIL: gcc.dg/torture/builtin-math-2.c -O3 -fomit-frame-pointer -funroll-all-loops -finline-functions scan-tree-dump-times original "log2 " 3: dump file does not exist
FAIL: gcc.dg/torture/builtin-math-2.c -O3 -fomit-frame-pointer -funroll-all-loops -finline-functions scan-tree-dump-times original "log2f" 3: dump file does not exist
FAIL: gcc.dg/torture/builtin-math-2.c -O3 -fomit-frame-pointer -funroll-all-loops -finline-functions scan-tree-dump-times original "log2l" 3: dump file does not exist
FAIL: gcc.dg/torture/builtin-math-2.c -O3 -fomit-frame-pointer -funroll-all-loops -finline-functions scan-tree-dump-times original "log10 " 3: dump file does not exist
FAIL: gcc.dg/torture/builtin-math-2.c -O3 -fomit-frame-pointer -funroll-all-loops -finline-functions scan-tree-dump-times original "log10f" 3: dump file does not exist
FAIL: gcc.dg/torture/builtin-math-2.c -O3 -fomit-frame-pointer -funroll-all-loops -finline-functions scan-tree-dump-times original "log10l" 3: dump file does not exist
FAIL: gcc.dg/torture/builtin-math-2.c -O3 -fomit-frame-pointer -funroll-all-loops -finline-functions scan-tree-dump-times original "log1p " 2: dump file does not exist
FAIL: gcc.dg/torture/builtin-math-2.c -O3 -fomit-frame-pointer -funroll-all-loops -finline-functions scan-tree-dump-times original "log1pf" 2: dump file does not exist
FAIL: gcc.dg/torture/builtin-math-2.c -O3 -fomit-frame-pointer -funroll-all-loops -finline-functions scan-tree-dump-times original "log1pl" 2: dump file does not exist
FAIL: gcc.dg/torture/builtin-math-2.c -O3 -fomit-frame-pointer -funroll-all-loops -finline-functions scan-tree-dump-times original "tgamma " 5: dump file does not exist
FAIL: gcc.dg/torture/builtin-math-2.c -O3 -fomit-frame-pointer -funroll-all-loops -finline-functions scan-tree-dump-times original "tgammaf" 5: dump file does not exist
FAIL: gcc.dg/torture/builtin-math-2.c -O3 -fomit-frame-pointer -funroll-all-loops -finline-functions scan-tree-dump-times original "tgammal" 5: dump file does not exist
FAIL: gcc.dg/torture/builtin-math-2.c -O3 -fomit-frame-pointer -funroll-all-loops -finline-functions scan-tree-dump-times original "pow " 13: dump file does not exist
FAIL: gcc.dg/torture/builtin-math-2.c -O3 -fomit-frame-pointer -funroll-all-loops -finline-functions scan-tree-dump-times original "powf" 13: dump file does not exist
FAIL: gcc.dg/torture/builtin-math-2.c -O3 -fomit-frame-pointer -funroll-all-loops -finline-functions scan-tree-dump-times original "powl" 13: dump file does not exist
FAIL: gcc.dg/torture/builtin-math-2.c -O3 -fomit-frame-pointer -funroll-all-loops -finline-functions scan-tree-dump-times original "fma " 3: dump file does not exist
FAIL: gcc.dg/torture/builtin-math-2.c -O3 -fomit-frame-pointer -funroll-all-loops -finline-functions scan-tree-dump-times original "fmaf" 3: dump file does not exist
FAIL: gcc.dg/torture/builtin-math-2.c -O3 -fomit-frame-pointer -funroll-all-loops -finline-functions scan-tree-dump-times original "fmal" 3: dump file does not exist
FAIL: gcc.dg/torture/builtin-math-2.c -O3 -fomit-frame-pointer -funroll-all-loops -finline-functions scan-tree-dump-times original "sqrt " 1: dump file does not exist
FAIL: gcc.dg/torture/builtin-math-2.c -O3 -fomit-frame-pointer -funroll-all-loops -finline-functions scan-tree-dump-times original "sqrtf" 1: dump file does not exist
FAIL: gcc.dg/torture/builtin-math-2.c -O3 -fomit-frame-pointer -funroll-all-loops -finline-functions scan-tree-dump-times original "sqrtl" 1: dump file does not exist
FAIL: gcc.dg/torture/builtin-math-2.c -O3 -fomit-frame-pointer -funroll-all-loops -finline-functions scan-tree-dump-times original "ldexp " 8: dump file does not exist
FAIL: gcc.dg/torture/builtin-math-2.c -O3 -fomit-frame-pointer -funroll-all-loops -finline-functions scan-tree-dump-times original "ldexpf" 8: dump file does not exist
FAIL: gcc.dg/torture/builtin-math-2.c -O3 -fomit-frame-pointer -funroll-all-loops -finline-functions scan-tree-dump-times original "ldexpl" 8: dump file does not exist
FAIL: gcc.dg/torture/builtin-math-2.c -O3 -fomit-frame-pointer -funroll-all-loops -finline-functions scan-tree-dump-times original "scalbn " 8: dump file does not exist
FAIL: gcc.dg/torture/builtin-math-2.c -O3 -fomit-frame-pointer -funroll-all-loops -finline-functions scan-tree-dump-times original "scalbnf" 8: dump file does not exist
FAIL: gcc.dg/torture/builtin-math-2.c -O3 -fomit-frame-pointer -funroll-all-loops -finline-functions scan-tree-dump-times original "scalbnl" 8: dump file does not exist
FAIL: gcc.dg/torture/builtin-math-2.c -O3 -fomit-frame-pointer -funroll-all-loops -finline-functions scan-tree-dump-times original "scalbln " 8: dump file does not exist
FAIL: gcc.dg/torture/builtin-math-2.c -O3 -fomit-frame-pointer -funroll-all-loops -finline-functions scan-tree-dump-times original "scalblnf" 8: dump file does not exist
FAIL: gcc.dg/torture/builtin-math-2.c -O3 -fomit-frame-pointer -funroll-all-loops -finline-functions scan-tree-dump-times original "scalblnl" 8: dump file does not exist
FAIL: gcc.dg/torture/builtin-math-2.c -O3 -fomit-frame-pointer -funroll-all-loops -finline-functions scan-tree-dump-times original "_logb " 2: dump file does not exist
FAIL: gcc.dg/torture/builtin-math-2.c -O3 -fomit-frame-pointer -funroll-all-loops -finline-functions scan-tree-dump-times original "_logbf" 2: dump file does not exist
FAIL: gcc.dg/torture/builtin-math-2.c -O3 -fomit-frame-pointer -funroll-all-loops -finline-functions scan-tree-dump-times original "_logbl" 2: dump file does not exist
FAIL: gcc.dg/torture/builtin-math-2.c -O3 -fomit-frame-pointer -funroll-all-loops -finline-functions scan-tree-dump-times original "ilogb " 6: dump file does not exist
FAIL: gcc.dg/torture/builtin-math-2.c -O3 -fomit-frame-pointer -funroll-all-loops -finline-functions scan-tree-dump-times original "ilogbf" 6: dump file does not exist
FAIL: gcc.dg/torture/builtin-math-2.c -O3 -fomit-frame-pointer -funroll-all-loops -finline-functions scan-tree-dump-times original "ilogbl" 6: dump file does not exist
FAIL: gcc.dg/torture/builtin-math-2.c -O3 -fomit-frame-pointer -funroll-all-loops -finline-functions scan-tree-dump-times original "y0 " 3: dump file does not exist
FAIL: gcc.dg/torture/builtin-math-2.c -O3 -fomit-frame-pointer -funroll-all-loops -finline-functions scan-tree-dump-times original "y0f" 3: dump file does not exist
FAIL: gcc.dg/torture/builtin-math-2.c -O3 -fomit-frame-pointer -funroll-all-loops -finline-functions scan-tree-dump-times original "y0l" 3: dump file does not exist
FAIL: gcc.dg/torture/builtin-math-2.c -O3 -fomit-frame-pointer -funroll-all-loops -finline-functions scan-tree-dump-times original "y1 " 3: dump file does not exist
FAIL: gcc.dg/torture/builtin-math-2.c -O3 -fomit-frame-pointer -funroll-all-loops -finline-functions scan-tree-dump-times original "y1f" 3: dump file does not exist
FAIL: gcc.dg/torture/builtin-math-2.c -O3 -fomit-frame-pointer -funroll-all-loops -finline-functions scan-tree-dump-times original "y1l" 3: dump file does not exist
FAIL: gcc.dg/torture/builtin-math-2.c -O3 -fomit-frame-pointer -funroll-all-loops -finline-functions scan-tree-dump-times original "yn " 6: dump file does not exist
FAIL: gcc.dg/torture/builtin-math-2.c -O3 -fomit-frame-pointer -funroll-all-loops -finline-functions scan-tree-dump-times original "ynf" 6: dump file does not exist
FAIL: gcc.dg/torture/builtin-math-2.c -O3 -fomit-frame-pointer -funroll-all-loops -finline-functions scan-tree-dump-times original "ynl" 6: dump file does not exist
FAIL: gcc.dg/torture/builtin-math-2.c -O3 -fomit-frame-pointer -funroll-all-loops -finline-functions scan-tree-dump-times original "remquo " 2: dump file does not exist
FAIL: gcc.dg/torture/builtin-math-2.c -O3 -fomit-frame-pointer -funroll-all-loops -finline-functions scan-tree-dump-times original "remquof" 2: dump file does not exist
FAIL: gcc.dg/torture/builtin-math-2.c -O3 -fomit-frame-pointer -funroll-all-loops -finline-functions scan-tree-dump-times original "remquol" 2: dump file does not exist
FAIL: gcc.dg/torture/builtin-math-2.c -O3 -fomit-frame-pointer -funroll-all-loops -finline-functions scan-tree-dump-times original "remainder " 2: dump file does not exist
FAIL: gcc.dg/torture/builtin-math-2.c -O3 -fomit-frame-pointer -funroll-all-loops -finline-functions scan-tree-dump-times original "remainderf" 2: dump file does not exist
FAIL: gcc.dg/torture/builtin-math-2.c -O3 -fomit-frame-pointer -funroll-all-loops -finline-functions scan-tree-dump-times original "remainderl" 2: dump file does not exist
FAIL: gcc.dg/torture/builtin-math-2.c -O3 -fomit-frame-pointer -funroll-all-loops -finline-functions scan-tree-dump-times original "drem " 2: dump file does not exist
FAIL: gcc.dg/torture/builtin-math-2.c -O3 -fomit-frame-pointer -funroll-all-loops -finline-functions scan-tree-dump-times original "dremf" 2: dump file does not exist
FAIL: gcc.dg/torture/builtin-math-2.c -O3 -fomit-frame-pointer -funroll-all-loops -finline-functions scan-tree-dump-times original "dreml" 2: dump file does not exist
FAIL: gcc.dg/torture/builtin-math-2.c -O3 -fomit-frame-pointer -funroll-all-loops -finline-functions scan-tree-dump-times original "lgamma_r " 6: dump file does not exist
FAIL: gcc.dg/torture/builtin-math-2.c -O3 -fomit-frame-pointer -funroll-all-loops -finline-functions scan-tree-dump-times original "lgammaf_r" 6: dump file does not exist
FAIL: gcc.dg/torture/builtin-math-2.c -O3 -fomit-frame-pointer -funroll-all-loops -finline-functions scan-tree-dump-times original "lgammal_r" 6: dump file does not exist
FAIL: gcc.dg/torture/builtin-math-2.c -O3 -fomit-frame-pointer -funroll-all-loops -finline-functions scan-tree-dump-times original "_gamma_r " 6: dump file does not exist
FAIL: gcc.dg/torture/builtin-math-2.c -O3 -fomit-frame-pointer -funroll-all-loops -finline-functions scan-tree-dump-times original "_gammaf_r" 6: dump file does not exist
FAIL: gcc.dg/torture/builtin-math-2.c -O3 -fomit-frame-pointer -funroll-all-loops -finline-functions scan-tree-dump-times original "_gammal_r" 6: dump file does not exist
FAIL: gcc.dg/torture/builtin-math-2.c -O3 -g (test for excess errors)
FAIL: gcc.dg/torture/builtin-math-2.c -O3 -g scan-tree-dump-times original "exp2 " 9: dump file does not exist
FAIL: gcc.dg/torture/builtin-math-2.c -O3 -g scan-tree-dump-times original "exp2f" 9: dump file does not exist
FAIL: gcc.dg/torture/builtin-math-2.c -O3 -g scan-tree-dump-times original "exp2l" 9: dump file does not exist
FAIL: gcc.dg/torture/builtin-math-2.c -O3 -g scan-tree-dump-times original "asin " 2: dump file does not exist
FAIL: gcc.dg/torture/builtin-math-2.c -O3 -g scan-tree-dump-times original "asinf" 2: dump file does not exist
FAIL: gcc.dg/torture/builtin-math-2.c -O3 -g scan-tree-dump-times original "asinl" 2: dump file does not exist
FAIL: gcc.dg/torture/builtin-math-2.c -O3 -g scan-tree-dump-times original "acos " 2: dump file does not exist
FAIL: gcc.dg/torture/builtin-math-2.c -O3 -g scan-tree-dump-times original "acosf" 2: dump file does not exist
FAIL: gcc.dg/torture/builtin-math-2.c -O3 -g scan-tree-dump-times original "acosl" 2: dump file does not exist
FAIL: gcc.dg/torture/builtin-math-2.c -O3 -g scan-tree-dump-times original "acosh " 1: dump file does not exist
FAIL: gcc.dg/torture/builtin-math-2.c -O3 -g scan-tree-dump-times original "acoshf" 1: dump file does not exist
FAIL: gcc.dg/torture/builtin-math-2.c -O3 -g scan-tree-dump-times original "acoshl" 1: dump file does not exist
FAIL: gcc.dg/torture/builtin-math-2.c -O3 -g scan-tree-dump-times original "atanh " 2: dump file does not exist
FAIL: gcc.dg/torture/builtin-math-2.c -O3 -g scan-tree-dump-times original "atanhf" 2: dump file does not exist
FAIL: gcc.dg/torture/builtin-math-2.c -O3 -g scan-tree-dump-times original "atanhl" 2: dump file does not exist
FAIL: gcc.dg/torture/builtin-math-2.c -O3 -g scan-tree-dump-times original "log " 3: dump file does not exist
FAIL: gcc.dg/torture/builtin-math-2.c -O3 -g scan-tree-dump-times original "logf" 3: dump file does not exist
FAIL: gcc.dg/torture/builtin-math-2.c -O3 -g scan-tree-dump-times original "logl" 3: dump file does not exist
FAIL: gcc.dg/torture/builtin-math-2.c -O3 -g scan-tree-dump-times original "log2 " 3: dump file does not exist
FAIL: gcc.dg/torture/builtin-math-2.c -O3 -g scan-tree-dump-times original "log2f" 3: dump file does not exist
FAIL: gcc.dg/torture/builtin-math-2.c -O3 -g scan-tree-dump-times original "log2l" 3: dump file does not exist
FAIL: gcc.dg/torture/builtin-math-2.c -O3 -g scan-tree-dump-times original "log10 " 3: dump file does not exist
FAIL: gcc.dg/torture/builtin-math-2.c -O3 -g scan-tree-dump-times original "log10f" 3: dump file does not exist
FAIL: gcc.dg/torture/builtin-math-2.c -O3 -g scan-tree-dump-times original "log10l" 3: dump file does not exist
FAIL: gcc.dg/torture/builtin-math-2.c -O3 -g scan-tree-dump-times original "log1p " 2: dump file does not exist
FAIL: gcc.dg/torture/builtin-math-2.c -O3 -g scan-tree-dump-times original "log1pf" 2: dump file does not exist
FAIL: gcc.dg/torture/builtin-math-2.c -O3 -g scan-tree-dump-times original "log1pl" 2: dump file does not exist
FAIL: gcc.dg/torture/builtin-math-2.c -O3 -g scan-tree-dump-times original "tgamma " 5: dump file does not exist
FAIL: gcc.dg/torture/builtin-math-2.c -O3 -g scan-tree-dump-times original "tgammaf" 5: dump file does not exist
FAIL: gcc.dg/torture/builtin-math-2.c -O3 -g scan-tree-dump-times original "tgammal" 5: dump file does not exist
FAIL: gcc.dg/torture/builtin-math-2.c -O3 -g scan-tree-dump-times original "pow " 13: dump file does not exist
FAIL: gcc.dg/torture/builtin-math-2.c -O3 -g scan-tree-dump-times original "powf" 13: dump file does not exist
FAIL: gcc.dg/torture/builtin-math-2.c -O3 -g scan-tree-dump-times original "powl" 13: dump file does not exist
FAIL: gcc.dg/torture/builtin-math-2.c -O3 -g scan-tree-dump-times original "fma " 3: dump file does not exist
FAIL: gcc.dg/torture/builtin-math-2.c -O3 -g scan-tree-dump-times original "fmaf" 3: dump file does not exist
FAIL: gcc.dg/torture/builtin-math-2.c -O3 -g scan-tree-dump-times original "fmal" 3: dump file does not exist
FAIL: gcc.dg/torture/builtin-math-2.c -O3 -g scan-tree-dump-times original "sqrt " 1: dump file does not exist
FAIL: gcc.dg/torture/builtin-math-2.c -O3 -g scan-tree-dump-times original "sqrtf" 1: dump file does not exist
FAIL: gcc.dg/torture/builtin-math-2.c -O3 -g scan-tree-dump-times original "sqrtl" 1: dump file does not exist
FAIL: gcc.dg/torture/builtin-math-2.c -O3 -g scan-tree-dump-times original "ldexp " 8: dump file does not exist
FAIL: gcc.dg/torture/builtin-math-2.c -O3 -g scan-tree-dump-times original "ldexpf" 8: dump file does not exist
FAIL: gcc.dg/torture/builtin-math-2.c -O3 -g scan-tree-dump-times original "ldexpl" 8: dump file does not exist
FAIL: gcc.dg/torture/builtin-math-2.c -O3 -g scan-tree-dump-times original "scalbn " 8: dump file does not exist
FAIL: gcc.dg/torture/builtin-math-2.c -O3 -g scan-tree-dump-times original "scalbnf" 8: dump file does not exist
FAIL: gcc.dg/torture/builtin-math-2.c -O3 -g scan-tree-dump-times original "scalbnl" 8: dump file does not exist
FAIL: gcc.dg/torture/builtin-math-2.c -O3 -g scan-tree-dump-times original "scalbln " 8: dump file does not exist
FAIL: gcc.dg/torture/builtin-math-2.c -O3 -g scan-tree-dump-times original "scalblnf" 8: dump file does not exist
FAIL: gcc.dg/torture/builtin-math-2.c -O3 -g scan-tree-dump-times original "scalblnl" 8: dump file does not exist
FAIL: gcc.dg/torture/builtin-math-2.c -O3 -g scan-tree-dump-times original "_logb " 2: dump file does not exist
FAIL: gcc.dg/torture/builtin-math-2.c -O3 -g scan-tree-dump-times original "_logbf" 2: dump file does not exist
FAIL: gcc.dg/torture/builtin-math-2.c -O3 -g scan-tree-dump-times original "_logbl" 2: dump file does not exist
FAIL: gcc.dg/torture/builtin-math-2.c -O3 -g scan-tree-dump-times original "ilogb " 6: dump file does not exist
FAIL: gcc.dg/torture/builtin-math-2.c -O3 -g scan-tree-dump-times original "ilogbf" 6: dump file does not exist
FAIL: gcc.dg/torture/builtin-math-2.c -O3 -g scan-tree-dump-times original "ilogbl" 6: dump file does not exist
FAIL: gcc.dg/torture/builtin-math-2.c -O3 -g scan-tree-dump-times original "y0 " 3: dump file does not exist
FAIL: gcc.dg/torture/builtin-math-2.c -O3 -g scan-tree-dump-times original "y0f" 3: dump file does not exist
FAIL: gcc.dg/torture/builtin-math-2.c -O3 -g scan-tree-dump-times original "y0l" 3: dump file does not exist
FAIL: gcc.dg/torture/builtin-math-2.c -O3 -g scan-tree-dump-times original "y1 " 3: dump file does not exist
FAIL: gcc.dg/torture/builtin-math-2.c -O3 -g scan-tree-dump-times original "y1f" 3: dump file does not exist
FAIL: gcc.dg/torture/builtin-math-2.c -O3 -g scan-tree-dump-times original "y1l" 3: dump file does not exist
FAIL: gcc.dg/torture/builtin-math-2.c -O3 -g scan-tree-dump-times original "yn " 6: dump file does not exist
FAIL: gcc.dg/torture/builtin-math-2.c -O3 -g scan-tree-dump-times original "ynf" 6: dump file does not exist
FAIL: gcc.dg/torture/builtin-math-2.c -O3 -g scan-tree-dump-times original "ynl" 6: dump file does not exist
FAIL: gcc.dg/torture/builtin-math-2.c -O3 -g scan-tree-dump-times original "remquo " 2: dump file does not exist
FAIL: gcc.dg/torture/builtin-math-2.c -O3 -g scan-tree-dump-times original "remquof" 2: dump file does not exist
FAIL: gcc.dg/torture/builtin-math-2.c -O3 -g scan-tree-dump-times original "remquol" 2: dump file does not exist
FAIL: gcc.dg/torture/builtin-math-2.c -O3 -g scan-tree-dump-times original "remainder " 2: dump file does not exist
FAIL: gcc.dg/torture/builtin-math-2.c -O3 -g scan-tree-dump-times original "remainderf" 2: dump file does not exist
FAIL: gcc.dg/torture/builtin-math-2.c -O3 -g scan-tree-dump-times original "remainderl" 2: dump file does not exist
FAIL: gcc.dg/torture/builtin-math-2.c -O3 -g scan-tree-dump-times original "drem " 2: dump file does not exist
FAIL: gcc.dg/torture/builtin-math-2.c -O3 -g scan-tree-dump-times original "dremf" 2: dump file does not exist
FAIL: gcc.dg/torture/builtin-math-2.c -O3 -g scan-tree-dump-times original "dreml" 2: dump file does not exist
FAIL: gcc.dg/torture/builtin-math-2.c -O3 -g scan-tree-dump-times original "lgamma_r " 6: dump file does not exist
FAIL: gcc.dg/torture/builtin-math-2.c -O3 -g scan-tree-dump-times original "lgammaf_r" 6: dump file does not exist
FAIL: gcc.dg/torture/builtin-math-2.c -O3 -g scan-tree-dump-times original "lgammal_r" 6: dump file does not exist
FAIL: gcc.dg/torture/builtin-math-2.c -O3 -g scan-tree-dump-times original "_gamma_r " 6: dump file does not exist
FAIL: gcc.dg/torture/builtin-math-2.c -O3 -g scan-tree-dump-times original "_gammaf_r" 6: dump file does not exist
FAIL: gcc.dg/torture/builtin-math-2.c -O3 -g scan-tree-dump-times original "_gammal_r" 6: dump file does not exist
FAIL: gcc.dg/torture/builtin-math-2.c -Os (test for excess errors)
FAIL: gcc.dg/torture/builtin-math-2.c -Os scan-tree-dump-times original "exp2 " 9: dump file does not exist
FAIL: gcc.dg/torture/builtin-math-2.c -Os scan-tree-dump-times original "exp2f" 9: dump file does not exist
FAIL: gcc.dg/torture/builtin-math-2.c -Os scan-tree-dump-times original "exp2l" 9: dump file does not exist
FAIL: gcc.dg/torture/builtin-math-2.c -Os scan-tree-dump-times original "asin " 2: dump file does not exist
FAIL: gcc.dg/torture/builtin-math-2.c -Os scan-tree-dump-times original "asinf" 2: dump file does not exist
FAIL: gcc.dg/torture/builtin-math-2.c -Os scan-tree-dump-times original "asinl" 2: dump file does not exist
FAIL: gcc.dg/torture/builtin-math-2.c -Os scan-tree-dump-times original "acos " 2: dump file does not exist
FAIL: gcc.dg/torture/builtin-math-2.c -Os scan-tree-dump-times original "acosf" 2: dump file does not exist
FAIL: gcc.dg/torture/builtin-math-2.c -Os scan-tree-dump-times original "acosl" 2: dump file does not exist
FAIL: gcc.dg/torture/builtin-math-2.c -Os scan-tree-dump-times original "acosh " 1: dump file does not exist
FAIL: gcc.dg/torture/builtin-math-2.c -Os scan-tree-dump-times original "acoshf" 1: dump file does not exist
FAIL: gcc.dg/torture/builtin-math-2.c -Os scan-tree-dump-times original "acoshl" 1: dump file does not exist
FAIL: gcc.dg/torture/builtin-math-2.c -Os scan-tree-dump-times original "atanh " 2: dump file does not exist
FAIL: gcc.dg/torture/builtin-math-2.c -Os scan-tree-dump-times original "atanhf" 2: dump file does not exist
FAIL: gcc.dg/torture/builtin-math-2.c -Os scan-tree-dump-times original "atanhl" 2: dump file does not exist
FAIL: gcc.dg/torture/builtin-math-2.c -Os scan-tree-dump-times original "log " 3: dump file does not exist
FAIL: gcc.dg/torture/builtin-math-2.c -Os scan-tree-dump-times original "logf" 3: dump file does not exist
FAIL: gcc.dg/torture/builtin-math-2.c -Os scan-tree-dump-times original "logl" 3: dump file does not exist
FAIL: gcc.dg/torture/builtin-math-2.c -Os scan-tree-dump-times original "log2 " 3: dump file does not exist
FAIL: gcc.dg/torture/builtin-math-2.c -Os scan-tree-dump-times original "log2f" 3: dump file does not exist
FAIL: gcc.dg/torture/builtin-math-2.c -Os scan-tree-dump-times original "log2l" 3: dump file does not exist
FAIL: gcc.dg/torture/builtin-math-2.c -Os scan-tree-dump-times original "log10 " 3: dump file does not exist
FAIL: gcc.dg/torture/builtin-math-2.c -Os scan-tree-dump-times original "log10f" 3: dump file does not exist
FAIL: gcc.dg/torture/builtin-math-2.c -Os scan-tree-dump-times original "log10l" 3: dump file does not exist
FAIL: gcc.dg/torture/builtin-math-2.c -Os scan-tree-dump-times original "log1p " 2: dump file does not exist
FAIL: gcc.dg/torture/builtin-math-2.c -Os scan-tree-dump-times original "log1pf" 2: dump file does not exist
FAIL: gcc.dg/torture/builtin-math-2.c -Os scan-tree-dump-times original "log1pl" 2: dump file does not exist
FAIL: gcc.dg/torture/builtin-math-2.c -Os scan-tree-dump-times original "tgamma " 5: dump file does not exist
FAIL: gcc.dg/torture/builtin-math-2.c -Os scan-tree-dump-times original "tgammaf" 5: dump file does not exist
FAIL: gcc.dg/torture/builtin-math-2.c -Os scan-tree-dump-times original "tgammal" 5: dump file does not exist
FAIL: gcc.dg/torture/builtin-math-2.c -Os scan-tree-dump-times original "pow " 13: dump file does not exist
FAIL: gcc.dg/torture/builtin-math-2.c -Os scan-tree-dump-times original "powf" 13: dump file does not exist
FAIL: gcc.dg/torture/builtin-math-2.c -Os scan-tree-dump-times original "powl" 13: dump file does not exist
FAIL: gcc.dg/torture/builtin-math-2.c -Os scan-tree-dump-times original "fma " 3: dump file does not exist
FAIL: gcc.dg/torture/builtin-math-2.c -Os scan-tree-dump-times original "fmaf" 3: dump file does not exist
FAIL: gcc.dg/torture/builtin-math-2.c -Os scan-tree-dump-times original "fmal" 3: dump file does not exist
FAIL: gcc.dg/torture/builtin-math-2.c -Os scan-tree-dump-times original "sqrt " 1: dump file does not exist
FAIL: gcc.dg/torture/builtin-math-2.c -Os scan-tree-dump-times original "sqrtf" 1: dump file does not exist
FAIL: gcc.dg/torture/builtin-math-2.c -Os scan-tree-dump-times original "sqrtl" 1: dump file does not exist
FAIL: gcc.dg/torture/builtin-math-2.c -Os scan-tree-dump-times original "ldexp " 8: dump file does not exist
FAIL: gcc.dg/torture/builtin-math-2.c -Os scan-tree-dump-times original "ldexpf" 8: dump file does not exist
FAIL: gcc.dg/torture/builtin-math-2.c -Os scan-tree-dump-times original "ldexpl" 8: dump file does not exist
FAIL: gcc.dg/torture/builtin-math-2.c -Os scan-tree-dump-times original "scalbn " 8: dump file does not exist
FAIL: gcc.dg/torture/builtin-math-2.c -Os scan-tree-dump-times original "scalbnf" 8: dump file does not exist
FAIL: gcc.dg/torture/builtin-math-2.c -Os scan-tree-dump-times original "scalbnl" 8: dump file does not exist
FAIL: gcc.dg/torture/builtin-math-2.c -Os scan-tree-dump-times original "scalbln " 8: dump file does not exist
FAIL: gcc.dg/torture/builtin-math-2.c -Os scan-tree-dump-times original "scalblnf" 8: dump file does not exist
FAIL: gcc.dg/torture/builtin-math-2.c -Os scan-tree-dump-times original "scalblnl" 8: dump file does not exist
FAIL: gcc.dg/torture/builtin-math-2.c -Os scan-tree-dump-times original "_logb " 2: dump file does not exist
FAIL: gcc.dg/torture/builtin-math-2.c -Os scan-tree-dump-times original "_logbf" 2: dump file does not exist
FAIL: gcc.dg/torture/builtin-math-2.c -Os scan-tree-dump-times original "_logbl" 2: dump file does not exist
FAIL: gcc.dg/torture/builtin-math-2.c -Os scan-tree-dump-times original "ilogb " 6: dump file does not exist
FAIL: gcc.dg/torture/builtin-math-2.c -Os scan-tree-dump-times original "ilogbf" 6: dump file does not exist
FAIL: gcc.dg/torture/builtin-math-2.c -Os scan-tree-dump-times original "ilogbl" 6: dump file does not exist
FAIL: gcc.dg/torture/builtin-math-2.c -Os scan-tree-dump-times original "y0 " 3: dump file does not exist
FAIL: gcc.dg/torture/builtin-math-2.c -Os scan-tree-dump-times original "y0f" 3: dump file does not exist
FAIL: gcc.dg/torture/builtin-math-2.c -Os scan-tree-dump-times original "y0l" 3: dump file does not exist
FAIL: gcc.dg/torture/builtin-math-2.c -Os scan-tree-dump-times original "y1 " 3: dump file does not exist
FAIL: gcc.dg/torture/builtin-math-2.c -Os scan-tree-dump-times original "y1f" 3: dump file does not exist
FAIL: gcc.dg/torture/builtin-math-2.c -Os scan-tree-dump-times original "y1l" 3: dump file does not exist
FAIL: gcc.dg/torture/builtin-math-2.c -Os scan-tree-dump-times original "yn " 6: dump file does not exist
FAIL: gcc.dg/torture/builtin-math-2.c -Os scan-tree-dump-times original "ynf" 6: dump file does not exist
FAIL: gcc.dg/torture/builtin-math-2.c -Os scan-tree-dump-times original "ynl" 6: dump file does not exist
FAIL: gcc.dg/torture/builtin-math-2.c -Os scan-tree-dump-times original "remquo " 2: dump file does not exist
FAIL: gcc.dg/torture/builtin-math-2.c -Os scan-tree-dump-times original "remquof" 2: dump file does not exist
FAIL: gcc.dg/torture/builtin-math-2.c -Os scan-tree-dump-times original "remquol" 2: dump file does not exist
FAIL: gcc.dg/torture/builtin-math-2.c -Os scan-tree-dump-times original "remainder " 2: dump file does not exist
FAIL: gcc.dg/torture/builtin-math-2.c -Os scan-tree-dump-times original "remainderf" 2: dump file does not exist
FAIL: gcc.dg/torture/builtin-math-2.c -Os scan-tree-dump-times original "remainderl" 2: dump file does not exist
FAIL: gcc.dg/torture/builtin-math-2.c -Os scan-tree-dump-times original "drem " 2: dump file does not exist
FAIL: gcc.dg/torture/builtin-math-2.c -Os scan-tree-dump-times original "dremf" 2: dump file does not exist
FAIL: gcc.dg/torture/builtin-math-2.c -Os scan-tree-dump-times original "dreml" 2: dump file does not exist
FAIL: gcc.dg/torture/builtin-math-2.c -Os scan-tree-dump-times original "lgamma_r " 6: dump file does not exist
FAIL: gcc.dg/torture/builtin-math-2.c -Os scan-tree-dump-times original "lgammaf_r" 6: dump file does not exist
FAIL: gcc.dg/torture/builtin-math-2.c -Os scan-tree-dump-times original "lgammal_r" 6: dump file does not exist
FAIL: gcc.dg/torture/builtin-math-2.c -Os scan-tree-dump-times original "_gamma_r " 6: dump file does not exist
FAIL: gcc.dg/torture/builtin-math-2.c -Os scan-tree-dump-times original "_gammaf_r" 6: dump file does not exist
FAIL: gcc.dg/torture/builtin-math-2.c -Os scan-tree-dump-times original "_gammal_r" 6: dump file does not exist
FAIL: gcc.dg/torture/builtin-math-4.c -O0 (test for excess errors)
FAIL: gcc.dg/torture/builtin-math-4.c -O1 (test for excess errors)
FAIL: gcc.dg/torture/builtin-math-4.c -O2 (test for excess errors)
FAIL: gcc.dg/torture/builtin-math-4.c -O3 -fomit-frame-pointer (test for excess errors)
FAIL: gcc.dg/torture/builtin-math-4.c -O3 -fomit-frame-pointer -funroll-loops (test for excess errors)
FAIL: gcc.dg/torture/builtin-math-4.c -O3 -fomit-frame-pointer -funroll-all-loops -finline-functions (test for excess errors)
FAIL: gcc.dg/torture/builtin-math-4.c -O3 -g (test for excess errors)
FAIL: gcc.dg/torture/builtin-math-4.c -Os (test for excess errors)
FAIL: gcc.dg/torture/builtin-pow-mpfr-1.c -O0 scan-tree-dump original "pow"
FAIL: gcc.dg/torture/builtin-pow-mpfr-1.c -O1 scan-tree-dump original "pow"
FAIL: gcc.dg/torture/builtin-pow-mpfr-1.c -O2 scan-tree-dump original "pow"
FAIL: gcc.dg/torture/builtin-pow-mpfr-1.c -O3 -fomit-frame-pointer scan-tree-dump original "pow"
FAIL: gcc.dg/torture/builtin-pow-mpfr-1.c -O3 -g scan-tree-dump original "pow"
FAIL: gcc.dg/torture/builtin-pow-mpfr-1.c -Os scan-tree-dump original "pow"
FAIL: gcc.dg/tree-prof/bb-reorg.c compilation, -fprofile-generate -D_PROFILE_GENERATE
UNRESOLVED: gcc.dg/tree-prof/bb-reorg.c execution, -fprofile-generate -D_PROFILE_GENERATE
UNRESOLVED: gcc.dg/tree-prof/bb-reorg.c compilation, -fprofile-use -D_PROFILE_USE
UNRESOLVED: gcc.dg/tree-prof/bb-reorg.c execution, -fprofile-use -D_PROFILE_USE
FAIL: gcc.dg/tree-prof/ic-misattribution-1.c compilation, -fprofile-generate -D_PROFILE_GENERATE
UNRESOLVED: gcc.dg/tree-prof/ic-misattribution-1.c execution, -fprofile-generate -D_PROFILE_GENERATE
UNRESOLVED: gcc.dg/tree-prof/ic-misattribution-1.c compilation, -fprofile-use -D_PROFILE_USE
UNRESOLVED: gcc.dg/tree-prof/ic-misattribution-1.c execution, -fprofile-use -D_PROFILE_USE
FAIL: gcc.dg/tree-prof/ic-misattribution-1a.c compilation, -fprofile-generate -D_PROFILE_GENERATE
UNRESOLVED: gcc.dg/tree-prof/ic-misattribution-1a.c execution, -fprofile-generate -D_PROFILE_GENERATE
UNRESOLVED: gcc.dg/tree-prof/ic-misattribution-1a.c compilation, -fprofile-use -D_PROFILE_USE
UNRESOLVED: gcc.dg/tree-prof/ic-misattribution-1a.c execution, -fprofile-use -D_PROFILE_USE
FAIL: gcc.dg/tree-prof/indir-call-prof.c compilation, -fprofile-generate -D_PROFILE_GENERATE
UNRESOLVED: gcc.dg/tree-prof/indir-call-prof.c execution, -fprofile-generate -D_PROFILE_GENERATE
UNRESOLVED: gcc.dg/tree-prof/indir-call-prof.c compilation, -fprofile-use -D_PROFILE_USE
UNRESOLVED: gcc.dg/tree-prof/indir-call-prof.c execution, -fprofile-use -D_PROFILE_USE
FAIL: gcc.dg/tree-prof/inliner-1.c compilation, -fprofile-generate -D_PROFILE_GENERATE
UNRESOLVED: gcc.dg/tree-prof/inliner-1.c execution, -fprofile-generate -D_PROFILE_GENERATE
UNRESOLVED: gcc.dg/tree-prof/inliner-1.c compilation, -fprofile-use -D_PROFILE_USE
UNRESOLVED: gcc.dg/tree-prof/inliner-1.c execution, -fprofile-use -D_PROFILE_USE
FAIL: gcc.dg/tree-prof/pr34999.c compilation, -fprofile-generate -D_PROFILE_GENERATE
UNRESOLVED: gcc.dg/tree-prof/pr34999.c execution, -fprofile-generate -D_PROFILE_GENERATE
UNRESOLVED: gcc.dg/tree-prof/pr34999.c compilation, -fprofile-use -D_PROFILE_USE
UNRESOLVED: gcc.dg/tree-prof/pr34999.c execution, -fprofile-use -D_PROFILE_USE
FAIL: gcc.dg/tree-prof/stringop-1.c compilation, -fprofile-generate -D_PROFILE_GENERATE
UNRESOLVED: gcc.dg/tree-prof/stringop-1.c execution, -fprofile-generate -D_PROFILE_GENERATE
UNRESOLVED: gcc.dg/tree-prof/stringop-1.c compilation, -fprofile-use -D_PROFILE_USE
UNRESOLVED: gcc.dg/tree-prof/stringop-1.c execution, -fprofile-use -D_PROFILE_USE
FAIL: gcc.dg/tree-prof/stringop-2.c compilation, -fprofile-generate -D_PROFILE_GENERATE
UNRESOLVED: gcc.dg/tree-prof/stringop-2.c execution, -fprofile-generate -D_PROFILE_GENERATE
UNRESOLVED: gcc.dg/tree-prof/stringop-2.c compilation, -fprofile-use -D_PROFILE_USE
UNRESOLVED: gcc.dg/tree-prof/stringop-2.c execution, -fprofile-use -D_PROFILE_USE
FAIL: gcc.dg/tree-prof/tracer-1.c compilation, -fprofile-generate -D_PROFILE_GENERATE
UNRESOLVED: gcc.dg/tree-prof/tracer-1.c execution, -fprofile-generate -D_PROFILE_GENERATE
UNRESOLVED: gcc.dg/tree-prof/tracer-1.c compilation, -fprofile-use -D_PROFILE_USE
UNRESOLVED: gcc.dg/tree-prof/tracer-1.c execution, -fprofile-use -D_PROFILE_USE
FAIL: gcc.dg/tree-prof/update-cunroll-2.c compilation, -fprofile-generate -D_PROFILE_GENERATE
UNRESOLVED: gcc.dg/tree-prof/update-cunroll-2.c execution, -fprofile-generate -D_PROFILE_GENERATE
UNRESOLVED: gcc.dg/tree-prof/update-cunroll-2.c compilation, -fprofile-use -D_PROFILE_USE
UNRESOLVED: gcc.dg/tree-prof/update-cunroll-2.c execution, -fprofile-use -D_PROFILE_USE
FAIL: gcc.dg/tree-prof/update-loopch.c compilation, -fprofile-generate -D_PROFILE_GENERATE
UNRESOLVED: gcc.dg/tree-prof/update-loopch.c execution, -fprofile-generate -D_PROFILE_GENERATE
UNRESOLVED: gcc.dg/tree-prof/update-loopch.c compilation, -fprofile-use -D_PROFILE_USE
UNRESOLVED: gcc.dg/tree-prof/update-loopch.c execution, -fprofile-use -D_PROFILE_USE
FAIL: gcc.dg/tree-prof/update-tailcall.c compilation, -fprofile-generate -D_PROFILE_GENERATE
UNRESOLVED: gcc.dg/tree-prof/update-tailcall.c execution, -fprofile-generate -D_PROFILE_GENERATE
UNRESOLVED: gcc.dg/tree-prof/update-tailcall.c compilation, -fprofile-use -D_PROFILE_USE
UNRESOLVED: gcc.dg/tree-prof/update-tailcall.c execution, -fprofile-use -D_PROFILE_USE
FAIL: gcc.dg/tree-prof/val-prof-1.c compilation, -fprofile-generate -D_PROFILE_GENERATE
UNRESOLVED: gcc.dg/tree-prof/val-prof-1.c execution, -fprofile-generate -D_PROFILE_GENERATE
UNRESOLVED: gcc.dg/tree-prof/val-prof-1.c compilation, -fprofile-use -D_PROFILE_USE
UNRESOLVED: gcc.dg/tree-prof/val-prof-1.c execution, -fprofile-use -D_PROFILE_USE
FAIL: gcc.dg/tree-prof/val-prof-2.c compilation, -fprofile-generate -D_PROFILE_GENERATE
UNRESOLVED: gcc.dg/tree-prof/val-prof-2.c execution, -fprofile-generate -D_PROFILE_GENERATE
UNRESOLVED: gcc.dg/tree-prof/val-prof-2.c compilation, -fprofile-use -D_PROFILE_USE
UNRESOLVED: gcc.dg/tree-prof/val-prof-2.c execution, -fprofile-use -D_PROFILE_USE
FAIL: gcc.dg/tree-prof/val-prof-3.c compilation, -fprofile-generate -D_PROFILE_GENERATE
UNRESOLVED: gcc.dg/tree-prof/val-prof-3.c execution, -fprofile-generate -D_PROFILE_GENERATE
UNRESOLVED: gcc.dg/tree-prof/val-prof-3.c compilation, -fprofile-use -D_PROFILE_USE
UNRESOLVED: gcc.dg/tree-prof/val-prof-3.c execution, -fprofile-use -D_PROFILE_USE
FAIL: gcc.dg/tree-prof/val-prof-4.c compilation, -fprofile-generate -D_PROFILE_GENERATE
UNRESOLVED: gcc.dg/tree-prof/val-prof-4.c execution, -fprofile-generate -D_PROFILE_GENERATE
UNRESOLVED: gcc.dg/tree-prof/val-prof-4.c compilation, -fprofile-use -D_PROFILE_USE
UNRESOLVED: gcc.dg/tree-prof/val-prof-4.c execution, -fprofile-use -D_PROFILE_USE
FAIL: gcc.dg/tree-prof/val-prof-5.c compilation, -fprofile-generate -D_PROFILE_GENERATE
UNRESOLVED: gcc.dg/tree-prof/val-prof-5.c execution, -fprofile-generate -D_PROFILE_GENERATE
UNRESOLVED: gcc.dg/tree-prof/val-prof-5.c compilation, -fprofile-use -D_PROFILE_USE
UNRESOLVED: gcc.dg/tree-prof/val-prof-5.c execution, -fprofile-use -D_PROFILE_USE
FAIL: gcc.dg/tree-prof/val-prof-6.c compilation, -fprofile-generate -D_PROFILE_GENERATE
UNRESOLVED: gcc.dg/tree-prof/val-prof-6.c execution, -fprofile-generate -D_PROFILE_GENERATE
UNRESOLVED: gcc.dg/tree-prof/val-prof-6.c compilation, -fprofile-use -D_PROFILE_USE
UNRESOLVED: gcc.dg/tree-prof/val-prof-6.c execution, -fprofile-use -D_PROFILE_USE
FAIL: gcc.dg/tree-prof/wcoverage-mismatch.c compilation, -fprofile-generate -D_PROFILE_GENERATE
UNRESOLVED: gcc.dg/tree-prof/wcoverage-mismatch.c execution, -fprofile-generate -D_PROFILE_GENERATE
UNRESOLVED: gcc.dg/tree-prof/wcoverage-mismatch.c compilation, -fprofile-use -D_PROFILE_USE
UNRESOLVED: gcc.dg/tree-prof/wcoverage-mismatch.c execution, -fprofile-use -D_PROFILE_USE
FAIL: gcc.dg/weak/weak-1.c scan-assembler weak[^ \\t]*[ \\t]_?j
FAIL: gcc.misc-tests/bprob-1.c execution: file bprob-1.gcda does not exist, -fprofile-arcs
UNRESOLVED: gcc.misc-tests/bprob-1.c compilation, -fprofile-use
UNRESOLVED: gcc.misc-tests/bprob-1.c execution, -fprofile-use
FAIL: gcc.misc-tests/bprob-2.c execution: file bprob-2.gcda does not exist, -fprofile-arcs
UNRESOLVED: gcc.misc-tests/bprob-2.c compilation, -fprofile-use
UNRESOLVED: gcc.misc-tests/bprob-2.c execution, -fprofile-use
=== gcc Summary ===
# of expected passes 47122
# of unexpected failures 738
# of expected failures 129
# of unresolved testcases 110
# of unsupported tests 655
/n/12/joel/test-gcc/b-gcc1-mips/gcc/xgcc version 4.4.0 20080831 (experimental) [trunk revision 139833] (GCC)
Host is x86_64-unknown-linux-gnu
=== g++ tests ===
Running target rtems-mips-jmr3904
FAIL: g++.dg/bprob/g++-bprob-1.C execution: file g++-bprob-1.gcda does not exist, -g -fprofile-arcs
UNRESOLVED: g++.dg/bprob/g++-bprob-1.C compilation, -g -fprofile-use
UNRESOLVED: g++.dg/bprob/g++-bprob-1.C execution, -g -fprofile-use
FAIL: g++.dg/bprob/g++-bprob-1.C execution: file g++-bprob-1.gcda does not exist, -O0 -fprofile-arcs
UNRESOLVED: g++.dg/bprob/g++-bprob-1.C compilation, -O0 -fprofile-use
UNRESOLVED: g++.dg/bprob/g++-bprob-1.C execution, -O0 -fprofile-use
FAIL: g++.dg/bprob/g++-bprob-1.C execution: file g++-bprob-1.gcda does not exist, -O1 -fprofile-arcs
UNRESOLVED: g++.dg/bprob/g++-bprob-1.C compilation, -O1 -fprofile-use
UNRESOLVED: g++.dg/bprob/g++-bprob-1.C execution, -O1 -fprofile-use
FAIL: g++.dg/bprob/g++-bprob-1.C execution: file g++-bprob-1.gcda does not exist, -O2 -fprofile-arcs
UNRESOLVED: g++.dg/bprob/g++-bprob-1.C compilation, -O2 -fprofile-use
UNRESOLVED: g++.dg/bprob/g++-bprob-1.C execution, -O2 -fprofile-use
FAIL: g++.dg/bprob/g++-bprob-1.C execution: file g++-bprob-1.gcda does not exist, -O3 -fprofile-arcs
UNRESOLVED: g++.dg/bprob/g++-bprob-1.C compilation, -O3 -fprofile-use
UNRESOLVED: g++.dg/bprob/g++-bprob-1.C execution, -O3 -fprofile-use
FAIL: g++.dg/bprob/g++-bprob-1.C execution: file g++-bprob-1.gcda does not exist, -O3 -g -fprofile-arcs
UNRESOLVED: g++.dg/bprob/g++-bprob-1.C compilation, -O3 -g -fprofile-use
UNRESOLVED: g++.dg/bprob/g++-bprob-1.C execution, -O3 -g -fprofile-use
FAIL: g++.dg/bprob/g++-bprob-1.C execution: file g++-bprob-1.gcda does not exist, -Os -fprofile-arcs
UNRESOLVED: g++.dg/bprob/g++-bprob-1.C compilation, -Os -fprofile-use
UNRESOLVED: g++.dg/bprob/g++-bprob-1.C execution, -Os -fprofile-use
FAIL: g++.dg/bprob/g++-bprob-2.C execution: file g++-bprob-2.gcda does not exist, -g -fprofile-arcs
UNRESOLVED: g++.dg/bprob/g++-bprob-2.C compilation, -g -fprofile-use
UNRESOLVED: g++.dg/bprob/g++-bprob-2.C execution, -g -fprofile-use
FAIL: g++.dg/bprob/g++-bprob-2.C execution: file g++-bprob-2.gcda does not exist, -O0 -fprofile-arcs
UNRESOLVED: g++.dg/bprob/g++-bprob-2.C compilation, -O0 -fprofile-use
UNRESOLVED: g++.dg/bprob/g++-bprob-2.C execution, -O0 -fprofile-use
FAIL: g++.dg/bprob/g++-bprob-2.C execution: file g++-bprob-2.gcda does not exist, -O1 -fprofile-arcs
UNRESOLVED: g++.dg/bprob/g++-bprob-2.C compilation, -O1 -fprofile-use
UNRESOLVED: g++.dg/bprob/g++-bprob-2.C execution, -O1 -fprofile-use
FAIL: g++.dg/bprob/g++-bprob-2.C execution: file g++-bprob-2.gcda does not exist, -O2 -fprofile-arcs
UNRESOLVED: g++.dg/bprob/g++-bprob-2.C compilation, -O2 -fprofile-use
UNRESOLVED: g++.dg/bprob/g++-bprob-2.C execution, -O2 -fprofile-use
FAIL: g++.dg/bprob/g++-bprob-2.C execution: file g++-bprob-2.gcda does not exist, -O3 -fprofile-arcs
UNRESOLVED: g++.dg/bprob/g++-bprob-2.C compilation, -O3 -fprofile-use
UNRESOLVED: g++.dg/bprob/g++-bprob-2.C execution, -O3 -fprofile-use
FAIL: g++.dg/bprob/g++-bprob-2.C execution: file g++-bprob-2.gcda does not exist, -O3 -g -fprofile-arcs
UNRESOLVED: g++.dg/bprob/g++-bprob-2.C compilation, -O3 -g -fprofile-use
UNRESOLVED: g++.dg/bprob/g++-bprob-2.C execution, -O3 -g -fprofile-use
FAIL: g++.dg/bprob/g++-bprob-2.C execution: file g++-bprob-2.gcda does not exist, -Os -fprofile-arcs
UNRESOLVED: g++.dg/bprob/g++-bprob-2.C compilation, -Os -fprofile-use
UNRESOLVED: g++.dg/bprob/g++-bprob-2.C execution, -Os -fprofile-use
FAIL: g++.dg/debug/template1.C -gdwarf-21 -O3 (internal compiler error)
FAIL: g++.dg/debug/template1.C -gdwarf-21 -O3 (test for excess errors)
FAIL: g++.dg/debug/template1.C -gdwarf-2 -O3 (internal compiler error)
FAIL: g++.dg/debug/template1.C -gdwarf-2 -O3 (test for excess errors)
FAIL: g++.dg/debug/template1.C -gdwarf-23 -O3 (internal compiler error)
FAIL: g++.dg/debug/template1.C -gdwarf-23 -O3 (test for excess errors)
FAIL: g++.dg/debug/template1.C -gstabs1 -O3 (internal compiler error)
FAIL: g++.dg/debug/template1.C -gstabs1 -O3 (test for excess errors)
FAIL: g++.dg/debug/template1.C -gstabs -O3 (internal compiler error)
FAIL: g++.dg/debug/template1.C -gstabs -O3 (test for excess errors)
FAIL: g++.dg/debug/template1.C -gstabs3 -O3 (internal compiler error)
FAIL: g++.dg/debug/template1.C -gstabs3 -O3 (test for excess errors)
FAIL: g++.dg/debug/template1.C -gstabs+1 -O3 (internal compiler error)
FAIL: g++.dg/debug/template1.C -gstabs+1 -O3 (test for excess errors)
FAIL: g++.dg/debug/template1.C -gstabs+ -O3 (internal compiler error)
FAIL: g++.dg/debug/template1.C -gstabs+ -O3 (test for excess errors)
FAIL: g++.dg/debug/template1.C -gstabs+3 -O3 (internal compiler error)
FAIL: g++.dg/debug/template1.C -gstabs+3 -O3 (test for excess errors)
FAIL: g++.dg/eh/gcsec1.C execution test
FAIL: g++.dg/eh/simd-2.C (test for excess errors)
UNRESOLVED: g++.dg/eh/simd-2.C compilation failed to produce executable
FAIL: g++.dg/init/ref15.C execution test
FAIL: g++.dg/ipa/iinline-1.C scan-ipa-dump inline "String::funcOne[^\\n]*inline copy in int main"
FAIL: g++.dg/lookup/crash7.C (test for errors, line 8)
FAIL: g++.dg/lookup/crash7.C (test for excess errors)
FAIL: g++.dg/other/PR23205.C scan-assembler .stabs.*foobar:c=i
FAIL: g++.dg/other/error25.C (test for errors, line 4)
FAIL: g++.dg/other/error25.C (test for excess errors)
FAIL: g++.dg/pch/system-2.C -O2 -g assembly comparison
WARNING: program timed out.
FAIL: g++.dg/tree-prof/indir-call-prof.C compilation, -g -fprofile-generate
UNRESOLVED: g++.dg/tree-prof/indir-call-prof.C execution, -g -fprofile-generate
UNRESOLVED: g++.dg/tree-prof/indir-call-prof.C compilation, -g -fprofile-use
UNRESOLVED: g++.dg/tree-prof/indir-call-prof.C execution, -g -fprofile-use
FAIL: g++.dg/tree-prof/indir-call-prof.C compilation, -O0 -fprofile-generate
UNRESOLVED: g++.dg/tree-prof/indir-call-prof.C execution, -O0 -fprofile-generate
UNRESOLVED: g++.dg/tree-prof/indir-call-prof.C compilation, -O0 -fprofile-use
UNRESOLVED: g++.dg/tree-prof/indir-call-prof.C execution, -O0 -fprofile-use
FAIL: g++.dg/tree-prof/indir-call-prof.C compilation, -O1 -fprofile-generate
UNRESOLVED: g++.dg/tree-prof/indir-call-prof.C execution, -O1 -fprofile-generate
UNRESOLVED: g++.dg/tree-prof/indir-call-prof.C compilation, -O1 -fprofile-use
UNRESOLVED: g++.dg/tree-prof/indir-call-prof.C execution, -O1 -fprofile-use
FAIL: g++.dg/tree-prof/indir-call-prof.C compilation, -O2 -fprofile-generate
UNRESOLVED: g++.dg/tree-prof/indir-call-prof.C execution, -O2 -fprofile-generate
UNRESOLVED: g++.dg/tree-prof/indir-call-prof.C compilation, -O2 -fprofile-use
UNRESOLVED: g++.dg/tree-prof/indir-call-prof.C execution, -O2 -fprofile-use
FAIL: g++.dg/tree-prof/indir-call-prof.C compilation, -O3 -fprofile-generate
UNRESOLVED: g++.dg/tree-prof/indir-call-prof.C execution, -O3 -fprofile-generate
UNRESOLVED: g++.dg/tree-prof/indir-call-prof.C compilation, -O3 -fprofile-use
UNRESOLVED: g++.dg/tree-prof/indir-call-prof.C execution, -O3 -fprofile-use
FAIL: g++.dg/tree-prof/indir-call-prof.C compilation, -O3 -g -fprofile-generate
UNRESOLVED: g++.dg/tree-prof/indir-call-prof.C execution, -O3 -g -fprofile-generate
UNRESOLVED: g++.dg/tree-prof/indir-call-prof.C compilation, -O3 -g -fprofile-use
UNRESOLVED: g++.dg/tree-prof/indir-call-prof.C execution, -O3 -g -fprofile-use
FAIL: g++.dg/tree-prof/indir-call-prof.C compilation, -Os -fprofile-generate
UNRESOLVED: g++.dg/tree-prof/indir-call-prof.C execution, -Os -fprofile-generate
UNRESOLVED: g++.dg/tree-prof/indir-call-prof.C compilation, -Os -fprofile-use
UNRESOLVED: g++.dg/tree-prof/indir-call-prof.C execution, -Os -fprofile-use
FAIL: g++.old-deja/g++.law/profile1.C (test for excess errors)
UNRESOLVED: g++.old-deja/g++.law/profile1.C compilation failed to produce executable
XPASS: g++.old-deja/g++.other/init19.C execution test
FAIL: g++.old-deja/g++.other/static14.C (test for excess errors)
FAIL: g++.old-deja/g++.other/static20.C (test for excess errors)
=== g++ Summary ===
# of expected passes 17590
# of unexpected failures 52
# of unexpected successes 1
# of expected failures 82
# of unresolved testcases 51
# of unsupported tests 175
/n/12/joel/test-gcc/b-gcc1-mips/gcc/testsuite/g++/../../g++ version 4.4.0 20080831 (experimental) [trunk revision 139833] (GCC)
Compiler version: 4.4.0 20080831 (experimental) [trunk revision 139833] (GCC)
Platform: mips-unknown-rtems4.9
configure flags: --enable-threads=rtems --with-gnu-as --enable-multilib --with-gnu-ld --with-newlib --verbose --with-system-zlib --disable-nls --enable-version-specific-runtime-libs --with-mpfr=/n/12/joel/test-gcc/gcc-help --enable-languages=c,c++ --target=mips-rtems4.9 --prefix=/n/12/joel/test-gcc/install