This is the mail archive of the
gcc-testresults@gcc.gnu.org
mailing list for the GCC project.
Results for 4.4.0 20080829 (experimental) (GCC) testsuite on x86_64-unknown-linux-gnu
- From: ghazi at gcc14 dot fsffrance dot org
- To: gcc-testresults at gcc dot gnu dot org
- Date: Sun, 31 Aug 2008 03:53:50 +0200
- Subject: Results for 4.4.0 20080829 (experimental) (GCC) testsuite on x86_64-unknown-linux-gnu
LAST_UPDATED:
Native configuration is x86_64-unknown-linux-gnu
=== g++ tests ===
Running target unix/-m32/-fPIC
FAIL: g++.dg/ipa/iinline-1.C scan-ipa-dump inline "String::funcOne[^\\n]*inline copy in int main"
FAIL: g++.dg/other/PR23205.C scan-assembler .stabs.*foobar:c=i
WARNING: program timed out.
FAIL: g++.old-deja/g++.eh/ia64-1.C execution test
=== g++ Summary for unix/-m32/-fPIC ===
# of expected passes 18747
# of unexpected failures 3
# of expected failures 82
# of unsupported tests 94
Running target unix/-m32/-fpic
FAIL: g++.dg/ipa/iinline-1.C scan-ipa-dump inline "String::funcOne[^\\n]*inline copy in int main"
FAIL: g++.dg/other/PR23205.C scan-assembler .stabs.*foobar:c=i
WARNING: program timed out.
FAIL: g++.old-deja/g++.eh/ia64-1.C execution test
=== g++ Summary for unix/-m32/-fpic ===
# of expected passes 18747
# of unexpected failures 3
# of expected failures 82
# of unsupported tests 94
Running target unix/-m32
FAIL: g++.dg/other/PR23205.C scan-assembler .stabs.*foobar:c=i
WARNING: program timed out.
FAIL: g++.old-deja/g++.eh/ia64-1.C execution test
=== g++ Summary for unix/-m32 ===
# of expected passes 18752
# of unexpected failures 2
# of expected failures 82
# of unsupported tests 91
Running target unix/-fPIC
FAIL: g++.dg/ipa/iinline-1.C scan-ipa-dump inline "String::funcOne[^\\n]*inline copy in int main"
FAIL: g++.dg/other/PR23205.C scan-assembler .stabs.*foobar:c=i
WARNING: program timed out.
FAIL: g++.old-deja/g++.eh/ia64-1.C execution test
=== g++ Summary for unix/-fPIC ===
# of expected passes 18436
# of unexpected failures 3
# of expected failures 82
# of unsupported tests 242
Running target unix/-fpic
FAIL: g++.dg/ipa/iinline-1.C scan-ipa-dump inline "String::funcOne[^\\n]*inline copy in int main"
FAIL: g++.dg/other/PR23205.C scan-assembler .stabs.*foobar:c=i
WARNING: program timed out.
FAIL: g++.old-deja/g++.eh/ia64-1.C execution test
=== g++ Summary for unix/-fpic ===
# of expected passes 18436
# of unexpected failures 3
# of expected failures 82
# of unsupported tests 242
Running target unix
FAIL: g++.dg/other/PR23205.C scan-assembler .stabs.*foobar:c=i
=== g++ Summary for unix ===
# of expected passes 18440
# of unexpected failures 1
# of expected failures 82
# of unsupported tests 241
=== g++ Summary ===
# of expected passes 111558
# of unexpected failures 15
# of expected failures 492
# of unsupported tests 1004
/home/ghazi/gcc-testing/44/build/gcc/testsuite/g++/../../g++ version 4.4.0 20080829 (experimental) (GCC)
=== gcc tests ===
Running target unix/-m32/-fPIC
FAIL: gcc.dg/debug/dwarf2/dwarf-die3.c scan-assembler-not DW_AT_inline
FAIL: gcc.dg/pr30286.c execution test
FAIL: gcc.dg/pr35729.c scan-rtl-dump-times loop2_invariant "Decided to move invariant" 0
FAIL: gcc.dg/pr37186.c (test for excess errors)
FAIL: gcc.dg/visibility-16.c scan-hidden hidden[ \\t_]*foo
FAIL: gcc.dg/ipa/ipacost-2.c scan-ipa-dump-times cp "versioned function i_can_not_be_propagated_fully2" 1
FAIL: gcc.dg/ipa/ipacost-2.c scan-ipa-dump-times cp "versioned function i_can_not_be_propagated_fully " 1
FAIL: gcc.dg/pch/valid-1b.c -O0 -g -I. (test for excess errors)
FAIL: gcc.dg/pch/valid-1b.c -O0 -g assembly comparison
FAIL: gcc.dg/pch/valid-1b.c -O0 -I. (test for excess errors)
FAIL: gcc.dg/pch/valid-1b.c -O0 assembly comparison
FAIL: gcc.dg/pch/valid-1b.c -O1 -I. (test for excess errors)
FAIL: gcc.dg/pch/valid-1b.c -O1 assembly comparison
FAIL: gcc.dg/pch/valid-1b.c -O2 -I. (test for excess errors)
FAIL: gcc.dg/pch/valid-1b.c -O2 assembly comparison
FAIL: gcc.dg/pch/valid-1b.c -O3 -fomit-frame-pointer -I. (test for excess errors)
FAIL: gcc.dg/pch/valid-1b.c -O3 -fomit-frame-pointer assembly comparison
FAIL: gcc.dg/pch/valid-1b.c -O3 -g -I. (test for excess errors)
FAIL: gcc.dg/pch/valid-1b.c -O3 -g assembly comparison
FAIL: gcc.dg/pch/valid-1b.c -Os -I. (test for excess errors)
FAIL: gcc.dg/pch/valid-1b.c -Os assembly comparison
FAIL: gcc.dg/tree-ssa/inline-2.c (test for excess errors)
FAIL: gcc.dg/vect/vect-67.c scan-tree-dump-times vect "vectorized 1 loops" 1
FAIL: gcc.dg/vect/no-scevccp-outer-13.c scan-tree-dump-times vect "OUTER LOOP VECTORIZED." 1
FAIL: gcc.dg/vect/no-scevccp-outer-7.c scan-tree-dump-times vect "OUTER LOOP VECTORIZED." 1
FAIL: gcc.dg/weak/weak-1.c scan-assembler weak[^ \\t]*[ \\t]_?j
FAIL: gcc.target/i386/hot-1.c (internal compiler error)
FAIL: gcc.target/i386/hot-1.c (test for excess errors)
ERROR: gcc.target/i386/hot-1.c: error executing dg-final: couldn't open "hot-1.s": no such file or directory
UNRESOLVED: gcc.target/i386/hot-1.c: error executing dg-final: couldn't open "hot-1.s": no such file or directory
FAIL: gcc.target/i386/opt-1.c (internal compiler error)
FAIL: gcc.target/i386/opt-1.c (test for excess errors)
ERROR: gcc.target/i386/opt-1.c: error executing dg-final: couldn't open "opt-1.s": no such file or directory
UNRESOLVED: gcc.target/i386/opt-1.c: error executing dg-final: couldn't open "opt-1.s": no such file or directory
FAIL: gcc.target/i386/opt-2.c (internal compiler error)
FAIL: gcc.target/i386/opt-2.c (test for excess errors)
ERROR: gcc.target/i386/opt-2.c: error executing dg-final: couldn't open "opt-2.s": no such file or directory
UNRESOLVED: gcc.target/i386/opt-2.c: error executing dg-final: couldn't open "opt-2.s": no such file or directory
FAIL: gcc.target/i386/pr36222-1.c scan-assembler-not movdqa
FAIL: gcc.target/i386/quad-sse.c scan-assembler-not call
=== gcc Summary for unix/-m32/-fPIC ===
# of expected passes 53427
# of unexpected failures 34
# of expected failures 210
# of unresolved testcases 3
# of unsupported tests 1018
Running target unix/-m32/-fpic
FAIL: gcc.dg/debug/dwarf2/dwarf-die3.c scan-assembler-not DW_AT_inline
FAIL: gcc.dg/pr30286.c execution test
FAIL: gcc.dg/pr35729.c scan-rtl-dump-times loop2_invariant "Decided to move invariant" 0
FAIL: gcc.dg/pr37186.c (test for excess errors)
FAIL: gcc.dg/visibility-16.c scan-hidden hidden[ \\t_]*foo
FAIL: gcc.dg/ipa/ipacost-2.c scan-ipa-dump-times cp "versioned function i_can_not_be_propagated_fully2" 1
FAIL: gcc.dg/ipa/ipacost-2.c scan-ipa-dump-times cp "versioned function i_can_not_be_propagated_fully " 1
FAIL: gcc.dg/pch/valid-1b.c -O0 -g -I. (test for excess errors)
FAIL: gcc.dg/pch/valid-1b.c -O0 -g assembly comparison
FAIL: gcc.dg/pch/valid-1b.c -O0 -I. (test for excess errors)
FAIL: gcc.dg/pch/valid-1b.c -O0 assembly comparison
FAIL: gcc.dg/pch/valid-1b.c -O1 -I. (test for excess errors)
FAIL: gcc.dg/pch/valid-1b.c -O1 assembly comparison
FAIL: gcc.dg/pch/valid-1b.c -O2 -I. (test for excess errors)
FAIL: gcc.dg/pch/valid-1b.c -O2 assembly comparison
FAIL: gcc.dg/pch/valid-1b.c -O3 -fomit-frame-pointer -I. (test for excess errors)
FAIL: gcc.dg/pch/valid-1b.c -O3 -fomit-frame-pointer assembly comparison
FAIL: gcc.dg/pch/valid-1b.c -O3 -g -I. (test for excess errors)
FAIL: gcc.dg/pch/valid-1b.c -O3 -g assembly comparison
FAIL: gcc.dg/pch/valid-1b.c -Os -I. (test for excess errors)
FAIL: gcc.dg/pch/valid-1b.c -Os assembly comparison
FAIL: gcc.dg/tree-ssa/inline-2.c (test for excess errors)
FAIL: gcc.dg/vect/vect-67.c scan-tree-dump-times vect "vectorized 1 loops" 1
FAIL: gcc.dg/vect/no-scevccp-outer-13.c scan-tree-dump-times vect "OUTER LOOP VECTORIZED." 1
FAIL: gcc.dg/vect/no-scevccp-outer-7.c scan-tree-dump-times vect "OUTER LOOP VECTORIZED." 1
FAIL: gcc.dg/weak/weak-1.c scan-assembler weak[^ \\t]*[ \\t]_?j
FAIL: gcc.target/i386/hot-1.c (internal compiler error)
FAIL: gcc.target/i386/hot-1.c (test for excess errors)
ERROR: gcc.target/i386/hot-1.c: error executing dg-final: couldn't open "hot-1.s": no such file or directory
UNRESOLVED: gcc.target/i386/hot-1.c: error executing dg-final: couldn't open "hot-1.s": no such file or directory
FAIL: gcc.target/i386/opt-1.c (internal compiler error)
FAIL: gcc.target/i386/opt-1.c (test for excess errors)
ERROR: gcc.target/i386/opt-1.c: error executing dg-final: couldn't open "opt-1.s": no such file or directory
UNRESOLVED: gcc.target/i386/opt-1.c: error executing dg-final: couldn't open "opt-1.s": no such file or directory
FAIL: gcc.target/i386/opt-2.c (internal compiler error)
FAIL: gcc.target/i386/opt-2.c (test for excess errors)
ERROR: gcc.target/i386/opt-2.c: error executing dg-final: couldn't open "opt-2.s": no such file or directory
UNRESOLVED: gcc.target/i386/opt-2.c: error executing dg-final: couldn't open "opt-2.s": no such file or directory
FAIL: gcc.target/i386/pr36222-1.c scan-assembler-not movdqa
FAIL: gcc.target/i386/quad-sse.c scan-assembler-not call
=== gcc Summary for unix/-m32/-fpic ===
# of expected passes 53427
# of unexpected failures 34
# of expected failures 210
# of unresolved testcases 3
# of unsupported tests 1018
Running target unix/-m32
FAIL: gcc.dg/debug/dwarf2/dwarf-die3.c scan-assembler-not DW_AT_inline
FAIL: gcc.dg/pr30286.c execution test
FAIL: gcc.dg/pr37186.c (test for excess errors)
FAIL: gcc.dg/pch/valid-1b.c -O0 -g -I. (test for excess errors)
FAIL: gcc.dg/pch/valid-1b.c -O0 -g assembly comparison
FAIL: gcc.dg/pch/valid-1b.c -O0 -I. (test for excess errors)
FAIL: gcc.dg/pch/valid-1b.c -O0 assembly comparison
FAIL: gcc.dg/pch/valid-1b.c -O1 -I. (test for excess errors)
FAIL: gcc.dg/pch/valid-1b.c -O1 assembly comparison
FAIL: gcc.dg/pch/valid-1b.c -O2 -I. (test for excess errors)
FAIL: gcc.dg/pch/valid-1b.c -O2 assembly comparison
FAIL: gcc.dg/pch/valid-1b.c -O3 -fomit-frame-pointer -I. (test for excess errors)
FAIL: gcc.dg/pch/valid-1b.c -O3 -fomit-frame-pointer assembly comparison
FAIL: gcc.dg/pch/valid-1b.c -O3 -g -I. (test for excess errors)
FAIL: gcc.dg/pch/valid-1b.c -O3 -g assembly comparison
FAIL: gcc.dg/pch/valid-1b.c -Os -I. (test for excess errors)
FAIL: gcc.dg/pch/valid-1b.c -Os assembly comparison
FAIL: gcc.dg/vect/vect-67.c scan-tree-dump-times vect "vectorized 1 loops" 1
FAIL: gcc.dg/vect/no-scevccp-outer-13.c scan-tree-dump-times vect "OUTER LOOP VECTORIZED." 1
FAIL: gcc.dg/vect/no-scevccp-outer-7.c scan-tree-dump-times vect "OUTER LOOP VECTORIZED." 1
FAIL: gcc.target/i386/pr36222-1.c scan-assembler-not movdqa
=== gcc Summary for unix/-m32 ===
# of expected passes 53549
# of unexpected failures 21
# of expected failures 194
# of unsupported tests 980
Running target unix/-fPIC
FAIL: gcc.dg/debug/dwarf2/dwarf-die3.c scan-assembler-not DW_AT_inline
FAIL: gcc.dg/pr35729.c scan-rtl-dump-times loop2_invariant "Decided to move invariant" 0
FAIL: gcc.dg/pr37186.c (test for excess errors)
FAIL: gcc.dg/ipa/ipacost-2.c scan-ipa-dump-times cp "versioned function i_can_not_be_propagated_fully2" 1
FAIL: gcc.dg/ipa/ipacost-2.c scan-ipa-dump-times cp "versioned function i_can_not_be_propagated_fully " 1
FAIL: gcc.dg/tree-prof/bb-reorg.c compilation, -fprofile-use -D_PROFILE_USE
UNRESOLVED: gcc.dg/tree-prof/bb-reorg.c execution, -fprofile-use -D_PROFILE_USE
FAIL: gcc.dg/tree-prof/pr34999.c compilation, -fprofile-use -D_PROFILE_USE
UNRESOLVED: gcc.dg/tree-prof/pr34999.c execution, -fprofile-use -D_PROFILE_USE
FAIL: gcc.dg/tree-ssa/inline-2.c (test for excess errors)
FAIL: gcc.dg/vect/vect-67.c scan-tree-dump-times vect "vectorized 1 loops" 1
FAIL: gcc.dg/vect/no-scevccp-outer-13.c scan-tree-dump-times vect "OUTER LOOP VECTORIZED." 1
FAIL: gcc.dg/vect/no-scevccp-outer-7.c scan-tree-dump-times vect "OUTER LOOP VECTORIZED." 1
FAIL: gcc.dg/weak/weak-1.c scan-assembler weak[^ \\t]*[ \\t]_?j
FAIL: gcc.target/i386/hot-1.c (internal compiler error)
FAIL: gcc.target/i386/hot-1.c (test for excess errors)
ERROR: gcc.target/i386/hot-1.c: error executing dg-final: couldn't open "hot-1.s": no such file or directory
UNRESOLVED: gcc.target/i386/hot-1.c: error executing dg-final: couldn't open "hot-1.s": no such file or directory
FAIL: gcc.target/i386/opt-1.c (internal compiler error)
FAIL: gcc.target/i386/opt-1.c (test for excess errors)
ERROR: gcc.target/i386/opt-1.c: error executing dg-final: couldn't open "opt-1.s": no such file or directory
UNRESOLVED: gcc.target/i386/opt-1.c: error executing dg-final: couldn't open "opt-1.s": no such file or directory
FAIL: gcc.target/i386/opt-2.c (internal compiler error)
FAIL: gcc.target/i386/opt-2.c (test for excess errors)
ERROR: gcc.target/i386/opt-2.c: error executing dg-final: couldn't open "opt-2.s": no such file or directory
UNRESOLVED: gcc.target/i386/opt-2.c: error executing dg-final: couldn't open "opt-2.s": no such file or directory
FAIL: gcc.target/i386/pr34256.c scan-assembler-times mov 4
FAIL: gcc.target/i386/pr36222-1.c scan-assembler-not movdqa
FAIL: gcc.target/i386/pr36246.c scan-assembler-not movq
=== gcc Summary for unix/-fPIC ===
# of expected passes 53008
# of unexpected failures 21
# of expected failures 194
# of unresolved testcases 5
# of unsupported tests 1292
Running target unix/-fpic
FAIL: gcc.dg/debug/dwarf2/dwarf-die3.c scan-assembler-not DW_AT_inline
FAIL: gcc.dg/pr35729.c scan-rtl-dump-times loop2_invariant "Decided to move invariant" 0
FAIL: gcc.dg/pr37186.c (test for excess errors)
FAIL: gcc.dg/ipa/ipacost-2.c scan-ipa-dump-times cp "versioned function i_can_not_be_propagated_fully2" 1
FAIL: gcc.dg/ipa/ipacost-2.c scan-ipa-dump-times cp "versioned function i_can_not_be_propagated_fully " 1
FAIL: gcc.dg/tree-prof/bb-reorg.c compilation, -fprofile-use -D_PROFILE_USE
UNRESOLVED: gcc.dg/tree-prof/bb-reorg.c execution, -fprofile-use -D_PROFILE_USE
FAIL: gcc.dg/tree-prof/pr34999.c compilation, -fprofile-use -D_PROFILE_USE
UNRESOLVED: gcc.dg/tree-prof/pr34999.c execution, -fprofile-use -D_PROFILE_USE
FAIL: gcc.dg/tree-ssa/inline-2.c (test for excess errors)
FAIL: gcc.dg/vect/vect-67.c scan-tree-dump-times vect "vectorized 1 loops" 1
FAIL: gcc.dg/vect/no-scevccp-outer-13.c scan-tree-dump-times vect "OUTER LOOP VECTORIZED." 1
FAIL: gcc.dg/vect/no-scevccp-outer-7.c scan-tree-dump-times vect "OUTER LOOP VECTORIZED." 1
FAIL: gcc.dg/weak/weak-1.c scan-assembler weak[^ \\t]*[ \\t]_?j
FAIL: gcc.target/i386/hot-1.c (internal compiler error)
FAIL: gcc.target/i386/hot-1.c (test for excess errors)
ERROR: gcc.target/i386/hot-1.c: error executing dg-final: couldn't open "hot-1.s": no such file or directory
UNRESOLVED: gcc.target/i386/hot-1.c: error executing dg-final: couldn't open "hot-1.s": no such file or directory
FAIL: gcc.target/i386/opt-1.c (internal compiler error)
FAIL: gcc.target/i386/opt-1.c (test for excess errors)
ERROR: gcc.target/i386/opt-1.c: error executing dg-final: couldn't open "opt-1.s": no such file or directory
UNRESOLVED: gcc.target/i386/opt-1.c: error executing dg-final: couldn't open "opt-1.s": no such file or directory
FAIL: gcc.target/i386/opt-2.c (internal compiler error)
FAIL: gcc.target/i386/opt-2.c (test for excess errors)
ERROR: gcc.target/i386/opt-2.c: error executing dg-final: couldn't open "opt-2.s": no such file or directory
UNRESOLVED: gcc.target/i386/opt-2.c: error executing dg-final: couldn't open "opt-2.s": no such file or directory
FAIL: gcc.target/i386/pr34256.c scan-assembler-times mov 4
FAIL: gcc.target/i386/pr36222-1.c scan-assembler-not movdqa
FAIL: gcc.target/i386/pr36246.c scan-assembler-not movq
=== gcc Summary for unix/-fpic ===
# of expected passes 53008
# of unexpected failures 21
# of expected failures 194
# of unresolved testcases 5
# of unsupported tests 1292
Running target unix
FAIL: gcc.dg/debug/dwarf2/dwarf-die3.c scan-assembler-not DW_AT_inline
FAIL: gcc.dg/pr37186.c (test for excess errors)
FAIL: gcc.dg/tree-prof/bb-reorg.c compilation, -fprofile-use -D_PROFILE_USE
UNRESOLVED: gcc.dg/tree-prof/bb-reorg.c execution, -fprofile-use -D_PROFILE_USE
FAIL: gcc.dg/tree-prof/pr34999.c compilation, -fprofile-use -D_PROFILE_USE
UNRESOLVED: gcc.dg/tree-prof/pr34999.c execution, -fprofile-use -D_PROFILE_USE
FAIL: gcc.dg/vect/vect-67.c scan-tree-dump-times vect "vectorized 1 loops" 1
FAIL: gcc.dg/vect/no-scevccp-outer-13.c scan-tree-dump-times vect "OUTER LOOP VECTORIZED." 1
FAIL: gcc.dg/vect/no-scevccp-outer-7.c scan-tree-dump-times vect "OUTER LOOP VECTORIZED." 1
FAIL: gcc.target/i386/pr34256.c scan-assembler-times mov 2
FAIL: gcc.target/i386/pr36222-1.c scan-assembler-not movdqa
FAIL: gcc.target/i386/pr36246.c scan-assembler-not movq
=== gcc Summary for unix ===
# of expected passes 53103
# of unexpected failures 10
# of expected failures 194
# of unresolved testcases 2
# of unsupported tests 1270
=== gcc Summary ===
# of expected passes 319522
# of unexpected failures 141
# of expected failures 1196
# of unresolved testcases 18
# of unsupported tests 6870
/home/ghazi/gcc-testing/44/build/gcc/xgcc version 4.4.0 20080829 (experimental) (GCC)
=== gfortran tests ===
Running target unix/-m32/-fPIC
=== gfortran Summary for unix/-m32/-fPIC ===
# of expected passes 27542
# of expected failures 9
# of unsupported tests 89
Running target unix/-m32/-fpic
=== gfortran Summary for unix/-m32/-fpic ===
# of expected passes 27542
# of expected failures 9
# of unsupported tests 89
Running target unix/-m32
=== gfortran Summary for unix/-m32 ===
# of expected passes 27542
# of expected failures 9
# of unsupported tests 89
Running target unix/-fPIC
=== gfortran Summary for unix/-fPIC ===
# of expected passes 27657
# of expected failures 9
# of unsupported tests 34
Running target unix/-fpic
=== gfortran Summary for unix/-fpic ===
# of expected passes 27657
# of expected failures 9
# of unsupported tests 34
Running target unix
=== gfortran Summary for unix ===
# of expected passes 27657
# of expected failures 9
# of unsupported tests 34
=== gfortran Summary ===
# of expected passes 165597
# of expected failures 54
# of unsupported tests 369
/home/ghazi/gcc-testing/44/build/gcc/testsuite/gfortran/../../gfortran version 4.4.0 20080829 (experimental) (GCC)
=== obj-c++ tests ===
Running target unix/-m32/-fPIC
UNRESOLVED: obj-c++.dg/bitfield-1.mm compilation failed to produce executable
UNRESOLVED: obj-c++.dg/lookup-2.mm compilation failed to produce executable
UNRESOLVED: obj-c++.dg/try-catch-2.mm compilation failed to produce executable
UNRESOLVED: obj-c++.dg/try-catch-9.mm compilation failed to produce executable
=== obj-c++ Summary for unix/-m32/-fPIC ===
# of expected passes 437
# of expected failures 11
# of unresolved testcases 4
# of unsupported tests 13
Running target unix/-m32/-fpic
UNRESOLVED: obj-c++.dg/bitfield-1.mm compilation failed to produce executable
UNRESOLVED: obj-c++.dg/lookup-2.mm compilation failed to produce executable
UNRESOLVED: obj-c++.dg/try-catch-2.mm compilation failed to produce executable
UNRESOLVED: obj-c++.dg/try-catch-9.mm compilation failed to produce executable
=== obj-c++ Summary for unix/-m32/-fpic ===
# of expected passes 437
# of expected failures 11
# of unresolved testcases 4
# of unsupported tests 13
Running target unix/-m32
UNRESOLVED: obj-c++.dg/bitfield-1.mm compilation failed to produce executable
UNRESOLVED: obj-c++.dg/lookup-2.mm compilation failed to produce executable
UNRESOLVED: obj-c++.dg/try-catch-2.mm compilation failed to produce executable
UNRESOLVED: obj-c++.dg/try-catch-9.mm compilation failed to produce executable
=== obj-c++ Summary for unix/-m32 ===
# of expected passes 437
# of expected failures 11
# of unresolved testcases 4
# of unsupported tests 13
Running target unix/-fPIC
UNRESOLVED: obj-c++.dg/bitfield-1.mm compilation failed to produce executable
UNRESOLVED: obj-c++.dg/lookup-2.mm compilation failed to produce executable
UNRESOLVED: obj-c++.dg/try-catch-2.mm compilation failed to produce executable
UNRESOLVED: obj-c++.dg/try-catch-9.mm compilation failed to produce executable
=== obj-c++ Summary for unix/-fPIC ===
# of expected passes 426
# of expected failures 22
# of unresolved testcases 4
# of unsupported tests 13
Running target unix/-fpic
UNRESOLVED: obj-c++.dg/bitfield-1.mm compilation failed to produce executable
UNRESOLVED: obj-c++.dg/lookup-2.mm compilation failed to produce executable
UNRESOLVED: obj-c++.dg/try-catch-2.mm compilation failed to produce executable
UNRESOLVED: obj-c++.dg/try-catch-9.mm compilation failed to produce executable
=== obj-c++ Summary for unix/-fpic ===
# of expected passes 426
# of expected failures 22
# of unresolved testcases 4
# of unsupported tests 13
Running target unix
UNRESOLVED: obj-c++.dg/bitfield-1.mm compilation failed to produce executable
UNRESOLVED: obj-c++.dg/lookup-2.mm compilation failed to produce executable
UNRESOLVED: obj-c++.dg/try-catch-2.mm compilation failed to produce executable
UNRESOLVED: obj-c++.dg/try-catch-9.mm compilation failed to produce executable
=== obj-c++ Summary for unix ===
# of expected passes 426
# of expected failures 22
# of unresolved testcases 4
# of unsupported tests 13
=== obj-c++ Summary ===
# of expected passes 2589
# of expected failures 99
# of unresolved testcases 24
# of unsupported tests 78
/home/ghazi/gcc-testing/44/build/gcc/testsuite/obj-c++/../../g++ version 4.4.0 20080829 (experimental) (GCC)
=== objc tests ===
Running target unix/-m32/-fPIC
=== objc Summary for unix/-m32/-fPIC ===
# of expected passes 1814
# of expected failures 7
# of unsupported tests 24
Running target unix/-m32/-fpic
=== objc Summary for unix/-m32/-fpic ===
# of expected passes 1814
# of expected failures 7
# of unsupported tests 24
Running target unix/-m32
=== objc Summary for unix/-m32 ===
# of expected passes 1814
# of expected failures 7
# of unsupported tests 24
Running target unix/-fPIC
=== objc Summary for unix/-fPIC ===
# of expected passes 1814
# of expected failures 7
# of unsupported tests 24
Running target unix/-fpic
=== objc Summary for unix/-fpic ===
# of expected passes 1814
# of expected failures 7
# of unsupported tests 24
Running target unix
=== objc Summary for unix ===
# of expected passes 1814
# of expected failures 7
# of unsupported tests 24
=== objc Summary ===
# of expected passes 10884
# of expected failures 42
# of unsupported tests 144
/home/ghazi/gcc-testing/44/build/gcc/xgcc version 4.4.0 20080829 (experimental) (GCC)
=== libffi tests ===
Running target unix/-m32/-fPIC
=== libffi Summary for unix/-m32/-fPIC ===
# of expected passes 1389
# of unsupported tests 10
Running target unix/-m32/-fpic
=== libffi Summary for unix/-m32/-fpic ===
# of expected passes 1389
# of unsupported tests 10
Running target unix/-m32
=== libffi Summary for unix/-m32 ===
# of expected passes 1389
# of unsupported tests 10
Running target unix/-fPIC
=== libffi Summary for unix/-fPIC ===
# of expected passes 1389
# of unsupported tests 10
Running target unix/-fpic
=== libffi Summary for unix/-fpic ===
# of expected passes 1389
# of unsupported tests 10
Running target unix
=== libffi Summary for unix ===
# of expected passes 1389
# of unsupported tests 10
=== libffi Summary ===
# of expected passes 8334
# of unsupported tests 60
=== libgomp tests ===
Running target unix/-m32/-fPIC
FAIL: libgomp.fortran/vla7.f90 -O3 -fomit-frame-pointer execution test
FAIL: libgomp.fortran/vla7.f90 -O3 -fomit-frame-pointer -funroll-loops execution test
FAIL: libgomp.fortran/vla7.f90 -O3 -fomit-frame-pointer -funroll-all-loops -finline-functions execution test
=== libgomp Summary for unix/-m32/-fPIC ===
# of expected passes 2286
# of unexpected failures 3
Running target unix/-m32/-fpic
FAIL: libgomp.fortran/vla7.f90 -O3 -fomit-frame-pointer execution test
FAIL: libgomp.fortran/vla7.f90 -O3 -fomit-frame-pointer -funroll-loops execution test
FAIL: libgomp.fortran/vla7.f90 -O3 -fomit-frame-pointer -funroll-all-loops -finline-functions execution test
=== libgomp Summary for unix/-m32/-fpic ===
# of expected passes 2286
# of unexpected failures 3
Running target unix/-m32
FAIL: libgomp.fortran/vla7.f90 -O3 -fomit-frame-pointer execution test
FAIL: libgomp.fortran/vla7.f90 -O3 -fomit-frame-pointer -funroll-loops execution test
FAIL: libgomp.fortran/vla7.f90 -O3 -fomit-frame-pointer -funroll-all-loops -finline-functions execution test
=== libgomp Summary for unix/-m32 ===
# of expected passes 2286
# of unexpected failures 3
Running target unix/-fPIC
=== libgomp Summary for unix/-fPIC ===
# of expected passes 2289
Running target unix/-fpic
=== libgomp Summary for unix/-fpic ===
# of expected passes 2289
Running target unix
=== libgomp Summary for unix ===
# of expected passes 2289
=== libgomp Summary ===
# of expected passes 13725
# of unexpected failures 9
=== libjava tests ===
Running target unix/-m32/-fPIC
=== libjava Summary for unix/-m32/-fPIC ===
# of expected passes 2574
Running target unix/-m32/-fpic
=== libjava Summary for unix/-m32/-fpic ===
# of expected passes 2574
Running target unix/-m32
=== libjava Summary for unix/-m32 ===
# of expected passes 2574
Running target unix/-fPIC
=== libjava Summary for unix/-fPIC ===
# of expected passes 2574
Running target unix/-fpic
=== libjava Summary for unix/-fpic ===
# of expected passes 2574
Running target unix
=== libjava Summary for unix ===
# of expected passes 2574
=== libjava Summary ===
# of expected passes 15444
=== libmudflap tests ===
Running target unix/-m32/-fPIC
FAIL: libmudflap.c++/pass41-frag.cxx execution test
FAIL: libmudflap.c++/pass41-frag.cxx (-static) execution test
FAIL: libmudflap.c++/pass41-frag.cxx (-O2) execution test
FAIL: libmudflap.c++/pass41-frag.cxx (-O3) execution test
FAIL: libmudflap.cth/pass37-frag.c (-static -DSTATIC) execution test
FAIL: libmudflap.cth/pass37-frag.c (-static -DSTATIC) output pattern test
FAIL: libmudflap.cth/pass37-frag.c (-static -DSTATIC) (rerun 1) execution test
FAIL: libmudflap.cth/pass37-frag.c (-static -DSTATIC) (rerun 1) output pattern test
FAIL: libmudflap.cth/pass37-frag.c (-static -DSTATIC) (rerun 2) execution test
FAIL: libmudflap.cth/pass37-frag.c (-static -DSTATIC) (rerun 2) output pattern test
FAIL: libmudflap.cth/pass37-frag.c (-static -DSTATIC) (rerun 3) execution test
FAIL: libmudflap.cth/pass37-frag.c (-static -DSTATIC) (rerun 3) output pattern test
FAIL: libmudflap.cth/pass37-frag.c (-static -DSTATIC) (rerun 4) execution test
FAIL: libmudflap.cth/pass37-frag.c (-static -DSTATIC) (rerun 4) output pattern test
FAIL: libmudflap.cth/pass37-frag.c (-static -DSTATIC) (rerun 5) execution test
FAIL: libmudflap.cth/pass37-frag.c (-static -DSTATIC) (rerun 5) output pattern test
FAIL: libmudflap.cth/pass37-frag.c (-static -DSTATIC) (rerun 6) execution test
FAIL: libmudflap.cth/pass37-frag.c (-static -DSTATIC) (rerun 6) output pattern test
FAIL: libmudflap.cth/pass37-frag.c (-static -DSTATIC) (rerun 7) execution test
FAIL: libmudflap.cth/pass37-frag.c (-static -DSTATIC) (rerun 7) output pattern test
FAIL: libmudflap.cth/pass37-frag.c (-static -DSTATIC) (rerun 8) execution test
FAIL: libmudflap.cth/pass37-frag.c (-static -DSTATIC) (rerun 8) output pattern test
FAIL: libmudflap.cth/pass37-frag.c (-static -DSTATIC) (rerun 9) execution test
FAIL: libmudflap.cth/pass37-frag.c (-static -DSTATIC) (rerun 9) output pattern test
FAIL: libmudflap.cth/pass37-frag.c (-static -DSTATIC) (rerun 10) execution test
FAIL: libmudflap.cth/pass37-frag.c (-static -DSTATIC) (rerun 10) output pattern test
FAIL: libmudflap.cth/pass37-frag.c (-static -DSTATIC) (rerun 11) execution test
FAIL: libmudflap.cth/pass37-frag.c (-static -DSTATIC) (rerun 11) output pattern test
FAIL: libmudflap.cth/pass37-frag.c (-static -DSTATIC) (rerun 12) execution test
FAIL: libmudflap.cth/pass37-frag.c (-static -DSTATIC) (rerun 12) output pattern test
FAIL: libmudflap.cth/pass37-frag.c (-static -DSTATIC) (rerun 13) execution test
FAIL: libmudflap.cth/pass37-frag.c (-static -DSTATIC) (rerun 13) output pattern test
FAIL: libmudflap.cth/pass37-frag.c (-static -DSTATIC) (rerun 14) execution test
FAIL: libmudflap.cth/pass37-frag.c (-static -DSTATIC) (rerun 14) output pattern test
FAIL: libmudflap.cth/pass37-frag.c (-static -DSTATIC) (rerun 15) execution test
FAIL: libmudflap.cth/pass37-frag.c (-static -DSTATIC) (rerun 15) output pattern test
FAIL: libmudflap.cth/pass37-frag.c (-static -DSTATIC) (rerun 16) execution test
FAIL: libmudflap.cth/pass37-frag.c (-static -DSTATIC) (rerun 16) output pattern test
FAIL: libmudflap.cth/pass37-frag.c (-static -DSTATIC) (rerun 17) execution test
FAIL: libmudflap.cth/pass37-frag.c (-static -DSTATIC) (rerun 17) output pattern test
FAIL: libmudflap.cth/pass37-frag.c (-static -DSTATIC) (rerun 18) execution test
FAIL: libmudflap.cth/pass37-frag.c (-static -DSTATIC) (rerun 18) output pattern test
FAIL: libmudflap.cth/pass37-frag.c (-static -DSTATIC) (rerun 19) execution test
FAIL: libmudflap.cth/pass37-frag.c (-static -DSTATIC) (rerun 19) output pattern test
FAIL: libmudflap.cth/pass39-frag.c (-static -DSTATIC) execution test
FAIL: libmudflap.cth/pass39-frag.c (-static -DSTATIC) output pattern test
FAIL: libmudflap.cth/pass39-frag.c (-static -DSTATIC) (rerun 1) execution test
FAIL: libmudflap.cth/pass39-frag.c (-static -DSTATIC) (rerun 1) output pattern test
FAIL: libmudflap.cth/pass39-frag.c (-static -DSTATIC) (rerun 2) execution test
FAIL: libmudflap.cth/pass39-frag.c (-static -DSTATIC) (rerun 2) output pattern test
FAIL: libmudflap.cth/pass39-frag.c (-static -DSTATIC) (rerun 3) execution test
FAIL: libmudflap.cth/pass39-frag.c (-static -DSTATIC) (rerun 3) output pattern test
FAIL: libmudflap.cth/pass39-frag.c (-static -DSTATIC) (rerun 4) execution test
FAIL: libmudflap.cth/pass39-frag.c (-static -DSTATIC) (rerun 4) output pattern test
FAIL: libmudflap.cth/pass39-frag.c (-static -DSTATIC) (rerun 5) execution test
FAIL: libmudflap.cth/pass39-frag.c (-static -DSTATIC) (rerun 5) output pattern test
FAIL: libmudflap.cth/pass39-frag.c (-static -DSTATIC) (rerun 6) execution test
FAIL: libmudflap.cth/pass39-frag.c (-static -DSTATIC) (rerun 6) output pattern test
FAIL: libmudflap.cth/pass39-frag.c (-static -DSTATIC) (rerun 7) execution test
FAIL: libmudflap.cth/pass39-frag.c (-static -DSTATIC) (rerun 7) output pattern test
FAIL: libmudflap.cth/pass39-frag.c (-static -DSTATIC) (rerun 8) execution test
FAIL: libmudflap.cth/pass39-frag.c (-static -DSTATIC) (rerun 8) output pattern test
FAIL: libmudflap.cth/pass39-frag.c (-static -DSTATIC) (rerun 9) execution test
FAIL: libmudflap.cth/pass39-frag.c (-static -DSTATIC) (rerun 9) output pattern test
FAIL: libmudflap.cth/pass39-frag.c (-static -DSTATIC) (rerun 10) execution test
FAIL: libmudflap.cth/pass39-frag.c (-static -DSTATIC) (rerun 10) output pattern test
FAIL: libmudflap.cth/pass39-frag.c (-static -DSTATIC) (rerun 11) execution test
FAIL: libmudflap.cth/pass39-frag.c (-static -DSTATIC) (rerun 11) output pattern test
FAIL: libmudflap.cth/pass39-frag.c (-static -DSTATIC) (rerun 12) execution test
FAIL: libmudflap.cth/pass39-frag.c (-static -DSTATIC) (rerun 12) output pattern test
FAIL: libmudflap.cth/pass39-frag.c (-static -DSTATIC) (rerun 13) execution test
FAIL: libmudflap.cth/pass39-frag.c (-static -DSTATIC) (rerun 13) output pattern test
FAIL: libmudflap.cth/pass39-frag.c (-static -DSTATIC) (rerun 14) execution test
FAIL: libmudflap.cth/pass39-frag.c (-static -DSTATIC) (rerun 14) output pattern test
FAIL: libmudflap.cth/pass39-frag.c (-static -DSTATIC) (rerun 15) execution test
FAIL: libmudflap.cth/pass39-frag.c (-static -DSTATIC) (rerun 15) output pattern test
FAIL: libmudflap.cth/pass39-frag.c (-static -DSTATIC) (rerun 16) execution test
FAIL: libmudflap.cth/pass39-frag.c (-static -DSTATIC) (rerun 16) output pattern test
FAIL: libmudflap.cth/pass39-frag.c (-static -DSTATIC) (rerun 17) execution test
FAIL: libmudflap.cth/pass39-frag.c (-static -DSTATIC) (rerun 17) output pattern test
FAIL: libmudflap.cth/pass39-frag.c (-static -DSTATIC) (rerun 18) execution test
FAIL: libmudflap.cth/pass39-frag.c (-static -DSTATIC) (rerun 18) output pattern test
FAIL: libmudflap.cth/pass39-frag.c (-static -DSTATIC) (rerun 19) execution test
FAIL: libmudflap.cth/pass39-frag.c (-static -DSTATIC) (rerun 19) output pattern test
FAIL: libmudflap.cth/pass40-frag.c (-static -DSTATIC) execution test
FAIL: libmudflap.cth/pass40-frag.c (-static -DSTATIC) output pattern test
FAIL: libmudflap.cth/pass59-frag.c (-static -DSTATIC) execution test
FAIL: libmudflap.cth/pass59-frag.c (-static -DSTATIC) output pattern test
=== libmudflap Summary for unix/-m32/-fPIC ===
# of expected passes 1777
# of unexpected failures 88
Running target unix/-m32/-fpic
FAIL: libmudflap.c++/pass41-frag.cxx execution test
FAIL: libmudflap.c++/pass41-frag.cxx (-static) execution test
FAIL: libmudflap.c++/pass41-frag.cxx (-O2) execution test
FAIL: libmudflap.c++/pass41-frag.cxx (-O3) execution test
FAIL: libmudflap.cth/pass37-frag.c (-static -DSTATIC) execution test
FAIL: libmudflap.cth/pass37-frag.c (-static -DSTATIC) output pattern test
FAIL: libmudflap.cth/pass37-frag.c (-static -DSTATIC) (rerun 1) execution test
FAIL: libmudflap.cth/pass37-frag.c (-static -DSTATIC) (rerun 1) output pattern test
FAIL: libmudflap.cth/pass37-frag.c (-static -DSTATIC) (rerun 2) execution test
FAIL: libmudflap.cth/pass37-frag.c (-static -DSTATIC) (rerun 2) output pattern test
FAIL: libmudflap.cth/pass37-frag.c (-static -DSTATIC) (rerun 3) execution test
FAIL: libmudflap.cth/pass37-frag.c (-static -DSTATIC) (rerun 3) output pattern test
FAIL: libmudflap.cth/pass37-frag.c (-static -DSTATIC) (rerun 4) execution test
FAIL: libmudflap.cth/pass37-frag.c (-static -DSTATIC) (rerun 4) output pattern test
FAIL: libmudflap.cth/pass37-frag.c (-static -DSTATIC) (rerun 5) execution test
FAIL: libmudflap.cth/pass37-frag.c (-static -DSTATIC) (rerun 5) output pattern test
FAIL: libmudflap.cth/pass37-frag.c (-static -DSTATIC) (rerun 6) execution test
FAIL: libmudflap.cth/pass37-frag.c (-static -DSTATIC) (rerun 6) output pattern test
FAIL: libmudflap.cth/pass37-frag.c (-static -DSTATIC) (rerun 7) execution test
FAIL: libmudflap.cth/pass37-frag.c (-static -DSTATIC) (rerun 7) output pattern test
FAIL: libmudflap.cth/pass37-frag.c (-static -DSTATIC) (rerun 8) execution test
FAIL: libmudflap.cth/pass37-frag.c (-static -DSTATIC) (rerun 8) output pattern test
FAIL: libmudflap.cth/pass37-frag.c (-static -DSTATIC) (rerun 9) execution test
FAIL: libmudflap.cth/pass37-frag.c (-static -DSTATIC) (rerun 9) output pattern test
FAIL: libmudflap.cth/pass37-frag.c (-static -DSTATIC) (rerun 10) execution test
FAIL: libmudflap.cth/pass37-frag.c (-static -DSTATIC) (rerun 10) output pattern test
FAIL: libmudflap.cth/pass37-frag.c (-static -DSTATIC) (rerun 11) execution test
FAIL: libmudflap.cth/pass37-frag.c (-static -DSTATIC) (rerun 11) output pattern test
FAIL: libmudflap.cth/pass37-frag.c (-static -DSTATIC) (rerun 12) execution test
FAIL: libmudflap.cth/pass37-frag.c (-static -DSTATIC) (rerun 12) output pattern test
FAIL: libmudflap.cth/pass37-frag.c (-static -DSTATIC) (rerun 13) execution test
FAIL: libmudflap.cth/pass37-frag.c (-static -DSTATIC) (rerun 13) output pattern test
FAIL: libmudflap.cth/pass37-frag.c (-static -DSTATIC) (rerun 14) execution test
FAIL: libmudflap.cth/pass37-frag.c (-static -DSTATIC) (rerun 14) output pattern test
FAIL: libmudflap.cth/pass37-frag.c (-static -DSTATIC) (rerun 15) execution test
FAIL: libmudflap.cth/pass37-frag.c (-static -DSTATIC) (rerun 15) output pattern test
FAIL: libmudflap.cth/pass37-frag.c (-static -DSTATIC) (rerun 16) execution test
FAIL: libmudflap.cth/pass37-frag.c (-static -DSTATIC) (rerun 16) output pattern test
FAIL: libmudflap.cth/pass37-frag.c (-static -DSTATIC) (rerun 17) execution test
FAIL: libmudflap.cth/pass37-frag.c (-static -DSTATIC) (rerun 17) output pattern test
FAIL: libmudflap.cth/pass37-frag.c (-static -DSTATIC) (rerun 18) execution test
FAIL: libmudflap.cth/pass37-frag.c (-static -DSTATIC) (rerun 18) output pattern test
FAIL: libmudflap.cth/pass37-frag.c (-static -DSTATIC) (rerun 19) execution test
FAIL: libmudflap.cth/pass37-frag.c (-static -DSTATIC) (rerun 19) output pattern test
FAIL: libmudflap.cth/pass39-frag.c (-static -DSTATIC) execution test
FAIL: libmudflap.cth/pass39-frag.c (-static -DSTATIC) output pattern test
FAIL: libmudflap.cth/pass39-frag.c (-static -DSTATIC) (rerun 1) execution test
FAIL: libmudflap.cth/pass39-frag.c (-static -DSTATIC) (rerun 1) output pattern test
FAIL: libmudflap.cth/pass39-frag.c (-static -DSTATIC) (rerun 2) execution test
FAIL: libmudflap.cth/pass39-frag.c (-static -DSTATIC) (rerun 2) output pattern test
FAIL: libmudflap.cth/pass39-frag.c (-static -DSTATIC) (rerun 3) execution test
FAIL: libmudflap.cth/pass39-frag.c (-static -DSTATIC) (rerun 3) output pattern test
FAIL: libmudflap.cth/pass39-frag.c (-static -DSTATIC) (rerun 4) execution test
FAIL: libmudflap.cth/pass39-frag.c (-static -DSTATIC) (rerun 4) output pattern test
FAIL: libmudflap.cth/pass39-frag.c (-static -DSTATIC) (rerun 5) execution test
FAIL: libmudflap.cth/pass39-frag.c (-static -DSTATIC) (rerun 5) output pattern test
FAIL: libmudflap.cth/pass39-frag.c (-static -DSTATIC) (rerun 6) execution test
FAIL: libmudflap.cth/pass39-frag.c (-static -DSTATIC) (rerun 6) output pattern test
FAIL: libmudflap.cth/pass39-frag.c (-static -DSTATIC) (rerun 7) execution test
FAIL: libmudflap.cth/pass39-frag.c (-static -DSTATIC) (rerun 7) output pattern test
FAIL: libmudflap.cth/pass39-frag.c (-static -DSTATIC) (rerun 8) execution test
FAIL: libmudflap.cth/pass39-frag.c (-static -DSTATIC) (rerun 8) output pattern test
FAIL: libmudflap.cth/pass39-frag.c (-static -DSTATIC) (rerun 9) execution test
FAIL: libmudflap.cth/pass39-frag.c (-static -DSTATIC) (rerun 9) output pattern test
FAIL: libmudflap.cth/pass39-frag.c (-static -DSTATIC) (rerun 10) execution test
FAIL: libmudflap.cth/pass39-frag.c (-static -DSTATIC) (rerun 10) output pattern test
FAIL: libmudflap.cth/pass39-frag.c (-static -DSTATIC) (rerun 11) execution test
FAIL: libmudflap.cth/pass39-frag.c (-static -DSTATIC) (rerun 11) output pattern test
FAIL: libmudflap.cth/pass39-frag.c (-static -DSTATIC) (rerun 12) execution test
FAIL: libmudflap.cth/pass39-frag.c (-static -DSTATIC) (rerun 12) output pattern test
FAIL: libmudflap.cth/pass39-frag.c (-static -DSTATIC) (rerun 13) execution test
FAIL: libmudflap.cth/pass39-frag.c (-static -DSTATIC) (rerun 13) output pattern test
FAIL: libmudflap.cth/pass39-frag.c (-static -DSTATIC) (rerun 14) execution test
FAIL: libmudflap.cth/pass39-frag.c (-static -DSTATIC) (rerun 14) output pattern test
FAIL: libmudflap.cth/pass39-frag.c (-static -DSTATIC) (rerun 15) execution test
FAIL: libmudflap.cth/pass39-frag.c (-static -DSTATIC) (rerun 15) output pattern test
FAIL: libmudflap.cth/pass39-frag.c (-static -DSTATIC) (rerun 16) execution test
FAIL: libmudflap.cth/pass39-frag.c (-static -DSTATIC) (rerun 16) output pattern test
FAIL: libmudflap.cth/pass39-frag.c (-static -DSTATIC) (rerun 17) execution test
FAIL: libmudflap.cth/pass39-frag.c (-static -DSTATIC) (rerun 17) output pattern test
FAIL: libmudflap.cth/pass39-frag.c (-static -DSTATIC) (rerun 18) execution test
FAIL: libmudflap.cth/pass39-frag.c (-static -DSTATIC) (rerun 18) output pattern test
FAIL: libmudflap.cth/pass39-frag.c (-static -DSTATIC) (rerun 19) execution test
FAIL: libmudflap.cth/pass39-frag.c (-static -DSTATIC) (rerun 19) output pattern test
FAIL: libmudflap.cth/pass40-frag.c (-static -DSTATIC) execution test
FAIL: libmudflap.cth/pass40-frag.c (-static -DSTATIC) output pattern test
FAIL: libmudflap.cth/pass59-frag.c (-static -DSTATIC) execution test
FAIL: libmudflap.cth/pass59-frag.c (-static -DSTATIC) output pattern test
=== libmudflap Summary for unix/-m32/-fpic ===
# of expected passes 1777
# of unexpected failures 88
Running target unix/-m32
FAIL: libmudflap.c++/pass41-frag.cxx execution test
FAIL: libmudflap.c++/pass41-frag.cxx (-static) execution test
FAIL: libmudflap.c++/pass41-frag.cxx (-O2) execution test
FAIL: libmudflap.c++/pass41-frag.cxx (-O3) execution test
FAIL: libmudflap.cth/pass37-frag.c (-static -DSTATIC) execution test
FAIL: libmudflap.cth/pass37-frag.c (-static -DSTATIC) output pattern test
FAIL: libmudflap.cth/pass37-frag.c (-static -DSTATIC) (rerun 1) execution test
FAIL: libmudflap.cth/pass37-frag.c (-static -DSTATIC) (rerun 1) output pattern test
FAIL: libmudflap.cth/pass37-frag.c (-static -DSTATIC) (rerun 2) execution test
FAIL: libmudflap.cth/pass37-frag.c (-static -DSTATIC) (rerun 2) output pattern test
FAIL: libmudflap.cth/pass37-frag.c (-static -DSTATIC) (rerun 3) execution test
FAIL: libmudflap.cth/pass37-frag.c (-static -DSTATIC) (rerun 3) output pattern test
FAIL: libmudflap.cth/pass37-frag.c (-static -DSTATIC) (rerun 4) execution test
FAIL: libmudflap.cth/pass37-frag.c (-static -DSTATIC) (rerun 4) output pattern test
FAIL: libmudflap.cth/pass37-frag.c (-static -DSTATIC) (rerun 5) execution test
FAIL: libmudflap.cth/pass37-frag.c (-static -DSTATIC) (rerun 5) output pattern test
FAIL: libmudflap.cth/pass37-frag.c (-static -DSTATIC) (rerun 6) execution test
FAIL: libmudflap.cth/pass37-frag.c (-static -DSTATIC) (rerun 6) output pattern test
FAIL: libmudflap.cth/pass37-frag.c (-static -DSTATIC) (rerun 7) execution test
FAIL: libmudflap.cth/pass37-frag.c (-static -DSTATIC) (rerun 7) output pattern test
FAIL: libmudflap.cth/pass37-frag.c (-static -DSTATIC) (rerun 8) execution test
FAIL: libmudflap.cth/pass37-frag.c (-static -DSTATIC) (rerun 8) output pattern test
FAIL: libmudflap.cth/pass37-frag.c (-static -DSTATIC) (rerun 9) execution test
FAIL: libmudflap.cth/pass37-frag.c (-static -DSTATIC) (rerun 9) output pattern test
FAIL: libmudflap.cth/pass37-frag.c (-static -DSTATIC) (rerun 10) execution test
FAIL: libmudflap.cth/pass37-frag.c (-static -DSTATIC) (rerun 10) output pattern test
FAIL: libmudflap.cth/pass37-frag.c (-static -DSTATIC) (rerun 11) execution test
FAIL: libmudflap.cth/pass37-frag.c (-static -DSTATIC) (rerun 11) output pattern test
FAIL: libmudflap.cth/pass37-frag.c (-static -DSTATIC) (rerun 12) execution test
FAIL: libmudflap.cth/pass37-frag.c (-static -DSTATIC) (rerun 12) output pattern test
FAIL: libmudflap.cth/pass37-frag.c (-static -DSTATIC) (rerun 13) execution test
FAIL: libmudflap.cth/pass37-frag.c (-static -DSTATIC) (rerun 13) output pattern test
FAIL: libmudflap.cth/pass37-frag.c (-static -DSTATIC) (rerun 14) execution test
FAIL: libmudflap.cth/pass37-frag.c (-static -DSTATIC) (rerun 14) output pattern test
FAIL: libmudflap.cth/pass37-frag.c (-static -DSTATIC) (rerun 15) execution test
FAIL: libmudflap.cth/pass37-frag.c (-static -DSTATIC) (rerun 15) output pattern test
FAIL: libmudflap.cth/pass37-frag.c (-static -DSTATIC) (rerun 16) execution test
FAIL: libmudflap.cth/pass37-frag.c (-static -DSTATIC) (rerun 16) output pattern test
FAIL: libmudflap.cth/pass37-frag.c (-static -DSTATIC) (rerun 17) execution test
FAIL: libmudflap.cth/pass37-frag.c (-static -DSTATIC) (rerun 17) output pattern test
FAIL: libmudflap.cth/pass37-frag.c (-static -DSTATIC) (rerun 18) execution test
FAIL: libmudflap.cth/pass37-frag.c (-static -DSTATIC) (rerun 18) output pattern test
FAIL: libmudflap.cth/pass37-frag.c (-static -DSTATIC) (rerun 19) execution test
FAIL: libmudflap.cth/pass37-frag.c (-static -DSTATIC) (rerun 19) output pattern test
FAIL: libmudflap.cth/pass39-frag.c (-static -DSTATIC) execution test
FAIL: libmudflap.cth/pass39-frag.c (-static -DSTATIC) output pattern test
FAIL: libmudflap.cth/pass39-frag.c (-static -DSTATIC) (rerun 1) execution test
FAIL: libmudflap.cth/pass39-frag.c (-static -DSTATIC) (rerun 1) output pattern test
FAIL: libmudflap.cth/pass39-frag.c (-static -DSTATIC) (rerun 2) execution test
FAIL: libmudflap.cth/pass39-frag.c (-static -DSTATIC) (rerun 2) output pattern test
FAIL: libmudflap.cth/pass39-frag.c (-static -DSTATIC) (rerun 3) execution test
FAIL: libmudflap.cth/pass39-frag.c (-static -DSTATIC) (rerun 3) output pattern test
FAIL: libmudflap.cth/pass39-frag.c (-static -DSTATIC) (rerun 4) execution test
FAIL: libmudflap.cth/pass39-frag.c (-static -DSTATIC) (rerun 4) output pattern test
FAIL: libmudflap.cth/pass39-frag.c (-static -DSTATIC) (rerun 5) execution test
FAIL: libmudflap.cth/pass39-frag.c (-static -DSTATIC) (rerun 5) output pattern test
FAIL: libmudflap.cth/pass39-frag.c (-static -DSTATIC) (rerun 6) execution test
FAIL: libmudflap.cth/pass39-frag.c (-static -DSTATIC) (rerun 6) output pattern test
FAIL: libmudflap.cth/pass39-frag.c (-static -DSTATIC) (rerun 7) execution test
FAIL: libmudflap.cth/pass39-frag.c (-static -DSTATIC) (rerun 7) output pattern test
FAIL: libmudflap.cth/pass39-frag.c (-static -DSTATIC) (rerun 8) execution test
FAIL: libmudflap.cth/pass39-frag.c (-static -DSTATIC) (rerun 8) output pattern test
FAIL: libmudflap.cth/pass39-frag.c (-static -DSTATIC) (rerun 9) execution test
FAIL: libmudflap.cth/pass39-frag.c (-static -DSTATIC) (rerun 9) output pattern test
FAIL: libmudflap.cth/pass39-frag.c (-static -DSTATIC) (rerun 10) execution test
FAIL: libmudflap.cth/pass39-frag.c (-static -DSTATIC) (rerun 10) output pattern test
FAIL: libmudflap.cth/pass39-frag.c (-static -DSTATIC) (rerun 11) execution test
FAIL: libmudflap.cth/pass39-frag.c (-static -DSTATIC) (rerun 11) output pattern test
FAIL: libmudflap.cth/pass39-frag.c (-static -DSTATIC) (rerun 12) execution test
FAIL: libmudflap.cth/pass39-frag.c (-static -DSTATIC) (rerun 12) output pattern test
FAIL: libmudflap.cth/pass39-frag.c (-static -DSTATIC) (rerun 13) execution test
FAIL: libmudflap.cth/pass39-frag.c (-static -DSTATIC) (rerun 13) output pattern test
FAIL: libmudflap.cth/pass39-frag.c (-static -DSTATIC) (rerun 14) execution test
FAIL: libmudflap.cth/pass39-frag.c (-static -DSTATIC) (rerun 14) output pattern test
FAIL: libmudflap.cth/pass39-frag.c (-static -DSTATIC) (rerun 15) execution test
FAIL: libmudflap.cth/pass39-frag.c (-static -DSTATIC) (rerun 15) output pattern test
FAIL: libmudflap.cth/pass39-frag.c (-static -DSTATIC) (rerun 16) execution test
FAIL: libmudflap.cth/pass39-frag.c (-static -DSTATIC) (rerun 16) output pattern test
FAIL: libmudflap.cth/pass39-frag.c (-static -DSTATIC) (rerun 17) execution test
FAIL: libmudflap.cth/pass39-frag.c (-static -DSTATIC) (rerun 17) output pattern test
FAIL: libmudflap.cth/pass39-frag.c (-static -DSTATIC) (rerun 18) execution test
FAIL: libmudflap.cth/pass39-frag.c (-static -DSTATIC) (rerun 18) output pattern test
FAIL: libmudflap.cth/pass39-frag.c (-static -DSTATIC) (rerun 19) execution test
FAIL: libmudflap.cth/pass39-frag.c (-static -DSTATIC) (rerun 19) output pattern test
FAIL: libmudflap.cth/pass40-frag.c (-static -DSTATIC) execution test
FAIL: libmudflap.cth/pass40-frag.c (-static -DSTATIC) output pattern test
FAIL: libmudflap.cth/pass59-frag.c (-static -DSTATIC) execution test
FAIL: libmudflap.cth/pass59-frag.c (-static -DSTATIC) output pattern test
=== libmudflap Summary for unix/-m32 ===
# of expected passes 1777
# of unexpected failures 88
Running target unix/-fPIC
FAIL: libmudflap.c++/pass41-frag.cxx execution test
FAIL: libmudflap.c++/pass41-frag.cxx (-static) execution test
FAIL: libmudflap.c++/pass41-frag.cxx (-O2) execution test
FAIL: libmudflap.c++/pass41-frag.cxx (-O3) execution test
=== libmudflap Summary for unix/-fPIC ===
# of expected passes 1861
# of unexpected failures 4
Running target unix/-fpic
FAIL: libmudflap.c++/pass41-frag.cxx execution test
FAIL: libmudflap.c++/pass41-frag.cxx (-static) execution test
FAIL: libmudflap.c++/pass41-frag.cxx (-O2) execution test
FAIL: libmudflap.c++/pass41-frag.cxx (-O3) execution test
=== libmudflap Summary for unix/-fpic ===
# of expected passes 1861
# of unexpected failures 4
Running target unix
FAIL: libmudflap.c++/pass41-frag.cxx execution test
FAIL: libmudflap.c++/pass41-frag.cxx (-static) execution test
FAIL: libmudflap.c++/pass41-frag.cxx (-O2) execution test
FAIL: libmudflap.c++/pass41-frag.cxx (-O3) execution test
=== libmudflap Summary for unix ===
# of expected passes 1861
# of unexpected failures 4
=== libmudflap Summary ===
# of expected passes 10914
# of unexpected failures 276
=== libstdc++ tests ===
Running target unix/-m32/-fPIC
FAIL: 21_strings/basic_string/numeric_conversions/char/stod.cc execution test
FAIL: 21_strings/basic_string/numeric_conversions/char/stof.cc execution test
FAIL: 21_strings/basic_string/numeric_conversions/char/stoi.cc execution test
FAIL: 21_strings/basic_string/numeric_conversions/char/stol.cc execution test
FAIL: 21_strings/basic_string/numeric_conversions/char/stold.cc execution test
FAIL: 21_strings/basic_string/numeric_conversions/char/stoll.cc execution test
FAIL: 21_strings/basic_string/numeric_conversions/char/stoul.cc execution test
FAIL: 21_strings/basic_string/numeric_conversions/char/stoull.cc execution test
FAIL: 21_strings/basic_string/numeric_conversions/wchar_t/stoi.cc execution test
FAIL: 21_strings/basic_string/numeric_conversions/wchar_t/stoll.cc execution test
FAIL: 21_strings/basic_string/numeric_conversions/wchar_t/stoull.cc execution test
FAIL: 22_locale/time_get/get_date/wchar_t/4.cc execution test
XPASS: 23_containers/unordered_multimap/init-list.cc (test for excess errors)
XPASS: 26_numerics/headers/cmath/c99_classification_macros_c.cc (test for excess errors)
FAIL: 27_io/ios_base/storage/2.cc execution test
FAIL: ext/pb_ds/regression/hash_no_data_map_rand.cc execution test
FAIL: ext/pb_ds/regression/priority_queue_rand.cc execution test
FAIL: ext/pb_ds/regression/tree_no_data_map_rand.cc execution test
=== libstdc++ Summary for unix/-m32/-fPIC ===
# of expected passes 5984
# of unexpected failures 16
# of unexpected successes 2
# of expected failures 70
# of unsupported tests 13
Running target unix/-m32/-fpic
FAIL: 21_strings/basic_string/numeric_conversions/char/stod.cc execution test
FAIL: 21_strings/basic_string/numeric_conversions/char/stof.cc execution test
FAIL: 21_strings/basic_string/numeric_conversions/char/stoi.cc execution test
FAIL: 21_strings/basic_string/numeric_conversions/char/stol.cc execution test
FAIL: 21_strings/basic_string/numeric_conversions/char/stold.cc execution test
FAIL: 21_strings/basic_string/numeric_conversions/char/stoll.cc execution test
FAIL: 21_strings/basic_string/numeric_conversions/char/stoul.cc execution test
FAIL: 21_strings/basic_string/numeric_conversions/char/stoull.cc execution test
FAIL: 21_strings/basic_string/numeric_conversions/wchar_t/stoi.cc execution test
FAIL: 21_strings/basic_string/numeric_conversions/wchar_t/stoll.cc execution test
FAIL: 21_strings/basic_string/numeric_conversions/wchar_t/stoull.cc execution test
FAIL: 22_locale/time_get/get_date/wchar_t/4.cc execution test
XPASS: 23_containers/unordered_multimap/init-list.cc (test for excess errors)
XPASS: 26_numerics/headers/cmath/c99_classification_macros_c.cc (test for excess errors)
FAIL: 27_io/ios_base/storage/2.cc execution test
FAIL: ext/pb_ds/regression/hash_no_data_map_rand.cc execution test
FAIL: ext/pb_ds/regression/priority_queue_rand.cc execution test
FAIL: ext/pb_ds/regression/tree_no_data_map_rand.cc execution test
=== libstdc++ Summary for unix/-m32/-fpic ===
# of expected passes 5984
# of unexpected failures 16
# of unexpected successes 2
# of expected failures 70
# of unsupported tests 13
Running target unix/-m32
FAIL: 21_strings/basic_string/numeric_conversions/char/stoi.cc execution test
FAIL: 21_strings/basic_string/numeric_conversions/char/stol.cc execution test
FAIL: 21_strings/basic_string/numeric_conversions/char/stoul.cc execution test
FAIL: 22_locale/time_get/get_date/wchar_t/4.cc execution test
XPASS: 23_containers/unordered_multimap/init-list.cc (test for excess errors)
XPASS: 26_numerics/headers/cmath/c99_classification_macros_c.cc (test for excess errors)
=== libstdc++ Summary for unix/-m32 ===
# of expected passes 5996
# of unexpected failures 4
# of unexpected successes 2
# of expected failures 70
# of unsupported tests 13
Running target unix/-fPIC
FAIL: 22_locale/time_get/get_date/wchar_t/4.cc execution test
XPASS: 23_containers/unordered_multimap/init-list.cc (test for excess errors)
XPASS: 26_numerics/headers/cmath/c99_classification_macros_c.cc (test for excess errors)
=== libstdc++ Summary for unix/-fPIC ===
# of expected passes 6005
# of unexpected failures 1
# of unexpected successes 2
# of expected failures 70
# of unsupported tests 10
Running target unix/-fpic
FAIL: 22_locale/time_get/get_date/wchar_t/4.cc execution test
XPASS: 23_containers/unordered_multimap/init-list.cc (test for excess errors)
XPASS: 26_numerics/headers/cmath/c99_classification_macros_c.cc (test for excess errors)
=== libstdc++ Summary for unix/-fpic ===
# of expected passes 6005
# of unexpected failures 1
# of unexpected successes 2
# of expected failures 70
# of unsupported tests 10
Running target unix
FAIL: 22_locale/time_get/get_date/wchar_t/4.cc execution test
XPASS: 23_containers/unordered_multimap/init-list.cc (test for excess errors)
XPASS: 26_numerics/headers/cmath/c99_classification_macros_c.cc (test for excess errors)
=== libstdc++ Summary for unix ===
# of expected passes 6005
# of unexpected failures 1
# of unexpected successes 2
# of expected failures 70
# of unsupported tests 10
=== libstdc++ Summary ===
# of expected passes 35979
# of unexpected failures 39
# of unexpected successes 12
# of expected failures 420
# of unsupported tests 69
Compiler version: 4.4.0 20080829 (experimental) (GCC)
Platform: x86_64-unknown-linux-gnu
configure flags: --enable-languages=c,c++,objc,f95,obj-c++,java --with-mpfr=/opt/cfarm/mpfr-2.3.1