This is the mail archive of the gcc-testresults@gcc.gnu.org mailing list for the GCC project.


Index Nav: [Date Index] [Subject Index] [Author Index] [Thread Index]
Message Nav: [Date Prev] [Date Next] [Thread Prev] [Thread Next]
Other format: [Raw text]

Results for 4.4.0 20080825 (experimental) (GCC) testsuite on powerpc-unknown-linux-gnu


LAST_UPDATED: 
Target is powerpc-unknown-linux-gnu
Host   is x86_64-unknown-linux-gnu

		=== g++ tests ===


Running target reg_e300c3_ssh
FAIL: g++.dg/bprob/g++-bprob-1.C compilation,  -g  -fprofile-use
UNRESOLVED: g++.dg/bprob/g++-bprob-1.C execution,    -g  -fprofile-use
FAIL: g++.dg/bprob/g++-bprob-1.C compilation,  -O0  -fprofile-use
UNRESOLVED: g++.dg/bprob/g++-bprob-1.C execution,    -O0  -fprofile-use
FAIL: g++.dg/bprob/g++-bprob-1.C compilation,  -O1  -fprofile-use
UNRESOLVED: g++.dg/bprob/g++-bprob-1.C execution,    -O1  -fprofile-use
FAIL: g++.dg/bprob/g++-bprob-1.C compilation,  -O2  -fprofile-use
UNRESOLVED: g++.dg/bprob/g++-bprob-1.C execution,    -O2  -fprofile-use
FAIL: g++.dg/bprob/g++-bprob-1.C compilation,  -O3  -fprofile-use
UNRESOLVED: g++.dg/bprob/g++-bprob-1.C execution,    -O3  -fprofile-use
FAIL: g++.dg/bprob/g++-bprob-1.C compilation,  -O3 -g  -fprofile-use
UNRESOLVED: g++.dg/bprob/g++-bprob-1.C execution,    -O3 -g  -fprofile-use
FAIL: g++.dg/bprob/g++-bprob-1.C compilation,  -Os  -fprofile-use
UNRESOLVED: g++.dg/bprob/g++-bprob-1.C execution,    -Os  -fprofile-use
FAIL: g++.dg/bprob/g++-bprob-2.C compilation,  -g  -fprofile-use
UNRESOLVED: g++.dg/bprob/g++-bprob-2.C execution,    -g  -fprofile-use
FAIL: g++.dg/bprob/g++-bprob-2.C compilation,  -O0  -fprofile-use
UNRESOLVED: g++.dg/bprob/g++-bprob-2.C execution,    -O0  -fprofile-use
FAIL: g++.dg/bprob/g++-bprob-2.C compilation,  -O1  -fprofile-use
UNRESOLVED: g++.dg/bprob/g++-bprob-2.C execution,    -O1  -fprofile-use
FAIL: g++.dg/bprob/g++-bprob-2.C compilation,  -O2  -fprofile-use
UNRESOLVED: g++.dg/bprob/g++-bprob-2.C execution,    -O2  -fprofile-use
FAIL: g++.dg/bprob/g++-bprob-2.C compilation,  -O3  -fprofile-use
UNRESOLVED: g++.dg/bprob/g++-bprob-2.C execution,    -O3  -fprofile-use
FAIL: g++.dg/bprob/g++-bprob-2.C compilation,  -O3 -g  -fprofile-use
UNRESOLVED: g++.dg/bprob/g++-bprob-2.C execution,    -O3 -g  -fprofile-use
FAIL: g++.dg/bprob/g++-bprob-2.C compilation,  -Os  -fprofile-use
UNRESOLVED: g++.dg/bprob/g++-bprob-2.C execution,    -Os  -fprofile-use
FAIL: g++.dg/ipa/iinline-1.C scan-ipa-dump inline "String::funcOne[^\\n]*inline copy in int main"
FAIL: g++.dg/other/PR23205.C scan-assembler .stabs.*foobar:c=i
FAIL: g++.dg/torture/type-generic-1.C  -O0  execution test
FAIL: g++.dg/torture/type-generic-1.C  -O1  execution test
FAIL: g++.dg/torture/type-generic-1.C  -O2  execution test
FAIL: g++.dg/torture/type-generic-1.C  -O3 -fomit-frame-pointer  execution test
FAIL: g++.dg/torture/type-generic-1.C  -O3 -g  execution test
FAIL: g++.dg/torture/type-generic-1.C  -Os  execution test
FAIL: g++.dg/tree-prof/indir-call-prof.C compilation,  -g  -fprofile-use
UNRESOLVED: g++.dg/tree-prof/indir-call-prof.C execution,    -g  -fprofile-use
FAIL: g++.dg/tree-prof/indir-call-prof.C compilation,  -O0  -fprofile-use
UNRESOLVED: g++.dg/tree-prof/indir-call-prof.C execution,    -O0  -fprofile-use
FAIL: g++.dg/tree-prof/indir-call-prof.C compilation,  -O1  -fprofile-use
UNRESOLVED: g++.dg/tree-prof/indir-call-prof.C execution,    -O1  -fprofile-use
FAIL: g++.dg/tree-prof/indir-call-prof.C compilation,  -O2  -fprofile-use
UNRESOLVED: g++.dg/tree-prof/indir-call-prof.C execution,    -O2  -fprofile-use
FAIL: g++.dg/tree-prof/indir-call-prof.C compilation,  -O3  -fprofile-use
UNRESOLVED: g++.dg/tree-prof/indir-call-prof.C execution,    -O3  -fprofile-use
FAIL: g++.dg/tree-prof/indir-call-prof.C compilation,  -O3 -g  -fprofile-use
UNRESOLVED: g++.dg/tree-prof/indir-call-prof.C execution,    -O3 -g  -fprofile-use
FAIL: g++.dg/tree-prof/indir-call-prof.C compilation,  -Os  -fprofile-use
UNRESOLVED: g++.dg/tree-prof/indir-call-prof.C execution,    -Os  -fprofile-use

		=== g++ Summary ===

# of expected passes		17944
# of unexpected failures	29
# of expected failures		80
# of unresolved testcases	21
# of unsupported tests		154
/tmp/edmar/build_cde/job_30/obj_gcc/gcc/testsuite/g++/../../g++  version 4.4.0 20080825 (experimental) (GCC) 

Host   is x86_64-unknown-linux-gnu

		=== gcc tests ===


Running target reg_e300c3_ssh
FAIL: gcc.dg/debug/dwarf2/dwarf-die3.c scan-assembler-not DW_AT_inline
FAIL: gcc.dg/Wstrict-aliasing-bogus-ref-all-2.c (test for excess errors)
FAIL: gcc.dg/and-1.c scan-assembler-not nand
FAIL: gcc.dg/memcpy-1.c scan-tree-dump-times optimized "nasty_local" 0
FAIL: gcc.dg/pr28796-2.c execution test
FAIL: gcc.dg/pr35729.c scan-rtl-dump-times loop2_invariant "Decided to move invariant" 0
FAIL: gcc.dg/var-expand3.c (test for excess errors)
UNRESOLVED: gcc.dg/var-expand3.c compilation failed to produce executable
FAIL: gcc.dg/var-expand3.c scan-rtl-dump loop2_unroll "Expanding Accumulator": dump file does not exist
FAIL: gcc.dg/visibility-16.c scan-hidden hidden[ \\t_]*foo
FAIL: gcc.dg/ipa/ipa-1.c scan-ipa-dump-times cp "versioned function" 2
FAIL: gcc.dg/ipa/ipa-1.c scan-ipa-dump-times cp "replacing param with const" 2
FAIL: gcc.dg/ipa/ipa-2.c scan-ipa-dump-times cp "versioned function" 2
FAIL: gcc.dg/ipa/ipa-2.c scan-ipa-dump-times cp "replacing param with const" 2
FAIL: gcc.dg/ipa/ipa-3.c scan-ipa-dump-times cp "versioned function" 2
FAIL: gcc.dg/ipa/ipa-3.c scan-ipa-dump-times cp "replacing param with const" 3
FAIL: gcc.dg/ipa/ipa-4.c scan-ipa-dump-times cp "versioned function" 1
FAIL: gcc.dg/ipa/ipa-4.c scan-ipa-dump-times cp "replacing param with const" 1
FAIL: gcc.dg/ipa/ipa-5.c scan-ipa-dump-times cp "versioned function" 2
FAIL: gcc.dg/ipa/ipa-5.c scan-ipa-dump-times cp "replacing param with const" 2
FAIL: gcc.dg/ipa/ipa-7.c scan-ipa-dump-times cp "versioned function" 1
FAIL: gcc.dg/ipa/ipa-7.c scan-ipa-dump-times cp "replacing param with const" 1
FAIL: gcc.dg/ipa/ipacost-1.c scan-tree-dump optimized "symbol: array"
FAIL: gcc.dg/ipa/ipacost-2.c scan-ipa-dump-times cp "versioned function i_can_not_be_propagated_fully2" 1
FAIL: gcc.dg/ipa/ipacost-2.c scan-ipa-dump-times cp "versioned function i_can_not_be_propagated_fully " 1
FAIL: gcc.dg/ipa/ipacost-2.c scan-tree-dump optimized "symbol: array"
FAIL: gcc.dg/matrix/transpose-1.c compilation,  -fprofile-use -fipa-matrix-reorg -fdump-ipa-matrix-reorg -O3 -fwhole-program -combine
UNRESOLVED: gcc.dg/matrix/transpose-1.c execution,    -fprofile-use -fipa-matrix-reorg -fdump-ipa-matrix-reorg -O3 -fwhole-program -combine
FAIL: gcc.dg/matrix/transpose-2.c compilation,  -fprofile-use -fipa-matrix-reorg -fdump-ipa-matrix-reorg -O3 -fwhole-program -combine
UNRESOLVED: gcc.dg/matrix/transpose-2.c execution,    -fprofile-use -fipa-matrix-reorg -fdump-ipa-matrix-reorg -O3 -fwhole-program -combine
FAIL: gcc.dg/matrix/transpose-3.c compilation,  -fprofile-use -fipa-matrix-reorg -fdump-ipa-matrix-reorg -O3 -fwhole-program -combine
UNRESOLVED: gcc.dg/matrix/transpose-3.c execution,    -fprofile-use -fipa-matrix-reorg -fdump-ipa-matrix-reorg -O3 -fwhole-program -combine
FAIL: gcc.dg/matrix/transpose-4.c compilation,  -fprofile-use -fipa-matrix-reorg -fdump-ipa-matrix-reorg -O3 -fwhole-program -combine
UNRESOLVED: gcc.dg/matrix/transpose-4.c execution,    -fprofile-use -fipa-matrix-reorg -fdump-ipa-matrix-reorg -O3 -fwhole-program -combine
FAIL: gcc.dg/matrix/transpose-5.c compilation,  -fprofile-use -fipa-matrix-reorg -fdump-ipa-matrix-reorg -O3 -fwhole-program -combine
UNRESOLVED: gcc.dg/matrix/transpose-5.c execution,    -fprofile-use -fipa-matrix-reorg -fdump-ipa-matrix-reorg -O3 -fwhole-program -combine
FAIL: gcc.dg/matrix/transpose-6.c compilation,  -fprofile-use -fipa-matrix-reorg -fdump-ipa-matrix-reorg -O3 -fwhole-program -combine
UNRESOLVED: gcc.dg/matrix/transpose-6.c execution,    -fprofile-use -fipa-matrix-reorg -fdump-ipa-matrix-reorg -O3 -fwhole-program -combine
FAIL: gcc.dg/pch/valid-1b.c -O0 -g -I. (test for excess errors)
FAIL: gcc.dg/pch/valid-1b.c -O0 -g assembly comparison
FAIL: gcc.dg/pch/valid-1b.c  -O0  -I. (test for excess errors)
FAIL: gcc.dg/pch/valid-1b.c  -O0  assembly comparison
FAIL: gcc.dg/pch/valid-1b.c  -O1  -I. (test for excess errors)
FAIL: gcc.dg/pch/valid-1b.c  -O1  assembly comparison
FAIL: gcc.dg/pch/valid-1b.c  -O2  -I. (test for excess errors)
FAIL: gcc.dg/pch/valid-1b.c  -O2  assembly comparison
FAIL: gcc.dg/pch/valid-1b.c  -O3 -fomit-frame-pointer  -I. (test for excess errors)
FAIL: gcc.dg/pch/valid-1b.c  -O3 -fomit-frame-pointer  assembly comparison
FAIL: gcc.dg/pch/valid-1b.c  -O3 -g  -I. (test for excess errors)
FAIL: gcc.dg/pch/valid-1b.c  -O3 -g  assembly comparison
FAIL: gcc.dg/pch/valid-1b.c  -Os  -I. (test for excess errors)
FAIL: gcc.dg/pch/valid-1b.c  -Os  assembly comparison
FAIL: gcc.dg/struct/w_prof_global_array.c compilation,  -O3 -fwhole-program -combine -fipa-type-escape -fprofile-use -fipa-struct-reorg -fdump-ipa-all
UNRESOLVED: gcc.dg/struct/w_prof_global_array.c execution,    -O3 -fwhole-program -combine -fipa-type-escape -fprofile-use -fipa-struct-reorg -fdump-ipa-all
FAIL: gcc.dg/struct/w_prof_global_var.c compilation,  -O3 -fwhole-program -combine -fipa-type-escape -fprofile-use -fipa-struct-reorg -fdump-ipa-all
UNRESOLVED: gcc.dg/struct/w_prof_global_var.c execution,    -O3 -fwhole-program -combine -fipa-type-escape -fprofile-use -fipa-struct-reorg -fdump-ipa-all
FAIL: gcc.dg/struct/w_prof_local_array.c compilation,  -O3 -fwhole-program -combine -fipa-type-escape -fprofile-use -fipa-struct-reorg -fdump-ipa-all
UNRESOLVED: gcc.dg/struct/w_prof_local_array.c execution,    -O3 -fwhole-program -combine -fipa-type-escape -fprofile-use -fipa-struct-reorg -fdump-ipa-all
FAIL: gcc.dg/struct/w_prof_local_var.c compilation,  -O3 -fwhole-program -combine -fipa-type-escape -fprofile-use -fipa-struct-reorg -fdump-ipa-all
UNRESOLVED: gcc.dg/struct/w_prof_local_var.c execution,    -O3 -fwhole-program -combine -fipa-type-escape -fprofile-use -fipa-struct-reorg -fdump-ipa-all
FAIL: gcc.dg/struct/w_prof_single_str_global.c compilation,  -O3 -fwhole-program -combine -fipa-type-escape -fprofile-use -fipa-struct-reorg -fdump-ipa-all
UNRESOLVED: gcc.dg/struct/w_prof_single_str_global.c execution,    -O3 -fwhole-program -combine -fipa-type-escape -fprofile-use -fipa-struct-reorg -fdump-ipa-all
FAIL: gcc.dg/struct/w_prof_two_strs.c compilation,  -O3 -fwhole-program -combine -fipa-type-escape -fprofile-use -fipa-struct-reorg -fdump-ipa-all
UNRESOLVED: gcc.dg/struct/w_prof_two_strs.c execution,    -O3 -fwhole-program -combine -fipa-type-escape -fprofile-use -fipa-struct-reorg -fdump-ipa-all
FAIL: gcc.dg/struct/w_ratio_cold_str.c compilation,  -O3 -fwhole-program -combine -fipa-type-escape -fprofile-use -fipa-struct-reorg -fdump-ipa-all --param struct-reorg-cold-struct-ratio=30
UNRESOLVED: gcc.dg/struct/w_ratio_cold_str.c execution,    -O3 -fwhole-program -combine -fipa-type-escape -fprofile-use -fipa-struct-reorg -fdump-ipa-all --param struct-reorg-cold-struct-ratio=30
FAIL: gcc.dg/torture/type-generic-1.c  -O0  execution test
FAIL: gcc.dg/torture/type-generic-1.c  -O1  execution test
FAIL: gcc.dg/torture/type-generic-1.c  -O2  execution test
FAIL: gcc.dg/torture/type-generic-1.c  -O3 -fomit-frame-pointer  execution test
FAIL: gcc.dg/torture/type-generic-1.c  -O3 -g  execution test
FAIL: gcc.dg/torture/type-generic-1.c  -Os  execution test
FAIL: gcc.dg/tree-prof/bb-reorg.c compilation,  -fprofile-use -D_PROFILE_USE
UNRESOLVED: gcc.dg/tree-prof/bb-reorg.c execution,    -fprofile-use -D_PROFILE_USE
FAIL: gcc.dg/tree-prof/ic-misattribution-1.c compilation,  -fprofile-use -D_PROFILE_USE
UNRESOLVED: gcc.dg/tree-prof/ic-misattribution-1.c execution,    -fprofile-use -D_PROFILE_USE
FAIL: gcc.dg/tree-prof/indir-call-prof.c compilation,  -fprofile-use -D_PROFILE_USE
UNRESOLVED: gcc.dg/tree-prof/indir-call-prof.c execution,    -fprofile-use -D_PROFILE_USE
FAIL: gcc.dg/tree-prof/inliner-1.c compilation,  -fprofile-use -D_PROFILE_USE
UNRESOLVED: gcc.dg/tree-prof/inliner-1.c execution,    -fprofile-use -D_PROFILE_USE
FAIL: gcc.dg/tree-prof/stringop-1.c compilation,  -fprofile-use -D_PROFILE_USE
UNRESOLVED: gcc.dg/tree-prof/stringop-1.c execution,    -fprofile-use -D_PROFILE_USE
FAIL: gcc.dg/tree-prof/stringop-2.c compilation,  -fprofile-use -D_PROFILE_USE
UNRESOLVED: gcc.dg/tree-prof/stringop-2.c execution,    -fprofile-use -D_PROFILE_USE
FAIL: gcc.dg/tree-prof/tracer-1.c compilation,  -fprofile-use -D_PROFILE_USE
UNRESOLVED: gcc.dg/tree-prof/tracer-1.c execution,    -fprofile-use -D_PROFILE_USE
FAIL: gcc.dg/tree-prof/update-cunroll-2.c compilation,  -fprofile-use -D_PROFILE_USE
UNRESOLVED: gcc.dg/tree-prof/update-cunroll-2.c execution,    -fprofile-use -D_PROFILE_USE
FAIL: gcc.dg/tree-prof/update-loopch.c compilation,  -fprofile-use -D_PROFILE_USE
UNRESOLVED: gcc.dg/tree-prof/update-loopch.c execution,    -fprofile-use -D_PROFILE_USE
FAIL: gcc.dg/tree-prof/update-tailcall.c compilation,  -fprofile-use -D_PROFILE_USE
UNRESOLVED: gcc.dg/tree-prof/update-tailcall.c execution,    -fprofile-use -D_PROFILE_USE
FAIL: gcc.dg/tree-prof/val-prof-1.c compilation,  -fprofile-use -D_PROFILE_USE
UNRESOLVED: gcc.dg/tree-prof/val-prof-1.c execution,    -fprofile-use -D_PROFILE_USE
FAIL: gcc.dg/tree-prof/val-prof-2.c compilation,  -fprofile-use -D_PROFILE_USE
UNRESOLVED: gcc.dg/tree-prof/val-prof-2.c execution,    -fprofile-use -D_PROFILE_USE
FAIL: gcc.dg/tree-prof/val-prof-3.c compilation,  -fprofile-use -D_PROFILE_USE
UNRESOLVED: gcc.dg/tree-prof/val-prof-3.c execution,    -fprofile-use -D_PROFILE_USE
FAIL: gcc.dg/tree-prof/val-prof-4.c compilation,  -fprofile-use -D_PROFILE_USE
UNRESOLVED: gcc.dg/tree-prof/val-prof-4.c execution,    -fprofile-use -D_PROFILE_USE
FAIL: gcc.dg/tree-prof/val-prof-5.c compilation,  -fprofile-use -D_PROFILE_USE
UNRESOLVED: gcc.dg/tree-prof/val-prof-5.c execution,    -fprofile-use -D_PROFILE_USE
FAIL: gcc.dg/tree-prof/val-prof-6.c compilation,  -fprofile-use -D_PROFILE_USE
UNRESOLVED: gcc.dg/tree-prof/val-prof-6.c execution,    -fprofile-use -D_PROFILE_USE
FAIL: gcc.dg/tree-prof/wcoverage-mismatch.c compilation,  -fprofile-use -D_PROFILE_USE
UNRESOLVED: gcc.dg/tree-prof/wcoverage-mismatch.c execution,    -fprofile-use -D_PROFILE_USE
FAIL: gcc.dg/weak/weak-1.c scan-assembler weak[^ \\t]*[ \\t]_?j
FAIL: gcc.misc-tests/bprob-1.c compilation,  -fprofile-use
UNRESOLVED: gcc.misc-tests/bprob-1.c execution,    -fprofile-use
FAIL: gcc.misc-tests/bprob-2.c compilation,  -fprofile-use
UNRESOLVED: gcc.misc-tests/bprob-2.c execution,    -fprofile-use
FAIL: gcc.target/powerpc/altivec-macros.c __vector redefined (test for warnings, line 44)
FAIL: gcc.target/powerpc/altivec-macros.c __pixel redefined (test for warnings, line 45)
FAIL: gcc.target/powerpc/altivec-macros.c __bool redefined (test for warnings, line 46)
FAIL: gcc.target/powerpc/altivec-macros.c vector redefined (test for warnings, line 47)
FAIL: gcc.target/powerpc/altivec-macros.c pixel redefined (test for warnings, line 48)
FAIL: gcc.target/powerpc/altivec-macros.c bool redefined (test for warnings, line 49)
FAIL: gcc.target/powerpc/altivec-macros.c prev __vector defn (test for warnings, line 24)
FAIL: gcc.target/powerpc/altivec-macros.c prev __pixel defn (test for warnings, line 27)
FAIL: gcc.target/powerpc/altivec-macros.c prev __bool defn (test for warnings, line 30)
FAIL: gcc.target/powerpc/altivec-macros.c prev vector defn (test for warnings, line 33)
FAIL: gcc.target/powerpc/altivec-macros.c prev pixel defn (test for warnings, line 36)
FAIL: gcc.target/powerpc/altivec-macros.c prev bool defn (test for warnings, line 39)
FAIL: gcc.target/powerpc/altivec-macros.c (test for excess errors)
FAIL: gcc.target/powerpc/dfp-dd.c (test for excess errors)
ERROR: gcc.target/powerpc/dfp-dd.c: error executing dg-final: couldn't open "dfp-dd.s": no such file or directory
UNRESOLVED: gcc.target/powerpc/dfp-dd.c: error executing dg-final: couldn't open "dfp-dd.s": no such file or directory
FAIL: gcc.target/powerpc/dfp-td.c (test for excess errors)
ERROR: gcc.target/powerpc/dfp-td.c: error executing dg-final: couldn't open "dfp-td.s": no such file or directory
UNRESOLVED: gcc.target/powerpc/dfp-td.c: error executing dg-final: couldn't open "dfp-td.s": no such file or directory
FAIL: gcc.target/powerpc/ppu-intrinsics.c (test for excess errors)

		=== gcc Summary ===

# of expected passes		47453
# of unexpected failures	94
# of expected failures		135
# of unresolved testcases	35
# of unsupported tests		594
/tmp/edmar/build_cde/job_30/obj_gcc/gcc/xgcc  version 4.4.0 20080825 (experimental) (GCC) 

Host   is x86_64-unknown-linux-gnu

		=== gfortran tests ===


Running target reg_e300c3_ssh
FAIL: gfortran.dg/fmt_l.f90  -Os  output pattern test, is At line 14 of file /tmp/edmar/build_cde/job_30/gcc/gcc/testsuite/gfortran.dg/fmt_l.f90

		=== gfortran Summary ===

# of expected passes		26805
# of unexpected failures	1
# of expected failures		38
# of unsupported tests		111
/tmp/edmar/build_cde/job_30/obj_gcc/gcc/testsuite/gfortran/../../gfortran  version 4.4.0 20080825 (experimental) (GCC) 


Compiler version: 4.4.0 20080825 (experimental) (GCC) 
Platform: powerpc-unknown-linux-gnu
configure flags: --target=powerpc-unknown-linux-gnu --prefix=/_TOOLS_/dist/gnu_toolchain/regression-gcc-trunk-e300c3/i686-pc-linux2.4 --with-sysroot=/_TOOLS_/dist/gnu_toolchain/regression-gcc-trunk-e300c3/i686-pc-linux2.4/sysroot --disable-libssp --disable-libmudflap --enable-languages=c,c++ --with-gmp=/_TOOLS_/dist/gnu_toolchain/build_support-x86_64-unknown-linux-gnu/install_gmp-4.1.4 --with-mpfr=/_TOOLS_/dist/gnu_toolchain/build_support-x86_64-unknown-linux-gnu/install_mpfr-2.3.0 --with-cpu=e300c3 --disable-decimal-float --enable-languages=c,c++,fortran


Index Nav: [Date Index] [Subject Index] [Author Index] [Thread Index]
Message Nav: [Date Prev] [Date Next] [Thread Prev] [Thread Next]