This is the mail archive of the gcc-testresults@gcc.gnu.org mailing list for the GCC project.


Index Nav: [Date Index] [Subject Index] [Author Index] [Thread Index]
Message Nav: [Date Prev] [Date Next] [Thread Prev] [Thread Next]
Other format: [Raw text]

Results for 4.4.0 20080725 (experimental) (lto merged with rev 138073) testsuite on x86_64-unknown-linux-gnu


LAST_UPDATED: 
Native configuration is x86_64-unknown-linux-gnu

		=== g++ tests ===


Running target unix
FAIL: g++.dg/other/PR23205.C scan-assembler .stabs.*foobar:c=i
FAIL: g++.dg/torture/pr31863.C  -O2 -flto  (test for excess errors)
FAIL: g++.dg/torture/pr33572.C  -O2 -flto  (internal compiler error)
FAIL: g++.dg/torture/pr33572.C  -O2 -flto  (test for excess errors)
WARNING: g++.dg/torture/pr33572.C  -O2 -flto  compilation failed to produce executable
FAIL: g++.dg/torture/pr33735.C  -O2 -flto  (test for excess errors)
FAIL: g++.dg/torture/pr34241.C  -O2 -flto  (internal compiler error)
FAIL: g++.dg/torture/pr34241.C  -O2 -flto  (test for excess errors)
FAIL: g++.dg/torture/pr34641.C  -O2 -flto  (internal compiler error)
FAIL: g++.dg/torture/pr34641.C  -O2 -flto  (test for excess errors)
FAIL: g++.dg/torture/pr36745.C  -O2 -flto  (internal compiler error)
FAIL: g++.dg/torture/pr36745.C  -O2 -flto  (test for excess errors)

		=== g++ Summary ===

# of expected passes		17854
# of unexpected failures	11
# of expected failures		82
# of unsupported tests		124
/usr/local/google/dnovillo/perf/sbox/lto/local.x86_64/bld/gcc/testsuite/g++/../../g++  version 4.4.0 20080725 (experimental) (lto merged with rev 138073) 

		=== gcc tests ===


Running target unix
FAIL: gcc.c-torture/compile/20021204-1.c  -O2 -flto  (internal compiler error)
FAIL: gcc.c-torture/compile/20021204-1.c  -O2 -flto  (test for excess errors)
FAIL: gcc.c-torture/compile/init-1.c  -O2 -flto  (internal compiler error)
FAIL: gcc.c-torture/compile/init-1.c  -O2 -flto  (test for excess errors)
FAIL: gcc.c-torture/compile/limits-fndefn.c  -O2 -flto  (internal compiler error)
FAIL: gcc.c-torture/compile/limits-fndefn.c  -O2 -flto  (test for excess errors)
FAIL: gcc.c-torture/compile/limits-structnest.c  -O2 -flto  (test for excess errors)
FAIL: gcc.c-torture/execute/builtins/fprintf.c compilation,  -O2 -flto  (internal compiler error)
UNRESOLVED: gcc.c-torture/execute/builtins/fprintf.c execution,  -O2 -flto 
FAIL: gcc.c-torture/execute/builtins/memcpy-chk.c compilation,  -O2 -flto  (internal compiler error)
UNRESOLVED: gcc.c-torture/execute/builtins/memcpy-chk.c execution,  -O2 -flto 
FAIL: gcc.c-torture/execute/builtins/memmove-chk.c compilation,  -O2 -flto  (internal compiler error)
UNRESOLVED: gcc.c-torture/execute/builtins/memmove-chk.c execution,  -O2 -flto 
FAIL: gcc.c-torture/execute/builtins/memops-asm.c execution,  -O2 -flto 
FAIL: gcc.c-torture/execute/builtins/mempcpy-chk.c compilation,  -O2 -flto  (internal compiler error)
UNRESOLVED: gcc.c-torture/execute/builtins/mempcpy-chk.c execution,  -O2 -flto 
FAIL: gcc.c-torture/execute/builtins/memset-chk.c compilation,  -O2 -flto  (internal compiler error)
UNRESOLVED: gcc.c-torture/execute/builtins/memset-chk.c execution,  -O2 -flto 
FAIL: gcc.c-torture/execute/builtins/pr23484-chk.c compilation,  -O2 -flto  (internal compiler error)
UNRESOLVED: gcc.c-torture/execute/builtins/pr23484-chk.c execution,  -O2 -flto 
FAIL: gcc.c-torture/execute/builtins/printf.c compilation,  -O2 -flto  (internal compiler error)
UNRESOLVED: gcc.c-torture/execute/builtins/printf.c execution,  -O2 -flto 
FAIL: gcc.c-torture/execute/builtins/snprintf-chk.c compilation,  -O2 -flto  (internal compiler error)
UNRESOLVED: gcc.c-torture/execute/builtins/snprintf-chk.c execution,  -O2 -flto 
FAIL: gcc.c-torture/execute/builtins/sprintf-chk.c compilation,  -O2 -flto  (internal compiler error)
UNRESOLVED: gcc.c-torture/execute/builtins/sprintf-chk.c execution,  -O2 -flto 
FAIL: gcc.c-torture/execute/builtins/sprintf.c compilation,  -O2 -flto  (internal compiler error)
UNRESOLVED: gcc.c-torture/execute/builtins/sprintf.c execution,  -O2 -flto 
FAIL: gcc.c-torture/execute/builtins/stpcpy-chk.c compilation,  -O2 -flto  (internal compiler error)
UNRESOLVED: gcc.c-torture/execute/builtins/stpcpy-chk.c execution,  -O2 -flto 
FAIL: gcc.c-torture/execute/builtins/strcat-chk.c compilation,  -O2 -flto  (internal compiler error)
UNRESOLVED: gcc.c-torture/execute/builtins/strcat-chk.c execution,  -O2 -flto 
FAIL: gcc.c-torture/execute/builtins/strcpy-chk.c compilation,  -O2 -flto  (internal compiler error)
UNRESOLVED: gcc.c-torture/execute/builtins/strcpy-chk.c execution,  -O2 -flto 
FAIL: gcc.c-torture/execute/builtins/strlen-3.c compilation,  -O2 -flto 
UNRESOLVED: gcc.c-torture/execute/builtins/strlen-3.c execution,  -O2 -flto 
FAIL: gcc.c-torture/execute/builtins/strncat-chk.c compilation,  -O2 -flto  (internal compiler error)
UNRESOLVED: gcc.c-torture/execute/builtins/strncat-chk.c execution,  -O2 -flto 
FAIL: gcc.c-torture/execute/builtins/strncpy-chk.c compilation,  -O2 -flto  (internal compiler error)
UNRESOLVED: gcc.c-torture/execute/builtins/strncpy-chk.c execution,  -O2 -flto 
FAIL: gcc.c-torture/execute/builtins/vsnprintf-chk.c compilation,  -O2 -flto  (internal compiler error)
UNRESOLVED: gcc.c-torture/execute/builtins/vsnprintf-chk.c execution,  -O2 -flto 
FAIL: gcc.c-torture/execute/builtins/vsprintf-chk.c compilation,  -O2 -flto  (internal compiler error)
UNRESOLVED: gcc.c-torture/execute/builtins/vsprintf-chk.c execution,  -O2 -flto 
FAIL: gcc.c-torture/execute/20000519-1.c compilation,  -O2 -flto  (internal compiler error)
UNRESOLVED: gcc.c-torture/execute/20000519-1.c execution,  -O2 -flto 
FAIL: gcc.c-torture/execute/20000822-1.c compilation,  -O2 -flto  (internal compiler error)
UNRESOLVED: gcc.c-torture/execute/20000822-1.c execution,  -O2 -flto 
FAIL: gcc.c-torture/execute/20020412-1.c compilation,  -O2 -flto  (internal compiler error)
UNRESOLVED: gcc.c-torture/execute/20020412-1.c execution,  -O2 -flto 
FAIL: gcc.c-torture/execute/20020619-1.c execution,  -O2 -flto 
FAIL: gcc.c-torture/execute/20040308-1.c compilation,  -O2 -flto  (internal compiler error)
UNRESOLVED: gcc.c-torture/execute/20040308-1.c execution,  -O2 -flto 
FAIL: gcc.c-torture/execute/20041113-1.c compilation,  -O2 -flto  (internal compiler error)
UNRESOLVED: gcc.c-torture/execute/20041113-1.c execution,  -O2 -flto 
FAIL: gcc.c-torture/execute/20041214-1.c compilation,  -O2 -flto  (internal compiler error)
UNRESOLVED: gcc.c-torture/execute/20041214-1.c execution,  -O2 -flto 
FAIL: gcc.c-torture/execute/20050929-1.c compilation,  -O2 -flto  (internal compiler error)
UNRESOLVED: gcc.c-torture/execute/20050929-1.c execution,  -O2 -flto 
FAIL: gcc.c-torture/execute/20061220-1.c compilation,  -O2 -flto  (internal compiler error)
UNRESOLVED: gcc.c-torture/execute/20061220-1.c execution,  -O2 -flto 
FAIL: gcc.c-torture/execute/20071213-1.c compilation,  -O2 -flto  (internal compiler error)
UNRESOLVED: gcc.c-torture/execute/20071213-1.c execution,  -O2 -flto 
FAIL: gcc.c-torture/execute/920428-2.c compilation,  -O2 -flto  (internal compiler error)
UNRESOLVED: gcc.c-torture/execute/920428-2.c execution,  -O2 -flto 
FAIL: gcc.c-torture/execute/920501-7.c compilation,  -O2 -flto  (internal compiler error)
UNRESOLVED: gcc.c-torture/execute/920501-7.c execution,  -O2 -flto 
FAIL: gcc.c-torture/execute/920501-8.c compilation,  -O2 -flto  (internal compiler error)
UNRESOLVED: gcc.c-torture/execute/920501-8.c execution,  -O2 -flto 
FAIL: gcc.c-torture/execute/920625-1.c compilation,  -O2 -flto  (internal compiler error)
UNRESOLVED: gcc.c-torture/execute/920625-1.c execution,  -O2 -flto 
FAIL: gcc.c-torture/execute/920721-4.c compilation,  -O2 -flto 
UNRESOLVED: gcc.c-torture/execute/920721-4.c execution,  -O2 -flto 
FAIL: gcc.c-torture/execute/920726-1.c compilation,  -O2 -flto  (internal compiler error)
UNRESOLVED: gcc.c-torture/execute/920726-1.c execution,  -O2 -flto 
FAIL: gcc.c-torture/execute/920908-1.c compilation,  -O2 -flto  (internal compiler error)
UNRESOLVED: gcc.c-torture/execute/920908-1.c execution,  -O2 -flto 
FAIL: gcc.c-torture/execute/921215-1.c compilation,  -O2 -flto  (internal compiler error)
UNRESOLVED: gcc.c-torture/execute/921215-1.c execution,  -O2 -flto 
FAIL: gcc.c-torture/execute/930930-2.c execution,  -O2 -flto 
FAIL: gcc.c-torture/execute/931004-10.c compilation,  -O2 -flto  (internal compiler error)
UNRESOLVED: gcc.c-torture/execute/931004-10.c execution,  -O2 -flto 
FAIL: gcc.c-torture/execute/931004-12.c compilation,  -O2 -flto  (internal compiler error)
UNRESOLVED: gcc.c-torture/execute/931004-12.c execution,  -O2 -flto 
FAIL: gcc.c-torture/execute/931004-14.c compilation,  -O2 -flto  (internal compiler error)
UNRESOLVED: gcc.c-torture/execute/931004-14.c execution,  -O2 -flto 
FAIL: gcc.c-torture/execute/931004-2.c compilation,  -O2 -flto  (internal compiler error)
UNRESOLVED: gcc.c-torture/execute/931004-2.c execution,  -O2 -flto 
FAIL: gcc.c-torture/execute/931004-4.c compilation,  -O2 -flto  (internal compiler error)
UNRESOLVED: gcc.c-torture/execute/931004-4.c execution,  -O2 -flto 
FAIL: gcc.c-torture/execute/931004-6.c compilation,  -O2 -flto  (internal compiler error)
UNRESOLVED: gcc.c-torture/execute/931004-6.c execution,  -O2 -flto 
FAIL: gcc.c-torture/execute/931004-8.c compilation,  -O2 -flto  (internal compiler error)
UNRESOLVED: gcc.c-torture/execute/931004-8.c execution,  -O2 -flto 
FAIL: gcc.c-torture/execute/980205.c compilation,  -O2 -flto  (internal compiler error)
UNRESOLVED: gcc.c-torture/execute/980205.c execution,  -O2 -flto 
FAIL: gcc.c-torture/execute/980608-1.c compilation,  -O2 -flto  (internal compiler error)
UNRESOLVED: gcc.c-torture/execute/980608-1.c execution,  -O2 -flto 
FAIL: gcc.c-torture/execute/980716-1.c compilation,  -O2 -flto  (internal compiler error)
UNRESOLVED: gcc.c-torture/execute/980716-1.c execution,  -O2 -flto 
FAIL: gcc.c-torture/execute/991216-2.c compilation,  -O2 -flto  (internal compiler error)
UNRESOLVED: gcc.c-torture/execute/991216-2.c execution,  -O2 -flto 
FAIL: gcc.c-torture/execute/cbrt.c execution,  -O2 -flto 
FAIL: gcc.c-torture/execute/comp-goto-2.c compilation,  -O2 -flto  (internal compiler error)
UNRESOLVED: gcc.c-torture/execute/comp-goto-2.c execution,  -O2 -flto 
FAIL: gcc.c-torture/execute/fprintf-chk-1.c compilation,  -O2 -flto  (internal compiler error)
UNRESOLVED: gcc.c-torture/execute/fprintf-chk-1.c execution,  -O2 -flto 
FAIL: gcc.c-torture/execute/multi-ix.c compilation,  -O2 -flto  (internal compiler error)
UNRESOLVED: gcc.c-torture/execute/multi-ix.c execution,  -O2 -flto 
FAIL: gcc.c-torture/execute/nest-stdar-1.c compilation,  -O2 -flto  (internal compiler error)
UNRESOLVED: gcc.c-torture/execute/nest-stdar-1.c execution,  -O2 -flto 
FAIL: gcc.c-torture/execute/nestfunc-3.c compilation,  -O2 -flto  (internal compiler error)
UNRESOLVED: gcc.c-torture/execute/nestfunc-3.c execution,  -O2 -flto 
FAIL: gcc.c-torture/execute/nestfunc-5.c compilation,  -O2 -flto  (internal compiler error)
UNRESOLVED: gcc.c-torture/execute/nestfunc-5.c execution,  -O2 -flto 
FAIL: gcc.c-torture/execute/nestfunc-6.c compilation,  -O2 -flto  (internal compiler error)
UNRESOLVED: gcc.c-torture/execute/nestfunc-6.c execution,  -O2 -flto 
FAIL: gcc.c-torture/execute/nestfunc-7.c compilation,  -O2 -flto  (internal compiler error)
UNRESOLVED: gcc.c-torture/execute/nestfunc-7.c execution,  -O2 -flto 
FAIL: gcc.c-torture/execute/pr17252.c execution,  -O2 -flto 
FAIL: gcc.c-torture/execute/pr24135.c compilation,  -O2 -flto  (internal compiler error)
UNRESOLVED: gcc.c-torture/execute/pr24135.c execution,  -O2 -flto 
FAIL: gcc.c-torture/execute/printf-chk-1.c compilation,  -O2 -flto  (internal compiler error)
UNRESOLVED: gcc.c-torture/execute/printf-chk-1.c execution,  -O2 -flto 
FAIL: gcc.c-torture/execute/stdarg-1.c compilation,  -O2 -flto  (internal compiler error)
UNRESOLVED: gcc.c-torture/execute/stdarg-1.c execution,  -O2 -flto 
FAIL: gcc.c-torture/execute/stdarg-2.c compilation,  -O2 -flto  (internal compiler error)
UNRESOLVED: gcc.c-torture/execute/stdarg-2.c execution,  -O2 -flto 
FAIL: gcc.c-torture/execute/stdarg-3.c compilation,  -O2 -flto  (internal compiler error)
UNRESOLVED: gcc.c-torture/execute/stdarg-3.c execution,  -O2 -flto 
FAIL: gcc.c-torture/execute/stdarg-4.c compilation,  -O2 -flto  (internal compiler error)
UNRESOLVED: gcc.c-torture/execute/stdarg-4.c execution,  -O2 -flto 
FAIL: gcc.c-torture/execute/strct-stdarg-1.c compilation,  -O2 -flto  (internal compiler error)
UNRESOLVED: gcc.c-torture/execute/strct-stdarg-1.c execution,  -O2 -flto 
FAIL: gcc.c-torture/execute/strct-varg-1.c compilation,  -O2 -flto  (internal compiler error)
UNRESOLVED: gcc.c-torture/execute/strct-varg-1.c execution,  -O2 -flto 
FAIL: gcc.c-torture/execute/va-arg-1.c compilation,  -O2 -flto  (internal compiler error)
UNRESOLVED: gcc.c-torture/execute/va-arg-1.c execution,  -O2 -flto 
FAIL: gcc.c-torture/execute/va-arg-10.c compilation,  -O2 -flto  (internal compiler error)
UNRESOLVED: gcc.c-torture/execute/va-arg-10.c execution,  -O2 -flto 
FAIL: gcc.c-torture/execute/va-arg-11.c compilation,  -O2 -flto  (internal compiler error)
UNRESOLVED: gcc.c-torture/execute/va-arg-11.c execution,  -O2 -flto 
FAIL: gcc.c-torture/execute/va-arg-12.c compilation,  -O2 -flto  (internal compiler error)
UNRESOLVED: gcc.c-torture/execute/va-arg-12.c execution,  -O2 -flto 
FAIL: gcc.c-torture/execute/va-arg-13.c compilation,  -O2 -flto  (internal compiler error)
UNRESOLVED: gcc.c-torture/execute/va-arg-13.c execution,  -O2 -flto 
FAIL: gcc.c-torture/execute/va-arg-14.c compilation,  -O2 -flto  (internal compiler error)
UNRESOLVED: gcc.c-torture/execute/va-arg-14.c execution,  -O2 -flto 
FAIL: gcc.c-torture/execute/va-arg-15.c compilation,  -O2 -flto  (internal compiler error)
UNRESOLVED: gcc.c-torture/execute/va-arg-15.c execution,  -O2 -flto 
FAIL: gcc.c-torture/execute/va-arg-16.c compilation,  -O2 -flto  (internal compiler error)
UNRESOLVED: gcc.c-torture/execute/va-arg-16.c execution,  -O2 -flto 
FAIL: gcc.c-torture/execute/va-arg-17.c compilation,  -O2 -flto  (internal compiler error)
UNRESOLVED: gcc.c-torture/execute/va-arg-17.c execution,  -O2 -flto 
FAIL: gcc.c-torture/execute/va-arg-18.c compilation,  -O2 -flto  (internal compiler error)
UNRESOLVED: gcc.c-torture/execute/va-arg-18.c execution,  -O2 -flto 
FAIL: gcc.c-torture/execute/va-arg-19.c compilation,  -O2 -flto  (internal compiler error)
UNRESOLVED: gcc.c-torture/execute/va-arg-19.c execution,  -O2 -flto 
FAIL: gcc.c-torture/execute/va-arg-2.c compilation,  -O2 -flto  (internal compiler error)
UNRESOLVED: gcc.c-torture/execute/va-arg-2.c execution,  -O2 -flto 
FAIL: gcc.c-torture/execute/va-arg-20.c compilation,  -O2 -flto  (internal compiler error)
UNRESOLVED: gcc.c-torture/execute/va-arg-20.c execution,  -O2 -flto 
FAIL: gcc.c-torture/execute/va-arg-21.c compilation,  -O2 -flto  (internal compiler error)
UNRESOLVED: gcc.c-torture/execute/va-arg-21.c execution,  -O2 -flto 
FAIL: gcc.c-torture/execute/va-arg-22.c compilation,  -O2 -flto  (internal compiler error)
UNRESOLVED: gcc.c-torture/execute/va-arg-22.c execution,  -O2 -flto 
FAIL: gcc.c-torture/execute/va-arg-23.c compilation,  -O2 -flto  (internal compiler error)
UNRESOLVED: gcc.c-torture/execute/va-arg-23.c execution,  -O2 -flto 
FAIL: gcc.c-torture/execute/va-arg-24.c compilation,  -O2 -flto  (internal compiler error)
UNRESOLVED: gcc.c-torture/execute/va-arg-24.c execution,  -O2 -flto 
FAIL: gcc.c-torture/execute/va-arg-25.c compilation,  -O2 -flto  (internal compiler error)
UNRESOLVED: gcc.c-torture/execute/va-arg-25.c execution,  -O2 -flto 
FAIL: gcc.c-torture/execute/va-arg-26.c compilation,  -O2 -flto  (internal compiler error)
UNRESOLVED: gcc.c-torture/execute/va-arg-26.c execution,  -O2 -flto 
FAIL: gcc.c-torture/execute/va-arg-4.c compilation,  -O2 -flto  (internal compiler error)
UNRESOLVED: gcc.c-torture/execute/va-arg-4.c execution,  -O2 -flto 
FAIL: gcc.c-torture/execute/va-arg-5.c compilation,  -O2 -flto  (internal compiler error)
UNRESOLVED: gcc.c-torture/execute/va-arg-5.c execution,  -O2 -flto 
FAIL: gcc.c-torture/execute/va-arg-6.c compilation,  -O2 -flto  (internal compiler error)
UNRESOLVED: gcc.c-torture/execute/va-arg-6.c execution,  -O2 -flto 
FAIL: gcc.c-torture/execute/va-arg-7.c compilation,  -O2 -flto  (internal compiler error)
UNRESOLVED: gcc.c-torture/execute/va-arg-7.c execution,  -O2 -flto 
FAIL: gcc.c-torture/execute/va-arg-8.c compilation,  -O2 -flto  (internal compiler error)
UNRESOLVED: gcc.c-torture/execute/va-arg-8.c execution,  -O2 -flto 
FAIL: gcc.c-torture/execute/va-arg-9.c compilation,  -O2 -flto  (internal compiler error)
UNRESOLVED: gcc.c-torture/execute/va-arg-9.c execution,  -O2 -flto 
FAIL: gcc.c-torture/execute/va-arg-pack-1.c compilation,  -O2 -flto  (internal compiler error)
UNRESOLVED: gcc.c-torture/execute/va-arg-pack-1.c execution,  -O2 -flto 
FAIL: gcc.c-torture/execute/vfprintf-1.c compilation,  -O2 -flto  (internal compiler error)
UNRESOLVED: gcc.c-torture/execute/vfprintf-1.c execution,  -O2 -flto 
FAIL: gcc.c-torture/execute/vfprintf-chk-1.c compilation,  -O2 -flto  (internal compiler error)
UNRESOLVED: gcc.c-torture/execute/vfprintf-chk-1.c execution,  -O2 -flto 
FAIL: gcc.c-torture/execute/vprintf-1.c compilation,  -O2 -flto  (internal compiler error)
UNRESOLVED: gcc.c-torture/execute/vprintf-1.c execution,  -O2 -flto 
FAIL: gcc.c-torture/execute/vprintf-chk-1.c compilation,  -O2 -flto  (internal compiler error)
UNRESOLVED: gcc.c-torture/execute/vprintf-chk-1.c execution,  -O2 -flto 
FAIL: gcc.c-torture/execute/ieee/20000320-1.c execution,  -O2 -flto 
FAIL: gcc.c-torture/execute/ieee/mul-subnormal-single-1.c execution,  -O2 -flto 
FAIL: gcc.c-torture/execute/ieee/pr30704.c execution,  -O2 -flto 
FAIL: gcc.dg/20040206-1.c  (test for warnings, line 10)
FAIL: gcc.dg/20040206-1.c (test for excess errors)
FAIL: gcc.dg/pch/save-temps-1.c  -O2 -flto  assembly comparison
FAIL: gcc.dg/pch/valid-1.c  -O2 -flto  -I. (test for excess errors)
FAIL: ./valid-1b.h  -O2 -flto  (test for excess errors)
FAIL: gcc.dg/pch/valid-1b.c  -O2 -flto  assembly comparison
FAIL: gcc.dg/torture/complex-alias-1.c  -O2 -flto  (test for excess errors)
FAIL: gcc.dg/tree-prof/pr34999.c compilation,  -fprofile-use -D_PROFILE_USE
UNRESOLVED: gcc.dg/tree-prof/pr34999.c execution,    -fprofile-use -D_PROFILE_USE
XPASS: gcc.dg/tree-ssa/ltrans-3.c scan-tree-dump-times ltrans "transformed loop" 1
FAIL: gcc.dg/vect/vect-67.c scan-tree-dump-times vect "vectorized 1 loops" 1
FAIL: gcc.dg/vect/no-scevccp-outer-13.c scan-tree-dump-times vect "OUTER LOOP VECTORIZED." 1
FAIL: gcc.dg/vect/no-scevccp-outer-7.c scan-tree-dump-times vect "OUTER LOOP VECTORIZED." 1
FAIL: gcc.misc-tests/linkage.c link
FAIL: gcc.target/x86_64/abi/test_3_element_struct_and_unions.c compilation,  -O2 -flto 
UNRESOLVED: gcc.target/x86_64/abi/test_3_element_struct_and_unions.c execution,  -O2 -flto 
FAIL: gcc.target/x86_64/abi/test_basic_alignment.c compilation,  -O2 -flto 
UNRESOLVED: gcc.target/x86_64/abi/test_basic_alignment.c execution,  -O2 -flto 
FAIL: gcc.target/x86_64/abi/test_basic_array_size_and_align.c compilation,  -O2 -flto 
UNRESOLVED: gcc.target/x86_64/abi/test_basic_array_size_and_align.c execution,  -O2 -flto 
FAIL: gcc.target/x86_64/abi/test_basic_returning.c compilation,  -O2 -flto 
UNRESOLVED: gcc.target/x86_64/abi/test_basic_returning.c execution,  -O2 -flto 
FAIL: gcc.target/x86_64/abi/test_basic_sizes.c compilation,  -O2 -flto 
UNRESOLVED: gcc.target/x86_64/abi/test_basic_sizes.c execution,  -O2 -flto 
FAIL: gcc.target/x86_64/abi/test_basic_struct_size_and_align.c compilation,  -O2 -flto 
UNRESOLVED: gcc.target/x86_64/abi/test_basic_struct_size_and_align.c execution,  -O2 -flto 
FAIL: gcc.target/x86_64/abi/test_basic_union_size_and_align.c compilation,  -O2 -flto 
UNRESOLVED: gcc.target/x86_64/abi/test_basic_union_size_and_align.c execution,  -O2 -flto 
FAIL: gcc.target/x86_64/abi/test_bitfields.c compilation,  -O2 -flto 
UNRESOLVED: gcc.target/x86_64/abi/test_bitfields.c execution,  -O2 -flto 
FAIL: gcc.target/x86_64/abi/test_complex_returning.c compilation,  -O2 -flto 
UNRESOLVED: gcc.target/x86_64/abi/test_complex_returning.c execution,  -O2 -flto 
FAIL: gcc.target/x86_64/abi/test_passing_floats.c compilation,  -O2 -flto 
UNRESOLVED: gcc.target/x86_64/abi/test_passing_floats.c execution,  -O2 -flto 
FAIL: gcc.target/x86_64/abi/test_passing_integers.c compilation,  -O2 -flto 
UNRESOLVED: gcc.target/x86_64/abi/test_passing_integers.c execution,  -O2 -flto 
FAIL: gcc.target/x86_64/abi/test_passing_structs.c compilation,  -O2 -flto 
UNRESOLVED: gcc.target/x86_64/abi/test_passing_structs.c execution,  -O2 -flto 
FAIL: gcc.target/x86_64/abi/test_passing_structs_and_unions.c compilation,  -O2 -flto 
UNRESOLVED: gcc.target/x86_64/abi/test_passing_structs_and_unions.c execution,  -O2 -flto 
FAIL: gcc.target/x86_64/abi/test_passing_unions.c compilation,  -O2 -flto 
UNRESOLVED: gcc.target/x86_64/abi/test_passing_unions.c execution,  -O2 -flto 
FAIL: gcc.target/x86_64/abi/test_struct_returning.c compilation,  -O2 -flto 
UNRESOLVED: gcc.target/x86_64/abi/test_struct_returning.c execution,  -O2 -flto 
FAIL: gcc.target/x86_64/abi/test_varargs.c compilation,  -O2 -flto  (internal compiler error)
UNRESOLVED: gcc.target/x86_64/abi/test_varargs.c execution,  -O2 -flto 

		=== gcc Summary ===

# of expected passes		50309
# of unexpected failures	135
# of unexpected successes	1
# of expected failures		188
# of unresolved testcases	109
# of unsupported tests		533
/usr/local/google/dnovillo/perf/sbox/lto/local.x86_64/bld/gcc/xgcc  version 4.4.0 20080725 (experimental) (lto merged with rev 138073) 

		=== libgomp tests ===


Running target unix
FAIL: libgomp.c++/atomic-1.C  -O2 -flto  (test for excess errors)
FAIL: libgomp.c++/collapse-1.C  -O2 -flto  (test for excess errors)
FAIL: libgomp.c++/collapse-2.C  -O2 -flto  (internal compiler error)
FAIL: libgomp.c++/collapse-2.C  -O2 -flto  (test for excess errors)
WARNING: libgomp.c++/collapse-2.C  -O2 -flto  compilation failed to produce executable
FAIL: libgomp.c++/copyin-1.C  -O2 -flto  (test for excess errors)
FAIL: libgomp.c++/copyin-2.C  -O2 -flto  (test for excess errors)
FAIL: libgomp.c++/ctor-1.C  -O2 -flto  (test for excess errors)
WARNING: libgomp.c++/ctor-1.C  -O2 -flto  compilation failed to produce executable
FAIL: libgomp.c++/ctor-10.C  -O2 -flto  (test for excess errors)
WARNING: libgomp.c++/ctor-10.C  -O2 -flto  compilation failed to produce executable
FAIL: libgomp.c++/ctor-11.C  -O2 -flto  (test for excess errors)
WARNING: libgomp.c++/ctor-11.C  -O2 -flto  compilation failed to produce executable
FAIL: libgomp.c++/ctor-12.C  -O2 -flto  (internal compiler error)
FAIL: libgomp.c++/ctor-12.C  -O2 -flto  (test for excess errors)
WARNING: libgomp.c++/ctor-12.C  -O2 -flto  compilation failed to produce executable
FAIL: libgomp.c++/ctor-2.C  -O2 -flto  (test for excess errors)
WARNING: libgomp.c++/ctor-2.C  -O2 -flto  compilation failed to produce executable
FAIL: libgomp.c++/ctor-3.C  -O2 -flto  (test for excess errors)
WARNING: libgomp.c++/ctor-3.C  -O2 -flto  compilation failed to produce executable
FAIL: libgomp.c++/ctor-4.C  -O2 -flto  (test for excess errors)
WARNING: libgomp.c++/ctor-4.C  -O2 -flto  compilation failed to produce executable
FAIL: libgomp.c++/ctor-5.C  -O2 -flto  (test for excess errors)
WARNING: libgomp.c++/ctor-5.C  -O2 -flto  compilation failed to produce executable
FAIL: libgomp.c++/ctor-6.C  -O2 -flto  (test for excess errors)
WARNING: libgomp.c++/ctor-6.C  -O2 -flto  compilation failed to produce executable
FAIL: libgomp.c++/ctor-7.C  -O2 -flto  (test for excess errors)
WARNING: libgomp.c++/ctor-7.C  -O2 -flto  compilation failed to produce executable
FAIL: libgomp.c++/ctor-8.C  -O2 -flto  (test for excess errors)
WARNING: libgomp.c++/ctor-8.C  -O2 -flto  compilation failed to produce executable
FAIL: libgomp.c++/ctor-9.C  -O2 -flto  (test for excess errors)
WARNING: libgomp.c++/ctor-9.C  -O2 -flto  compilation failed to produce executable
FAIL: libgomp.c++/for-1.C  -O2 -flto  (internal compiler error)
FAIL: libgomp.c++/for-1.C  -O2 -flto  (test for excess errors)
WARNING: libgomp.c++/for-1.C  -O2 -flto  compilation failed to produce executable
FAIL: libgomp.c++/for-2.C  -O2 -flto  (test for excess errors)
FAIL: libgomp.c++/for-3.C  -O2 -flto  (internal compiler error)
FAIL: libgomp.c++/for-3.C  -O2 -flto  (test for excess errors)
WARNING: libgomp.c++/for-3.C  -O2 -flto  compilation failed to produce executable
FAIL: libgomp.c++/for-4.C  -O2 -flto  (test for excess errors)
WARNING: libgomp.c++/for-4.C  -O2 -flto  compilation failed to produce executable
FAIL: libgomp.c++/for-5.C  -O2 -flto  (internal compiler error)
FAIL: libgomp.c++/for-5.C  -O2 -flto  (test for excess errors)
WARNING: libgomp.c++/for-5.C  -O2 -flto  compilation failed to produce executable
FAIL: libgomp.c++/loop-10.C  -O2 -flto  (test for excess errors)
FAIL: libgomp.c++/loop-6.C  -O2 -flto  (test for excess errors)
FAIL: libgomp.c++/loop-7.C  -O2 -flto  (test for excess errors)
FAIL: libgomp.c++/loop-9.C  -O2 -flto  (test for excess errors)
FAIL: libgomp.c++/master-1.C  -O2 -flto  (test for excess errors)
FAIL: libgomp.c++/nested-1.C  -O2 -flto  (test for excess errors)
FAIL: libgomp.c++/pr24455.C  -O2 -flto  (test for excess errors)
FAIL: libgomp.c++/pr26943.C  -O2 -flto  (test for excess errors)
FAIL: libgomp.c++/pr27337.C  -O2 -flto  (test for excess errors)
FAIL: libgomp.c++/pr30703.C  -O2 -flto  (internal compiler error)
FAIL: libgomp.c++/pr30703.C  -O2 -flto  (test for excess errors)
WARNING: libgomp.c++/pr30703.C  -O2 -flto  compilation failed to produce executable
FAIL: libgomp.c++/pr34513.C  -O2 -flto  (test for excess errors)
WARNING: libgomp.c++/pr34513.C  -O2 -flto  compilation failed to produce executable
FAIL: libgomp.c++/pr35185.C  -O2 -flto  (internal compiler error)
FAIL: libgomp.c++/pr35185.C  -O2 -flto  (test for excess errors)
WARNING: libgomp.c++/pr35185.C  -O2 -flto  compilation failed to produce executable
FAIL: libgomp.c++/task-2.C  -O2 -flto  (test for excess errors)
FAIL: libgomp.c++/task-3.C  -O2 -flto  (test for excess errors)
FAIL: libgomp.c++/task-5.C  -O2 -flto  (test for excess errors)
FAIL: libgomp.c++/task-7.C  -O2 -flto  (test for excess errors)

		=== libgomp Summary ===

# of expected passes		832
# of unexpected failures	45
		=== libmudflap tests ===


Running target unix
FAIL: libmudflap.c/fail17-frag.c (-static) (test for excess errors)
WARNING: libmudflap.c/fail17-frag.c (-static) compilation failed to produce executable
FAIL: libmudflap.c/fail23-frag.c (-static) (test for excess errors)
WARNING: libmudflap.c/fail23-frag.c (-static) compilation failed to produce executable
FAIL: libmudflap.c/fail25-frag.c (-static) (test for excess errors)
WARNING: libmudflap.c/fail25-frag.c (-static) compilation failed to produce executable
FAIL: libmudflap.c/fail4-frag.c (-static) (test for excess errors)
WARNING: libmudflap.c/fail4-frag.c (-static) compilation failed to produce executable
FAIL: libmudflap.c/fail5-frag.c (-static) (test for excess errors)
WARNING: libmudflap.c/fail5-frag.c (-static) compilation failed to produce executable
FAIL: libmudflap.c/fail6-frag.c (-static) (test for excess errors)
WARNING: libmudflap.c/fail6-frag.c (-static) compilation failed to produce executable
FAIL: libmudflap.c/fail7-frag.c (-static) (test for excess errors)
WARNING: libmudflap.c/fail7-frag.c (-static) compilation failed to produce executable
FAIL: libmudflap.c/fail8-frag.c (-static) (test for excess errors)
WARNING: libmudflap.c/fail8-frag.c (-static) compilation failed to produce executable
FAIL: libmudflap.c/fail9-frag.c (-static) (test for excess errors)
WARNING: libmudflap.c/fail9-frag.c (-static) compilation failed to produce executable
FAIL: libmudflap.c/heap-scalestress.c (-static) (test for excess errors)
WARNING: libmudflap.c/heap-scalestress.c (-static) compilation failed to produce executable
FAIL: libmudflap.c/hook-allocstuff.c (-static) (test for excess errors)
WARNING: libmudflap.c/hook-allocstuff.c (-static) compilation failed to produce executable
FAIL: libmudflap.c/pass-stratcliff.c (-static) (test for excess errors)
WARNING: libmudflap.c/pass-stratcliff.c (-static) compilation failed to produce executable
FAIL: libmudflap.c/pass30-frag.c (-static) (test for excess errors)
WARNING: libmudflap.c/pass30-frag.c (-static) compilation failed to produce executable
FAIL: libmudflap.c/pass30-frag.c (-static) (test for excess errors)
WARNING: libmudflap.c/pass30-frag.c (-static) compilation failed to produce executable
FAIL: libmudflap.c/pass4-frag.c (-static) (test for excess errors)
WARNING: libmudflap.c/pass4-frag.c (-static) compilation failed to produce executable
FAIL: libmudflap.c/pass4-frag.c (-static) (test for excess errors)
WARNING: libmudflap.c/pass4-frag.c (-static) compilation failed to produce executable
FAIL: libmudflap.c/pass45-frag.c (-static) (test for excess errors)
WARNING: libmudflap.c/pass45-frag.c (-static) compilation failed to produce executable
FAIL: libmudflap.c/pass45-frag.c (-static) (test for excess errors)
WARNING: libmudflap.c/pass45-frag.c (-static) compilation failed to produce executable
FAIL: libmudflap.c/pass46-frag.c (-static) (test for excess errors)
WARNING: libmudflap.c/pass46-frag.c (-static) compilation failed to produce executable
FAIL: libmudflap.c/pass46-frag.c (-static) (test for excess errors)
WARNING: libmudflap.c/pass46-frag.c (-static) compilation failed to produce executable
FAIL: libmudflap.c/pass47-frag.c (-static) (test for excess errors)
WARNING: libmudflap.c/pass47-frag.c (-static) compilation failed to produce executable
FAIL: libmudflap.c/pass47-frag.c (-static) (test for excess errors)
WARNING: libmudflap.c/pass47-frag.c (-static) compilation failed to produce executable
FAIL: libmudflap.c/pass49-frag.c (-static) (test for excess errors)
WARNING: libmudflap.c/pass49-frag.c (-static) compilation failed to produce executable
FAIL: libmudflap.c/pass49-frag.c (-static) (test for excess errors)
WARNING: libmudflap.c/pass49-frag.c (-static) compilation failed to produce executable
FAIL: libmudflap.c/pass5-frag.c (-static) (test for excess errors)
WARNING: libmudflap.c/pass5-frag.c (-static) compilation failed to produce executable
FAIL: libmudflap.c/pass5-frag.c (-static) (test for excess errors)
WARNING: libmudflap.c/pass5-frag.c (-static) compilation failed to produce executable
FAIL: libmudflap.c/pass51-frag.c (-static) (test for excess errors)
WARNING: libmudflap.c/pass51-frag.c (-static) compilation failed to produce executable
FAIL: libmudflap.c/pass51-frag.c (-static) (test for excess errors)
WARNING: libmudflap.c/pass51-frag.c (-static) compilation failed to produce executable
FAIL: libmudflap.c/pass52-frag.c (-static) (test for excess errors)
WARNING: libmudflap.c/pass52-frag.c (-static) compilation failed to produce executable
FAIL: libmudflap.c/pass52-frag.c (-static) (test for excess errors)
WARNING: libmudflap.c/pass52-frag.c (-static) compilation failed to produce executable
FAIL: libmudflap.c/pass6-frag.c (-static) (test for excess errors)
WARNING: libmudflap.c/pass6-frag.c (-static) compilation failed to produce executable
FAIL: libmudflap.c/pass6-frag.c (-static) (test for excess errors)
WARNING: libmudflap.c/pass6-frag.c (-static) compilation failed to produce executable
FAIL: libmudflap.c/pass7-frag.c (-static) (test for excess errors)
WARNING: libmudflap.c/pass7-frag.c (-static) compilation failed to produce executable
FAIL: libmudflap.c/pass7-frag.c (-static) (test for excess errors)
WARNING: libmudflap.c/pass7-frag.c (-static) compilation failed to produce executable
FAIL: libmudflap.c/pass8-frag.c (-static) (test for excess errors)
WARNING: libmudflap.c/pass8-frag.c (-static) compilation failed to produce executable
FAIL: libmudflap.c/pass8-frag.c (-static) (test for excess errors)
WARNING: libmudflap.c/pass8-frag.c (-static) compilation failed to produce executable
FAIL: libmudflap.c/pass9-frag.c (-static) (test for excess errors)
WARNING: libmudflap.c/pass9-frag.c (-static) compilation failed to produce executable
FAIL: libmudflap.c/pass9-frag.c (-static) (test for excess errors)
WARNING: libmudflap.c/pass9-frag.c (-static) compilation failed to produce executable
FAIL: libmudflap.c++/pass28-frag.cxx execution test
FAIL: libmudflap.c++/pass41-frag.cxx execution test
FAIL: libmudflap.c++/pass55-frag.cxx execution test
FAIL: libmudflap.c++/fail24-frag.cxx (-static) (test for excess errors)
WARNING: libmudflap.c++/fail24-frag.cxx (-static) compilation failed to produce executable
FAIL: libmudflap.c++/pass31-frag.cxx (-static) (test for excess errors)
WARNING: libmudflap.c++/pass31-frag.cxx (-static) compilation failed to produce executable
FAIL: libmudflap.c++/pass41-frag.cxx (-static) execution test
FAIL: libmudflap.c++/pass28-frag.cxx ( -O) execution test
FAIL: libmudflap.c++/pass41-frag.cxx ( -O) execution test
FAIL: libmudflap.c++/pass55-frag.cxx ( -O) execution test
FAIL: libmudflap.c++/pass28-frag.cxx (-O2) execution test
FAIL: libmudflap.c++/pass41-frag.cxx (-O2) execution test
FAIL: libmudflap.c++/pass55-frag.cxx (-O2) execution test
FAIL: libmudflap.c++/pass28-frag.cxx (-O3) execution test
FAIL: libmudflap.c++/pass41-frag.cxx (-O3) execution test
FAIL: libmudflap.c++/pass55-frag.cxx (-O3) execution test
FAIL: libmudflap.cth/pass37-frag.c (-static -DSTATIC) (test for excess errors)
FAIL: libmudflap.cth/pass39-frag.c (-static -DSTATIC) (test for excess errors)
FAIL: libmudflap.cth/pass40-frag.c (-static -DSTATIC) (test for excess errors)
FAIL: libmudflap.cth/pass59-frag.c (-static -DSTATIC) (test for excess errors)

		=== libmudflap Summary ===

# of expected passes		1752
# of unexpected failures	57
		=== libstdc++ tests ===


Running target unix
FAIL: abi_check
XPASS: 23_containers/unordered_multimap/init-list.cc (test for excess errors)
XPASS: 26_numerics/headers/cmath/c99_classification_macros_c.cc (test for excess errors)
FAIL: ext/pb_ds/regression/trie_data_map_rand.cc execution test
FAIL: ext/pb_ds/regression/trie_no_data_map_rand.cc execution test

		=== libstdc++ Summary ===

# of expected passes		5319
# of unexpected failures	3
# of unexpected successes	2
# of expected failures		79
# of unsupported tests		326

Compiler version: 4.4.0 20080725 (experimental) (lto merged with rev 138073) 
Platform: x86_64-unknown-linux-gnu
configure flags: --prefix=/home/dnovillo/perf/sbox/lto/local.x86_64/inst --srcdir=/home/dnovillo/perf/sbox/lto/local.x86_64/src --with-gmp=/home/dnovillo/x86_64 --with-mpfr=/home/dnovillo/x86_64 --with-sysroot=/usr/grte/v1 --enable-languages=lto,c++


Index Nav: [Date Index] [Subject Index] [Author Index] [Thread Index]
Message Nav: [Date Prev] [Date Next] [Thread Prev] [Thread Next]