This is the mail archive of the
gcc-testresults@gcc.gnu.org
mailing list for the GCC project.
Results for 4.4.0 20080824 (experimental) [trunk revision 139537] (GCC) testsuite on i386-pc-rtems4.9
- From: "Joel Sherrill <joel dot sherrill at oarcorp dot com>" <joel at localhost dot localdomain>
- To: gcc-testresults at gcc dot gnu dot org
- Date: Mon, 25 Aug 2008 03:59:48 -0500
- Subject: Results for 4.4.0 20080824 (experimental) [trunk revision 139537] (GCC) testsuite on i386-pc-rtems4.9
LAST_UPDATED: Sun Aug 24 18:04:22 UTC 2008 (revision 139537)
Target is i386-pc-rtems4.9
Host is i686-pc-linux-gnu
=== gcc tests ===
Running target rtems-i386-qemu
FAIL: gcc.c-torture/execute/builtins/abs-1.c execution, -O1
FAIL: gcc.c-torture/execute/builtins/memcmp.c execution, -O3 -g
FAIL: gcc.c-torture/execute/builtins/strcspn.c execution, -O0
FAIL: gcc.c-torture/execute/builtins/strpbrk.c execution, -O2
FAIL: gcc.c-torture/execute/builtins/strspn.c execution, -O3 -g
FAIL: gcc.c-torture/execute/20000223-1.c execution, -O3 -g
FAIL: gcc.c-torture/execute/20000227-1.c execution, -O2
FAIL: gcc.c-torture/execute/20000313-1.c execution, -Os
FAIL: gcc.c-torture/execute/20000412-2.c execution, -O0
FAIL: gcc.c-torture/execute/20000706-3.c execution, -Os
FAIL: gcc.c-torture/execute/20000715-2.c execution, -O1
FAIL: gcc.c-torture/execute/20000717-2.c execution, -O0
FAIL: gcc.c-torture/execute/20010209-1.c execution, -O2
FAIL: gcc.c-torture/execute/20010209-1.c execution, -O3 -fomit-frame-pointer
FAIL: gcc.c-torture/execute/20010518-2.c execution, -Os
FAIL: gcc.c-torture/execute/20010605-2.c execution, -O3 -fomit-frame-pointer
FAIL: gcc.c-torture/execute/20010723-1.c execution, -O1
FAIL: gcc.c-torture/execute/20010904-1.c execution, -O0
FAIL: gcc.c-torture/execute/20010904-2.c execution, -O1
FAIL: gcc.c-torture/execute/20010904-2.c execution, -O2
FAIL: gcc.c-torture/execute/20010904-2.c execution, -O3 -fomit-frame-pointer
FAIL: gcc.c-torture/execute/20010910-1.c execution, -O3 -g
FAIL: gcc.c-torture/execute/20011019-1.c execution, -O3 -g
FAIL: gcc.c-torture/execute/20011114-1.c execution, -O1
FAIL: gcc.c-torture/execute/20011115-1.c execution, -O0
FAIL: gcc.c-torture/execute/20011126-2.c execution, -Os
FAIL: gcc.c-torture/execute/20020127-1.c execution, -O0
FAIL: gcc.c-torture/execute/20020127-1.c execution, -O1
FAIL: gcc.c-torture/execute/20020206-2.c execution, -O3 -g
FAIL: gcc.c-torture/execute/20020402-1.c execution, -O1
FAIL: gcc.c-torture/execute/20020411-1.c execution, -O1
FAIL: gcc.c-torture/execute/20020508-3.c execution, -O3 -g
FAIL: gcc.c-torture/execute/20020611-1.c execution, -O0
FAIL: gcc.c-torture/execute/20020614-1.c execution, -O1
FAIL: gcc.c-torture/execute/20020614-1.c execution, -O2
FAIL: gcc.c-torture/execute/20020614-1.c execution, -O3 -fomit-frame-pointer
FAIL: gcc.c-torture/execute/20020619-1.c execution, -O2
FAIL: gcc.c-torture/execute/20020619-1.c execution, -O3 -fomit-frame-pointer
FAIL: gcc.c-torture/execute/20040218-1.c execution, -O1
FAIL: gcc.c-torture/execute/20040409-2.c execution, -O1
FAIL: gcc.c-torture/execute/20041124-1.c execution, -Os
FAIL: gcc.c-torture/execute/20050131-1.c execution, -O3 -g
FAIL: gcc.c-torture/execute/20070824-1.c execution, -Os
FAIL: gcc.c-torture/execute/20071210-1.c execution, -O1
FAIL: gcc.c-torture/execute/20071219-1.c execution, -O0
FAIL: gcc.c-torture/execute/20080122-1.c execution, -Os
FAIL: gcc.c-torture/execute/20080408-1.c execution, -O3 -fomit-frame-pointer
FAIL: gcc.c-torture/execute/20080408-1.c execution, -Os
FAIL: gcc.c-torture/execute/20080424-1.c execution, -O0
FAIL: gcc.c-torture/execute/20080506-2.c execution, -Os
FAIL: gcc.c-torture/execute/20080519-1.c execution, -O0
FAIL: gcc.c-torture/execute/20080604-1.c execution, -O3 -fomit-frame-pointer
FAIL: gcc.c-torture/execute/920202-1.c execution, -O0
FAIL: gcc.c-torture/execute/920501-6.c execution, -O3 -g
FAIL: gcc.c-torture/execute/920501-9.c execution, -Os
FAIL: gcc.c-torture/execute/920604-1.c execution, -O3 -g
FAIL: gcc.c-torture/execute/920908-2.c execution, -O3 -g
FAIL: gcc.c-torture/execute/921218-1.c execution, -O0
FAIL: gcc.c-torture/execute/921218-2.c execution, -O1
FAIL: gcc.c-torture/execute/930621-1.c execution, -O0
FAIL: gcc.c-torture/execute/930916-1.c execution, -O3 -g
FAIL: gcc.c-torture/execute/931004-5.c execution, -O3 -g
FAIL: gcc.c-torture/execute/941025-1.c execution, -O3 -fomit-frame-pointer
FAIL: gcc.c-torture/execute/941101-1.c execution, -O2
FAIL: gcc.c-torture/execute/950706-1.c execution, -O0
FAIL: gcc.c-torture/execute/950915-1.c execution, -Os
FAIL: gcc.c-torture/execute/960215-1.c execution, -O3 -g
FAIL: gcc.c-torture/execute/960218-1.c execution, -Os
FAIL: gcc.c-torture/execute/960416-1.c execution, -Os
FAIL: gcc.c-torture/execute/961026-1.c execution, -O3 -fomit-frame-pointer
FAIL: gcc.c-torture/execute/961122-1.c execution, -O0
FAIL: gcc.c-torture/execute/961122-1.c execution, -O1
FAIL: gcc.c-torture/execute/970214-1.c execution, -O1
FAIL: gcc.c-torture/execute/970214-1.c execution, -O2
FAIL: gcc.c-torture/execute/970214-1.c execution, -O3 -fomit-frame-pointer
FAIL: gcc.c-torture/execute/970217-1.c execution, -O1
FAIL: gcc.c-torture/execute/980505-1.c execution, -O3 -g
FAIL: gcc.c-torture/execute/980602-2.c execution, -O0
FAIL: gcc.c-torture/execute/980612-1.c execution, -O3 -fomit-frame-pointer
FAIL: gcc.c-torture/execute/981001-1.c execution, -O3 -g
FAIL: gcc.c-torture/execute/990827-1.c execution, -O3 -fomit-frame-pointer
FAIL: gcc.c-torture/execute/991023-1.c execution, -O2
FAIL: gcc.c-torture/execute/991202-1.c execution, -O3 -g
FAIL: gcc.c-torture/execute/bf-sign-2.c execution, -O1
FAIL: gcc.c-torture/execute/comp-goto-2.c execution, -Os
FAIL: gcc.c-torture/execute/compare-2.c execution, -O3 -fomit-frame-pointer
FAIL: gcc.c-torture/execute/complex-6.c execution, -Os
FAIL: gcc.c-torture/execute/compndlit-1.c execution, -O0
FAIL: gcc.c-torture/execute/dbra-1.c execution, -O1
FAIL: gcc.c-torture/execute/divcmp-4.c execution, -O3 -fomit-frame-pointer
FAIL: gcc.c-torture/execute/divmod-1.c execution, -O2
FAIL: gcc.c-torture/execute/divmod-1.c execution, -O3 -g
FAIL: gcc.c-torture/execute/ffs-2.c execution, -O3 -g
FAIL: gcc.c-torture/execute/loop-10.c execution, -Os
FAIL: gcc.c-torture/execute/loop-13.c execution, -O3 -fomit-frame-pointer -funroll-loops
FAIL: gcc.c-torture/execute/loop-13.c execution, -O3 -fomit-frame-pointer -funroll-all-loops -finline-functions
FAIL: gcc.c-torture/execute/loop-2c.c execution, -O1
FAIL: gcc.c-torture/execute/loop-2g.c execution, -O3 -g
FAIL: gcc.c-torture/execute/loop-3.c execution, -O1
FAIL: gcc.c-torture/execute/loop-3b.c execution, -O3 -fomit-frame-pointer
FAIL: gcc.c-torture/execute/loop-3b.c compilation, -O3 -fomit-frame-pointer -funroll-loops (internal compiler error)
UNRESOLVED: gcc.c-torture/execute/loop-3b.c execution, -O3 -fomit-frame-pointer -funroll-loops
FAIL: gcc.c-torture/execute/loop-3b.c compilation, -O3 -fomit-frame-pointer -funroll-all-loops -finline-functions (internal compiler error)
UNRESOLVED: gcc.c-torture/execute/loop-3b.c execution, -O3 -fomit-frame-pointer -funroll-all-loops -finline-functions
FAIL: gcc.c-torture/execute/loop-9.c execution, -O0
FAIL: gcc.c-torture/execute/loop-ivopts-1.c execution, -O2
FAIL: gcc.c-torture/execute/loop-ivopts-1.c execution, -Os
FAIL: gcc.c-torture/execute/loop-ivopts-2.c execution, -O1
FAIL: gcc.c-torture/execute/loop-ivopts-2.c execution, -Os
FAIL: gcc.c-torture/execute/lshrdi-1.c execution, -O3 -g
FAIL: gcc.c-torture/execute/lshrdi-1.c execution, -Os
FAIL: gcc.c-torture/execute/mayalias-2.c execution, -O3 -g
FAIL: gcc.c-torture/execute/medce-1.c execution, -O3 -g
FAIL: gcc.c-torture/execute/memcpy-1.c execution, -O3 -fomit-frame-pointer -funroll-loops
FAIL: gcc.c-torture/execute/memcpy-1.c execution, -O3 -fomit-frame-pointer -funroll-all-loops -finline-functions
FAIL: gcc.c-torture/execute/memcpy-1.c execution, -O3 -g
FAIL: gcc.c-torture/execute/memcpy-2.c execution, -O1
FAIL: gcc.c-torture/execute/memcpy-2.c execution, -O3 -g
FAIL: gcc.c-torture/execute/memcpy-bi.c execution, -O1
FAIL: gcc.c-torture/execute/mod-1.c execution, -Os
FAIL: gcc.c-torture/execute/multi-ix.c execution, -O2
FAIL: gcc.c-torture/execute/nest-stdar-1.c execution, -O1
FAIL: gcc.c-torture/execute/nest-stdar-1.c execution, -O2
FAIL: gcc.c-torture/execute/nest-stdar-1.c execution, -O3 -fomit-frame-pointer
FAIL: gcc.c-torture/execute/nestfunc-2.c execution, -O2
FAIL: gcc.c-torture/execute/nestfunc-5.c execution, -O3 -g
FAIL: gcc.c-torture/execute/p18298.c execution, -O0
FAIL: gcc.c-torture/execute/packed-1.c execution, -Os
FAIL: gcc.c-torture/execute/packed-2.c execution, -Os
FAIL: gcc.c-torture/execute/pr22061-3.c execution, -O1
FAIL: gcc.c-torture/execute/pr22429.c execution, -O0
FAIL: gcc.c-torture/execute/pr24141.c execution, -O1
FAIL: gcc.c-torture/execute/pr25125.c execution, -O1
FAIL: gcc.c-torture/execute/pr25737.c execution, -O1
FAIL: gcc.c-torture/execute/pr27073.c execution, -O3 -fomit-frame-pointer
FAIL: gcc.c-torture/execute/pr28289.c execution, -O2
FAIL: gcc.c-torture/execute/pr28289.c execution, -O3 -fomit-frame-pointer
FAIL: gcc.c-torture/execute/pr28982a.c execution, -O0
FAIL: gcc.c-torture/execute/pr28982b.c execution, -O1
FAIL: gcc.c-torture/execute/pr28982b.c execution, -O3 -fomit-frame-pointer
FAIL: gcc.c-torture/execute/pr28982b.c execution, -O3 -fomit-frame-pointer -funroll-loops
FAIL: gcc.c-torture/execute/pr28982b.c execution, -O3 -fomit-frame-pointer -funroll-all-loops -finline-functions
FAIL: gcc.c-torture/execute/pr28982b.c execution, -Os
FAIL: gcc.c-torture/execute/pr31605.c execution, -O2
FAIL: gcc.c-torture/execute/pr32500.c execution, -Os
FAIL: gcc.c-torture/execute/pr33142.c execution, -O2
FAIL: gcc.c-torture/execute/pr33631.c execution, -O3 -fomit-frame-pointer
FAIL: gcc.c-torture/execute/pr34154.c execution, -Os
FAIL: gcc.c-torture/execute/pr34415.c execution, -O1
FAIL: gcc.c-torture/execute/pr34456.c execution, -O3 -g
FAIL: gcc.c-torture/execute/pr34456.c execution, -Os
FAIL: gcc.c-torture/execute/pr34768-2.c execution, -Os
FAIL: gcc.c-torture/execute/pr35231.c execution, -O3 -fomit-frame-pointer
FAIL: gcc.c-torture/execute/pr35472.c execution, -O2
FAIL: gcc.c-torture/execute/pr36077.c execution, -O3 -fomit-frame-pointer
FAIL: gcc.c-torture/execute/pr36077.c execution, -Os
FAIL: gcc.c-torture/execute/pr36093.c execution, -O3 -fomit-frame-pointer -funroll-loops
FAIL: gcc.c-torture/execute/pr36093.c execution, -O3 -fomit-frame-pointer -funroll-all-loops -finline-functions
FAIL: gcc.c-torture/execute/pure-1.c execution, -O0
FAIL: gcc.c-torture/execute/simd-6.c execution, -O0
FAIL: gcc.c-torture/execute/simd-6.c execution, -O3 -g
FAIL: gcc.c-torture/execute/stdarg-1.c execution, -O2
FAIL: gcc.c-torture/execute/stdarg-4.c execution, -O3 -g
FAIL: gcc.c-torture/execute/struct-ret-1.c execution, -O0
FAIL: gcc.c-torture/execute/va-arg-14.c execution, -O3 -g
FAIL: gcc.c-torture/execute/va-arg-15.c execution, -O1
FAIL: gcc.c-torture/execute/va-arg-16.c execution, -O1
FAIL: gcc.c-torture/execute/va-arg-19.c execution, -O3 -fomit-frame-pointer
FAIL: gcc.c-torture/execute/va-arg-21.c execution, -O1
FAIL: gcc.c-torture/execute/va-arg-23.c execution, -Os
FAIL: gcc.c-torture/execute/va-arg-24.c execution, -O3 -fomit-frame-pointer -funroll-loops
FAIL: gcc.c-torture/execute/va-arg-24.c execution, -O3 -fomit-frame-pointer -funroll-all-loops -finline-functions
FAIL: gcc.c-torture/execute/va-arg-25.c execution, -Os
FAIL: gcc.c-torture/execute/va-arg-7.c execution, -O3 -g
FAIL: gcc.c-torture/execute/va-arg-pack-1.c execution, -O3 -fomit-frame-pointer
FAIL: gcc.c-torture/execute/vector-1.c execution, -O1
FAIL: gcc.c-torture/execute/vector-1.c execution, -O3 -g
FAIL: gcc.c-torture/execute/vfprintf-1.c execution, -O3 -fomit-frame-pointer
FAIL: gcc.c-torture/execute/vrp-1.c execution, -O1
FAIL: gcc.c-torture/execute/vrp-4.c execution, -O3 -fomit-frame-pointer
FAIL: gcc.c-torture/execute/vrp-4.c execution, -Os
FAIL: gcc.c-torture/execute/vrp-6.c execution, -O2
FAIL: gcc.c-torture/execute/vrp-7.c execution, -O3 -fomit-frame-pointer
FAIL: gcc.c-torture/execute/wchar_t-1.c execution, -Os
FAIL: gcc.c-torture/execute/widechar-2.c execution, -O0
FAIL: gcc.c-torture/execute/ieee/20010114-2.c execution, -O2
FAIL: gcc.c-torture/execute/ieee/930529-1.c execution, -O3 -g
FAIL: gcc.c-torture/execute/ieee/acc1.c execution, -Os
FAIL: gcc.c-torture/execute/ieee/copysign2.c execution, -O3 -fomit-frame-pointer -funroll-loops
FAIL: gcc.c-torture/execute/ieee/copysign2.c execution, -O3 -fomit-frame-pointer -funroll-all-loops -finline-functions
FAIL: gcc.c-torture/execute/ieee/fp-cmp-5.c execution, -O3 -fomit-frame-pointer -funroll-loops
FAIL: gcc.c-torture/execute/ieee/fp-cmp-5.c execution, -O3 -fomit-frame-pointer -funroll-all-loops -finline-functions
FAIL: gcc.c-torture/execute/ieee/minuszero.c execution, -Os
FAIL: gcc.c-torture/execute/ieee/mul-subnormal-single-1.c execution, -Os
FAIL: gcc.c-torture/execute/ieee/mzero5.c execution, -O0
FAIL: gcc.c-torture/execute/ieee/pr30704.c execution, -O1
FAIL: gcc.dg/compat/struct-by-value-12 c_compat_x_tst.o-c_compat_y_tst.o execute
FAIL: gcc.dg/compat/struct-by-value-19 c_compat_x_tst.o-c_compat_y_tst.o execute
FAIL: gcc.dg/compat/struct-return-10 c_compat_x_tst.o-c_compat_y_tst.o execute
FAIL: gcc.dg/compat/union-return-1 c_compat_x_tst.o-c_compat_y_tst.o execute
FAIL: tmpdir-gcc.dg-struct-layout-1/t020 c_compat_x_tst.o-c_compat_y_tst.o execute
FAIL: gcc.dg/cpp/_Pragma6.c -fno-show-column (test for excess errors)
FAIL: gcc.dg/cpp/charconst-4.c -fno-show-column execution test
FAIL: gcc.dg/cpp/lexstrng.c -fno-show-column execution test
FAIL: gcc.dg/cpp/paste7.c -fno-show-column execution test
FAIL: gcc.dg/debug/20020220-1.c -gstabs3 execution test
FAIL: gcc.dg/debug/trivial.c -gdwarf-23 execution test
FAIL: gcc.dg/debug/trivial.c -gstabs+ -O execution test
FAIL: gcc.dg/debug/trivial.c -gstabs+3 -O3 execution test
FAIL: gcc.dg/debug/dwarf2/dwarf-die3.c scan-assembler-not DW_AT_inline
FAIL: gcc.dg/20020206-1.c execution test
FAIL: gcc.dg/20021014-1.c (test for excess errors)
WARNING: gcc.dg/20021014-1.c compilation failed to produce executable
FAIL: gcc.dg/20021018-1.c execution test
FAIL: gcc.dg/20040305-2.c execution test
FAIL: gcc.dg/builtin-object-size-2.c execution test
FAIL: gcc.dg/builtins-6.c execution test
FAIL: gcc.dg/builtins-8.c execution test
FAIL: gcc.dg/c99-init-1.c execution test
FAIL: gcc.dg/ftrapv-1.c execution test
FAIL: gcc.dg/nest.c (test for excess errors)
WARNING: gcc.dg/nest.c compilation failed to produce executable
FAIL: gcc.dg/nested-func-4.c (test for excess errors)
WARNING: gcc.dg/nested-func-4.c compilation failed to produce executable
FAIL: gcc.dg/pr18241-2.c execution test
FAIL: gcc.dg/pr18241-3.c execution test
FAIL: gcc.dg/pr32450.c (test for excess errors)
WARNING: gcc.dg/pr32450.c compilation failed to produce executable
FAIL: gcc.dg/range-test-1.c execution test
FAIL: gcc.dg/struct-ret-libc.c execution test
FAIL: gcc.dg/utf-inc-init.c execution test
FAIL: gcc.dg/vla-4.c execution test
FAIL: gcc.dg/ipa/ipa-7.c scan-ipa-dump-times cp "propagating const" 1
FAIL: gcc.dg/matrix/transpose-1.c compilation, -fprofile-generate -O3
UNRESOLVED: gcc.dg/matrix/transpose-1.c execution, -fprofile-generate -O3
UNRESOLVED: gcc.dg/matrix/transpose-1.c compilation, -fprofile-use -fipa-matrix-reorg -fdump-ipa-matrix-reorg -O3 -fwhole-program -combine
UNRESOLVED: gcc.dg/matrix/transpose-1.c execution, -fprofile-use -fipa-matrix-reorg -fdump-ipa-matrix-reorg -O3 -fwhole-program -combine
FAIL: gcc.dg/matrix/transpose-2.c compilation, -fprofile-generate -O3
UNRESOLVED: gcc.dg/matrix/transpose-2.c execution, -fprofile-generate -O3
UNRESOLVED: gcc.dg/matrix/transpose-2.c compilation, -fprofile-use -fipa-matrix-reorg -fdump-ipa-matrix-reorg -O3 -fwhole-program -combine
UNRESOLVED: gcc.dg/matrix/transpose-2.c execution, -fprofile-use -fipa-matrix-reorg -fdump-ipa-matrix-reorg -O3 -fwhole-program -combine
FAIL: gcc.dg/matrix/transpose-3.c compilation, -fprofile-generate -O3
UNRESOLVED: gcc.dg/matrix/transpose-3.c execution, -fprofile-generate -O3
UNRESOLVED: gcc.dg/matrix/transpose-3.c compilation, -fprofile-use -fipa-matrix-reorg -fdump-ipa-matrix-reorg -O3 -fwhole-program -combine
UNRESOLVED: gcc.dg/matrix/transpose-3.c execution, -fprofile-use -fipa-matrix-reorg -fdump-ipa-matrix-reorg -O3 -fwhole-program -combine
FAIL: gcc.dg/matrix/transpose-4.c compilation, -fprofile-generate -O3
UNRESOLVED: gcc.dg/matrix/transpose-4.c execution, -fprofile-generate -O3
UNRESOLVED: gcc.dg/matrix/transpose-4.c compilation, -fprofile-use -fipa-matrix-reorg -fdump-ipa-matrix-reorg -O3 -fwhole-program -combine
UNRESOLVED: gcc.dg/matrix/transpose-4.c execution, -fprofile-use -fipa-matrix-reorg -fdump-ipa-matrix-reorg -O3 -fwhole-program -combine
FAIL: gcc.dg/matrix/transpose-5.c compilation, -fprofile-generate -O3
UNRESOLVED: gcc.dg/matrix/transpose-5.c execution, -fprofile-generate -O3
UNRESOLVED: gcc.dg/matrix/transpose-5.c compilation, -fprofile-use -fipa-matrix-reorg -fdump-ipa-matrix-reorg -O3 -fwhole-program -combine
UNRESOLVED: gcc.dg/matrix/transpose-5.c execution, -fprofile-use -fipa-matrix-reorg -fdump-ipa-matrix-reorg -O3 -fwhole-program -combine
FAIL: gcc.dg/matrix/transpose-6.c compilation, -fprofile-generate -O3
UNRESOLVED: gcc.dg/matrix/transpose-6.c execution, -fprofile-generate -O3
UNRESOLVED: gcc.dg/matrix/transpose-6.c compilation, -fprofile-use -fipa-matrix-reorg -fdump-ipa-matrix-reorg -O3 -fwhole-program -combine
UNRESOLVED: gcc.dg/matrix/transpose-6.c execution, -fprofile-use -fipa-matrix-reorg -fdump-ipa-matrix-reorg -O3 -fwhole-program -combine
FAIL: gcc.dg/struct/wo_prof_double_malloc.c execution test
FAIL: gcc.dg/struct/wo_prof_escape_str_init.c execution test
FAIL: gcc.dg/struct/wo_prof_global_array.c execution test
FAIL: gcc.dg/struct/wo_prof_single_str_global.c execution test
FAIL: gcc.dg/struct/wo_prof_single_str_local.c execution test
FAIL: gcc.dg/struct/wo_prof_single_str_pointer.c execution test
FAIL: gcc.dg/struct/w_prof_global_array.c compilation, -O3 -fwhole-program -combine -fipa-type-escape -fprofile-generate
UNRESOLVED: gcc.dg/struct/w_prof_global_array.c execution, -O3 -fwhole-program -combine -fipa-type-escape -fprofile-generate
UNRESOLVED: gcc.dg/struct/w_prof_global_array.c compilation, -O3 -fwhole-program -combine -fipa-type-escape -fprofile-use -fipa-struct-reorg -fdump-ipa-all
UNRESOLVED: gcc.dg/struct/w_prof_global_array.c execution, -O3 -fwhole-program -combine -fipa-type-escape -fprofile-use -fipa-struct-reorg -fdump-ipa-all
FAIL: gcc.dg/struct/w_prof_global_var.c compilation, -O3 -fwhole-program -combine -fipa-type-escape -fprofile-generate
UNRESOLVED: gcc.dg/struct/w_prof_global_var.c execution, -O3 -fwhole-program -combine -fipa-type-escape -fprofile-generate
UNRESOLVED: gcc.dg/struct/w_prof_global_var.c compilation, -O3 -fwhole-program -combine -fipa-type-escape -fprofile-use -fipa-struct-reorg -fdump-ipa-all
UNRESOLVED: gcc.dg/struct/w_prof_global_var.c execution, -O3 -fwhole-program -combine -fipa-type-escape -fprofile-use -fipa-struct-reorg -fdump-ipa-all
FAIL: gcc.dg/struct/w_prof_local_array.c compilation, -O3 -fwhole-program -combine -fipa-type-escape -fprofile-generate
UNRESOLVED: gcc.dg/struct/w_prof_local_array.c execution, -O3 -fwhole-program -combine -fipa-type-escape -fprofile-generate
UNRESOLVED: gcc.dg/struct/w_prof_local_array.c compilation, -O3 -fwhole-program -combine -fipa-type-escape -fprofile-use -fipa-struct-reorg -fdump-ipa-all
UNRESOLVED: gcc.dg/struct/w_prof_local_array.c execution, -O3 -fwhole-program -combine -fipa-type-escape -fprofile-use -fipa-struct-reorg -fdump-ipa-all
FAIL: gcc.dg/struct/w_prof_local_var.c compilation, -O3 -fwhole-program -combine -fipa-type-escape -fprofile-generate
UNRESOLVED: gcc.dg/struct/w_prof_local_var.c execution, -O3 -fwhole-program -combine -fipa-type-escape -fprofile-generate
UNRESOLVED: gcc.dg/struct/w_prof_local_var.c compilation, -O3 -fwhole-program -combine -fipa-type-escape -fprofile-use -fipa-struct-reorg -fdump-ipa-all
UNRESOLVED: gcc.dg/struct/w_prof_local_var.c execution, -O3 -fwhole-program -combine -fipa-type-escape -fprofile-use -fipa-struct-reorg -fdump-ipa-all
FAIL: gcc.dg/struct/w_prof_single_str_global.c compilation, -O3 -fwhole-program -combine -fipa-type-escape -fprofile-generate
UNRESOLVED: gcc.dg/struct/w_prof_single_str_global.c execution, -O3 -fwhole-program -combine -fipa-type-escape -fprofile-generate
UNRESOLVED: gcc.dg/struct/w_prof_single_str_global.c compilation, -O3 -fwhole-program -combine -fipa-type-escape -fprofile-use -fipa-struct-reorg -fdump-ipa-all
UNRESOLVED: gcc.dg/struct/w_prof_single_str_global.c execution, -O3 -fwhole-program -combine -fipa-type-escape -fprofile-use -fipa-struct-reorg -fdump-ipa-all
FAIL: gcc.dg/struct/w_prof_two_strs.c compilation, -O3 -fwhole-program -combine -fipa-type-escape -fprofile-generate
UNRESOLVED: gcc.dg/struct/w_prof_two_strs.c execution, -O3 -fwhole-program -combine -fipa-type-escape -fprofile-generate
UNRESOLVED: gcc.dg/struct/w_prof_two_strs.c compilation, -O3 -fwhole-program -combine -fipa-type-escape -fprofile-use -fipa-struct-reorg -fdump-ipa-all
UNRESOLVED: gcc.dg/struct/w_prof_two_strs.c execution, -O3 -fwhole-program -combine -fipa-type-escape -fprofile-use -fipa-struct-reorg -fdump-ipa-all
FAIL: gcc.dg/struct/w_ratio_cold_str.c compilation, -O3 -fwhole-program -combine -fipa-type-escape -fprofile-generate
UNRESOLVED: gcc.dg/struct/w_ratio_cold_str.c execution, -O3 -fwhole-program -combine -fipa-type-escape -fprofile-generate
UNRESOLVED: gcc.dg/struct/w_ratio_cold_str.c compilation, -O3 -fwhole-program -combine -fipa-type-escape -fprofile-use -fipa-struct-reorg -fdump-ipa-all --param struct-reorg-cold-struct-ratio=30
UNRESOLVED: gcc.dg/struct/w_ratio_cold_str.c execution, -O3 -fwhole-program -combine -fipa-type-escape -fprofile-use -fipa-struct-reorg -fdump-ipa-all --param struct-reorg-cold-struct-ratio=30
FAIL: gcc.dg/torture/badshift.c -O1 execution test
FAIL: gcc.dg/torture/fp-int-convert-float128.c -O0 (test for excess errors)
WARNING: gcc.dg/torture/fp-int-convert-float128.c -O0 compilation failed to produce executable
FAIL: gcc.dg/torture/fp-int-convert-float128.c -O1 (test for excess errors)
WARNING: gcc.dg/torture/fp-int-convert-float128.c -O1 compilation failed to produce executable
FAIL: gcc.dg/torture/fp-int-convert-float128.c -O2 (test for excess errors)
WARNING: gcc.dg/torture/fp-int-convert-float128.c -O2 compilation failed to produce executable
FAIL: gcc.dg/torture/fp-int-convert-float128.c -O3 -fomit-frame-pointer (test for excess errors)
WARNING: gcc.dg/torture/fp-int-convert-float128.c -O3 -fomit-frame-pointer compilation failed to produce executable
FAIL: gcc.dg/torture/fp-int-convert-float128.c -O3 -g (test for excess errors)
WARNING: gcc.dg/torture/fp-int-convert-float128.c -O3 -g compilation failed to produce executable
FAIL: gcc.dg/torture/fp-int-convert-float128.c -Os (test for excess errors)
WARNING: gcc.dg/torture/fp-int-convert-float128.c -Os compilation failed to produce executable
FAIL: gcc.dg/torture/fp-int-convert-float80.c -O0 execution test
FAIL: gcc.dg/torture/pr16104-1.c -Os execution test
FAIL: gcc.dg/torture/pr26763-1.c -O3 -fomit-frame-pointer execution test
FAIL: gcc.dg/torture/pr27603.c -O2 execution test
FAIL: gcc.dg/torture/pr27743.c -O3 -fomit-frame-pointer execution test
FAIL: gcc.dg/torture/pr28045.c -O3 -fomit-frame-pointer execution test
FAIL: gcc.dg/torture/pr30364-1.c -O3 -fomit-frame-pointer execution test
FAIL: gcc.dg/torture/pr30364-2.c -O0 execution test
FAIL: gcc.dg/torture/pr30375.c -O1 execution test
FAIL: gcc.dg/torture/pr30375.c -O2 execution test
FAIL: gcc.dg/torture/pr30665-2.c -O3 -g execution test
FAIL: gcc.dg/torture/pr31115.c -Os execution test
FAIL: gcc.dg/torture/pr35771-1.c -Os execution test
FAIL: gcc.dg/torture/pr36373-1.c -O0 execution test
FAIL: gcc.dg/torture/pr36373-10.c -O2 execution test
FAIL: gcc.dg/torture/pr36373-4.c -O3 -fomit-frame-pointer execution test
FAIL: gcc.dg/torture/pta-ptrarith-1.c -O2 execution test
FAIL: gcc.dg/torture/pta-ptrarith-1.c -O3 -g execution test
FAIL: gcc.dg/torture/stackalign/alloca-1.c -O3 -fomit-frame-pointer execution test
FAIL: gcc.dg/torture/stackalign/alloca-1.c -O3 -g execution test
FAIL: gcc.dg/torture/stackalign/alloca-2.c -O0 execution test
FAIL: gcc.dg/torture/stackalign/alloca-2.c -O3 -fomit-frame-pointer execution test
FAIL: gcc.dg/torture/stackalign/alloca-3.c -O0 execution test
FAIL: gcc.dg/torture/stackalign/nested-5.c -Os execution test
FAIL: gcc.dg/torture/stackalign/non-local-goto-2.c -O3 -fomit-frame-pointer -funroll-loops execution test
FAIL: gcc.dg/torture/stackalign/pr16660-1.c -O0 execution test
FAIL: gcc.dg/torture/stackalign/pr16660-1.c -Os execution test
FAIL: gcc.dg/torture/stackalign/pr16660-2.c -O0 execution test
FAIL: gcc.dg/torture/stackalign/push-1.c -O0 execution test
FAIL: gcc.dg/torture/stackalign/setjmp-1.c -O3 -fomit-frame-pointer execution test
FAIL: gcc.dg/torture/stackalign/struct-1.c -O3 -g execution test
FAIL: gcc.dg/torture/stackalign/vararg-3.c -O0 execution test
FAIL: gcc.dg/torture/stackalign/alloca-2.c -O0 execution test
FAIL: gcc.dg/torture/stackalign/alloca-3.c -O0 execution test
FAIL: gcc.dg/torture/stackalign/alloca-3.c -O2 execution test
FAIL: gcc.dg/torture/stackalign/comp-goto-1.c -Os execution test
FAIL: gcc.dg/torture/stackalign/fastcall-1.c -O2 execution test
FAIL: gcc.dg/torture/stackalign/global-1.c -O2 execution test
FAIL: gcc.dg/torture/stackalign/nested-1.c -O1 execution test
FAIL: gcc.dg/torture/stackalign/nested-6.c -O2 execution test
FAIL: gcc.dg/torture/stackalign/pr16660-1.c -O2 execution test
FAIL: gcc.dg/torture/stackalign/push-1.c -O0 execution test
FAIL: gcc.dg/torture/stackalign/push-1.c -O1 execution test
FAIL: gcc.dg/torture/stackalign/regparm-1.c -O2 execution test
FAIL: gcc.dg/torture/stackalign/setjmp-4.c -O2 execution test
FAIL: gcc.dg/torture/stackalign/sibcall-1.c -O0 execution test
FAIL: gcc.dg/torture/stackalign/struct-1.c -O2 execution test
FAIL: gcc.dg/torture/stackalign/vararg-2.c -O3 -fomit-frame-pointer execution test
FAIL: gcc.dg/torture/stackalign/vararg-3.c -O0 execution test
FAIL: gcc.dg/torture/stackalign/alloca-2.c -O0 execution test
FAIL: gcc.dg/torture/stackalign/alloca-3.c -O0 execution test
FAIL: gcc.dg/torture/stackalign/alloca-3.c -O2 execution test
FAIL: gcc.dg/torture/stackalign/non-local-goto-3.c -O0 execution test
FAIL: gcc.dg/torture/stackalign/non-local-goto-4.c -O2 execution test
FAIL: gcc.dg/torture/stackalign/pr16660-1.c -O1 execution test
FAIL: gcc.dg/torture/stackalign/pr16660-3.c -Os execution test
FAIL: gcc.dg/torture/stackalign/push-1.c -O0 execution test
FAIL: gcc.dg/torture/stackalign/regparm-1.c -Os execution test
FAIL: gcc.dg/torture/stackalign/sibcall-1.c -O0 execution test
FAIL: gcc.dg/torture/stackalign/vararg-3.c -O0 execution test
FAIL: gcc.dg/torture/stackalign/alloca-2.c -O0 execution test
FAIL: gcc.dg/torture/stackalign/alloca-3.c -O0 execution test
FAIL: gcc.dg/torture/stackalign/alloca-3.c -O3 -fomit-frame-pointer execution test
FAIL: gcc.dg/torture/stackalign/global-1.c -O0 execution test
FAIL: gcc.dg/torture/stackalign/nested-1.c -Os execution test
FAIL: gcc.dg/torture/stackalign/nested-3.c -O3 -fomit-frame-pointer execution test
FAIL: gcc.dg/torture/stackalign/non-local-goto-1.c -O3 -fomit-frame-pointer -funroll-all-loops -finline-functions execution test
FAIL: gcc.dg/torture/stackalign/non-local-goto-1.c -O3 -g execution test
FAIL: gcc.dg/torture/stackalign/non-local-goto-2.c -Os execution test
FAIL: gcc.dg/torture/stackalign/non-local-goto-3.c -O3 -fomit-frame-pointer execution test
FAIL: gcc.dg/torture/stackalign/pr16660-1.c -Os execution test
FAIL: gcc.dg/torture/stackalign/push-1.c -O0 execution test
FAIL: gcc.dg/torture/stackalign/push-1.c -O3 -fomit-frame-pointer execution test
FAIL: gcc.dg/torture/stackalign/ret-struct-1.c -O2 execution test
FAIL: gcc.dg/torture/stackalign/ret-struct-1.c -O3 -g execution test
FAIL: gcc.dg/torture/stackalign/setjmp-1.c -O2 execution test
FAIL: gcc.dg/torture/stackalign/setjmp-1.c -O3 -g execution test
FAIL: gcc.dg/torture/stackalign/sibcall-1.c -O0 execution test
FAIL: gcc.dg/torture/stackalign/vararg-3.c -O0 execution test
FAIL: gcc.dg/tree-prof/bb-reorg.c compilation, -fprofile-generate -D_PROFILE_GENERATE
UNRESOLVED: gcc.dg/tree-prof/bb-reorg.c execution, -fprofile-generate -D_PROFILE_GENERATE
UNRESOLVED: gcc.dg/tree-prof/bb-reorg.c compilation, -fprofile-use -D_PROFILE_USE
UNRESOLVED: gcc.dg/tree-prof/bb-reorg.c execution, -fprofile-use -D_PROFILE_USE
FAIL: gcc.dg/tree-prof/ic-misattribution-1.c compilation, -fprofile-generate -D_PROFILE_GENERATE
UNRESOLVED: gcc.dg/tree-prof/ic-misattribution-1.c execution, -fprofile-generate -D_PROFILE_GENERATE
UNRESOLVED: gcc.dg/tree-prof/ic-misattribution-1.c compilation, -fprofile-use -D_PROFILE_USE
UNRESOLVED: gcc.dg/tree-prof/ic-misattribution-1.c execution, -fprofile-use -D_PROFILE_USE
FAIL: gcc.dg/tree-prof/ic-misattribution-1a.c compilation, -fprofile-generate -D_PROFILE_GENERATE
UNRESOLVED: gcc.dg/tree-prof/ic-misattribution-1a.c execution, -fprofile-generate -D_PROFILE_GENERATE
UNRESOLVED: gcc.dg/tree-prof/ic-misattribution-1a.c compilation, -fprofile-use -D_PROFILE_USE
UNRESOLVED: gcc.dg/tree-prof/ic-misattribution-1a.c execution, -fprofile-use -D_PROFILE_USE
FAIL: gcc.dg/tree-prof/indir-call-prof.c compilation, -fprofile-generate -D_PROFILE_GENERATE
UNRESOLVED: gcc.dg/tree-prof/indir-call-prof.c execution, -fprofile-generate -D_PROFILE_GENERATE
UNRESOLVED: gcc.dg/tree-prof/indir-call-prof.c compilation, -fprofile-use -D_PROFILE_USE
UNRESOLVED: gcc.dg/tree-prof/indir-call-prof.c execution, -fprofile-use -D_PROFILE_USE
FAIL: gcc.dg/tree-prof/inliner-1.c compilation, -fprofile-generate -D_PROFILE_GENERATE
UNRESOLVED: gcc.dg/tree-prof/inliner-1.c execution, -fprofile-generate -D_PROFILE_GENERATE
UNRESOLVED: gcc.dg/tree-prof/inliner-1.c compilation, -fprofile-use -D_PROFILE_USE
UNRESOLVED: gcc.dg/tree-prof/inliner-1.c execution, -fprofile-use -D_PROFILE_USE
FAIL: gcc.dg/tree-prof/pr34999.c compilation, -fprofile-generate -D_PROFILE_GENERATE
UNRESOLVED: gcc.dg/tree-prof/pr34999.c execution, -fprofile-generate -D_PROFILE_GENERATE
UNRESOLVED: gcc.dg/tree-prof/pr34999.c compilation, -fprofile-use -D_PROFILE_USE
UNRESOLVED: gcc.dg/tree-prof/pr34999.c execution, -fprofile-use -D_PROFILE_USE
FAIL: gcc.dg/tree-prof/stringop-1.c compilation, -fprofile-generate -D_PROFILE_GENERATE
UNRESOLVED: gcc.dg/tree-prof/stringop-1.c execution, -fprofile-generate -D_PROFILE_GENERATE
UNRESOLVED: gcc.dg/tree-prof/stringop-1.c compilation, -fprofile-use -D_PROFILE_USE
UNRESOLVED: gcc.dg/tree-prof/stringop-1.c execution, -fprofile-use -D_PROFILE_USE
FAIL: gcc.dg/tree-prof/stringop-2.c compilation, -fprofile-generate -D_PROFILE_GENERATE
UNRESOLVED: gcc.dg/tree-prof/stringop-2.c execution, -fprofile-generate -D_PROFILE_GENERATE
UNRESOLVED: gcc.dg/tree-prof/stringop-2.c compilation, -fprofile-use -D_PROFILE_USE
UNRESOLVED: gcc.dg/tree-prof/stringop-2.c execution, -fprofile-use -D_PROFILE_USE
FAIL: gcc.dg/tree-prof/tracer-1.c compilation, -fprofile-generate -D_PROFILE_GENERATE
UNRESOLVED: gcc.dg/tree-prof/tracer-1.c execution, -fprofile-generate -D_PROFILE_GENERATE
UNRESOLVED: gcc.dg/tree-prof/tracer-1.c compilation, -fprofile-use -D_PROFILE_USE
UNRESOLVED: gcc.dg/tree-prof/tracer-1.c execution, -fprofile-use -D_PROFILE_USE
FAIL: gcc.dg/tree-prof/update-cunroll-2.c compilation, -fprofile-generate -D_PROFILE_GENERATE
UNRESOLVED: gcc.dg/tree-prof/update-cunroll-2.c execution, -fprofile-generate -D_PROFILE_GENERATE
UNRESOLVED: gcc.dg/tree-prof/update-cunroll-2.c compilation, -fprofile-use -D_PROFILE_USE
UNRESOLVED: gcc.dg/tree-prof/update-cunroll-2.c execution, -fprofile-use -D_PROFILE_USE
FAIL: gcc.dg/tree-prof/update-loopch.c compilation, -fprofile-generate -D_PROFILE_GENERATE
UNRESOLVED: gcc.dg/tree-prof/update-loopch.c execution, -fprofile-generate -D_PROFILE_GENERATE
UNRESOLVED: gcc.dg/tree-prof/update-loopch.c compilation, -fprofile-use -D_PROFILE_USE
UNRESOLVED: gcc.dg/tree-prof/update-loopch.c execution, -fprofile-use -D_PROFILE_USE
FAIL: gcc.dg/tree-prof/update-tailcall.c compilation, -fprofile-generate -D_PROFILE_GENERATE
UNRESOLVED: gcc.dg/tree-prof/update-tailcall.c execution, -fprofile-generate -D_PROFILE_GENERATE
UNRESOLVED: gcc.dg/tree-prof/update-tailcall.c compilation, -fprofile-use -D_PROFILE_USE
UNRESOLVED: gcc.dg/tree-prof/update-tailcall.c execution, -fprofile-use -D_PROFILE_USE
FAIL: gcc.dg/tree-prof/val-prof-1.c compilation, -fprofile-generate -D_PROFILE_GENERATE
UNRESOLVED: gcc.dg/tree-prof/val-prof-1.c execution, -fprofile-generate -D_PROFILE_GENERATE
UNRESOLVED: gcc.dg/tree-prof/val-prof-1.c compilation, -fprofile-use -D_PROFILE_USE
UNRESOLVED: gcc.dg/tree-prof/val-prof-1.c execution, -fprofile-use -D_PROFILE_USE
FAIL: gcc.dg/tree-prof/val-prof-2.c compilation, -fprofile-generate -D_PROFILE_GENERATE
UNRESOLVED: gcc.dg/tree-prof/val-prof-2.c execution, -fprofile-generate -D_PROFILE_GENERATE
UNRESOLVED: gcc.dg/tree-prof/val-prof-2.c compilation, -fprofile-use -D_PROFILE_USE
UNRESOLVED: gcc.dg/tree-prof/val-prof-2.c execution, -fprofile-use -D_PROFILE_USE
FAIL: gcc.dg/tree-prof/val-prof-3.c compilation, -fprofile-generate -D_PROFILE_GENERATE
UNRESOLVED: gcc.dg/tree-prof/val-prof-3.c execution, -fprofile-generate -D_PROFILE_GENERATE
UNRESOLVED: gcc.dg/tree-prof/val-prof-3.c compilation, -fprofile-use -D_PROFILE_USE
UNRESOLVED: gcc.dg/tree-prof/val-prof-3.c execution, -fprofile-use -D_PROFILE_USE
FAIL: gcc.dg/tree-prof/val-prof-4.c compilation, -fprofile-generate -D_PROFILE_GENERATE
UNRESOLVED: gcc.dg/tree-prof/val-prof-4.c execution, -fprofile-generate -D_PROFILE_GENERATE
UNRESOLVED: gcc.dg/tree-prof/val-prof-4.c compilation, -fprofile-use -D_PROFILE_USE
UNRESOLVED: gcc.dg/tree-prof/val-prof-4.c execution, -fprofile-use -D_PROFILE_USE
FAIL: gcc.dg/tree-prof/val-prof-5.c compilation, -fprofile-generate -D_PROFILE_GENERATE
UNRESOLVED: gcc.dg/tree-prof/val-prof-5.c execution, -fprofile-generate -D_PROFILE_GENERATE
UNRESOLVED: gcc.dg/tree-prof/val-prof-5.c compilation, -fprofile-use -D_PROFILE_USE
UNRESOLVED: gcc.dg/tree-prof/val-prof-5.c execution, -fprofile-use -D_PROFILE_USE
FAIL: gcc.dg/tree-prof/val-prof-6.c compilation, -fprofile-generate -D_PROFILE_GENERATE
UNRESOLVED: gcc.dg/tree-prof/val-prof-6.c execution, -fprofile-generate -D_PROFILE_GENERATE
UNRESOLVED: gcc.dg/tree-prof/val-prof-6.c compilation, -fprofile-use -D_PROFILE_USE
UNRESOLVED: gcc.dg/tree-prof/val-prof-6.c execution, -fprofile-use -D_PROFILE_USE
FAIL: gcc.dg/tree-prof/wcoverage-mismatch.c compilation, -fprofile-generate -D_PROFILE_GENERATE
UNRESOLVED: gcc.dg/tree-prof/wcoverage-mismatch.c execution, -fprofile-generate -D_PROFILE_GENERATE
UNRESOLVED: gcc.dg/tree-prof/wcoverage-mismatch.c compilation, -fprofile-use -D_PROFILE_USE
UNRESOLVED: gcc.dg/tree-prof/wcoverage-mismatch.c execution, -fprofile-use -D_PROFILE_USE
XPASS: gcc.dg/tree-ssa/20040204-1.c scan-tree-dump-times optimized "link_error" 0
FAIL: gcc.dg/tree-ssa/gen-vect-28.c execution test
FAIL: gcc.dg/tree-ssa/ltrans-1.c scan-tree-dump-times ltrans "converted loop nest to perfect loop nest" 1
FAIL: gcc.dg/tree-ssa/ltrans-1.c scan-tree-dump-times ltrans "transformed loop" 1
FAIL: gcc.dg/tree-ssa/ltrans-3.c scan-tree-dump-times ltrans "transformed loop" 1
FAIL: gcc.dg/tree-ssa/ltrans-4.c scan-tree-dump-times ltrans "transformed loop" 1
FAIL: gcc.dg/tree-ssa/ltrans-5.c scan-tree-dump-times ltrans "transformed loop" 1
FAIL: gcc.dg/tree-ssa/ltrans-6.c scan-tree-dump-times ltrans "transformed loop" 1
FAIL: gcc.dg/tree-ssa/ltrans-8.c scan-tree-dump-times ltrans "transformed loop" 1
FAIL: gcc.dg/tree-ssa/scev-2.c execution test
FAIL: gcc.dg/tree-ssa/tailrecursion-5.c execution test
FAIL: gcc.dg/tree-ssa/vrp29.c execution test
FAIL: gcc.dg/vect/vect-67.c scan-tree-dump-times vect "vectorized 1 loops" 1
FAIL: gcc.dg/vect/no-scevccp-outer-13.c scan-tree-dump-times vect "OUTER LOOP VECTORIZED." 1
FAIL: gcc.dg/vect/no-scevccp-outer-7.c scan-tree-dump-times vect "OUTER LOOP VECTORIZED." 1
FAIL: gcc.misc-tests/bprob-1.c execution: file bprob-1.gcda does not exist, -fprofile-arcs
UNRESOLVED: gcc.misc-tests/bprob-1.c compilation, -fprofile-use
UNRESOLVED: gcc.misc-tests/bprob-1.c execution, -fprofile-use
FAIL: gcc.misc-tests/bprob-2.c execution: file bprob-2.gcda does not exist, -fprofile-arcs
UNRESOLVED: gcc.misc-tests/bprob-2.c compilation, -fprofile-use
UNRESOLVED: gcc.misc-tests/bprob-2.c execution, -fprofile-use
FAIL: gcc.target/i386/990424-1.c execution test
FAIL: gcc.target/i386/abi-1.c scan-assembler xmm0
FAIL: gcc.target/i386/asm-3.c execution test
FAIL: gcc.target/i386/isa-5.c execution test
FAIL: gcc.target/i386/isa-6.c execution test
FAIL: gcc.target/i386/pr22076.c scan-assembler-times movq 3
FAIL: gcc.target/i386/pr22076.c scan-assembler-times movl 1
FAIL: gcc.target/i386/sse2-mmx.c execution test
FAIL: gcc.target/i386/sse4_1-phminposuw.c execution test
FAIL: gcc.target/i386/sse4_1-pmaxuw.c execution test
FAIL: gcc.target/i386/sse4_1-roundss-4.c execution test
FAIL: gcc.target/i386/ssse3-pabsw.c execution test
FAIL: gcc.target/i386/ssse3-psignb.c execution test
=== gcc Summary ===
# of expected passes 50777
# of unexpected failures 380
# of unexpected successes 1
# of expected failures 188
# of unresolved testcases 102
# of unsupported tests 560
/home/joel/work-gnat/svn/b-gcc1-i386/gcc/xgcc version 4.4.0 20080824 (experimental) [trunk revision 139537] (GCC)
Host is i686-pc-linux-gnu
=== g++ tests ===
Running target rtems-i386-qemu
FAIL: g++.dg/bprob/g++-bprob-1.C execution: file g++-bprob-1.gcda does not exist, -g -fprofile-arcs
UNRESOLVED: g++.dg/bprob/g++-bprob-1.C compilation, -g -fprofile-use
UNRESOLVED: g++.dg/bprob/g++-bprob-1.C execution, -g -fprofile-use
FAIL: g++.dg/bprob/g++-bprob-1.C execution: file g++-bprob-1.gcda does not exist, -O0 -fprofile-arcs
UNRESOLVED: g++.dg/bprob/g++-bprob-1.C compilation, -O0 -fprofile-use
UNRESOLVED: g++.dg/bprob/g++-bprob-1.C execution, -O0 -fprofile-use
FAIL: g++.dg/bprob/g++-bprob-1.C execution: file g++-bprob-1.gcda does not exist, -O1 -fprofile-arcs
UNRESOLVED: g++.dg/bprob/g++-bprob-1.C compilation, -O1 -fprofile-use
UNRESOLVED: g++.dg/bprob/g++-bprob-1.C execution, -O1 -fprofile-use
FAIL: g++.dg/bprob/g++-bprob-1.C execution: file g++-bprob-1.gcda does not exist, -O2 -fprofile-arcs
UNRESOLVED: g++.dg/bprob/g++-bprob-1.C compilation, -O2 -fprofile-use
UNRESOLVED: g++.dg/bprob/g++-bprob-1.C execution, -O2 -fprofile-use
FAIL: g++.dg/bprob/g++-bprob-1.C execution: file g++-bprob-1.gcda does not exist, -O3 -fprofile-arcs
UNRESOLVED: g++.dg/bprob/g++-bprob-1.C compilation, -O3 -fprofile-use
UNRESOLVED: g++.dg/bprob/g++-bprob-1.C execution, -O3 -fprofile-use
FAIL: g++.dg/bprob/g++-bprob-1.C execution: file g++-bprob-1.gcda does not exist, -O3 -g -fprofile-arcs
UNRESOLVED: g++.dg/bprob/g++-bprob-1.C compilation, -O3 -g -fprofile-use
UNRESOLVED: g++.dg/bprob/g++-bprob-1.C execution, -O3 -g -fprofile-use
FAIL: g++.dg/bprob/g++-bprob-1.C execution: file g++-bprob-1.gcda does not exist, -Os -fprofile-arcs
UNRESOLVED: g++.dg/bprob/g++-bprob-1.C compilation, -Os -fprofile-use
UNRESOLVED: g++.dg/bprob/g++-bprob-1.C execution, -Os -fprofile-use
FAIL: g++.dg/bprob/g++-bprob-2.C execution: file g++-bprob-2.gcda does not exist, -g -fprofile-arcs
UNRESOLVED: g++.dg/bprob/g++-bprob-2.C compilation, -g -fprofile-use
UNRESOLVED: g++.dg/bprob/g++-bprob-2.C execution, -g -fprofile-use
FAIL: g++.dg/bprob/g++-bprob-2.C execution, -O0 -fprofile-arcs
UNRESOLVED: g++.dg/bprob/g++-bprob-2.C compilation, -O0 -fprofile-use
UNRESOLVED: g++.dg/bprob/g++-bprob-2.C execution, -O0 -fprofile-use
FAIL: g++.dg/bprob/g++-bprob-2.C execution: file g++-bprob-2.gcda does not exist, -O1 -fprofile-arcs
UNRESOLVED: g++.dg/bprob/g++-bprob-2.C compilation, -O1 -fprofile-use
UNRESOLVED: g++.dg/bprob/g++-bprob-2.C execution, -O1 -fprofile-use
FAIL: g++.dg/bprob/g++-bprob-2.C execution: file g++-bprob-2.gcda does not exist, -O2 -fprofile-arcs
UNRESOLVED: g++.dg/bprob/g++-bprob-2.C compilation, -O2 -fprofile-use
UNRESOLVED: g++.dg/bprob/g++-bprob-2.C execution, -O2 -fprofile-use
FAIL: g++.dg/bprob/g++-bprob-2.C execution: file g++-bprob-2.gcda does not exist, -O3 -fprofile-arcs
UNRESOLVED: g++.dg/bprob/g++-bprob-2.C compilation, -O3 -fprofile-use
UNRESOLVED: g++.dg/bprob/g++-bprob-2.C execution, -O3 -fprofile-use
FAIL: g++.dg/bprob/g++-bprob-2.C execution: file g++-bprob-2.gcda does not exist, -O3 -g -fprofile-arcs
UNRESOLVED: g++.dg/bprob/g++-bprob-2.C compilation, -O3 -g -fprofile-use
UNRESOLVED: g++.dg/bprob/g++-bprob-2.C execution, -O3 -g -fprofile-use
FAIL: g++.dg/bprob/g++-bprob-2.C execution: file g++-bprob-2.gcda does not exist, -Os -fprofile-arcs
UNRESOLVED: g++.dg/bprob/g++-bprob-2.C compilation, -Os -fprofile-use
UNRESOLVED: g++.dg/bprob/g++-bprob-2.C execution, -Os -fprofile-use
FAIL: g++.dg/compat/abi/bitfield1 cp_compat_x_tst.o-cp_compat_y_tst.o execute
FAIL: g++.dg/compat/abi/vbase8-4 cp_compat_x_tst.o-cp_compat_y_tst.o execute
FAIL: g++.dg/abi/empty11.C execution test
FAIL: g++.dg/abi/mangle2.C execution test
FAIL: g++.dg/cdce3.C (test for excess errors)
WARNING: g++.dg/cdce3.C compilation failed to produce executable
FAIL: g++.dg/cdce3.C scan-tree-dump cdce "cdce3.C:89: note: function call is shrink-wrapped into error conditions.": dump file does not exist
FAIL: g++.dg/cdce3.C scan-tree-dump cdce "cdce3.C:90: note: function call is shrink-wrapped into error conditions.": dump file does not exist
FAIL: g++.dg/cdce3.C scan-tree-dump cdce "cdce3.C:92: note: function call is shrink-wrapped into error conditions.": dump file does not exist
FAIL: g++.dg/cdce3.C scan-tree-dump cdce "cdce3.C:93: note: function call is shrink-wrapped into error conditions.": dump file does not exist
FAIL: g++.dg/cdce3.C scan-tree-dump cdce "cdce3.C:94: note: function call is shrink-wrapped into error conditions.": dump file does not exist
FAIL: g++.dg/cdce3.C scan-tree-dump cdce "cdce3.C:95: note: function call is shrink-wrapped into error conditions.": dump file does not exist
FAIL: g++.dg/cdce3.C scan-tree-dump cdce "cdce3.C:96: note: function call is shrink-wrapped into error conditions.": dump file does not exist
FAIL: g++.dg/cdce3.C scan-tree-dump cdce "cdce3.C:97: note: function call is shrink-wrapped into error conditions.": dump file does not exist
FAIL: g++.dg/cdce3.C scan-tree-dump cdce "cdce3.C:98: note: function call is shrink-wrapped into error conditions.": dump file does not exist
FAIL: g++.dg/cdce3.C scan-tree-dump cdce "cdce3.C:99: note: function call is shrink-wrapped into error conditions.": dump file does not exist
FAIL: g++.dg/cdce3.C scan-tree-dump cdce "cdce3.C:100: note: function call is shrink-wrapped into error conditions.": dump file does not exist
FAIL: g++.dg/cdce3.C scan-tree-dump cdce "cdce3.C:101: note: function call is shrink-wrapped into error conditions.": dump file does not exist
FAIL: g++.dg/cdce3.C scan-tree-dump cdce "cdce3.C:102: note: function call is shrink-wrapped into error conditions.": dump file does not exist
FAIL: g++.dg/cdce3.C scan-tree-dump cdce "cdce3.C:103: note: function call is shrink-wrapped into error conditions.": dump file does not exist
FAIL: g++.dg/cdce3.C scan-tree-dump cdce "cdce3.C:104: note: function call is shrink-wrapped into error conditions.": dump file does not exist
FAIL: g++.dg/cdce3.C scan-tree-dump cdce "cdce3.C:105: note: function call is shrink-wrapped into error conditions.": dump file does not exist
FAIL: g++.dg/conversion/bitfield3.C execution test
FAIL: g++.dg/cpp/_Pragma1.C (test for excess errors)
FAIL: g++.dg/cpp0x/variadic-function.C execution test
FAIL: g++.dg/cpp0x/variadic68.C execution test
FAIL: g++.dg/cpp0x/variadic73.C execution test
FAIL: g++.dg/eh/pr29166.C execution test
FAIL: g++.dg/eh/simd-2.C (test for excess errors)
WARNING: g++.dg/eh/simd-2.C compilation failed to produce executable
FAIL: g++.dg/expr/cond1.C execution test
FAIL: g++.dg/ext/attribute-test-3.C execution test
FAIL: g++.dg/ext/has_nothrow_copy_odr.C execution test
FAIL: g++.dg/inherit/thunk1.C execution test
FAIL: g++.dg/init/array12.C execution test
FAIL: g++.dg/init/array15.C execution test
FAIL: g++.dg/init/array16.C execution test
FAIL: g++.dg/init/bitfield2.C execution test
FAIL: g++.dg/init/new26.C execution test
FAIL: g++.dg/init/ref15.C execution test
FAIL: g++.dg/init/ref9.C execution test
FAIL: g++.dg/lookup/two-stage5.C execution test
FAIL: g++.dg/opt/fold3.C execution test
FAIL: g++.dg/opt/loop1.C execution test
FAIL: g++.dg/opt/thunk2.C execution test
FAIL: g++.dg/other/PR23205.C scan-assembler .stabs.*foobar:c=i
FAIL: g++.dg/other/array4.C execution test
FAIL: g++.dg/other/unused1.C scan-assembler (string|ascii?)z?[\\t ]"printer("|\\\\\\\\0)
FAIL: g++.dg/rtti/cv1.C execution test
FAIL: g++.dg/template/friend10.C execution test
FAIL: g++.dg/template/spec10.C execution test
FAIL: g++.dg/template/using3.C execution test
FAIL: g++.dg/tree-ssa/pr20458.C execution test
FAIL: g++.dg/pch/array-1.C -g assembly comparison
FAIL: g++.dg/pch/array-1.C -O2 -g assembly comparison
FAIL: g++.dg/pch/externc-1.C -g assembly comparison
FAIL: g++.dg/pch/externc-1.C -O2 -g assembly comparison
FAIL: g++.dg/pch/static-1.C -g assembly comparison
FAIL: g++.dg/pch/static-1.C -O2 -g assembly comparison
FAIL: g++.dg/pch/system-1.C -g assembly comparison
FAIL: g++.dg/pch/system-1.C -O2 -g assembly comparison
FAIL: g++.dg/pch/system-2.C -g assembly comparison
FAIL: g++.dg/pch/system-2.C -O2 -g assembly comparison
FAIL: g++.dg/pch/uninst.C -g assembly comparison
FAIL: g++.dg/pch/uninst.C -O2 -g assembly comparison
FAIL: g++.dg/pch/wchar-1.C -g assembly comparison
FAIL: g++.dg/pch/wchar-1.C -O2 -g assembly comparison
FAIL: g++.dg/torture/pr30567.C -O1 execution test
FAIL: g++.dg/torture/stackalign/throw-1.C -O3 -fomit-frame-pointer -funroll-all-loops -finline-functions execution test
FAIL: g++.dg/torture/stackalign/throw-2.C -O3 -fomit-frame-pointer -funroll-all-loops -finline-functions execution test
FAIL: g++.dg/torture/stackalign/throw-4.C -O3 -fomit-frame-pointer -funroll-loops execution test
FAIL: g++.dg/torture/stackalign/throw-4.C -Os execution test
FAIL: g++.dg/torture/stackalign/eh-global-1.C -O1 execution test
FAIL: g++.dg/torture/stackalign/eh-inline-1.C -O2 execution test
FAIL: g++.dg/torture/stackalign/eh-inline-1.C -O3 -fomit-frame-pointer execution test
FAIL: g++.dg/torture/stackalign/eh-vararg-2.C -O0 execution test
FAIL: g++.dg/torture/stackalign/throw-1.C -O0 execution test
FAIL: g++.dg/torture/stackalign/throw-3.C -O3 -fomit-frame-pointer -funroll-loops execution test
FAIL: g++.dg/torture/stackalign/unwind-0.C -Os execution test
FAIL: g++.dg/torture/stackalign/unwind-2.C -O2 execution test
FAIL: g++.dg/tree-prof/indir-call-prof.C compilation, -g -fprofile-generate
UNRESOLVED: g++.dg/tree-prof/indir-call-prof.C execution, -g -fprofile-generate
UNRESOLVED: g++.dg/tree-prof/indir-call-prof.C compilation, -g -fprofile-use
UNRESOLVED: g++.dg/tree-prof/indir-call-prof.C execution, -g -fprofile-use
FAIL: g++.dg/tree-prof/indir-call-prof.C compilation, -O0 -fprofile-generate
UNRESOLVED: g++.dg/tree-prof/indir-call-prof.C execution, -O0 -fprofile-generate
UNRESOLVED: g++.dg/tree-prof/indir-call-prof.C compilation, -O0 -fprofile-use
UNRESOLVED: g++.dg/tree-prof/indir-call-prof.C execution, -O0 -fprofile-use
FAIL: g++.dg/tree-prof/indir-call-prof.C compilation, -O1 -fprofile-generate
UNRESOLVED: g++.dg/tree-prof/indir-call-prof.C execution, -O1 -fprofile-generate
UNRESOLVED: g++.dg/tree-prof/indir-call-prof.C compilation, -O1 -fprofile-use
UNRESOLVED: g++.dg/tree-prof/indir-call-prof.C execution, -O1 -fprofile-use
FAIL: g++.dg/tree-prof/indir-call-prof.C compilation, -O2 -fprofile-generate
UNRESOLVED: g++.dg/tree-prof/indir-call-prof.C execution, -O2 -fprofile-generate
UNRESOLVED: g++.dg/tree-prof/indir-call-prof.C compilation, -O2 -fprofile-use
UNRESOLVED: g++.dg/tree-prof/indir-call-prof.C execution, -O2 -fprofile-use
FAIL: g++.dg/tree-prof/indir-call-prof.C compilation, -O3 -fprofile-generate
UNRESOLVED: g++.dg/tree-prof/indir-call-prof.C execution, -O3 -fprofile-generate
UNRESOLVED: g++.dg/tree-prof/indir-call-prof.C compilation, -O3 -fprofile-use
UNRESOLVED: g++.dg/tree-prof/indir-call-prof.C execution, -O3 -fprofile-use
FAIL: g++.dg/tree-prof/indir-call-prof.C compilation, -O3 -g -fprofile-generate
UNRESOLVED: g++.dg/tree-prof/indir-call-prof.C execution, -O3 -g -fprofile-generate
UNRESOLVED: g++.dg/tree-prof/indir-call-prof.C compilation, -O3 -g -fprofile-use
UNRESOLVED: g++.dg/tree-prof/indir-call-prof.C execution, -O3 -g -fprofile-use
FAIL: g++.dg/tree-prof/indir-call-prof.C compilation, -Os -fprofile-generate
UNRESOLVED: g++.dg/tree-prof/indir-call-prof.C execution, -Os -fprofile-generate
UNRESOLVED: g++.dg/tree-prof/indir-call-prof.C compilation, -Os -fprofile-use
UNRESOLVED: g++.dg/tree-prof/indir-call-prof.C execution, -Os -fprofile-use
FAIL: g++.old-deja/g++.abi/primary2.C execution test
FAIL: g++.old-deja/g++.benjamin/15822.C execution test
FAIL: g++.old-deja/g++.benjamin/typeid01.C execution test
FAIL: g++.old-deja/g++.brendan/copy7.C execution test
FAIL: g++.old-deja/g++.brendan/init3.C execution test
FAIL: g++.old-deja/g++.brendan/new2.C execution test
FAIL: g++.old-deja/g++.bugs/900107_01.C execution test
FAIL: g++.old-deja/g++.eh/cleanup2.C execution test
FAIL: g++.old-deja/g++.eh/spec7.C execution test
FAIL: g++.old-deja/g++.eh/vbase2.C execution test
FAIL: g++.old-deja/g++.ext/delvoid.C execution test
FAIL: g++.old-deja/g++.jason/anon.C execution test
FAIL: g++.old-deja/g++.jason/dtor2.C execution test
FAIL: g++.old-deja/g++.jason/lex1.C execution test
FAIL: g++.old-deja/g++.jason/overload13.C execution test
FAIL: g++.old-deja/g++.jason/vecdel.C execution test
FAIL: g++.old-deja/g++.law/ctors8.C execution test
FAIL: g++.old-deja/g++.law/profile1.C (test for excess errors)
WARNING: g++.old-deja/g++.law/profile1.C compilation failed to produce executable
FAIL: g++.old-deja/g++.martin/bitset1.C execution test
FAIL: g++.old-deja/g++.mike/eh2.C execution test
FAIL: g++.old-deja/g++.mike/mangle3.C execution test
FAIL: g++.old-deja/g++.mike/p4736a.C execution test
FAIL: g++.old-deja/g++.mike/p8155.C execution test
FAIL: g++.old-deja/g++.mike/p8804.C execution test
FAIL: g++.old-deja/g++.mike/virt2.C execution test
FAIL: g++.old-deja/g++.ns/alias1.C execution test
FAIL: g++.old-deja/g++.other/builtins8.C execution test
FAIL: g++.old-deja/g++.other/conv4.C execution test
FAIL: g++.old-deja/g++.other/delete7.C execution test
XPASS: g++.old-deja/g++.other/init19.C execution test
FAIL: g++.old-deja/g++.other/inline8.C execution test
FAIL: g++.old-deja/g++.other/new6.C execution test
FAIL: g++.old-deja/g++.other/optimize3.C execution test
FAIL: g++.old-deja/g++.other/static14.C (test for excess errors)
FAIL: g++.old-deja/g++.other/static20.C (test for excess errors)
FAIL: g++.old-deja/g++.other/virtual2.C execution test
FAIL: g++.old-deja/g++.pt/explicit52.C execution test
FAIL: g++.old-deja/g++.pt/explicit53.C execution test
FAIL: g++.old-deja/g++.pt/explicit57.C execution test
FAIL: g++.old-deja/g++.pt/explicit65.C execution test
FAIL: g++.old-deja/g++.pt/local4.C execution test
FAIL: g++.old-deja/g++.pt/static1.C execution test
FAIL: g++.old-deja/g++.pt/t16.C execution test
FAIL: g++.old-deja/g++.robertl/eh990323-1.C execution test
=== g++ Summary ===
# of expected passes 17941
# of unexpected failures 142
# of unexpected successes 1
# of expected failures 80
# of unresolved testcases 49
# of unsupported tests 128
/home/joel/work-gnat/svn/b-gcc1-i386/gcc/testsuite/g++/../../g++ version 4.4.0 20080824 (experimental) [trunk revision 139537] (GCC)
Compiler version: 4.4.0 20080824 (experimental) [trunk revision 139537] (GCC)
Platform: i386-pc-rtems4.9
configure flags: --enable-threads=rtems --with-gnu-as --enable-multilib --with-gnu-ld --with-newlib --verbose --with-system-zlib --disable-nls --enable-version-specific-runtime-libs --enable-languages=c,c++ --target=i386-rtems4.9 --prefix=/home/joel/work-gnat/svn//install