This is the mail archive of the gcc-testresults@gcc.gnu.org mailing list for the GCC project.


Index Nav: [Date Index] [Subject Index] [Author Index] [Thread Index]
Message Nav: [Date Prev] [Date Next] [Thread Prev] [Thread Next]
Other format: [Raw text]

Results for 4.3.2 20080817 (prerelease) [gcc-4_3-branch revision 139179] (GCC) testsuite on x86_64-unknown-linux-gnu


LAST_UPDATED: Sun Aug 17 19:53:11 UTC 2008 (revision 139179)

Native configuration is x86_64-unknown-linux-gnu

		=== gcc tests ===


Running target unix/-m32
FAIL: gcc.c-torture/compile/limits-exprparen.c  -O0  (test for excess errors)
FAIL: gcc.c-torture/compile/limits-exprparen.c  -O1  (test for excess errors)
FAIL: gcc.c-torture/compile/limits-exprparen.c  -O2  (test for excess errors)
FAIL: gcc.c-torture/compile/limits-exprparen.c  -O3 -fomit-frame-pointer  (test for excess errors)
FAIL: gcc.c-torture/compile/limits-exprparen.c  -O3 -g  (test for excess errors)
FAIL: gcc.c-torture/compile/limits-exprparen.c  -Os  (test for excess errors)

		=== gcc Summary for unix/-m32 ===

# of expected passes		49425
# of unexpected failures	6
# of expected failures		169
# of untested testcases		35
# of unsupported tests		260

Running target unix
FAIL: gcc.c-torture/compile/limits-exprparen.c  -O0  (test for excess errors)
FAIL: gcc.c-torture/compile/limits-exprparen.c  -O1  (test for excess errors)
FAIL: gcc.c-torture/compile/limits-exprparen.c  -O2  (test for excess errors)
FAIL: gcc.c-torture/compile/limits-exprparen.c  -O3 -fomit-frame-pointer  (test for excess errors)
FAIL: gcc.c-torture/compile/limits-exprparen.c  -O3 -g  (test for excess errors)
FAIL: gcc.c-torture/compile/limits-exprparen.c  -Os  (test for excess errors)

		=== gcc Summary for unix ===

# of expected passes		49286
# of unexpected failures	6
# of expected failures		168
# of untested testcases		35
# of unsupported tests		373

		=== gcc Summary ===

# of expected passes		98711
# of unexpected failures	12
# of expected failures		337
# of untested testcases		70
# of unsupported tests		633
/export/build/gnu/gcc-4.3/build-x86_64-linux/gcc/xgcc  version 4.3.2 20080817 (prerelease) [gcc-4_3-branch revision 139179] (GCC) 

		=== gfortran tests ===


Running target unix/-m32

		=== gfortran Summary for unix/-m32 ===

# of expected passes		24226
# of expected failures		3
# of unsupported tests		16

Running target unix

		=== gfortran Summary for unix ===

# of expected passes		24224
# of expected failures		3
# of unsupported tests		18

		=== gfortran Summary ===

# of expected passes		48450
# of expected failures		6
# of unsupported tests		34
/export/build/gnu/gcc-4.3/build-x86_64-linux/gcc/testsuite/gfortran/../../gfortran  version 4.3.2 20080817 (prerelease) [gcc-4_3-branch revision 139179] (GCC) 

		=== g++ tests ===


Running target unix/-m32

		=== g++ Summary for unix/-m32 ===

# of expected passes		17665
# of expected failures		82
# of unsupported tests		89

Running target unix

		=== g++ Summary for unix ===

# of expected passes		17571
# of expected failures		82
# of unsupported tests		122

		=== g++ Summary ===

# of expected passes		35236
# of expected failures		164
# of unsupported tests		211
/export/build/gnu/gcc-4.3/build-x86_64-linux/gcc/testsuite/g++/../../g++  version 4.3.2 20080817 (prerelease) [gcc-4_3-branch revision 139179] (GCC) 

		=== objc tests ===


Running target unix/-m32
WARNING: Could not compile objc.dg/gnu-encoding/struct-layout-encoding-1 generator

		=== objc Summary for unix/-m32 ===

# of expected passes		1757
# of unsupported tests		24

Running target unix
WARNING: Could not compile objc.dg/gnu-encoding/struct-layout-encoding-1 generator

		=== objc Summary for unix ===

# of expected passes		1757
# of unsupported tests		24

		=== objc Summary ===

# of expected passes		3514
# of unsupported tests		48
/export/build/gnu/gcc-4.3/build-x86_64-linux/gcc/xgcc  version 4.3.2 20080817 (prerelease) [gcc-4_3-branch revision 139179] (GCC) 

		=== libffi tests ===


Running target unix/-m32

		=== libffi Summary for unix/-m32 ===

# of expected passes		1389
# of unsupported tests		10

Running target unix

		=== libffi Summary for unix ===

# of expected passes		1389
# of unsupported tests		10

		=== libffi Summary ===

# of expected passes		2778
# of unsupported tests		20
		=== libgomp tests ===


Running target unix/-m32

		=== libgomp Summary for unix/-m32 ===

# of expected passes		1763

Running target unix

		=== libgomp Summary for unix ===

# of expected passes		1763

		=== libgomp Summary ===

# of expected passes		3526
		=== libjava tests ===


Running target unix/-m32
FAIL: events output

		=== libjava Summary for unix/-m32 ===

# of expected passes		2561
# of unexpected failures	1

Running target unix

		=== libjava Summary for unix ===

# of expected passes		2562

		=== libjava Summary ===

# of expected passes		5123
# of unexpected failures	1
		=== libmudflap tests ===


Running target unix/-m32
FAIL: libmudflap.c++/pass41-frag.cxx execution test
FAIL: libmudflap.c++/pass41-frag.cxx (-static) execution test
FAIL: libmudflap.c++/pass41-frag.cxx ( -O) execution test
FAIL: libmudflap.c++/pass41-frag.cxx (-O2) execution test
FAIL: libmudflap.c++/pass41-frag.cxx (-O3) execution test
FAIL: libmudflap.cth/pass39-frag.c execution test
FAIL: libmudflap.cth/pass39-frag.c output pattern test
FAIL: libmudflap.cth/pass39-frag.c (-O3) (rerun 10) execution test
FAIL: libmudflap.cth/pass39-frag.c (-O3) (rerun 10) output pattern test
FAIL: libmudflap.cth/pass39-frag.c (-O3) (rerun 19) execution test
FAIL: libmudflap.cth/pass39-frag.c (-O3) (rerun 19) output pattern test

		=== libmudflap Summary for unix/-m32 ===

# of expected passes		1838
# of unexpected failures	11

Running target unix
FAIL: libmudflap.c++/pass41-frag.cxx execution test
FAIL: libmudflap.c++/pass41-frag.cxx (-static) execution test
FAIL: libmudflap.c++/pass41-frag.cxx ( -O) execution test
FAIL: libmudflap.c++/pass41-frag.cxx (-O2) execution test
FAIL: libmudflap.c++/pass41-frag.cxx (-O3) execution test

		=== libmudflap Summary for unix ===

# of expected passes		1844
# of unexpected failures	5

		=== libmudflap Summary ===

# of expected passes		3682
# of unexpected failures	16
		=== libstdc++ tests ===


Running target unix/-m32
XPASS: 26_numerics/headers/cmath/c99_classification_macros_c.cc (test for excess errors)

		=== libstdc++ Summary for unix/-m32 ===

# of expected passes		5575
# of unexpected successes	1
# of expected failures		59
# of unsupported tests		10

Running target unix
XPASS: 26_numerics/headers/cmath/c99_classification_macros_c.cc (test for excess errors)

		=== libstdc++ Summary for unix ===

# of expected passes		5575
# of unexpected successes	1
# of expected failures		59
# of unsupported tests		10

		=== libstdc++ Summary ===

# of expected passes		11150
# of unexpected successes	2
# of expected failures		118
# of unsupported tests		20

Compiler version: 4.3.2 20080817 (prerelease) [gcc-4_3-branch revision 139179] (GCC) 
Platform: x86_64-unknown-linux-gnu
configure flags: --enable-clocale=gnu --with-system-zlib --enable-decimal-float=bid --with-demangler-in-ld --enable-shared --enable-threads=posix --enable-haifa --enable-checking=assert --prefix=/usr/gcc-4.3 --with-local-prefix=/usr/local


Index Nav: [Date Index] [Subject Index] [Author Index] [Thread Index]
Message Nav: [Date Prev] [Date Next] [Thread Prev] [Thread Next]