This is the mail archive of the
gcc-testresults@gcc.gnu.org
mailing list for the GCC project.
Results for 4.4.0 20080812 (experimental) [trunk revision 138972] (GCC) testsuite on hppa-unknown-linux-gnu
- From: dave at mx3210 dot hia dot nrc dot ca (John David Anglin)
- To: dave dot anglin at nrc-cnrc dot gc dot ca, gcc-testresults at gcc dot gnu dot org
- Date: Fri, 15 Aug 2008 23:46:38 -0400 (EDT)
- Subject: Results for 4.4.0 20080812 (experimental) [trunk revision 138972] (GCC) testsuite on hppa-unknown-linux-gnu
LAST_UPDATED: Thu Aug 14 01:45:32 UTC 2008 (revision 138972)
=== acats tests ===
FAIL: a87b59a
FAIL: c93004a
FAIL: c94008a
FAIL: cd1c04e
FAIL: cxf3a01
=== acats Summary ===
# of expected passes 2310
# of unexpected failures 5
Native configuration is hppa-unknown-linux-gnu
=== g++ tests ===
Running target unix
FAIL: g++.dg/compat/eh/unexpected1 cp_compat_x_tst.o-cp_compat_y_tst.o execute
FAIL: g++.dg/eh/registers1.C execution test
FAIL: g++.dg/eh/uncaught1.C execution test
FAIL: g++.dg/eh/unexpected1.C execution test
FAIL: g++.dg/other/PR23205.C scan-assembler .stabs.*foobar:c=i
FAIL: g++.old-deja/g++.abi/cxa_vec.C execution test
FAIL: g++.old-deja/g++.eh/badalloc1.C execution test
FAIL: g++.old-deja/g++.eh/fntry1.C execution test
FAIL: g++.old-deja/g++.eh/rethrow1.C execution test
FAIL: g++.old-deja/g++.eh/rethrow2.C execution test
FAIL: g++.old-deja/g++.eh/rethrow3.C execution test
FAIL: g++.old-deja/g++.eh/rethrow4.C execution test
FAIL: g++.old-deja/g++.eh/rethrow5.C execution test
FAIL: g++.old-deja/g++.eh/rethrow6.C execution test
FAIL: g++.old-deja/g++.eh/spec2.C execution test
FAIL: g++.old-deja/g++.mike/eh33.C execution test
FAIL: g++.old-deja/g++.mike/eh39.C execution test
FAIL: g++.old-deja/g++.mike/eh40.C execution test
FAIL: g++.old-deja/g++.mike/eh50.C execution test
FAIL: g++.old-deja/g++.mike/eh51.C execution test
FAIL: g++.old-deja/g++.robertl/eb31.C execution test
=== g++ Summary ===
# of expected passes 17924
# of unexpected failures 21
# of expected failures 81
# of unsupported tests 144
/home/dave/gnu/gcc/objdir/gcc/testsuite/g++/../../g++ version 4.4.0 20080812 (experimental) [trunk revision 138972] (GCC)
=== gcc tests ===
Running target unix
WARNING: program timed out.
FAIL: gcc.c-torture/compile/limits-fndefn.c -Os (test for excess errors)
FAIL: gcc.c-torture/compile/pr11832.c -O0 (internal compiler error)
FAIL: gcc.c-torture/compile/pr11832.c -O1 (internal compiler error)
FAIL: gcc.c-torture/compile/pr11832.c -O2 (internal compiler error)
FAIL: gcc.c-torture/compile/pr11832.c -O3 -fomit-frame-pointer (internal compiler error)
FAIL: gcc.c-torture/compile/pr11832.c -O3 -fomit-frame-pointer -funroll-loops (internal compiler error)
FAIL: gcc.c-torture/compile/pr11832.c -O3 -fomit-frame-pointer -funroll-all-loops -finline-functions (internal compiler error)
FAIL: gcc.c-torture/compile/pr11832.c -O3 -g (internal compiler error)
FAIL: gcc.c-torture/compile/pr11832.c -Os (internal compiler error)
FAIL: gcc.c-torture/compile/pr33009.c -O0 (internal compiler error)
FAIL: gcc.c-torture/compile/pr33009.c -O1 (internal compiler error)
FAIL: gcc.c-torture/compile/pr33009.c -O2 (internal compiler error)
FAIL: gcc.c-torture/compile/pr33009.c -O3 -fomit-frame-pointer (internal compiler error)
FAIL: gcc.c-torture/compile/pr33009.c -O3 -fomit-frame-pointer -funroll-loops (internal compiler error)
FAIL: gcc.c-torture/compile/pr33009.c -O3 -fomit-frame-pointer -funroll-all-loops -finline-functions (internal compiler error)
FAIL: gcc.c-torture/compile/pr33009.c -O3 -g (internal compiler error)
FAIL: gcc.c-torture/compile/pr33009.c -Os (internal compiler error)
FAIL: gcc.dg/debug/dwarf2/dwarf-die3.c scan-assembler-not DW_AT_inline
FAIL: gcc.dg/pr35729.c scan-rtl-dump-times loop2_invariant "Decided to move invariant" 0
FAIL: gcc.dg/pch/valid-1b.c -O0 -g -I. (test for excess errors)
FAIL: gcc.dg/pch/valid-1b.c -O0 -g assembly comparison
FAIL: gcc.dg/pch/valid-1b.c -O0 -I. (test for excess errors)
FAIL: gcc.dg/pch/valid-1b.c -O0 assembly comparison
FAIL: gcc.dg/pch/valid-1b.c -O1 -I. (test for excess errors)
FAIL: gcc.dg/pch/valid-1b.c -O1 assembly comparison
FAIL: gcc.dg/pch/valid-1b.c -O2 -I. (test for excess errors)
FAIL: gcc.dg/pch/valid-1b.c -O2 assembly comparison
FAIL: gcc.dg/pch/valid-1b.c -O3 -fomit-frame-pointer -I. (test for excess errors)
FAIL: gcc.dg/pch/valid-1b.c -O3 -fomit-frame-pointer assembly comparison
FAIL: gcc.dg/pch/valid-1b.c -O3 -g -I. (test for excess errors)
FAIL: gcc.dg/pch/valid-1b.c -O3 -g assembly comparison
FAIL: gcc.dg/pch/valid-1b.c -Os -I. (test for excess errors)
FAIL: gcc.dg/pch/valid-1b.c -Os assembly comparison
XPASS: gcc.dg/tree-ssa/data-dep-1.c scan-tree-dump-times ltrans "4, \\+, 1" 0
XPASS: gcc.dg/tree-ssa/loop-1.c scan-assembler-times foo 5
XPASS: gcc.dg/tree-ssa/ltrans-3.c scan-tree-dump-times ltrans "transformed loop" 1
XPASS: gcc.dg/tree-ssa/ssa-fre-13.c scan-tree-dump fre "Inserted .* &a"
XPASS: gcc.dg/tree-ssa/ssa-fre-13.c scan-tree-dump fre "Replaced tmp1_.\\(D\\)->data"
XPASS: gcc.dg/tree-ssa/ssa-fre-14.c scan-tree-dump fre "Inserted .* &a"
XPASS: gcc.dg/tree-ssa/ssa-fre-14.c scan-tree-dump fre "Replaced tmp1.data"
XPASS: gcc.dg/tree-ssa/ssa-fre-17.c scan-tree-dump fre "Replaced f.doms\\[0\\].dom with i_"
=== gcc Summary ===
# of expected passes 47157
# of unexpected failures 33
# of unexpected successes 8
# of expected failures 113
# of unsupported tests 509
/home/dave/gnu/gcc/objdir/gcc/xgcc version 4.4.0 20080812 (experimental) [trunk revision 138972] (GCC)
=== gfortran tests ===
Running target unix
FAIL: gfortran.dg/ldist-1.f90 -O scan-tree-dump-times ldist "distributed: split to 4 loops" 1
WARNING: program timed out.
FAIL: gfortran.fortran-torture/execute/entry_6.f90 compilation, -O2
=== gfortran Summary ===
# of expected passes 26359
# of unexpected failures 2
# of expected failures 8
# of untested testcases 1
# of unsupported tests 246
/home/dave/gnu/gcc/objdir/gcc/testsuite/gfortran/../../gfortran version 4.4.0 20080812 (experimental) [trunk revision 138972] (GCC)
=== gnat tests ===
Running target unix
=== gnat Summary ===
# of expected passes 559
# of expected failures 6
=== obj-c++ tests ===
Running target unix
XPASS: obj-c++.dg/bitfield-1.mm (test for warnings, line 26)
XPASS: obj-c++.dg/comp-types-10.mm (test for excess errors)
UNRESOLVED: obj-c++.dg/lookup-2.mm compilation failed to produce executable
UNRESOLVED: obj-c++.dg/try-catch-2.mm compilation failed to produce executable
UNRESOLVED: obj-c++.dg/try-catch-9.mm compilation failed to produce executable
=== obj-c++ Summary ===
# of expected passes 435
# of unexpected successes 2
# of expected failures 9
# of unresolved testcases 3
# of unsupported tests 13
/home/dave/gnu/gcc/objdir/gcc/testsuite/obj-c++/../../g++ version 4.4.0 20080812 (experimental) [trunk revision 138972] (GCC)
=== objc tests ===
Running target unix
FAIL: objc/execute/exceptions/catchall-1.m execution, -O0 -fgnu-runtime
FAIL: objc/execute/exceptions/catchall-1.m execution, -O1 -fgnu-runtime
FAIL: objc/execute/exceptions/catchall-1.m execution, -O2 -fgnu-runtime
FAIL: objc/execute/exceptions/catchall-1.m execution, -O3 -fomit-frame-pointer -fgnu-runtime
FAIL: objc/execute/exceptions/catchall-1.m execution, -O3 -g -fgnu-runtime
FAIL: objc/execute/exceptions/catchall-1.m execution, -Os -fgnu-runtime
FAIL: objc/execute/exceptions/finally-1.m execution, -O0 -fgnu-runtime
FAIL: objc/execute/exceptions/finally-1.m execution, -O1 -fgnu-runtime
FAIL: objc/execute/exceptions/finally-1.m execution, -O2 -fgnu-runtime
FAIL: objc/execute/exceptions/finally-1.m execution, -O3 -fomit-frame-pointer -fgnu-runtime
FAIL: objc/execute/exceptions/finally-1.m execution, -O3 -g -fgnu-runtime
FAIL: objc/execute/exceptions/finally-1.m execution, -Os -fgnu-runtime
FAIL: objc/execute/exceptions/foward-1.m execution, -O0 -fgnu-runtime
FAIL: objc/execute/exceptions/foward-1.m execution, -O1 -fgnu-runtime
FAIL: objc/execute/exceptions/foward-1.m execution, -O2 -fgnu-runtime
FAIL: objc/execute/exceptions/foward-1.m execution, -O3 -fomit-frame-pointer -fgnu-runtime
FAIL: objc/execute/exceptions/foward-1.m execution, -O3 -fomit-frame-pointer -funroll-loops -fgnu-runtime
FAIL: objc/execute/exceptions/foward-1.m execution, -O3 -fomit-frame-pointer -funroll-all-loops -finline-functions -fgnu-runtime
FAIL: objc/execute/exceptions/foward-1.m execution, -O3 -g -fgnu-runtime
FAIL: objc/execute/exceptions/foward-1.m execution, -Os -fgnu-runtime
FAIL: objc/execute/exceptions/local-variables-1.m execution, -O0 -fgnu-runtime
FAIL: objc/execute/exceptions/local-variables-1.m execution, -O1 -fgnu-runtime
FAIL: objc/execute/exceptions/local-variables-1.m execution, -O2 -fgnu-runtime
FAIL: objc/execute/exceptions/local-variables-1.m execution, -O3 -fomit-frame-pointer -fgnu-runtime
FAIL: objc/execute/exceptions/local-variables-1.m execution, -O3 -g -fgnu-runtime
FAIL: objc/execute/exceptions/local-variables-1.m execution, -Os -fgnu-runtime
=== objc Summary ===
# of expected passes 1788
# of unexpected failures 26
# of expected failures 7
# of unsupported tests 24
/home/dave/gnu/gcc/objdir/gcc/xgcc version 4.4.0 20080812 (experimental) [trunk revision 138972] (GCC)
=== libffi tests ===
Running target unix
=== libffi Summary ===
# of expected passes 1389
# of unsupported tests 10
=== libgomp tests ===
Running target unix
FAIL: libgomp.fortran/vla6.f90 -O1 execution test
FAIL: libgomp.fortran/vla6.f90 -O2 execution test
FAIL: libgomp.fortran/vla6.f90 -Os execution test
=== libgomp Summary ===
# of expected passes 2272
# of unexpected failures 3
# of unsupported tests 7
=== libjava tests ===
Running target unix
=== libjava Summary ===
# of expected passes 2574
=== libmudflap tests ===
Running target unix
FAIL: libmudflap.c++/pass41-frag.cxx execution test
FAIL: libmudflap.c++/pass41-frag.cxx (-static) execution test
FAIL: libmudflap.c++/pass41-frag.cxx (-O2) execution test
FAIL: libmudflap.c++/pass41-frag.cxx (-O3) execution test
WARNING: program timed out.
FAIL: libmudflap.cth/pass40-frag.c execution test
FAIL: libmudflap.cth/pass40-frag.c output pattern test
WARNING: program timed out.
FAIL: libmudflap.cth/pass40-frag.c (-static -DSTATIC) execution test
FAIL: libmudflap.cth/pass40-frag.c (-static -DSTATIC) output pattern test
WARNING: program timed out.
FAIL: libmudflap.cth/pass40-frag.c (-O2) execution test
FAIL: libmudflap.cth/pass40-frag.c (-O2) output pattern test
WARNING: program timed out.
FAIL: libmudflap.cth/pass40-frag.c (-O3) execution test
FAIL: libmudflap.cth/pass40-frag.c (-O3) output pattern test
=== libmudflap Summary ===
# of expected passes 1853
# of unexpected failures 12
=== libstdc++ tests ===
Running target unix
FAIL: abi_check
FAIL: 18_support/uncaught_exception/14026.cc execution test
FAIL: 22_locale/locale/cons/12352.cc execution test
FAIL: 22_locale/locale/cons/12438.cc execution test
FAIL: 22_locale/numpunct/members/pod/2.cc execution test
FAIL: 22_locale/time_get/get_date/wchar_t/4.cc execution test
FAIL: 23_containers/deque/cons/2.cc execution test
FAIL: 23_containers/list/modifiers/3.cc execution test
XPASS: 23_containers/unordered_multimap/init-list.cc (test for excess errors)
FAIL: 23_containers/vector/capacity/2.cc execution test
FAIL: 23_containers/vector/cons/4.cc execution test
XPASS: 26_numerics/headers/cmath/c99_classification_macros_c.cc (test for excess errors)
FAIL: 27_io/basic_istream/exceptions/char/9561.cc execution test
FAIL: 27_io/basic_istream/exceptions/wchar_t/9561.cc execution test
FAIL: 27_io/basic_istream/extractors_arithmetic/char/exceptions_badbit_throw.cc execution test
FAIL: 27_io/basic_istream/extractors_arithmetic/wchar_t/exceptions_badbit_throw.cc execution test
FAIL: 27_io/basic_istream/extractors_other/char/exceptions_failbit_throw.cc execution test
FAIL: 27_io/basic_istream/extractors_other/wchar_t/exceptions_failbit_throw.cc execution test
FAIL: 27_io/basic_istream/seekg/char/exceptions_badbit_throw.cc execution test
FAIL: 27_io/basic_istream/seekg/wchar_t/exceptions_badbit_throw.cc execution test
FAIL: 27_io/basic_istream/tellg/char/exceptions_badbit_throw.cc execution test
FAIL: 27_io/basic_istream/tellg/wchar_t/exceptions_badbit_throw.cc execution test
FAIL: 27_io/basic_ostream/exceptions/char/9561.cc execution test
FAIL: 27_io/basic_ostream/exceptions/wchar_t/9561.cc execution test
FAIL: 27_io/basic_ostream/flush/char/exceptions_badbit_throw.cc execution test
FAIL: 27_io/basic_ostream/flush/wchar_t/exceptions_badbit_throw.cc execution test
FAIL: 27_io/basic_ostream/inserters_arithmetic/char/9555-oa.cc execution test
FAIL: 27_io/basic_ostream/inserters_arithmetic/char/exceptions_badbit_throw.cc execution test
FAIL: 27_io/basic_ostream/inserters_arithmetic/wchar_t/9555-oa.cc execution test
FAIL: 27_io/basic_ostream/inserters_arithmetic/wchar_t/exceptions_badbit_throw.cc execution test
FAIL: 27_io/basic_ostream/inserters_character/char/9555-oc.cc execution test
FAIL: 27_io/basic_ostream/inserters_character/wchar_t/9555-oc.cc execution test
FAIL: 27_io/basic_ostream/inserters_other/char/exceptions_failbit_throw.cc execution test
FAIL: 27_io/basic_ostream/inserters_other/wchar_t/exceptions_failbit_throw.cc execution test
FAIL: 27_io/basic_ostream/put/char/1.cc execution test
FAIL: 27_io/basic_ostream/put/wchar_t/1.cc execution test
FAIL: 27_io/basic_ostream/seekp/char/exceptions_badbit_throw.cc execution test
FAIL: 27_io/basic_ostream/seekp/wchar_t/exceptions_badbit_throw.cc execution test
FAIL: 27_io/basic_ostream/tellp/char/exceptions_badbit_throw.cc execution test
FAIL: 27_io/basic_ostream/tellp/wchar_t/exceptions_badbit_throw.cc execution test
FAIL: 27_io/basic_ostream/write/char/1.cc execution test
FAIL: 27_io/basic_ostream/write/wchar_t/1.cc execution test
FAIL: ext/pb_ds/example/hash_illegal_resize.cc execution test
FAIL: ext/pb_ds/regression/hash_data_map_rand.cc execution test
FAIL: ext/pb_ds/regression/hash_no_data_map_rand.cc execution test
FAIL: ext/pb_ds/regression/priority_queue_rand.cc execution test
FAIL: ext/pb_ds/regression/tree_data_map_rand.cc execution test
FAIL: ext/pb_ds/regression/tree_no_data_map_rand.cc execution test
FAIL: ext/pb_ds/regression/trie_data_map_rand.cc execution test
FAIL: ext/pb_ds/regression/trie_no_data_map_rand.cc execution test
WARNING: program timed out.
FAIL: thread/pthread7-rope.cc execution test
=== libstdc++ Summary ===
# of expected passes 5929
# of unexpected failures 49
# of unexpected successes 2
# of expected failures 70
# of unsupported tests 10
Compiler version: 4.4.0 20080812 (experimental) [trunk revision 138972] (GCC)
Platform: hppa-unknown-linux-gnu
configure flags: --with-gnu-as --with-gnu-ld --enable-shared --prefix=/home/dave/opt/gnu/gcc/gcc-4.3.1 --with-local-prefix=/home/dave/opt/gnu --enable-threads=posix --enable-__cxa_atexit --build=hppa-linux --enable-clocale=gnu --enable-java-gc=boehm --enable-java-awt=xlib --enable-checking=release --enable-languages=c,c++,objc,fortran,obj-c++,java,ada