This is the mail archive of the gcc-testresults@gcc.gnu.org mailing list for the GCC project.


Index Nav: [Date Index] [Subject Index] [Author Index] [Thread Index]
Message Nav: [Date Prev] [Date Next] [Thread Prev] [Thread Next]
Other format: [Raw text]

Results for 4.4.0 20080806 (experimental) [stack revision 138850] (GCC) testsuite on x86_64-unknown-linux-gnu


LAST_UPDATED: Thu Aug  7 22:15:02 UTC 2008 (revision 138850)

Native configuration is x86_64-unknown-linux-gnu

		=== gcc tests ===


Running target unix/
FAIL: gcc.c-torture/compile/limits-structnest.c  -O2  (test for excess errors)
FAIL: gcc.c-torture/compile/limits-structnest.c  -O3 -fomit-frame-pointer  (test for excess errors)
FAIL: gcc.c-torture/compile/limits-structnest.c  -O3 -g  (test for excess errors)
FAIL: gcc.c-torture/compile/limits-structnest.c  -Os  (test for excess errors)
FAIL: gcc.dg/debug/dwarf2/dwarf-die3.c scan-assembler-not DW_AT_inline
XPASS: gcc.dg/tree-ssa/data-dep-1.c scan-tree-dump-times ltrans "4, \\+, 1" 0
XPASS: gcc.dg/tree-ssa/ltrans-3.c scan-tree-dump-times ltrans "transformed loop" 1
XPASS: gcc.dg/tree-ssa/ssa-fre-13.c scan-tree-dump fre "Inserted .* &a"
XPASS: gcc.dg/tree-ssa/ssa-fre-13.c scan-tree-dump fre "Replaced tmp1_.\\(D\\)->data"
XPASS: gcc.dg/tree-ssa/ssa-fre-14.c scan-tree-dump fre "Inserted .* &a"
XPASS: gcc.dg/tree-ssa/ssa-fre-14.c scan-tree-dump fre "Replaced tmp1.data"
XPASS: gcc.dg/tree-ssa/ssa-fre-17.c scan-tree-dump fre "Replaced f.doms\\[0\\].dom with i_"
FAIL: gcc.dg/vect/vect-67.c scan-tree-dump-times vect "vectorized 1 loops" 1
FAIL: gcc.dg/vect/no-scevccp-outer-13.c scan-tree-dump-times vect "OUTER LOOP VECTORIZED." 1
FAIL: gcc.dg/vect/no-scevccp-outer-7.c scan-tree-dump-times vect "OUTER LOOP VECTORIZED." 1

		=== gcc Summary ===

# of expected passes		52292
# of unexpected failures	8
# of unexpected successes	7
# of expected failures		193
# of unsupported tests		817
/home/mstein/obj/stack/gcc/xgcc  version 4.4.0 20080806 (experimental) [stack revision 138850] (GCC) 

		=== libgomp tests ===


Running target unix/

		=== libgomp Summary ===

# of expected passes		241
		=== libmudflap tests ===


Running target unix/
WARNING: program timed out.
FAIL: libmudflap.cth/pass40-frag.c (-O3) execution test
FAIL: libmudflap.cth/pass40-frag.c (-O3) output pattern test

		=== libmudflap Summary ===

# of expected passes		1714
# of unexpected failures	2
# of unsupported tests		2

Compiler version: 4.4.0 20080806 (experimental) [stack revision 138850] (GCC) 
Platform: x86_64-unknown-linux-gnu
configure flags: --enable-languages=c --disable-nls --prefix=/home/mstein/host-gcc/stack-2008-08-08 --enable-checking=yes,rtl --with-mpfr=/opt/cfarm/mpfr-2.3.1


Index Nav: [Date Index] [Subject Index] [Author Index] [Thread Index]
Message Nav: [Date Prev] [Date Next] [Thread Prev] [Thread Next]