This is the mail archive of the
gcc-testresults@gcc.gnu.org
mailing list for the GCC project.
Results for 4.4.0 20080806 (experimental) (GCC) testsuite on powerpc-apple-darwin8.5.0
- From: regress at apple dot com (regress)
- To: gcc-testresults at gcc dot gnu dot org
- Date: Wed, 6 Aug 2008 15:56:02 -0700 (PDT)
- Subject: Results for 4.4.0 20080806 (experimental) (GCC) testsuite on powerpc-apple-darwin8.5.0
This build run by an automatic regression tester.
See <http://gcc.gnu.org/regtest/HEAD/> for more information.
Date: 2008-08-06T14:59:55Z
Revision: 138803
URL: svn://gcc.gnu.org/svn/gcc/trunk
Status: regress-19
Prev-Endtime: 2008-08-06T14:55:49Z
LAST_UPDATED:
Native configuration is powerpc-apple-darwin8.5.0
=== g++ tests ===
Running target unix
FAIL: g++.dg/abi/key2.C scan-assembler .globl __ZTI1f\\\\n\\t.weak_definition __ZTI1f\\\\n\\t.section __DATA,__const_coal,coalesced
FAIL: g++.dg/ext/alignof2.C execution test
FAIL: g++.dg/ext/altivec-2.C (test for excess errors)
FAIL: g++.dg/ipa/iinline-1.C scan-ipa-dump inline "String::funcOne[^\\n]*inline copy in int main"
FAIL: g++.dg/other/PR23205.C scan-assembler .stabs.*foobar:c=i
FAIL: g++.dg/other/anon5.C (test for excess errors)
FAIL: g++.dg/other/unused1.C scan-assembler (string|ascii?)z?[\\t ]"printer("|\\\\\\\\0)
FAIL: g++.dg/pubtypes.C scan-assembler long+[ \\t]+0x24+[ \\t]+[#;]+[ \\t]+Length of Public Type Names Info
FAIL: g++.dg/pch/pch.C -g assembly comparison
FAIL: g++.dg/pch/pch.C -O2 -g assembly comparison
FAIL: g++.dg/special/conpr-3.C execution test
FAIL: g++.dg/special/initpri1.C execution test
FAIL: g++.dg/torture/type-generic-1.C -O0 execution test
FAIL: g++.dg/torture/type-generic-1.C -O1 execution test
FAIL: g++.dg/torture/type-generic-1.C -O2 execution test
FAIL: g++.dg/torture/type-generic-1.C -O3 -fomit-frame-pointer execution test
FAIL: g++.dg/torture/type-generic-1.C -O3 -g execution test
FAIL: g++.dg/torture/type-generic-1.C -Os execution test
=== g++ Summary ===
# of expected passes 17841
# of unexpected failures 18
# of expected failures 81
# of unsupported tests 156
/Users/regress/tbox/native/build/gcc/testsuite/g++/../../g++ version 4.4.0 20080806 (experimental) (GCC)
=== gcc tests ===
Running target unix
FAIL: gcc.c-torture/compile/limits-exprparen.c -O0 (test for excess errors)
FAIL: gcc.c-torture/compile/limits-exprparen.c -O1 (test for excess errors)
FAIL: gcc.c-torture/compile/limits-exprparen.c -O2 (test for excess errors)
FAIL: gcc.c-torture/compile/limits-exprparen.c -O3 -fomit-frame-pointer (test for excess errors)
FAIL: gcc.c-torture/compile/limits-exprparen.c -O3 -g (test for excess errors)
FAIL: gcc.c-torture/compile/limits-exprparen.c -Os (test for excess errors)
FAIL: gcc.c-torture/compile/pr11832.c -O0 (internal compiler error)
FAIL: gcc.c-torture/compile/pr11832.c -O1 (internal compiler error)
FAIL: gcc.c-torture/compile/pr11832.c -O2 (internal compiler error)
FAIL: gcc.c-torture/compile/pr11832.c -O3 -fomit-frame-pointer (internal compiler error)
FAIL: gcc.c-torture/compile/pr11832.c -O3 -fomit-frame-pointer -funroll-loops (internal compiler error)
FAIL: gcc.c-torture/compile/pr11832.c -O3 -fomit-frame-pointer -funroll-all-loops -finline-functions (internal compiler error)
FAIL: gcc.c-torture/compile/pr11832.c -O3 -g (internal compiler error)
FAIL: gcc.c-torture/compile/pr11832.c -Os (internal compiler error)
FAIL: gcc.c-torture/compile/pr33009.c -O0 (internal compiler error)
FAIL: gcc.c-torture/compile/pr33009.c -O1 (internal compiler error)
FAIL: gcc.c-torture/compile/pr33009.c -O2 (internal compiler error)
FAIL: gcc.c-torture/compile/pr33009.c -O3 -fomit-frame-pointer (internal compiler error)
FAIL: gcc.c-torture/compile/pr33009.c -O3 -fomit-frame-pointer -funroll-loops (internal compiler error)
FAIL: gcc.c-torture/compile/pr33009.c -O3 -fomit-frame-pointer -funroll-all-loops -finline-functions (internal compiler error)
FAIL: gcc.c-torture/compile/pr33009.c -O3 -g (internal compiler error)
FAIL: gcc.c-torture/compile/pr33009.c -Os (internal compiler error)
FAIL: gcc.dg/cpp/subframework1.c (test for excess errors)
FAIL: gcc.dg/debug/dwarf2/dwarf-die3.c scan-assembler-not DW_AT_inline
XPASS: gcc.dg/20020103-1.c scan-assembler-not LC[0-9]
FAIL: gcc.dg/and-1.c scan-assembler-not nand
FAIL: gcc.dg/initpri1.c execution test
FAIL: gcc.dg/memcpy-1.c scan-tree-dump-times optimized "nasty_local" 0
FAIL: gcc.dg/pr28796-2.c execution test
FAIL: gcc.dg/pr35729.c scan-rtl-dump-times loop2_invariant "Decided to move invariant" 0
FAIL: gcc.dg/ssp-2.c (test for excess errors)
FAIL: gcc.dg/var-expand3.c scan-rtl-dump loop2_unroll "Expanding Accumulator": dump file does not exist
FAIL: gcc.dg/pch/save-temps-1.c -O0 -g assembly comparison
FAIL: gcc.dg/pch/save-temps-1.c -O3 -g assembly comparison
FAIL: gcc.dg/torture/builtin-math-4.c -O0 (test for excess errors)
FAIL: gcc.dg/torture/builtin-math-4.c -O1 (test for excess errors)
FAIL: gcc.dg/torture/builtin-math-4.c -O2 (test for excess errors)
FAIL: gcc.dg/torture/builtin-math-4.c -O3 -fomit-frame-pointer (test for excess errors)
FAIL: gcc.dg/torture/builtin-math-4.c -O3 -fomit-frame-pointer -funroll-loops (test for excess errors)
FAIL: gcc.dg/torture/builtin-math-4.c -O3 -fomit-frame-pointer -funroll-all-loops -finline-functions (test for excess errors)
FAIL: gcc.dg/torture/builtin-math-4.c -O3 -g (test for excess errors)
FAIL: gcc.dg/torture/builtin-math-4.c -Os (test for excess errors)
FAIL: gcc.dg/torture/type-generic-1.c -O0 execution test
FAIL: gcc.dg/torture/type-generic-1.c -O1 execution test
FAIL: gcc.dg/torture/type-generic-1.c -O2 execution test
FAIL: gcc.dg/torture/type-generic-1.c -O3 -fomit-frame-pointer execution test
FAIL: gcc.dg/torture/type-generic-1.c -O3 -g execution test
FAIL: gcc.dg/torture/type-generic-1.c -Os execution test
XPASS: gcc.dg/tree-ssa/data-dep-1.c scan-tree-dump-times ltrans "4, \\+, 1" 0
XPASS: gcc.dg/tree-ssa/ltrans-3.c scan-tree-dump-times ltrans "transformed loop" 1
XPASS: gcc.dg/tree-ssa/ssa-fre-13.c scan-tree-dump fre "Inserted .* &a"
XPASS: gcc.dg/tree-ssa/ssa-fre-13.c scan-tree-dump fre "Replaced tmp1_.\\(D\\)->data"
XPASS: gcc.dg/tree-ssa/ssa-fre-14.c scan-tree-dump fre "Inserted .* &a"
XPASS: gcc.dg/tree-ssa/ssa-fre-14.c scan-tree-dump fre "Replaced tmp1.data"
XPASS: gcc.dg/tree-ssa/ssa-fre-17.c scan-tree-dump fre "Replaced f.doms\\[0\\].dom with i_"
FAIL: gcc.dg/vect/vect-67.c scan-tree-dump-times vect "vectorized 1 loops" 1
FAIL: gcc.dg/vect/vect-strided-store-u16-i4.c scan-tree-dump-times vect "vectorized 1 loops" 2
FAIL: gcc.dg/vect/vect-vfa-03.c scan-tree-dump-times vect "vectorized 1 loops" 1
XPASS: gcc.dg/vect/vect-vfa-03.c scan-tree-dump-times vect "vectorized 1 loops" 0
FAIL: gcc.dg/vect/slp-21.c scan-tree-dump-times vect "vectorized 4 loops" 1
FAIL: gcc.dg/vect/slp-21.c scan-tree-dump-times vect "vectorizing stmts using SLP" 2
FAIL: gcc.dg/vect/slp-7.c scan-tree-dump-times vect "vectorized 3 loops" 1
FAIL: gcc.dg/vect/slp-7.c scan-tree-dump-times vect "vectorizing stmts using SLP" 3
FAIL: gcc.dg/vect/section-anchors-pr27770.c (test for excess errors)
FAIL: gcc.dg/vect/section-anchors-vect-69.c (test for excess errors)
FAIL: gcc.dg/vect/section-anchors-vect-69.c scan-tree-dump-times vect "Alignment of access forced using peeling" 4
=== gcc Summary ===
# of expected passes 49754
# of unexpected failures 57
# of unexpected successes 9
# of expected failures 189
# of unsupported tests 608
/Users/regress/tbox/native/build/gcc/xgcc version 4.4.0 20080806 (experimental) (GCC)
=== gfortran tests ===
Running target unix
FAIL: gfortran.dg/bessel_2.f90 -O (test for excess errors)
FAIL: gfortran.dg/large_real_kind_3.F90 -O0 execution test
FAIL: gfortran.dg/g77/f90-intrinsic-bit.f -O3 -fomit-frame-pointer execution test
FAIL: gfortran.dg/g77/f90-intrinsic-bit.f -O3 -fomit-frame-pointer -funroll-loops execution test
FAIL: gfortran.dg/g77/f90-intrinsic-bit.f -O3 -fomit-frame-pointer -funroll-all-loops -finline-functions execution test
FAIL: gfortran.dg/g77/f90-intrinsic-bit.f -O3 -g execution test
=== gfortran Summary ===
# of expected passes 27049
# of unexpected failures 6
# of expected failures 40
# of unsupported tests 132
/Users/regress/tbox/native/build/gcc/testsuite/gfortran/../../gfortran version 4.4.0 20080806 (experimental) (GCC)
=== objc tests ===
Running target unix
FAIL: objc/execute/class_self-2.m execution, -O0 -fnext-runtime
FAIL: objc/execute/class_self-2.m execution, -O1 -fnext-runtime
FAIL: objc/execute/class_self-2.m execution, -O2 -fnext-runtime
FAIL: objc/execute/class_self-2.m execution, -O3 -fomit-frame-pointer -fnext-runtime
FAIL: objc/execute/class_self-2.m execution, -O3 -g -fnext-runtime
FAIL: objc/execute/class_self-2.m execution, -Os -fnext-runtime
FAIL: objc.dg/stret-1.m (internal compiler error)
FAIL: objc.dg/stret-1.m (test for excess errors)
WARNING: objc.dg/stret-1.m compilation failed to produce executable
FAIL: objc.dg/stret-2.m (internal compiler error)
FAIL: objc.dg/stret-2.m (test for excess errors)
ERROR: objc.dg/stret-2.m: error executing dg-final: couldn't open "stret-2.s": no such file or directory
UNRESOLVED: objc.dg/stret-2.m: error executing dg-final: couldn't open "stret-2.s": no such file or directory
FAIL: objc.dg-struct-layout-encoding-1/t001_main.m execution test
FAIL: objc.dg-struct-layout-encoding-1/t005_main.m execution test
FAIL: objc.dg-struct-layout-encoding-1/t009_main.m execution test
FAIL: objc.dg-struct-layout-encoding-1/t010_main.m execution test
FAIL: objc.dg-struct-layout-encoding-1/t013_main.m execution test
FAIL: objc.dg-struct-layout-encoding-1/t014_main.m execution test
FAIL: objc.dg-struct-layout-encoding-1/t016_main.m execution test
FAIL: objc.dg-struct-layout-encoding-1/t017_main.m execution test
FAIL: objc.dg-struct-layout-encoding-1/t018_main.m execution test
FAIL: objc.dg-struct-layout-encoding-1/t019_main.m execution test
FAIL: objc.dg-struct-layout-encoding-1/t020_main.m execution test
FAIL: objc.dg-struct-layout-encoding-1/t021_main.m execution test
FAIL: objc.dg-struct-layout-encoding-1/t023_main.m execution test
FAIL: objc.dg-struct-layout-encoding-1/t024_main.m execution test
=== objc Summary ===
# of expected passes 3028
# of unexpected failures 24
# of expected failures 17
# of unresolved testcases 1
# of unsupported tests 1
/Users/regress/tbox/native/build/gcc/xgcc version 4.4.0 20080806 (experimental) (GCC)
=== libffi tests ===
Running target unix
=== libffi Summary ===
# of expected passes 1389
# of unsupported tests 10
=== libgomp tests ===
Running target unix
=== libgomp Summary ===
# of expected passes 2033
# of unsupported tests 128
=== libjava tests ===
Running target unix
FAIL: StackTrace2 -O3 execution - source compiled test
FAIL: Thread_Sleep_2 output - source compiled test
FAIL: Thread_Sleep_2 -findirect-dispatch output - source compiled test
FAIL: Thread_Sleep_2 -O3 output - source compiled test
FAIL: Thread_Sleep_2 -O3 -findirect-dispatch output - source compiled test
=== libjava Summary ===
# of expected passes 2568
# of unexpected failures 5
# of untested testcases 1
=== libstdc++ tests ===
Running target unix
XPASS: 21_strings/basic_string/element_access/char/21674.cc execution test
XPASS: 21_strings/basic_string/element_access/wchar_t/21674.cc execution test
XPASS: 23_containers/unordered_multimap/init-list.cc (test for excess errors)
XPASS: 26_numerics/headers/cmath/c99_classification_macros_c.cc (test for excess errors)
FAIL: ext/mt_allocator/deallocate_local_thread-5.cc execution test
FAIL: ext/mt_allocator/deallocate_local_thread-7.cc execution test
FAIL: ext/pb_ds/regression/trie_data_map_rand.cc execution test
FAIL: ext/pb_ds/regression/trie_no_data_map_rand.cc execution test
=== libstdc++ Summary ===
# of expected passes 5333
# of unexpected failures 4
# of unexpected successes 4
# of expected failures 68
# of unsupported tests 328
Compiler version: 4.4.0 20080806 (experimental) (GCC)
Platform: powerpc-apple-darwin8.5.0
configure flags: --prefix=/Users/regress/tbox/objs --target=powerpc-apple-darwin8.5.0