This is the mail archive of the gcc-testresults@gcc.gnu.org mailing list for the GCC project.


Index Nav: [Date Index] [Subject Index] [Author Index] [Thread Index]
Message Nav: [Date Prev] [Date Next] [Thread Prev] [Thread Next]
Other format: [Raw text]

Results for 4.4.0 20080802 (experimental) [trunk revision 138551] (Debian 20080802-1) testsuite on hppa-unknown-linux-gnu


LAST_UPDATED: Sat Aug  2 09:17:13 UTC 2008 (revision 138551)

Target: hppa-linux-gnu
gcc version 4.4.0 20080802 (experimental) [trunk revision 138551] (Debian 20080802-1) 

		=== acats tests ===
FAIL:	cd1c04e
FAIL:	cxf3a01

		=== acats Summary ===
# of expected passes		2313
# of unexpected failures	2
Native configuration is hppa-unknown-linux-gnu

		=== g++ tests ===


Running target unix
FAIL: g++.dg/other/PR23205.C scan-assembler .stabs.*foobar:c=i

		=== g++ Summary ===

# of expected passes		17905
# of unexpected failures	1
# of expected failures		81
# of unsupported tests		144
/build/buildd/gcc-snapshot-20080802/build/gcc/testsuite/g++/../../g++  version 4.4.0 20080802 (experimental) [trunk revision 138551] (Debian 20080802-1) 

		=== gcc tests ===


Running target unix
FAIL: gcc.c-torture/compile/pr11832.c  -O0  (internal compiler error)
FAIL: gcc.c-torture/compile/pr11832.c  -O1  (internal compiler error)
FAIL: gcc.c-torture/compile/pr11832.c  -O2  (internal compiler error)
FAIL: gcc.c-torture/compile/pr11832.c  -O3 -fomit-frame-pointer  (internal compiler error)
FAIL: gcc.c-torture/compile/pr11832.c  -O3 -fomit-frame-pointer -funroll-loops  (internal compiler error)
FAIL: gcc.c-torture/compile/pr11832.c  -O3 -fomit-frame-pointer -funroll-all-loops -finline-functions  (internal compiler error)
FAIL: gcc.c-torture/compile/pr11832.c  -O3 -g  (internal compiler error)
FAIL: gcc.c-torture/compile/pr11832.c  -Os  (internal compiler error)
FAIL: gcc.c-torture/compile/pr33009.c  -O0  (internal compiler error)
FAIL: gcc.c-torture/compile/pr33009.c  -O1  (internal compiler error)
FAIL: gcc.c-torture/compile/pr33009.c  -O2  (internal compiler error)
FAIL: gcc.c-torture/compile/pr33009.c  -O3 -fomit-frame-pointer  (internal compiler error)
FAIL: gcc.c-torture/compile/pr33009.c  -O3 -fomit-frame-pointer -funroll-loops  (internal compiler error)
FAIL: gcc.c-torture/compile/pr33009.c  -O3 -fomit-frame-pointer -funroll-all-loops -finline-functions  (internal compiler error)
FAIL: gcc.c-torture/compile/pr33009.c  -O3 -g  (internal compiler error)
FAIL: gcc.c-torture/compile/pr33009.c  -Os  (internal compiler error)
FAIL: gcc.dg/debug/dwarf2/dwarf-die3.c scan-assembler-not DW_AT_inline
FAIL: gcc.dg/pr35729.c scan-rtl-dump-times loop2_invariant "Decided to move invariant" 0
XPASS: gcc.dg/tree-ssa/data-dep-1.c scan-tree-dump-times ltrans "4, \\+, 1" 0
XPASS: gcc.dg/tree-ssa/loop-1.c scan-assembler-times foo 5
XPASS: gcc.dg/tree-ssa/ltrans-3.c scan-tree-dump-times ltrans "transformed loop" 1
XPASS: gcc.dg/tree-ssa/ssa-fre-13.c scan-tree-dump fre "Inserted .* &a"
XPASS: gcc.dg/tree-ssa/ssa-fre-13.c scan-tree-dump fre "Replaced tmp1_.\\(D\\)->data"
XPASS: gcc.dg/tree-ssa/ssa-fre-14.c scan-tree-dump fre "Inserted .* &a"
XPASS: gcc.dg/tree-ssa/ssa-fre-14.c scan-tree-dump fre "Replaced tmp1.data"
XPASS: gcc.dg/tree-ssa/ssa-fre-17.c scan-tree-dump fre "Replaced f.doms\\[0\\].dom with i_"

		=== gcc Summary ===

# of expected passes		47045
# of unexpected failures	18
# of unexpected successes	8
# of expected failures		112
# of unsupported tests		509
/build/buildd/gcc-snapshot-20080802/build/gcc/xgcc  version 4.4.0 20080802 (experimental) [trunk revision 138551] (Debian 20080802-1) 

		=== gfortran tests ===


Running target unix
FAIL: gfortran.dg/ldist-1.f90  -O  scan-tree-dump-times ldist "distributed: split to 4 loops" 1

		=== gfortran Summary ===

# of expected passes		26359
# of unexpected failures	1
# of expected failures		8
# of unsupported tests		246
/build/buildd/gcc-snapshot-20080802/build/gcc/testsuite/gfortran/../../gfortran  version 4.4.0 20080802 (experimental) [trunk revision 138551] (Debian 20080802-1) 

		=== gnat tests ===


Running target unix

		=== gnat Summary ===

# of expected passes		546
# of expected failures		6
		=== obj-c++ tests ===


Running target unix
UNRESOLVED: obj-c++.dg/bitfield-1.mm compilation failed to produce executable
UNRESOLVED: obj-c++.dg/lookup-2.mm compilation failed to produce executable
UNRESOLVED: obj-c++.dg/try-catch-2.mm compilation failed to produce executable
UNRESOLVED: obj-c++.dg/try-catch-9.mm compilation failed to produce executable

		=== obj-c++ Summary ===

# of expected passes		437
# of expected failures		11
# of unresolved testcases	4
# of unsupported tests		13
/build/buildd/gcc-snapshot-20080802/build/gcc/testsuite/obj-c++/../../g++  version 4.4.0 20080802 (experimental) [trunk revision 138551] (Debian 20080802-1) 

		=== objc tests ===


Running target unix

		=== objc Summary ===

# of expected passes		1814
# of expected failures		7
# of unsupported tests		24
/build/buildd/gcc-snapshot-20080802/build/gcc/xgcc  version 4.4.0 20080802 (experimental) [trunk revision 138551] (Debian 20080802-1) 

		=== libffi tests ===


Running target unix

		=== libffi Summary ===

# of expected passes		1389
# of unsupported tests		10
		=== libgomp tests ===


Running target unix

		=== libgomp Summary ===

# of expected passes		2275
# of unsupported tests		7
		=== libjava tests ===


Running target unix
FAIL: StackTrace2 -O3 execution - source compiled test

		=== libjava Summary ===

# of expected passes		2572
# of unexpected failures	1
# of untested testcases		1
		=== libmudflap tests ===


Running target unix
FAIL: libmudflap.c++/pass41-frag.cxx execution test
FAIL: libmudflap.c++/pass41-frag.cxx (-static) execution test
FAIL: libmudflap.c++/pass41-frag.cxx (-O2) execution test
FAIL: libmudflap.c++/pass41-frag.cxx (-O3) execution test

		=== libmudflap Summary ===

# of expected passes		1861
# of unexpected failures	4
		=== libstdc++ tests ===


Running target unix
FAIL: abi_check
XPASS: 23_containers/unordered_multimap/init-list.cc (test for excess errors)
XPASS: 26_numerics/headers/cmath/c99_classification_macros_c.cc (test for excess errors)

		=== libstdc++ Summary ===

# of expected passes		5329
# of unexpected failures	1
# of unexpected successes	2
# of expected failures		82
# of unsupported tests		326

Compiler version: 4.4.0 20080802 (experimental) [trunk revision 138551] (Debian 20080802-1) 
Platform: hppa-unknown-linux-gnu
configure flags: -v --with-pkgversion='Debian 20080802-1' --with-bugurl=file:///usr/share/doc/gcc-snapshot/README.Bugs --enable-languages=c,c++,java,fortran,objc,obj-c++,ada --prefix=/usr/lib/gcc-snapshot --enable-shared --with-system-zlib --disable-nls --enable-clocale=gnu --enable-libstdcxx-debug --enable-java-awt=gtk --enable-gtk-cairo --disable-plugin --with-java-home=/usr/lib/gcc-snapshot/jre --with-ecj-jar=/usr/share/java/eclipse-ecj.jar --enable-objc-gc --enable-mpfr --disable-libssp --disable-werror --build=hppa-linux-gnu --host=hppa-linux-gnu --target=hppa-linux-gnu
BOOT_CFLAGS=


Build Dependencies:
Desired=Unknown/Install/Remove/Purge/Hold
| Status=Not/Inst/Cfg-files/Unpacked/Failed-cfg/Half-inst/trig-aWait/Trig-pend
|/ Err?=(none)/Hold/Reinst-required/X=both-problems (Status,Err: uppercase=bad)
||/ Name                                 Version              Description
+++-====================================-====================-==============================================
ii  binutils                             2.18.1~cvs20080103-7 The GNU assembler, linker and binary utilities
ii  libc6                                2.7-13               GNU C Library: Shared libraries


Patches that Debian applied in this version:

cpu-default-i486:
  set default 32bit ix86 architecture to i486

gcc-ice-hack-trunk:
  Retry the build on an ice, save the calling options and preprocessed
  source when the ice is reproducible.

libjava-disable-static:
  Disable building the static libjava.

gcc-ice-apport:
  Report an ICE to apport (if apport is available
  and the environment variable GCC_NOAPPORT is not set)

multiarch-include-trunk:
  biarch-include.dpatch
  
  Adds biarch include directories
  /usr/local/include/<arch>-linux-gnu
  /usr/include/<arch>-linux-gnu
  to the system include paths, depending on 32/64 bit mode.

Counting all warnings,
there are 0 warnings in stage3 of this bootstrap.

Number of warnings per file:

Number of warning types:


Index Nav: [Date Index] [Subject Index] [Author Index] [Thread Index]
Message Nav: [Date Prev] [Date Next] [Thread Prev] [Thread Next]