This is the mail archive of the gcc-testresults@gcc.gnu.org mailing list for the GCC project.


Index Nav: [Date Index] [Subject Index] [Author Index] [Thread Index]
Message Nav: [Date Prev] [Date Next] [Thread Prev] [Thread Next]
Other format: [Raw text]

Results for 4.4.0 20080803 (experimental) [trunk revision 138565] (GCC) testsuite on hppa-unknown-linux-gnu


LAST_UPDATED: Sun Aug  3 17:49:20 UTC 2008 (revision 138565)

		=== acats tests ===
FAIL:	cd1c04e
FAIL:	cxf3a01

		=== acats Summary ===
# of expected passes		2313
# of unexpected failures	2
Native configuration is hppa-unknown-linux-gnu

		=== g++ tests ===


Running target unix
WARNING: program timed out.
FAIL: g++.dg/eh/cleanup1.C (test for excess errors)
FAIL: g++.dg/other/PR23205.C scan-assembler .stabs.*foobar:c=i
WARNING: program timed out.
FAIL: g++.dg/torture/pr31863.C  -O2  (test for excess errors)
WARNING: program timed out.
FAIL: g++.dg/torture/pr31863.C  -O3 -fomit-frame-pointer  (test for excess errors)
WARNING: program timed out.
FAIL: g++.dg/torture/pr31863.C  -O3 -g  (test for excess errors)

		=== g++ Summary ===

# of expected passes		17901
# of unexpected failures	5
# of expected failures		81
# of unsupported tests		144
/home/dave/gcc-4.4/objdir/gcc/testsuite/g++/../../g++  version 4.4.0 20080803 (experimental) [trunk revision 138565] (GCC) 

		=== gcc tests ===


Running target unix
WARNING: program timed out.
FAIL: gcc.c-torture/compile/20001226-1.c  -O1  (test for excess errors)
WARNING: program timed out.
FAIL: gcc.c-torture/compile/20001226-1.c  -O2  (test for excess errors)
WARNING: program timed out.
FAIL: gcc.c-torture/compile/20001226-1.c  -O3 -fomit-frame-pointer  (test for excess errors)
WARNING: program timed out.
FAIL: gcc.c-torture/compile/20001226-1.c  -O3 -g  (test for excess errors)
WARNING: program timed out.
FAIL: gcc.c-torture/compile/20001226-1.c  -Os  (test for excess errors)
FAIL: gcc.c-torture/compile/pr11832.c  -O0  (internal compiler error)
FAIL: gcc.c-torture/compile/pr11832.c  -O1  (internal compiler error)
FAIL: gcc.c-torture/compile/pr11832.c  -O2  (internal compiler error)
FAIL: gcc.c-torture/compile/pr11832.c  -O3 -fomit-frame-pointer  (internal compiler error)
FAIL: gcc.c-torture/compile/pr11832.c  -O3 -fomit-frame-pointer -funroll-loops  (internal compiler error)
FAIL: gcc.c-torture/compile/pr11832.c  -O3 -fomit-frame-pointer -funroll-all-loops -finline-functions  (internal compiler error)
FAIL: gcc.c-torture/compile/pr11832.c  -O3 -g  (internal compiler error)
FAIL: gcc.c-torture/compile/pr11832.c  -Os  (internal compiler error)
FAIL: gcc.c-torture/compile/pr33009.c  -O0  (internal compiler error)
FAIL: gcc.c-torture/compile/pr33009.c  -O1  (internal compiler error)
FAIL: gcc.c-torture/compile/pr33009.c  -O2  (internal compiler error)
FAIL: gcc.c-torture/compile/pr33009.c  -O3 -fomit-frame-pointer  (internal compiler error)
FAIL: gcc.c-torture/compile/pr33009.c  -O3 -fomit-frame-pointer -funroll-loops  (internal compiler error)
FAIL: gcc.c-torture/compile/pr33009.c  -O3 -fomit-frame-pointer -funroll-all-loops -finline-functions  (internal compiler error)
FAIL: gcc.c-torture/compile/pr33009.c  -O3 -g  (internal compiler error)
FAIL: gcc.c-torture/compile/pr33009.c  -Os  (internal compiler error)
FAIL: gcc.dg/debug/dwarf2/dwarf-die3.c scan-assembler-not DW_AT_inline
FAIL: gcc.dg/pr35729.c scan-rtl-dump-times loop2_invariant "Decided to move invariant" 0
XPASS: gcc.dg/tree-ssa/data-dep-1.c scan-tree-dump-times ltrans "4, \\+, 1" 0
XPASS: gcc.dg/tree-ssa/loop-1.c scan-assembler-times foo 5
XPASS: gcc.dg/tree-ssa/ltrans-3.c scan-tree-dump-times ltrans "transformed loop" 1
XPASS: gcc.dg/tree-ssa/ssa-fre-13.c scan-tree-dump fre "Inserted .* &a"
XPASS: gcc.dg/tree-ssa/ssa-fre-13.c scan-tree-dump fre "Replaced tmp1_.\\(D\\)->data"
XPASS: gcc.dg/tree-ssa/ssa-fre-14.c scan-tree-dump fre "Inserted .* &a"
XPASS: gcc.dg/tree-ssa/ssa-fre-14.c scan-tree-dump fre "Replaced tmp1.data"
XPASS: gcc.dg/tree-ssa/ssa-fre-17.c scan-tree-dump fre "Replaced f.doms\\[0\\].dom with i_"

		=== gcc Summary ===

# of expected passes		47040
# of unexpected failures	23
# of unexpected successes	8
# of expected failures		112
# of unsupported tests		509
/home/dave/gcc-4.4/objdir/gcc/xgcc  version 4.4.0 20080803 (experimental) [trunk revision 138565] (GCC) 

		=== gfortran tests ===


Running target unix
FAIL: gfortran.dg/ldist-1.f90  -O  scan-tree-dump-times ldist "distributed: split to 4 loops" 1

		=== gfortran Summary ===

# of expected passes		26359
# of unexpected failures	1
# of expected failures		8
# of unsupported tests		246
/home/dave/gcc-4.4/objdir/gcc/testsuite/gfortran/../../gfortran  version 4.4.0 20080803 (experimental) [trunk revision 138565] (GCC) 

		=== gnat tests ===


Running target unix

		=== gnat Summary ===

# of expected passes		548
# of expected failures		6
		=== obj-c++ tests ===


Running target unix
UNRESOLVED: obj-c++.dg/bitfield-1.mm compilation failed to produce executable
UNRESOLVED: obj-c++.dg/lookup-2.mm compilation failed to produce executable
UNRESOLVED: obj-c++.dg/try-catch-2.mm compilation failed to produce executable
UNRESOLVED: obj-c++.dg/try-catch-9.mm compilation failed to produce executable

		=== obj-c++ Summary ===

# of expected passes		437
# of expected failures		11
# of unresolved testcases	4
# of unsupported tests		13
/home/dave/gcc-4.4/objdir/gcc/testsuite/obj-c++/../../g++  version 4.4.0 20080803 (experimental) [trunk revision 138565] (GCC) 

		=== objc tests ===


Running target unix

		=== objc Summary ===

# of expected passes		1814
# of expected failures		7
# of unsupported tests		24
/home/dave/gcc-4.4/objdir/gcc/xgcc  version 4.4.0 20080803 (experimental) [trunk revision 138565] (GCC) 

		=== libffi tests ===


Running target unix

		=== libffi Summary ===

# of expected passes		1389
# of unsupported tests		10
		=== libgomp tests ===


Running target unix
FAIL: libgomp.c/omp-single-1.c execution test
FAIL: libgomp.c/reduction-2.c execution test
FAIL: libgomp.c/reduction-3.c execution test
FAIL: libgomp.c++/for-1.C  -O0  execution test
FAIL: libgomp.c++/for-1.C  -O1  execution test
FAIL: libgomp.c++/for-1.C  -O2  execution test
FAIL: libgomp.c++/for-1.C  -O3 -fomit-frame-pointer  execution test
FAIL: libgomp.c++/for-1.C  -O3 -fomit-frame-pointer -funroll-loops  execution test
FAIL: libgomp.c++/for-1.C  -O3 -fomit-frame-pointer -funroll-all-loops -finline-functions  execution test
FAIL: libgomp.c++/for-1.C  -O3 -g  execution test
FAIL: libgomp.c++/for-1.C  -Os  execution test
FAIL: libgomp.c++/for-2.C  -O0  execution test
FAIL: libgomp.c++/for-2.C  -O1  execution test
FAIL: libgomp.c++/for-2.C  -O2  execution test
FAIL: libgomp.c++/for-2.C  -O3 -fomit-frame-pointer  execution test
FAIL: libgomp.c++/for-2.C  -O3 -fomit-frame-pointer -funroll-loops  execution test
FAIL: libgomp.c++/for-2.C  -O3 -fomit-frame-pointer -funroll-all-loops -finline-functions  execution test
FAIL: libgomp.c++/for-2.C  -O3 -g  execution test
FAIL: libgomp.c++/for-2.C  -Os  execution test
FAIL: libgomp.c++/for-3.C  -O0  execution test
FAIL: libgomp.c++/for-3.C  -O1  execution test
FAIL: libgomp.c++/for-3.C  -O2  execution test
FAIL: libgomp.c++/for-3.C  -O3 -fomit-frame-pointer  execution test
FAIL: libgomp.c++/for-3.C  -O3 -fomit-frame-pointer -funroll-loops  execution test
FAIL: libgomp.c++/for-3.C  -O3 -fomit-frame-pointer -funroll-all-loops -finline-functions  execution test
FAIL: libgomp.c++/for-3.C  -O3 -g  execution test
FAIL: libgomp.c++/for-3.C  -Os  execution test
FAIL: libgomp.c++/for-4.C  -O0  execution test
FAIL: libgomp.c++/for-4.C  -O1  execution test
FAIL: libgomp.c++/for-4.C  -O2  execution test
FAIL: libgomp.c++/for-4.C  -O3 -fomit-frame-pointer  execution test
FAIL: libgomp.c++/for-4.C  -O3 -fomit-frame-pointer -funroll-loops  execution test
FAIL: libgomp.c++/for-4.C  -O3 -fomit-frame-pointer -funroll-all-loops -finline-functions  execution test
FAIL: libgomp.c++/for-4.C  -O3 -g  execution test
FAIL: libgomp.c++/for-4.C  -Os  execution test
FAIL: libgomp.c++/for-5.C  -O0  execution test
FAIL: libgomp.c++/for-5.C  -O1  execution test
FAIL: libgomp.c++/for-5.C  -O2  execution test
FAIL: libgomp.c++/for-5.C  -O3 -fomit-frame-pointer  execution test
FAIL: libgomp.c++/for-5.C  -O3 -fomit-frame-pointer -funroll-loops  execution test
FAIL: libgomp.c++/for-5.C  -O3 -fomit-frame-pointer -funroll-all-loops -finline-functions  execution test
FAIL: libgomp.c++/for-5.C  -O3 -g  execution test
FAIL: libgomp.c++/for-5.C  -Os  execution test
WARNING: program timed out.
FAIL: libgomp.c++/loop-3.C  -O  execution test
FAIL: libgomp.c++/reduction-2.C  -O  execution test
FAIL: libgomp.c++/reduction-3.C  -O  execution test
FAIL: libgomp.c++/single-1.C  -O  execution test
FAIL: libgomp.fortran/omp_parse4.f90  -O0  execution test
FAIL: libgomp.fortran/omp_parse4.f90  -O1  execution test
FAIL: libgomp.fortran/omp_parse4.f90  -O2  execution test
FAIL: libgomp.fortran/omp_parse4.f90  -O3 -fomit-frame-pointer  execution test
FAIL: libgomp.fortran/omp_parse4.f90  -O3 -fomit-frame-pointer -funroll-loops  execution test
FAIL: libgomp.fortran/omp_parse4.f90  -O3 -fomit-frame-pointer -funroll-all-loops -finline-functions  execution test
FAIL: libgomp.fortran/omp_parse4.f90  -O3 -g  execution test
FAIL: libgomp.fortran/omp_parse4.f90  -Os  execution test
FAIL: libgomp.fortran/reference1.f90  -O0  execution test
FAIL: libgomp.fortran/reference1.f90  -O1  execution test
FAIL: libgomp.fortran/reference1.f90  -O2  execution test
FAIL: libgomp.fortran/reference1.f90  -O3 -fomit-frame-pointer  execution test
FAIL: libgomp.fortran/reference1.f90  -O3 -fomit-frame-pointer -funroll-loops  execution test
FAIL: libgomp.fortran/reference1.f90  -O3 -fomit-frame-pointer -funroll-all-loops -finline-functions  execution test
FAIL: libgomp.fortran/reference1.f90  -O3 -g  execution test
FAIL: libgomp.fortran/reference1.f90  -Os  execution test
FAIL: libgomp.fortran/vla6.f90  -O1  execution test
FAIL: libgomp.fortran/vla6.f90  -O2  execution test
FAIL: libgomp.fortran/vla6.f90  -Os  execution test

		=== libgomp Summary ===

# of expected passes		2209
# of unexpected failures	66
# of unsupported tests		7
		=== libjava tests ===


Running target unix
FAIL: /home/dave/gcc-4.4/gcc/libjava/testsuite/libjava.jar/TestClosureGC.jar output - gij test
FAIL: /home/dave/gcc-4.4/gcc/libjava/testsuite/libjava.jar/simple.jar output - gij test
FAIL: PR15133 output - gij test
FAIL: PR18116 output - gij test
FAIL: PR28178 output - gij test
FAIL: bytebuffer output - gij test
FAIL: calls output - gij test
FAIL: cxxtest output - gij test
FAIL: directbuffer output - gij test
FAIL: field output - gij test
FAIL: final_method output - gij test
FAIL: findclass output - gij test
FAIL: findclass2 output - gij test
FAIL: iface output - gij test
FAIL: init output - gij test
FAIL: invoke output - gij test
FAIL: jniutf output - gij test
FAIL: martin output - gij test
FAIL: noclass output - gij test
FAIL: overload output - gij test
FAIL: pr11951 output - gij test
FAIL: pr18278 output - gij test
FAIL: pr23739 output - gij test
FAIL: register output - gij test
FAIL: register2 output - gij test
FAIL: simple_int output - gij test
FAIL: throwit output - gij test
FAIL: virtual output - gij test
FAIL: pr29812 output - gij test
FAIL: getargssize output
FAIL: getlocalvartable output
FAIL: getstacktrace output
FAIL: StackTrace2 -O3 execution - source compiled test

		=== libjava Summary ===

# of expected passes		2540
# of unexpected failures	33
# of untested testcases		1
		=== libmudflap tests ===


Running target unix
FAIL: libmudflap.c++/pass41-frag.cxx execution test
FAIL: libmudflap.c++/pass41-frag.cxx (-static) execution test
FAIL: libmudflap.c++/pass41-frag.cxx (-O2) execution test
FAIL: libmudflap.c++/pass41-frag.cxx (-O3) execution test

		=== libmudflap Summary ===

# of expected passes		1861
# of unexpected failures	4
		=== libstdc++ tests ===


Running target unix
FAIL: abi_check
XPASS: 23_containers/unordered_multimap/init-list.cc (test for excess errors)
XPASS: 26_numerics/headers/cmath/c99_classification_macros_c.cc (test for excess errors)

		=== libstdc++ Summary ===

# of expected passes		5329
# of unexpected failures	1
# of unexpected successes	2
# of expected failures		82
# of unsupported tests		326

Compiler version: 4.4.0 20080803 (experimental) [trunk revision 138565] (GCC) 
Platform: hppa-unknown-linux-gnu
configure flags: --with-gnu-as --with-gnu-ld --enable-shared --enable-nls --prefix=/home/dave/opt/gnu/gcc/gcc-4.4.0 --with-local-prefix=/home/dave/opt/gnu --enable-threads=posix --enable-__cxa_atexit --build=hppa-linux --enable-clocale=gnu --enable-java-gc=boehm --enable-languages=c,c++,objc,fortran,obj-c++,java,ada


Index Nav: [Date Index] [Subject Index] [Author Index] [Thread Index]
Message Nav: [Date Prev] [Date Next] [Thread Prev] [Thread Next]