This is the mail archive of the gcc-testresults@gcc.gnu.org mailing list for the GCC project.


Index Nav: [Date Index] [Subject Index] [Author Index] [Thread Index]
Message Nav: [Date Prev] [Date Next] [Thread Prev] [Thread Next]
Other format: [Raw text]

Results for 4.4.0 20080801 (experimental) [trunk revision 138538] (GCC) gcc testsuite on avr-unknown-none


Debian 4 on x86_64
cross tool versions:
GNU assembler (GNU Binutils) 2.18.50.20080726
GNU gdb 6.4
GNU ld (GNU Binutils) 2.18.50.20080726

GNU Make 3.81
expect version 5.43.0
host gcc version: gcc (GCC) 4.4.0 20080801 (experimental) [trunk revision 138538]
LAST_UPDATED: Fri Aug  1 22:05:17 UTC 2008 (revision 138538)

Target is avr-unknown-none
Host   is x86_64-unknown-linux-gnu

		=== gcc tests ===


Running target avrtest-m128-sim
FAIL: gcc.c-torture/execute/20010122-1.c execution,  -O0 
FAIL: gcc.c-torture/execute/20010122-1.c execution,  -O1 
FAIL: gcc.c-torture/execute/20010122-1.c execution,  -O2 
FAIL: gcc.c-torture/execute/20010122-1.c execution,  -O3 -g 
FAIL: gcc.c-torture/execute/20010122-1.c execution,  -Os 
FAIL: gcc.c-torture/execute/pr17377.c execution,  -O0 
FAIL: gcc.c-torture/execute/pr17377.c execution,  -O1 
FAIL: gcc.c-torture/execute/pr17377.c execution,  -O2 
FAIL: gcc.c-torture/execute/pr17377.c execution,  -O3 -fomit-frame-pointer 
FAIL: gcc.c-torture/execute/pr17377.c execution,  -O3 -g 
FAIL: gcc.c-torture/execute/pr17377.c execution,  -Os 
FAIL: gcc.c-torture/execute/pr22493-1.c execution,  -O1 
FAIL: gcc.c-torture/execute/pr22493-1.c execution,  -O2 
FAIL: gcc.c-torture/execute/pr22493-1.c execution,  -Os 
FAIL: gcc.dg/compat/struct-by-value-16 c_compat_x_tst.o-c_compat_y_tst.o link
UNRESOLVED: gcc.dg/compat/struct-by-value-16 c_compat_x_tst.o-c_compat_y_tst.o execute "-Os -mcall-prologues","-Os -mcall-prologues"
ERROR: tcl error sourcing /home/mstein/svn/trunk/gcc/testsuite/gcc.dg/compat/compat.exp.
ERROR: child killed: kill signal
FAIL: gcc.dg/debug/dwarf2/dwarf-die3.c scan-assembler-not DW_AT_inline
FAIL: gcc.dg/Wconversion-pr34389.c  (test for warnings, line 35)
FAIL: gcc.dg/Wconversion-pr34389.c  (test for warnings, line 42)
FAIL: gcc.dg/Wconversion-pr34389.c  (test for warnings, line 47)
FAIL: gcc.dg/alias-11.c (test for excess errors)
UNRESOLVED: gcc.dg/alias-11.c compilation failed to produce executable
FAIL: gcc.dg/builtins-8.c (test for excess errors)
UNRESOLVED: gcc.dg/builtins-8.c compilation failed to produce executable
FAIL: gcc.dg/cleanup-12.c (test for excess errors)
UNRESOLVED: gcc.dg/cleanup-12.c compilation failed to produce executable
FAIL: gcc.dg/cleanup-5.c (test for excess errors)
UNRESOLVED: gcc.dg/cleanup-5.c compilation failed to produce executable
FAIL: gcc.dg/mallign.c (test for excess errors)
FAIL: gcc.dg/pr26719.c execution test
FAIL: gcc.dg/struct-by-value-1.c execution test
FAIL: gcc.dg/utf-array-short-wchar.c  (test for errors, line 38)
FAIL: gcc.dg/utf-array-short-wchar.c  (test for errors, line 40)
FAIL: gcc.dg/utf-array-short-wchar.c (test for excess errors)
FAIL: gcc.dg/utf-array.c  (test for errors, line 38)
FAIL: gcc.dg/utf-array.c  (test for errors, line 39)
FAIL: gcc.dg/utf-array.c  (test for errors, line 40)
FAIL: gcc.dg/utf-array.c (test for excess errors)
FAIL: gcc.dg/utf-inc-init.c (test for excess errors)
FAIL: gcc.dg/utf-inc-init.c execution test
FAIL: gcc.dg/matrix/matrix-1.c scan-ipa-dump-times matrix-reorg "Flattened 3 dimensions" 1: dump file does not exist
FAIL: gcc.dg/matrix/matrix-2.c scan-ipa-dump-times matrix-reorg "Flattened 2 dimensions" 1: dump file does not exist
FAIL: gcc.dg/matrix/matrix-3.c scan-ipa-dump-times matrix-reorg "Flattened 2 dimensions" 1: dump file does not exist
FAIL: gcc.dg/matrix/matrix-4.c scan-ipa-dump-times matrix-reorg "Flattened" 0: dump file does not exist
FAIL: gcc.dg/matrix/matrix-5.c scan-ipa-dump-times matrix-reorg "Flattened" 0: dump file does not exist
FAIL: gcc.dg/matrix/matrix-6.c scan-ipa-dump-times matrix-reorg "Flattened 2 dimensions" 1: dump file does not exist
FAIL: gcc.dg/struct/wo_prof_array_field.c scan-ipa-dump ipa_struct_reorg "Number of structures to transform is 1"
FAIL: gcc.dg/struct/wo_prof_array_through_pointer.c execution test
XPASS: gcc.dg/struct/wo_prof_array_through_pointer.c scan-ipa-dump ipa_struct_reorg "Number of structures to transform is 1"
FAIL: gcc.dg/struct/wo_prof_double_malloc.c scan-ipa-dump ipa_struct_reorg "Number of structures to transform is 1"
ERROR: tcl error sourcing /home/mstein/svn/trunk/gcc/testsuite/gcc.dg/struct/struct-reorg.exp.
ERROR: child killed: kill signal
XPASS: gcc.dg/tree-ssa/20040204-1.c scan-tree-dump-times optimized "link_error" 0
FAIL: gcc.dg/tree-ssa/gen-vect-11.c scan-tree-dump-times vect "vectorized 1 loops" 1
FAIL: gcc.dg/tree-ssa/gen-vect-11a.c scan-tree-dump-times vect "vectorized 1 loops" 1
FAIL: gcc.dg/tree-ssa/gen-vect-2.c scan-tree-dump-times vect "vectorized 1 loops" 1
FAIL: gcc.dg/tree-ssa/gen-vect-25.c scan-tree-dump-times vect "vectorized 2 loops" 1
FAIL: gcc.dg/tree-ssa/gen-vect-26.c scan-tree-dump-times vect "vectorized 1 loops" 1
FAIL: gcc.dg/tree-ssa/gen-vect-26.c scan-tree-dump-times vect "Alignment of access forced using peeling" 1
FAIL: gcc.dg/tree-ssa/gen-vect-28.c scan-tree-dump-times vect "vectorized 1 loops" 1
FAIL: gcc.dg/tree-ssa/gen-vect-28.c scan-tree-dump-times vect "Alignment of access forced using peeling" 1
FAIL: gcc.dg/tree-ssa/gen-vect-32.c scan-tree-dump-times vect "vectorized 1 loops" 1
FAIL: gcc.dg/tree-ssa/loadpre8.c scan-tree-dump-times pre "Eliminated: 1" 1
FAIL: gcc.dg/tree-ssa/pr23455.c scan-tree-dump-times pre "Eliminated: 3" 1
FAIL: gcc.dg/tree-ssa/predcom-2.c execution test
FAIL: gcc.dg/tree-ssa/predcom-4.c execution test
FAIL: gcc.dg/tree-ssa/predcom-5.c execution test
XPASS: gcc.dg/tree-ssa/ssa-fre-13.c scan-tree-dump fre "Inserted .* &a"
XPASS: gcc.dg/tree-ssa/ssa-fre-13.c scan-tree-dump fre "Replaced tmp1_.\\(D\\)->data"
XPASS: gcc.dg/tree-ssa/ssa-fre-14.c scan-tree-dump fre "Inserted .* &a"
XPASS: gcc.dg/tree-ssa/ssa-fre-14.c scan-tree-dump fre "Replaced tmp1.data"
XPASS: gcc.dg/tree-ssa/ssa-fre-17.c scan-tree-dump fre "Replaced f.doms\\[0\\].dom with i_"
FAIL: compiler driver --coverage option(s) (linker options)

		=== gcc Summary ===

# of expected passes		44320
# of unexpected failures	59
# of unexpected successes	7
# of expected failures		122
# of unresolved testcases	5
# of unsupported tests		1628
/home/mstein/sim/trunk/avr/build/gcc/xgcc  version 4.4.0 20080801 (experimental) [trunk revision 138538] (GCC) 


Compiler version: 4.4.0 20080801 (experimental) [trunk revision 138538] (GCC) gcc 
Platform: avr-unknown-none
configure flags: --target=avr --prefix=/home/mstein/cross-local/avr --enable-languages=c --disable-nls --disable-build-warnings --with-sysroot=/home/mstein/cross-local/avr --with-build-sysroot=/home/mstein/cross-local/avr --with-ld=/home/mstein/cross-local/avr/usr/bin/ld --with-as=/home/mstein/cross-local/avr/usr/bin/as --disable-libssp --with-mpfr=/opt/cfarm/mpfr-2.3.1


Index Nav: [Date Index] [Subject Index] [Author Index] [Thread Index]
Message Nav: [Date Prev] [Date Next] [Thread Prev] [Thread Next]