This is the mail archive of the
gcc-testresults@gcc.gnu.org
mailing list for the GCC project.
Results for 4.4.0 20080723 (experimental) (GCC) testsuite on i686-pc-linux-gnu
- From: CodeSourcery Automatic Testing System <gcc at codesourcery dot com>
- To: gcc-testresults at gcc dot gnu dot org
- Date: Wed, 23 Jul 2008 17:12:18 -0700
- Subject: Results for 4.4.0 20080723 (experimental) (GCC) testsuite on i686-pc-linux-gnu
LAST_UPDATED: Wed Jul 23 07:18:37 UTC 2008 (/trunk revision 138074)
Native configuration is i686-pc-linux-gnu
=== g++ tests ===
Running target localhost
FAIL: g++.dg/other/PR23205.C scan-assembler .stabs.*foobar:c=i
XPASS: g++.dg/parse/error15.C bogus excess errors in declaration (test for bogus messages, line 17)
=== g++ Summary ===
# of expected passes 17935
# of unexpected failures 1
# of unexpected successes 1
# of expected failures 82
# of unsupported tests 90
/scratch/gcc/nightly-2008-07-23-mainline/i686-pc-linux-gnu/obj/test-mainline-0-i686-pc-linux-gnu/host-i686-pc-linux-gnu/fsf-mainline/bin/i686-pc-linux-gnu-g++ version 4.4.0 20080723 (experimental) (GCC)
=== gcc tests ===
Running target localhost
FAIL: gcc.dg/pr30286.c execution test
XPASS: gcc.dg/tree-ssa/ltrans-3.c scan-tree-dump-times ltrans "transformed loop" 1
FAIL: gcc.dg/vect/vect-67.c scan-tree-dump-times vect "vectorized 1 loops" 1
FAIL: gcc.dg/vect/no-scevccp-outer-13.c scan-tree-dump-times vect "OUTER LOOP VECTORIZED." 1
FAIL: gcc.dg/vect/no-scevccp-outer-7.c scan-tree-dump-times vect "OUTER LOOP VECTORIZED." 1
=== gcc Summary ===
# of expected passes 50650
# of unexpected failures 4
# of unexpected successes 1
# of expected failures 188
# of unsupported tests 407
/scratch/gcc/nightly-2008-07-23-mainline/i686-pc-linux-gnu/obj/test-mainline-0-i686-pc-linux-gnu/host-i686-pc-linux-gnu/fsf-mainline/bin/i686-pc-linux-gnu-gcc version 4.4.0 20080723 (experimental) (GCC)
=== libstdc++ tests ===
Running target localhost
XPASS: 23_containers/unordered_multimap/init-list.cc (test for excess errors)
FAIL: ext/pb_ds/regression/trie_data_map_rand.cc execution test
FAIL: ext/pb_ds/regression/trie_no_data_map_rand.cc execution test
=== libstdc++ Summary ===
# of expected passes 5947
# of unexpected failures 2
# of unexpected successes 1
# of expected failures 80
# of unsupported tests 12
=== g++ tests ===
Running target localhost/-m64
FAIL: g++.dg/other/PR23205.C scan-assembler .stabs.*foobar:c=i
XPASS: g++.dg/parse/error15.C bogus excess errors in declaration (test for bogus messages, line 17)
=== g++ Summary ===
# of expected passes 17839
# of unexpected failures 1
# of unexpected successes 1
# of expected failures 82
# of unsupported tests 124
/scratch/gcc/nightly-2008-07-23-mainline/i686-pc-linux-gnu/obj/test-mainline-0-i686-pc-linux-gnu/host-i686-pc-linux-gnu/fsf-mainline/bin/i686-pc-linux-gnu-g++ version 4.4.0 20080723 (experimental) (GCC)
=== gcc tests ===
Running target localhost/-m64
FAIL: gcc.dg/tree-prof/pr34999.c compilation, -fprofile-use -D_PROFILE_USE
UNRESOLVED: gcc.dg/tree-prof/pr34999.c execution, -fprofile-use -D_PROFILE_USE
XPASS: gcc.dg/tree-ssa/ltrans-3.c scan-tree-dump-times ltrans "transformed loop" 1
FAIL: gcc.dg/vect/vect-67.c scan-tree-dump-times vect "vectorized 1 loops" 1
FAIL: gcc.dg/vect/no-scevccp-outer-13.c scan-tree-dump-times vect "OUTER LOOP VECTORIZED." 1
FAIL: gcc.dg/vect/no-scevccp-outer-7.c scan-tree-dump-times vect "OUTER LOOP VECTORIZED." 1
=== gcc Summary ===
# of expected passes 50508
# of unexpected failures 4
# of unexpected successes 1
# of expected failures 188
# of unresolved testcases 1
# of unsupported tests 522
/scratch/gcc/nightly-2008-07-23-mainline/i686-pc-linux-gnu/obj/test-mainline-0-i686-pc-linux-gnu/host-i686-pc-linux-gnu/fsf-mainline/bin/i686-pc-linux-gnu-gcc version 4.4.0 20080723 (experimental) (GCC)
=== libstdc++ tests ===
Running target localhost/-m64
XPASS: 23_containers/unordered_multimap/init-list.cc (test for excess errors)
FAIL: ext/pb_ds/regression/trie_no_data_map_rand.cc execution test
=== libstdc++ Summary ===
# of expected passes 5948
# of unexpected failures 1
# of unexpected successes 1
# of expected failures 80
# of unsupported tests 12
Compiler version: 4.4.0 20080723 (experimental) (GCC)
Platform: i686-pc-linux-gnu
configure flags: --build=i686-pc-linux-gnu --host=i686-pc-linux-gnu --target=i686-pc-linux-gnu --enable-threads --disable-libmudflap --disable-libssp --disable-libgomp --disable-libstdcxx-pch --enable-targets=all --with-gnu-as --with-gnu-ld --enable-languages=c,c++ --enable-shared --disable-nls --prefix=/opt/codesourcery --with-gmp=/scratch/gcc/nightly-2008-07-23-mainline/i686-pc-linux-gnu/obj/host-libs-mainline-0-i686-pc-linux-gnu-i686-pc-linux-gnu/usr --with-mpfr=/scratch/gcc/nightly-2008-07-23-mainline/i686-pc-linux-gnu/obj/host-libs-mainline-0-i686-pc-linux-gnu-i686-pc-linux-gnu/usr --with-build-time-tools=/scratch/gcc/nightly-2008-07-23-mainline/i686-pc-linux-gnu/install/i686-pc-linux-gnu/bin --with-build-time-tools=/scratch/gcc/nightly-2008-07-23-mainline/i686-pc-linux-gnu/install/i686-pc-linux-gnu/bin