This is the mail archive of the
gcc-testresults@gcc.gnu.org
mailing list for the GCC project.
Results for 4.3.2 20080723 (prerelease) (GCC) testsuite on x86_64-unknown-linux-gnu
- From: Toon Moene <toon at moene dot indiv dot nluug dot nl>
- To: gcc-testresults at gcc dot gnu dot org
- Date: Wed, 23 Jul 2008 10:33:42 +0200
- Subject: Results for 4.3.2 20080723 (prerelease) (GCC) testsuite on x86_64-unknown-linux-gnu
LAST_UPDATED: Wed Jul 23 07:20:24 UTC 2008 (revision 138074)
=== acats tests ===
=== acats Summary ===
# of expected passes 2315
# of unexpected failures 0
Native configuration is x86_64-unknown-linux-gnu
=== gcc tests ===
Running target unix
FAIL: gcc.dg/cpp/_Pragma3.c (test for excess errors)
=== gcc Summary ===
# of expected passes 49158
# of unexpected failures 1
# of expected failures 168
# of untested testcases 35
# of unsupported tests 380
/home/toon/compilers/obj-4.3/gcc/xgcc version 4.3.2 20080723 (prerelease) (GCC)
=== gfortran tests ===
Running target unix
=== gfortran Summary ===
# of expected passes 24176
# of expected failures 3
# of unsupported tests 18
/home/toon/compilers/obj-4.3/gcc/testsuite/gfortran/../../gfortran version 4.3.2 20080723 (prerelease) (GCC)
=== g++ tests ===
Running target unix
=== g++ Summary ===
# of expected passes 17517
# of expected failures 82
# of unsupported tests 121
/home/toon/compilers/obj-4.3/gcc/testsuite/g++/../../g++ version 4.3.2 20080723 (prerelease) (GCC)
=== gnat tests ===
Running target unix
=== gnat Summary ===
# of expected passes 365
# of expected failures 1
=== objc tests ===
Running target unix
WARNING: Could not compile objc.dg/gnu-encoding/struct-layout-encoding-1 generator
=== objc Summary ===
# of expected passes 1757
# of unsupported tests 24
/home/toon/compilers/obj-4.3/gcc/xgcc version 4.3.2 20080723 (prerelease) (GCC)
=== libffi tests ===
Running target unix
=== libffi Summary ===
# of expected passes 1389
# of unsupported tests 10
=== libgomp tests ===
Running target unix
=== libgomp Summary ===
# of expected passes 1763
=== libjava tests ===
Running target unix
=== libjava Summary ===
# of expected passes 2562
=== libmudflap tests ===
Running target unix
FAIL: libmudflap.c++/pass41-frag.cxx execution test
FAIL: libmudflap.c++/pass41-frag.cxx (-static) execution test
FAIL: libmudflap.c++/pass41-frag.cxx ( -O) execution test
FAIL: libmudflap.c++/pass41-frag.cxx (-O2) execution test
FAIL: libmudflap.c++/pass41-frag.cxx (-O3) execution test
=== libmudflap Summary ===
# of expected passes 1844
# of unexpected failures 5
=== libstdc++ tests ===
Running target unix
FAIL: abi_check
XPASS: 26_numerics/headers/cmath/c99_classification_macros_c.cc (test for excess errors)
=== libstdc++ Summary ===
# of expected passes 4942
# of unexpected failures 1
# of unexpected successes 1
# of expected failures 59
# of unsupported tests 326
Compiler version: 4.3.2 20080723 (prerelease) (GCC)
Platform: x86_64-unknown-linux-gnu
configure flags: --prefix=/usr/rel --disable-multilib --disable-nls --enable-languages=all,ada