This is the mail archive of the
gcc-testresults@gcc.gnu.org
mailing list for the GCC project.
Results for 4.4.0 20080716 (experimental) [trunk revision 137867] (GCC) testsuite on x86_64-suse-linux-gnu
- From: Andreas Jaeger <aj at suse dot de>
- To: gcc-testresults at gcc dot gnu dot org
- Date: Wed, 16 Jul 2008 11:05:56 UT
- Subject: Results for 4.4.0 20080716 (experimental) [trunk revision 137867] (GCC) testsuite on x86_64-suse-linux-gnu
Bootstrap and regtesting on x86_64-suse-linux-gnu.
SVN sources: mainline.
LAST_UPDATED: Wed Jul 16 05:09:36 UTC 2008 (revision 137867)
=== acats tests ===
FAIL: cxg1004
=== acats Summary ===
# of expected passes 2314
# of unexpected failures 1
Native configuration is x86_64-suse-linux-gnu
=== gcc tests ===
Running target unix/-m32
FAIL: gcc.c-torture/compile/limits-structnest.c -O2 (test for excess errors)
FAIL: gcc.c-torture/compile/limits-structnest.c -O3 -fomit-frame-pointer (test for excess errors)
FAIL: gcc.c-torture/compile/limits-structnest.c -O3 -g (test for excess errors)
FAIL: gcc.c-torture/compile/limits-structnest.c -Os (test for excess errors)
FAIL: gcc.dg/debug/dwarf2/var1.c scan-assembler xyzzy[^\\\\n\\\\r]+DW_AT_name
FAIL: gcc.dg/Wstrict-aliasing-float-ptr-int-obj.c (test for warnings, line 14)
FAIL: gcc.dg/Wstrict-aliasing-float-ptr-int-obj.c (test for warnings, line 16)
FAIL: gcc.dg/pr30286.c execution test
FAIL: gcc.dg/tree-ssa/data-dep-1.c scan-tree-dump-times ltrans "4, \\+, 1" 0
XPASS: gcc.dg/tree-ssa/loadpre1.c scan-tree-dump-times pre "Eliminated: 1" 1
XPASS: gcc.dg/tree-ssa/ltrans-3.c scan-tree-dump-times ltrans "transformed loop" 1
FAIL: gcc.dg/tree-ssa/ssa-fre-13.c scan-tree-dump fre "Inserted .* &a"
FAIL: gcc.dg/tree-ssa/ssa-fre-13.c scan-tree-dump fre "Replaced tmp1_.\\(D\\)->data"
FAIL: gcc.dg/tree-ssa/ssa-fre-14.c scan-tree-dump fre "Inserted .* &a"
FAIL: gcc.dg/tree-ssa/ssa-fre-14.c scan-tree-dump fre "Replaced tmp1.data"
FAIL: gcc.dg/tree-ssa/ssa-fre-17.c scan-tree-dump fre "Replaced f.doms\\[0\\].dom with i_"
FAIL: gcc.dg/tree-ssa/ssa-fre-7.c scan-tree-dump-times fre "Inserted pretmp" 1
FAIL: gcc.dg/tree-ssa/ssa-fre-7.c scan-tree-dump-times fre "Replaced a.u.f with pretmp" 3
FAIL: gcc.dg/tree-ssa/ssa-fre-7.c scan-tree-dump-times fre "Replaced a.u.k with j" 1
FAIL: gcc.dg/tree-ssa/ssa-fre-7.c scan-tree-dump fre "= VIEW_CONVERT_EXPR<float>\\(j_"
FAIL: gcc.dg/tree-ssa/ssa-fre-7.c scan-tree-dump optimized "return j"
FAIL: gcc.dg/tree-ssa/ssa-fre-8.c scan-tree-dump-times fre "Replaced u.f with pretmp" 2
FAIL: gcc.dg/tree-ssa/ssa-fre-8.c scan-tree-dump-times fre "Inserted pretmp" 2
FAIL: gcc.dg/tree-ssa/ssa-fre-9.c scan-tree-dump-times fre "Eliminated: 1" 2
FAIL: gcc.dg/tree-ssa/ssa-fre-9.c scan-tree-dump-times fre "Insertions: 1" 2
FAIL: gcc.dg/tree-ssa/ssa-pre-15.c scan-tree-dump optimized "= 0;"
FAIL: gcc.dg/vect/vect-67.c scan-tree-dump-times vect "vectorized 1 loops" 1
FAIL: gcc.dg/vect/no-scevccp-outer-13.c scan-tree-dump-times vect "OUTER LOOP VECTORIZED." 1
FAIL: gcc.dg/vect/no-scevccp-outer-7.c scan-tree-dump-times vect "OUTER LOOP VECTORIZED." 1
=== gcc Summary for unix/-m32 ===
# of expected passes 50589
# of unexpected failures 27
# of unexpected successes 2
# of expected failures 170
# of unsupported tests 401
Running target unix
FAIL: gcc.c-torture/compile/limits-structnest.c -O2 (test for excess errors)
FAIL: gcc.c-torture/compile/limits-structnest.c -O3 -fomit-frame-pointer (test for excess errors)
FAIL: gcc.c-torture/compile/limits-structnest.c -O3 -g (test for excess errors)
FAIL: gcc.c-torture/compile/limits-structnest.c -Os (test for excess errors)
FAIL: gcc.dg/debug/dwarf2/var1.c scan-assembler xyzzy[^\\\\n\\\\r]+DW_AT_name
FAIL: gcc.dg/Wstrict-aliasing-float-ptr-int-obj.c (test for warnings, line 14)
FAIL: gcc.dg/Wstrict-aliasing-float-ptr-int-obj.c (test for warnings, line 16)
FAIL: gcc.dg/tree-prof/pr34999.c compilation, -fprofile-use -D_PROFILE_USE
UNRESOLVED: gcc.dg/tree-prof/pr34999.c execution, -fprofile-use -D_PROFILE_USE
FAIL: gcc.dg/tree-ssa/data-dep-1.c scan-tree-dump-times ltrans "4, \\+, 1" 0
XPASS: gcc.dg/tree-ssa/loadpre1.c scan-tree-dump-times pre "Eliminated: 1" 1
XPASS: gcc.dg/tree-ssa/ltrans-3.c scan-tree-dump-times ltrans "transformed loop" 1
FAIL: gcc.dg/tree-ssa/ssa-fre-13.c scan-tree-dump fre "Inserted .* &a"
FAIL: gcc.dg/tree-ssa/ssa-fre-13.c scan-tree-dump fre "Replaced tmp1_.\\(D\\)->data"
FAIL: gcc.dg/tree-ssa/ssa-fre-14.c scan-tree-dump fre "Inserted .* &a"
FAIL: gcc.dg/tree-ssa/ssa-fre-14.c scan-tree-dump fre "Replaced tmp1.data"
FAIL: gcc.dg/tree-ssa/ssa-fre-17.c scan-tree-dump fre "Replaced f.doms\\[0\\].dom with i_"
FAIL: gcc.dg/tree-ssa/ssa-fre-7.c scan-tree-dump-times fre "Inserted pretmp" 1
FAIL: gcc.dg/tree-ssa/ssa-fre-7.c scan-tree-dump-times fre "Replaced a.u.f with pretmp" 3
FAIL: gcc.dg/tree-ssa/ssa-fre-7.c scan-tree-dump-times fre "Replaced a.u.k with j" 1
FAIL: gcc.dg/tree-ssa/ssa-fre-7.c scan-tree-dump fre "= VIEW_CONVERT_EXPR<float>\\(j_"
FAIL: gcc.dg/tree-ssa/ssa-fre-7.c scan-tree-dump optimized "return j"
FAIL: gcc.dg/tree-ssa/ssa-fre-8.c scan-tree-dump-times fre "Replaced u.f with pretmp" 2
FAIL: gcc.dg/tree-ssa/ssa-fre-8.c scan-tree-dump-times fre "Inserted pretmp" 2
FAIL: gcc.dg/tree-ssa/ssa-fre-9.c scan-tree-dump-times fre "Eliminated: 1" 2
FAIL: gcc.dg/tree-ssa/ssa-fre-9.c scan-tree-dump-times fre "Insertions: 1" 2
FAIL: gcc.dg/tree-ssa/ssa-pre-15.c scan-tree-dump optimized "= 0;"
FAIL: gcc.dg/vect/vect-67.c scan-tree-dump-times vect "vectorized 1 loops" 1
FAIL: gcc.dg/vect/no-scevccp-outer-13.c scan-tree-dump-times vect "OUTER LOOP VECTORIZED." 1
FAIL: gcc.dg/vect/no-scevccp-outer-7.c scan-tree-dump-times vect "OUTER LOOP VECTORIZED." 1
=== gcc Summary for unix ===
# of expected passes 50446
# of unexpected failures 27
# of unexpected successes 2
# of expected failures 170
# of unresolved testcases 1
# of unsupported tests 517
=== gcc Summary ===
# of expected passes 101035
# of unexpected failures 54
# of unexpected successes 4
# of expected failures 340
# of unresolved testcases 1
# of unsupported tests 918
/abuild-old/aj/gcc/gcc/xgcc version 4.4.0 20080716 (experimental) [trunk revision 137867] (GCC)
=== gfortran tests ===
Running target unix/-m32
FAIL: gfortran.dg/parameter_array_init_4.f90 -O0 (test for excess errors)
FAIL: gfortran.dg/parameter_array_init_4.f90 -O1 (test for excess errors)
FAIL: gfortran.dg/parameter_array_init_4.f90 -O2 (test for excess errors)
FAIL: gfortran.dg/parameter_array_init_4.f90 -O3 -fomit-frame-pointer (test for excess errors)
FAIL: gfortran.dg/parameter_array_init_4.f90 -O3 -fomit-frame-pointer -funroll-loops (test for excess errors)
FAIL: gfortran.dg/parameter_array_init_4.f90 -O3 -fomit-frame-pointer -funroll-all-loops -finline-functions (test for excess errors)
FAIL: gfortran.dg/parameter_array_init_4.f90 -O3 -g (test for excess errors)
FAIL: gfortran.dg/parameter_array_init_4.f90 -Os (test for excess errors)
=== gfortran Summary for unix/-m32 ===
# of expected passes 26839
# of unexpected failures 8
# of expected failures 8
# of unsupported tests 89
Running target unix
FAIL: gfortran.dg/parameter_array_init_4.f90 -O0 (test for excess errors)
FAIL: gfortran.dg/parameter_array_init_4.f90 -O1 (test for excess errors)
FAIL: gfortran.dg/parameter_array_init_4.f90 -O2 (test for excess errors)
FAIL: gfortran.dg/parameter_array_init_4.f90 -O3 -fomit-frame-pointer (test for excess errors)
FAIL: gfortran.dg/parameter_array_init_4.f90 -O3 -fomit-frame-pointer -funroll-loops (test for excess errors)
FAIL: gfortran.dg/parameter_array_init_4.f90 -O3 -fomit-frame-pointer -funroll-all-loops -finline-functions (test for excess errors)
FAIL: gfortran.dg/parameter_array_init_4.f90 -O3 -g (test for excess errors)
FAIL: gfortran.dg/parameter_array_init_4.f90 -Os (test for excess errors)
=== gfortran Summary for unix ===
# of expected passes 26954
# of unexpected failures 8
# of expected failures 8
# of unsupported tests 34
=== gfortran Summary ===
# of expected passes 53793
# of unexpected failures 16
# of expected failures 16
# of unsupported tests 123
/abuild-old/aj/gcc/gcc/testsuite/gfortran/../../gfortran version 4.4.0 20080716 (experimental) [trunk revision 137867] (GCC)
=== g++ tests ===
Running target unix/-m32
FAIL: g++.dg/other/PR23205.C scan-assembler .stabs.*foobar:c=i
XPASS: g++.dg/parse/error15.C bogus excess errors in declaration (test for bogus messages, line 17)
FAIL: g++.dg/tree-ssa/pr19637.C scan-tree-dump-times dom1 "return 1;" 3
=== g++ Summary for unix/-m32 ===
# of expected passes 17869
# of unexpected failures 2
# of unexpected successes 1
# of expected failures 81
# of unsupported tests 91
Running target unix
FAIL: g++.dg/other/PR23205.C scan-assembler .stabs.*foobar:c=i
XPASS: g++.dg/parse/error15.C bogus excess errors in declaration (test for bogus messages, line 17)
FAIL: g++.dg/tree-ssa/pr19637.C scan-tree-dump-times dom1 "return 1;" 3
=== g++ Summary for unix ===
# of expected passes 17774
# of unexpected failures 2
# of unexpected successes 1
# of expected failures 81
# of unsupported tests 124
=== g++ Summary ===
# of expected passes 35643
# of unexpected failures 4
# of unexpected successes 2
# of expected failures 162
# of unsupported tests 215
/abuild-old/aj/gcc/gcc/testsuite/g++/../../g++ version 4.4.0 20080716 (experimental) [trunk revision 137867] (GCC)
=== gnat tests ===
Running target unix/-m32
FAIL: gnat.dg/abstract_with_anonymous_result.adb (test for excess errors)
WARNING: gnat.dg/abstract_with_anonymous_result.adb compilation failed to produce executable
FAIL: gnat.dg/access1.adb (test for excess errors)
FAIL: gnat.dg/access4.adb (test for excess errors)
WARNING: gnat.dg/access4.adb compilation failed to produce executable
FAIL: gnat.dg/access_test.adb (test for excess errors)
WARNING: gnat.dg/access_test.adb compilation failed to produce executable
FAIL: gnat.dg/addr1.adb (test for excess errors)
FAIL: gnat.dg/addr2.adb (test for excess errors)
WARNING: gnat.dg/addr2.adb compilation failed to produce executable
FAIL: gnat.dg/address_conversion.adb (test for excess errors)
WARNING: gnat.dg/address_conversion.adb compilation failed to produce executable
FAIL: gnat.dg/aggr1.adb (test for excess errors)
WARNING: gnat.dg/aggr1.adb compilation failed to produce executable
FAIL: gnat.dg/aggr2.adb (test for excess errors)
FAIL: gnat.dg/aggr3.adb (test for excess errors)
WARNING: gnat.dg/aggr3.adb compilation failed to produce executable
FAIL: gnat.dg/aliased_prefix_accessibility.adb (test for excess errors)
WARNING: gnat.dg/aliased_prefix_accessibility.adb compilation failed to produce executable
FAIL: gnat.dg/align_check.adb (test for excess errors)
WARNING: gnat.dg/align_check.adb compilation failed to produce executable
FAIL: gnat.dg/aligned_vla.adb (test for excess errors)
WARNING: gnat.dg/aligned_vla.adb compilation failed to produce executable
FAIL: gnat.dg/alignment1.adb (test for excess errors)
WARNING: gnat.dg/alignment1.adb compilation failed to produce executable
FAIL: gnat.dg/alignment2.adb (test for excess errors)
WARNING: gnat.dg/alignment2.adb compilation failed to produce executable
FAIL: gnat.dg/alignment3.adb (test for excess errors)
FAIL: gnat.dg/array3.adb (test for excess errors)
WARNING: gnat.dg/array3.adb compilation failed to produce executable
FAIL: gnat.dg/array4.adb (test for excess errors)
WARNING: gnat.dg/array4.adb compilation failed to produce executable
FAIL: gnat.dg/assert1.adb (test for excess errors)
WARNING: gnat.dg/assert1.adb compilation failed to produce executable
FAIL: gnat.dg/assign_from_packed.adb (test for excess errors)
WARNING: gnat.dg/assign_from_packed.adb compilation failed to produce executable
FAIL: gnat.dg/asynch.adb (test for excess errors)
FAIL: gnat.dg/biased_uc.adb (test for excess errors)
WARNING: gnat.dg/biased_uc.adb compilation failed to produce executable
FAIL: gnat.dg/bit_packed_array3.adb (test for excess errors)
WARNING: gnat.dg/bit_packed_array3.adb compilation failed to produce executable
FAIL: gnat.dg/blkextract_from_reg.adb (test for excess errors)
WARNING: gnat.dg/blkextract_from_reg.adb compilation failed to produce executable
FAIL: gnat.dg/bltins.adb (test for excess errors)
WARNING: gnat.dg/bltins.adb compilation failed to produce executable
FAIL: gnat.dg/capture_value.adb (test for excess errors)
WARNING: gnat.dg/capture_value.adb compilation failed to produce executable
FAIL: gnat.dg/check_displace_generation.adb (test for excess errors)
WARNING: gnat.dg/check_displace_generation.adb compilation failed to produce executable
FAIL: gnat.dg/check_elaboration_code.adb (test for excess errors)
WARNING: gnat.dg/check_elaboration_code.adb compilation failed to produce executable
FAIL: gnat.dg/compose.adb (test for excess errors)
WARNING: gnat.dg/compose.adb compilation failed to produce executable
FAIL: gnat.dg/concat_length.adb (test for excess errors)
WARNING: gnat.dg/concat_length.adb compilation failed to produce executable
FAIL: gnat.dg/conv_bug.adb (test for excess errors)
WARNING: gnat.dg/conv_bug.adb compilation failed to produce executable
FAIL: gnat.dg/conv_real.adb (test for excess errors)
WARNING: gnat.dg/conv_real.adb compilation failed to produce executable
FAIL: gnat.dg/curr_task.adb (test for excess errors)
WARNING: gnat.dg/curr_task.adb compilation failed to produce executable
FAIL: gnat.dg/derived_aggregate.adb (test for excess errors)
WARNING: gnat.dg/derived_aggregate.adb compilation failed to produce executable
FAIL: gnat.dg/discr4.adb (test for excess errors)
WARNING: gnat.dg/discr4.adb compilation failed to produce executable
FAIL: gnat.dg/discr_range_check.adb (test for excess errors)
FAIL: gnat.dg/discr_test.adb (test for excess errors)
FAIL: gnat.dg/dispatch1.adb (test for excess errors)
WARNING: gnat.dg/dispatch1.adb compilation failed to produce executable
FAIL: gnat.dg/dispatch2.adb (test for excess errors)
WARNING: gnat.dg/dispatch2.adb compilation failed to produce executable
FAIL: gnat.dg/elim2.adb (test for excess errors)
WARNING: gnat.dg/elim2.adb compilation failed to produce executable
FAIL: gnat.dg/empty_vector_length.adb (test for excess errors)
WARNING: gnat.dg/empty_vector_length.adb compilation failed to produce executable
FAIL: gnat.dg/entry_queues.adb (test for excess errors)
WARNING: gnat.dg/entry_queues.adb compilation failed to produce executable
FAIL: gnat.dg/expect1.adb (test for excess errors)
WARNING: gnat.dg/expect1.adb compilation failed to produce executable
FAIL: gnat.dg/fixce.adb (test for excess errors)
WARNING: gnat.dg/fixce.adb compilation failed to produce executable
FAIL: gnat.dg/fixedpnt.adb (test for excess errors)
WARNING: gnat.dg/fixedpnt.adb compilation failed to produce executable
FAIL: gnat.dg/frame_overflow.adb (test for errors, line 14)
FAIL: gnat.dg/frame_overflow.adb (test for excess errors)
FAIL: gnat.dg/generic_dispatch.adb (test for excess errors)
WARNING: gnat.dg/generic_dispatch.adb compilation failed to produce executable
FAIL: gnat.dg/gnat_malloc.adb (test for excess errors)
WARNING: gnat.dg/gnat_malloc.adb compilation failed to produce executable
FAIL: gnat.dg/gnatg.adb (test for excess errors)
FAIL: gnat.dg/in_out_parameter.adb (test for excess errors)
WARNING: gnat.dg/in_out_parameter.adb compilation failed to produce executable
FAIL: gnat.dg/init_scalar1.adb (test for excess errors)
WARNING: gnat.dg/init_scalar1.adb compilation failed to produce executable
FAIL: gnat.dg/inline_tagged.adb (test for excess errors)
WARNING: gnat.dg/inline_tagged.adb compilation failed to produce executable
FAIL: gnat.dg/interface1.adb (test for excess errors)
WARNING: gnat.dg/interface1.adb compilation failed to produce executable
FAIL: gnat.dg/interface2.adb (test for excess errors)
WARNING: gnat.dg/interface2.adb compilation failed to produce executable
FAIL: gnat.dg/interface3.adb (test for excess errors)
WARNING: gnat.dg/interface3.adb compilation failed to produce executable
FAIL: gnat.dg/interface_conv.adb (test for excess errors)
WARNING: gnat.dg/interface_conv.adb compilation failed to produce executable
FAIL: gnat.dg/iprot_test.adb (test for excess errors)
WARNING: gnat.dg/iprot_test.adb compilation failed to produce executable
FAIL: gnat.dg/kill_value.adb (test for excess errors)
WARNING: gnat.dg/kill_value.adb compilation failed to produce executable
FAIL: gnat.dg/lhs_view_convert.adb (test for excess errors)
WARNING: gnat.dg/lhs_view_convert.adb compilation failed to produce executable
FAIL: gnat.dg/loop_address2.adb (test for excess errors)
FAIL: gnat.dg/loop_optimization2.adb (test for excess errors)
FAIL: gnat.dg/loop_optimization3.adb (test for excess errors)
WARNING: gnat.dg/loop_optimization3.adb compilation failed to produce executable
FAIL: gnat.dg/md5_test.adb (test for excess errors)
WARNING: gnat.dg/md5_test.adb compilation failed to produce executable
FAIL: gnat.dg/modular1.adb (test for excess errors)
WARNING: gnat.dg/modular1.adb compilation failed to produce executable
FAIL: gnat.dg/modular2.adb (test for excess errors)
WARNING: gnat.dg/modular2.adb compilation failed to produce executable
FAIL: gnat.dg/mutable1.adb (test for excess errors)
WARNING: gnat.dg/mutable1.adb compilation failed to produce executable
FAIL: gnat.dg/named_test.adb (test for excess errors)
WARNING: gnat.dg/named_test.adb compilation failed to produce executable
FAIL: gnat.dg/nat1r.adb (test for excess errors)
WARNING: gnat.dg/nat1r.adb compilation failed to produce executable
FAIL: gnat.dg/nested_controlled_alloc.adb (test for excess errors)
WARNING: gnat.dg/nested_controlled_alloc.adb compilation failed to produce executable
FAIL: gnat.dg/nested_return_test.adb (test for excess errors)
WARNING: gnat.dg/nested_return_test.adb compilation failed to produce executable
FAIL: gnat.dg/no_exc_prop.adb (test for excess errors)
FAIL: gnat.dg/no_final.adb (test for excess errors)
WARNING: gnat.dg/no_final.adb compilation failed to produce executable
FAIL: gnat.dg/outer_agg_bitfield_constructor.adb (test for excess errors)
WARNING: gnat.dg/outer_agg_bitfield_constructor.adb compilation failed to produce executable
FAIL: gnat.dg/overriding_ops.adb (test for excess errors)
FAIL: gnat.dg/pack10.adb (test for excess errors)
WARNING: gnat.dg/pack10.adb compilation failed to produce executable
FAIL: gnat.dg/pack3.adb (test for excess errors)
WARNING: gnat.dg/pack3.adb compilation failed to produce executable
FAIL: gnat.dg/pack4.adb (test for excess errors)
WARNING: gnat.dg/pack4.adb compilation failed to produce executable
FAIL: gnat.dg/packed_subtype.adb (test for excess errors)
WARNING: gnat.dg/packed_subtype.adb compilation failed to produce executable
FAIL: gnat.dg/pointer_conversion.adb (test for excess errors)
WARNING: gnat.dg/pointer_conversion.adb compilation failed to produce executable
FAIL: gnat.dg/profile_warning.adb (test for excess errors)
FAIL: gnat.dg/profile_warning_p.adb (test for excess errors)
FAIL: gnat.dg/prot1.adb (test for excess errors)
FAIL: gnat.dg/prot_def.adb (test for excess errors)
WARNING: gnat.dg/prot_def.adb compilation failed to produce executable
FAIL: gnat.dg/quote.adb (test for excess errors)
WARNING: gnat.dg/quote.adb compilation failed to produce executable
FAIL: gnat.dg/range_check.adb (test for excess errors)
WARNING: gnat.dg/range_check.adb compilation failed to produce executable
FAIL: gnat.dg/regpat1.adb (test for excess errors)
WARNING: gnat.dg/regpat1.adb compilation failed to produce executable
FAIL: gnat.dg/release_unc_maxalign.adb (test for excess errors)
WARNING: gnat.dg/release_unc_maxalign.adb compilation failed to produce executable
FAIL: gnat.dg/renaming2.adb (test for excess errors)
WARNING: gnat.dg/renaming2.adb compilation failed to produce executable
FAIL: gnat.dg/renaming3.adb (test for excess errors)
WARNING: gnat.dg/renaming3.adb compilation failed to produce executable
FAIL: gnat.dg/requeue1.adb (test for excess errors)
WARNING: gnat.dg/requeue1.adb compilation failed to produce executable
FAIL: gnat.dg/scalar_mode_agg_compare.adb (test for excess errors)
WARNING: gnat.dg/scalar_mode_agg_compare.adb compilation failed to produce executable
FAIL: gnat.dg/self_aggregate_with_array.adb (test for excess errors)
WARNING: gnat.dg/self_aggregate_with_array.adb compilation failed to produce executable
FAIL: gnat.dg/self_aggregate_with_call.adb (test for excess errors)
WARNING: gnat.dg/self_aggregate_with_call.adb compilation failed to produce executable
FAIL: gnat.dg/self_aggregate_with_pointer.adb (test for excess errors)
WARNING: gnat.dg/self_aggregate_with_pointer.adb compilation failed to produce executable
FAIL: gnat.dg/self_aggregate_with_zeros.adb (test for excess errors)
WARNING: gnat.dg/self_aggregate_with_zeros.adb compilation failed to produce executable
FAIL: gnat.dg/set_in_pproc.adb (test for excess errors)
FAIL: gnat.dg/sizetype.adb (test for excess errors)
WARNING: gnat.dg/sizetype.adb compilation failed to produce executable
FAIL: gnat.dg/slice3.adb (test for excess errors)
WARNING: gnat.dg/slice3.adb compilation failed to produce executable
FAIL: gnat.dg/slice4.adb (test for excess errors)
WARNING: gnat.dg/slice4.adb compilation failed to produce executable
FAIL: gnat.dg/small_alignment.adb (test for excess errors)
WARNING: gnat.dg/small_alignment.adb compilation failed to produce executable
FAIL: gnat.dg/socket1.adb (test for excess errors)
WARNING: gnat.dg/socket1.adb compilation failed to produce executable
FAIL: gnat.dg/sort2.adb (test for excess errors)
WARNING: gnat.dg/sort2.adb compilation failed to produce executable
FAIL: gnat.dg/spipaterr.adb (test for excess errors)
WARNING: gnat.dg/spipaterr.adb compilation failed to produce executable
FAIL: gnat.dg/string_slice.adb (test for excess errors)
WARNING: gnat.dg/string_slice.adb compilation failed to produce executable
FAIL: gnat.dg/sync1.adb (test for excess errors)
FAIL: gnat.dg/tag1.adb (test for excess errors)
WARNING: gnat.dg/tag1.adb compilation failed to produce executable
FAIL: gnat.dg/tail_call.adb (test for excess errors)
WARNING: gnat.dg/tail_call.adb compilation failed to produce executable
FAIL: gnat.dg/task_name.adb (test for excess errors)
FAIL: gnat.dg/task_stack_align.adb (test for excess errors)
WARNING: gnat.dg/task_stack_align.adb compilation failed to produce executable
FAIL: gnat.dg/test_address_null_init.adb (test for excess errors)
WARNING: gnat.dg/test_address_null_init.adb compilation failed to produce executable
FAIL: gnat.dg/test_bounded.adb (test for excess errors)
WARNING: gnat.dg/test_bounded.adb compilation failed to produce executable
FAIL: gnat.dg/test_delay.adb (test for excess errors)
WARNING: gnat.dg/test_delay.adb compilation failed to produce executable
FAIL: gnat.dg/test_direct_io.adb (test for excess errors)
WARNING: gnat.dg/test_direct_io.adb compilation failed to produce executable
FAIL: gnat.dg/test_enum_io.adb (test for excess errors)
WARNING: gnat.dg/test_enum_io.adb compilation failed to produce executable
FAIL: gnat.dg/test_fixed_io.adb (test for excess errors)
WARNING: gnat.dg/test_fixed_io.adb compilation failed to produce executable
FAIL: gnat.dg/test_iface_aggr.adb (test for excess errors)
WARNING: gnat.dg/test_iface_aggr.adb compilation failed to produce executable
FAIL: gnat.dg/test_ifaces.adb (test for excess errors)
WARNING: gnat.dg/test_ifaces.adb compilation failed to produce executable
FAIL: gnat.dg/test_image.adb (test for excess errors)
WARNING: gnat.dg/test_image.adb compilation failed to produce executable
FAIL: gnat.dg/test_image_p.adb (test for excess errors)
FAIL: gnat.dg/test_nested_subtype_byref.adb (test for excess errors)
WARNING: gnat.dg/test_nested_subtype_byref.adb compilation failed to produce executable
FAIL: gnat.dg/test_oalign.adb (test for excess errors)
WARNING: gnat.dg/test_oalign.adb compilation failed to produce executable
FAIL: gnat.dg/test_prefix1.adb (test for excess errors)
WARNING: gnat.dg/test_prefix1.adb compilation failed to produce executable
FAIL: gnat.dg/test_prio.adb (test for excess errors)
WARNING: gnat.dg/test_prio.adb compilation failed to produce executable
FAIL: gnat.dg/test_prio_p.adb (test for excess errors)
FAIL: gnat.dg/test_self.adb (test for excess errors)
WARNING: gnat.dg/test_self.adb compilation failed to produce executable
FAIL: gnat.dg/test_self_ref.adb (test for excess errors)
WARNING: gnat.dg/test_self_ref.adb compilation failed to produce executable
FAIL: gnat.dg/test_table1.adb (test for excess errors)
WARNING: gnat.dg/test_table1.adb compilation failed to produce executable
FAIL: gnat.dg/test_tamdt.adb (test for excess errors)
WARNING: gnat.dg/test_tamdt.adb compilation failed to produce executable
FAIL: gnat.dg/test_time_stamp.adb (test for excess errors)
WARNING: gnat.dg/test_time_stamp.adb compilation failed to produce executable
FAIL: gnat.dg/testint.adb (test for excess errors)
WARNING: gnat.dg/testint.adb compilation failed to produce executable
FAIL: gnat.dg/tfren.adb (test for excess errors)
WARNING: gnat.dg/tfren.adb compilation failed to produce executable
FAIL: gnat.dg/timing_events.adb (test for excess errors)
WARNING: gnat.dg/timing_events.adb compilation failed to produce executable
FAIL: gnat.dg/trampoline2.adb (test for excess errors)
WARNING: gnat.dg/trampoline2.adb compilation failed to produce executable
FAIL: gnat.dg/unc_memfree.adb (test for excess errors)
WARNING: gnat.dg/unc_memfree.adb compilation failed to produce executable
FAIL: gnat.dg/unchecked_convert1.adb (test for excess errors)
WARNING: gnat.dg/unchecked_convert1.adb compilation failed to produce executable
FAIL: gnat.dg/unchecked_union1.adb (test for excess errors)
WARNING: gnat.dg/unchecked_union1.adb compilation failed to produce executable
FAIL: gnat.dg/valid1.adb (test for excess errors)
WARNING: gnat.dg/valid1.adb compilation failed to produce executable
FAIL: gnat.dg/warn1.adb (test for excess errors)
WARNING: gnat.dg/warn1.adb compilation failed to produce executable
FAIL: gnat.dg/warn5.adb (test for excess errors)
FAIL: gnat.dg/wide_test.adb (test for excess errors)
WARNING: gnat.dg/wide_test.adb compilation failed to produce executable
FAIL: gnat.dg/specs/elab1.ads (test for excess errors)
=== gnat Summary for unix/-m32 ===
# of expected passes 256
# of unexpected failures 142
# of expected failures 6
Running target unix
=== gnat Summary for unix ===
# of expected passes 516
# of expected failures 6
=== gnat Summary ===
# of expected passes 772
# of unexpected failures 142
# of expected failures 12
=== objc tests ===
Running target unix/-m32
WARNING: Could not compile objc.dg/gnu-encoding/struct-layout-encoding-1 generator
=== objc Summary for unix/-m32 ===
# of expected passes 1759
# of unsupported tests 24
Running target unix
WARNING: Could not compile objc.dg/gnu-encoding/struct-layout-encoding-1 generator
=== objc Summary for unix ===
# of expected passes 1759
# of unsupported tests 24
=== objc Summary ===
# of expected passes 3518
# of unsupported tests 48
/abuild-old/aj/gcc/gcc/xgcc version 4.4.0 20080716 (experimental) [trunk revision 137867] (GCC)
=== libffi tests ===
Running target unix/-m32
=== libffi Summary for unix/-m32 ===
# of expected passes 1389
# of unsupported tests 10
Running target unix
=== libffi Summary for unix ===
# of expected passes 1389
# of unsupported tests 10
=== libffi Summary ===
# of expected passes 2778
# of unsupported tests 20
=== libgomp tests ===
Running target unix/-m32
=== libgomp Summary for unix/-m32 ===
# of expected passes 2289
Running target unix
=== libgomp Summary for unix ===
# of expected passes 2289
=== libgomp Summary ===
# of expected passes 4578
=== libjava tests ===
Running target unix/-m32
FAIL: Array_3 -O3 execution - source compiled test
FAIL: Array_3 -O3 -findirect-dispatch execution - source compiled test
FAIL: StackTrace2 -O3 execution - source compiled test
=== libjava Summary for unix/-m32 ===
# of expected passes 2568
# of unexpected failures 3
# of untested testcases 3
Running target unix
FAIL: Array_3 -O3 execution - source compiled test
FAIL: Array_3 -O3 -findirect-dispatch execution - source compiled test
FAIL: Process_3 output - source compiled test
FAIL: Process_3 -findirect-dispatch output - source compiled test
FAIL: Process_3 -O3 output - source compiled test
FAIL: Process_3 -O3 -findirect-dispatch output - source compiled test
WARNING: program timed out.
FAIL: Process_6 execution - source compiled test
WARNING: program timed out.
FAIL: Process_6 -findirect-dispatch execution - source compiled test
WARNING: program timed out.
FAIL: Process_6 -O3 execution - source compiled test
WARNING: program timed out.
FAIL: Process_6 -O3 -findirect-dispatch execution - source compiled test
FAIL: StackTrace2 -O3 execution - source compiled test
FAIL: Thread_Interrupt execution - source compiled test
FAIL: Thread_Interrupt -findirect-dispatch execution - source compiled test
FAIL: Thread_Interrupt -O3 execution - source compiled test
FAIL: Thread_Interrupt -O3 -findirect-dispatch execution - source compiled test
FAIL: Thread_Wait_2 execution - source compiled test
FAIL: Thread_Wait_2 -findirect-dispatch execution - source compiled test
FAIL: Thread_Wait_2 -O3 execution - source compiled test
FAIL: Thread_Wait_2 -O3 -findirect-dispatch execution - source compiled test
FAIL: Thread_Wait_Interrupt execution - source compiled test
FAIL: Thread_Wait_Interrupt -findirect-dispatch execution - source compiled test
FAIL: Thread_Wait_Interrupt -O3 execution - source compiled test
FAIL: Thread_Wait_Interrupt -O3 -findirect-dispatch execution - source compiled test
=== libjava Summary for unix ===
# of expected passes 2532
# of unexpected failures 23
# of untested testcases 19
=== libjava Summary ===
# of expected passes 5100
# of unexpected failures 26
# of untested testcases 22
=== libmudflap tests ===
Running target unix/-m32
=== libmudflap Summary for unix/-m32 ===
# of expected passes 1865
Running target unix
=== libmudflap Summary for unix ===
# of expected passes 1865
=== libmudflap Summary ===
# of expected passes 3730
=== libstdc++ tests ===
Running target unix/-m32
XPASS: 26_numerics/headers/cmath/c99_classification_macros_c.cc (test for excess errors)
FAIL: ext/pb_ds/regression/trie_data_map_rand.cc execution test
=== libstdc++ Summary for unix/-m32 ===
# of expected passes 5924
# of unexpected failures 1
# of unexpected successes 1
# of expected failures 79
# of unsupported tests 10
Running target unix
XPASS: 26_numerics/headers/cmath/c99_classification_macros_c.cc (test for excess errors)
FAIL: ext/pb_ds/regression/trie_data_map_rand.cc execution test
FAIL: ext/pb_ds/regression/trie_no_data_map_rand.cc execution test
=== libstdc++ Summary for unix ===
# of expected passes 5923
# of unexpected failures 2
# of unexpected successes 1
# of expected failures 79
# of unsupported tests 10
=== libstdc++ Summary ===
# of expected passes 11847
# of unexpected failures 3
# of unexpected successes 2
# of expected failures 158
# of unsupported tests 20
Compiler version: 4.4.0 20080716 (experimental) [trunk revision 137867] (GCC)
Platform: x86_64-suse-linux-gnu
configure flags: --prefix=/opt/gcc/4.4-devel --enable-checking=yes,rtl --enable-decimal-float --enable-threads=posix --enable-clocale=gnu --enable-ssp --disable-libssp --enable-libstdcxx-allocator=new --enable-__cxa_atexit --enable-shared --enable-languages=c,c++,ada,java,fortran,objc --with-system-zlib x86_64-suse-linux-gnu
Version of binutils: GNU ld (GNU Binutils; openSUSE 11.0) 2.18.50.20080409-11.1
Version of glibc (/lib/libc.so.6): 2.8 (20080425)
Version of glibc (/lib64/libc.so.6): 2.8 (20080425)