This is the mail archive of the
gcc-testresults@gcc.gnu.org
mailing list for the GCC project.
Results for 4.4.0 20080708 (experimental) (gimple-tuples-branch merged with rev 137633) testsuite on i686-pc-linux-gnu
- From: dnovillo at google dot com (Diego Novillo)
- To: gcc-testresults at gcc dot gnu dot org
- Date: Mon, 14 Jul 2008 01:12:58 -0700 (PDT)
- Subject: Results for 4.4.0 20080708 (experimental) (gimple-tuples-branch merged with rev 137633) testsuite on i686-pc-linux-gnu
LAST_UPDATED:
Native configuration is i686-pc-linux-gnu
=== g++ tests ===
Running target unix
FAIL: g++.dg/eh/init-temp2.C (test for excess errors)
FAIL: g++.dg/init/new19.C scan-tree-dump pre "Replaced.*->ai\\[0\\]"
FAIL: g++.dg/opt/ptrmem6.C (internal compiler error)
FAIL: g++.dg/opt/ptrmem6.C (test for excess errors)
FAIL: g++.dg/other/PR23205.C scan-assembler .stabs.*foobar:c=i
FAIL: g++.dg/other/str_empty.C (test for warnings, line 13)
FAIL: g++.dg/tree-ssa/pr18178.C scan-tree-dump-times vrp1 "if " 1
FAIL: g++.dg/tree-ssa/pr19637.C scan-tree-dump-times dom1 "return 1;" 3
FAIL: g++.dg/tree-ssa/pr21463.C scan-tree-dump-times phiopt1 "MIN_EXPR" 2
FAIL: g++.dg/tree-ssa/pr21463.C scan-tree-dump-times phiopt1 "MAX_EXPR" 2
FAIL: g++.dg/tree-ssa/pr23948.C scan-tree-dump-times recip " / " 1
FAIL: g++.dg/tree-ssa/pr27090.C scan-tree-dump optimized "return f->x;"
FAIL: g++.dg/tree-ssa/pr30738.C scan-tree-dump phiopt1 "MIN_EXPR"
FAIL: g++.dg/tree-ssa/pr31146.C scan-tree-dump forwprop2 "i\\[j.*\\] = 1;"
FAIL: g++.dg/warn/Wreturn-type-2.C (test for excess errors)
FAIL: g++.dg/warn/pr33738.C (test for warnings, line 21)
FAIL: g++.dg/warn/unused-result1.C (test for warnings, line 9)
FAIL: 102:is -:should be 1
FAIL: 141:is 8:should be 5
FAIL: 143:is 6:should be 3
FAIL: 150:is 3:should be 2
FAIL: g++.dg/gcov/gcov-1.C gcov: 4 failures in line counts, 0 in branch percentages, 0 in return percentages
FAIL: g++.dg/torture/pr34850.C -O0 (test for warnings, line 14)
FAIL: g++.dg/torture/pr34850.C -O1 (test for warnings, line 14)
FAIL: g++.dg/torture/pr34850.C -O2 (test for warnings, line 14)
FAIL: g++.dg/torture/pr34850.C -O3 -fomit-frame-pointer (test for warnings, line 14)
FAIL: g++.dg/torture/pr34850.C -O3 -g (test for warnings, line 14)
FAIL: g++.dg/torture/pr34850.C -Os (test for warnings, line 14)
FAIL: g++.old-deja/g++.mike/p5469.C execution test
FAIL: g++.old-deja/g++.mike/p5469a.C execution test
=== g++ Summary ===
# of expected passes 17794
# of unexpected failures 30
# of expected failures 82
# of unsupported tests 91
/usr/local/google/dnovillo/perf/sbox/tuples/local.x86_64/bld/gcc/testsuite/g++/../../g++ version 4.4.0 20080708 (experimental) (gimple-tuples-branch merged with rev 137633)
=== gcc tests ===
Running target unix
FAIL: gcc.dg/debug/dwarf2/var1.c scan-assembler xyzzy[^\\\\n\\\\r]+DW_AT_name
FAIL: gcc.dg/Wstrict-aliasing-float-ptr-int-obj.c (test for warnings, line 14)
FAIL: gcc.dg/Wstrict-aliasing-float-ptr-int-obj.c (test for warnings, line 16)
FAIL: gcc.dg/builtins-61.c scan-tree-dump optimized "return 0.0"
FAIL: gcc.dg/complex-5.c execution test
FAIL: gcc.dg/fold-alloca-1.c scan-tree-dump-times useless "link_error" 0
FAIL: gcc.dg/fold-compare-2.c scan-tree-dump-times vrp1 "Removing basic block" 2
FAIL: gcc.dg/pr30286.c execution test
FAIL: gcc.dg/uninit-13.c unconditional (test for warnings, line 8)
FAIL: gcc.dg/format/bitfld-1.c (test for excess errors)
FAIL: gcc.dg/format/bitfld-1.c -DWIDE (test for excess errors)
FAIL: gcc.dg/gomp/complex-1.c (internal compiler error)
FAIL: gcc.dg/gomp/complex-1.c (test for excess errors)
FAIL: gcc.dg/matrix/matrix-1.c scan-ipa-dump-times matrix-reorg "Flattened 3 dimensions" 1: dump file does not exist
FAIL: gcc.dg/matrix/matrix-2.c scan-ipa-dump-times matrix-reorg "Flattened 2 dimensions" 1: dump file does not exist
FAIL: gcc.dg/matrix/matrix-3.c scan-ipa-dump-times matrix-reorg "Flattened 2 dimensions" 1: dump file does not exist
FAIL: gcc.dg/matrix/matrix-4.c scan-ipa-dump-times matrix-reorg "Flattened" 0: dump file does not exist
FAIL: gcc.dg/matrix/matrix-5.c scan-ipa-dump-times matrix-reorg "Flattened" 0: dump file does not exist
FAIL: gcc.dg/matrix/matrix-6.c scan-ipa-dump-times matrix-reorg "Flattened 2 dimensions" 1: dump file does not exist
FAIL: gcc.dg/matrix/transpose-1.c scan-ipa-dump-times matrix-reorg "Flattened 3 dimensions" 1: dump file does not exist
FAIL: gcc.dg/matrix/transpose-1.c scan-ipa-dump-times matrix-reorg "Transposed" 3: dump file does not exist
FAIL: gcc.dg/matrix/transpose-2.c scan-ipa-dump-times matrix-reorg "Flattened 3 dimensions" 1: dump file does not exist
FAIL: gcc.dg/matrix/transpose-2.c scan-ipa-dump-times matrix-reorg "Transposed" 0: dump file does not exist
FAIL: gcc.dg/matrix/transpose-3.c scan-ipa-dump-times matrix-reorg "Flattened 2 dimensions" 1: dump file does not exist
FAIL: gcc.dg/matrix/transpose-3.c scan-ipa-dump-times matrix-reorg "Transposed" 2: dump file does not exist
FAIL: gcc.dg/matrix/transpose-4.c scan-ipa-dump-times matrix-reorg "Flattened 3 dimensions" 1: dump file does not exist
FAIL: gcc.dg/matrix/transpose-4.c scan-ipa-dump-times matrix-reorg "Transposed" 2: dump file does not exist
FAIL: gcc.dg/matrix/transpose-5.c scan-ipa-dump-times matrix-reorg "Flattened 3 dimensions" 1: dump file does not exist
FAIL: gcc.dg/matrix/transpose-5.c scan-ipa-dump-times matrix-reorg "Transposed" 0: dump file does not exist
FAIL: gcc.dg/matrix/transpose-6.c scan-ipa-dump-times matrix-reorg "Flattened 3 dimensions" 1: dump file does not exist
FAIL: gcc.dg/matrix/transpose-6.c scan-ipa-dump-times matrix-reorg "Transposed" 0: dump file does not exist
FAIL: gcc.dg/tree-ssa/20030709-2.c scan-tree-dump-times cddce ".rtmem" 0
FAIL: gcc.dg/tree-ssa/20030709-2.c scan-tree-dump-times cddce "if " 1
FAIL: gcc.dg/tree-ssa/20030711-2.c scan-tree-dump-times dom3 "rtmem" 1
FAIL: gcc.dg/tree-ssa/20030714-2.c scan-tree-dump-times dom3 "if " 3
FAIL: gcc.dg/tree-ssa/20030807-2.c scan-tree-dump-times dom3 "if " 0
FAIL: gcc.dg/tree-ssa/20030807-6.c scan-tree-dump-times vrp1 "ABS_EXPR " 0
FAIL: gcc.dg/tree-ssa/20030807-7.c scan-tree-dump-times vrp1 "if " 1
FAIL: gcc.dg/tree-ssa/20030922-1.c scan-tree-dump-times dom3 "if " 0
FAIL: gcc.dg/tree-ssa/20031106-4.c scan-tree-dump-times optimized "link_error" 0
FAIL: gcc.dg/tree-ssa/alias-10.c scan-tree-dump optimized "return 3;"
FAIL: gcc.dg/tree-ssa/alias-18.c scan-tree-dump fre "with 0"
FAIL: gcc.dg/tree-ssa/alias-18.c scan-tree-dump fre "with 4"
FAIL: gcc.dg/tree-ssa/alias-18.c scan-tree-dump fre "with 5"
FAIL: gcc.dg/tree-ssa/alias-3.c scan-tree-dump optimized "return 1;"
FAIL: gcc.dg/tree-ssa/alias-4.c scan-tree-dump optimized "return 1;"
FAIL: gcc.dg/tree-ssa/alias-5.c scan-tree-dump optimized "return 1;"
FAIL: gcc.dg/tree-ssa/asm-3.c scan-tree-dump-times optimized "bar [(]t[)]" 1
FAIL: gcc.dg/tree-ssa/gen-vect-25.c scan-tree-dump-times vect "vectorized 2 loops" 1
FAIL: gcc.dg/tree-ssa/loadpre10.c scan-tree-dump-times pre "Eliminated: 1" 1
FAIL: gcc.dg/tree-ssa/loadpre11.c scan-tree-dump-times pre "Eliminated: 1" 1
FAIL: gcc.dg/tree-ssa/loadpre12.c scan-tree-dump-times pre "Eliminated: 1" 1
FAIL: gcc.dg/tree-ssa/loadpre13.c scan-tree-dump-times pre "Eliminated: 1" 1
FAIL: gcc.dg/tree-ssa/loadpre14.c scan-tree-dump-times pre "Eliminated: 1" 1
FAIL: gcc.dg/tree-ssa/loadpre15.c scan-tree-dump-times pre "Eliminated: 1" 1
FAIL: gcc.dg/tree-ssa/loadpre16.c scan-tree-dump-times pre "Eliminated: 1" 1
FAIL: gcc.dg/tree-ssa/loadpre17.c scan-tree-dump-times pre "Eliminated: 1" 1
FAIL: gcc.dg/tree-ssa/loadpre19.c scan-tree-dump-times pre "Eliminated: 1" 1
FAIL: gcc.dg/tree-ssa/loadpre2.c scan-tree-dump-times pre "Eliminated: 1" 1
FAIL: gcc.dg/tree-ssa/loadpre20.c scan-tree-dump-times pre "Eliminated: 1" 1
FAIL: gcc.dg/tree-ssa/loadpre21.c scan-tree-dump-times pre "Eliminated: 1" 1
FAIL: gcc.dg/tree-ssa/loadpre22.c scan-tree-dump-times pre "Eliminated: 1" 1
FAIL: gcc.dg/tree-ssa/loadpre23.c scan-tree-dump-times pre "Eliminated: 1" 1
FAIL: gcc.dg/tree-ssa/loadpre24.c scan-tree-dump-times pre "Eliminated: 1" 1
FAIL: gcc.dg/tree-ssa/loadpre25.c scan-tree-dump-times pre "Eliminated: 1" 1
FAIL: gcc.dg/tree-ssa/loadpre3.c scan-tree-dump-times pre "Eliminated: 2" 1
FAIL: gcc.dg/tree-ssa/loadpre4.c scan-tree-dump-times pre "Eliminated: 1" 1
FAIL: gcc.dg/tree-ssa/loadpre5.c scan-tree-dump-times pre "Eliminated: 1" 1
FAIL: gcc.dg/tree-ssa/loadpre6.c scan-tree-dump-times pre "Eliminated: 2" 1
FAIL: gcc.dg/tree-ssa/loadpre8.c scan-tree-dump-times pre "Eliminated: 1" 1
FAIL: gcc.dg/tree-ssa/loop-15.c scan-tree-dump-times optimized "n \\* n" 1
FAIL: gcc.dg/tree-ssa/loop-17.c scan-tree-dump sccp "set_nb_iterations_in_loop = 1"
FAIL: gcc.dg/tree-ssa/loop-33.c scan-tree-dump-times lim "Executing store motion of" 4
FAIL: gcc.dg/tree-ssa/loop-35.c scan-tree-dump-times lim "Executing store motion of" 8
FAIL: gcc.dg/tree-ssa/loop-36.c scan-tree-dump-not dce2 "c.array"
FAIL: gcc.dg/tree-ssa/pr16721.c scan-tree-dump-times optimized "->addr" 1
FAIL: gcc.dg/tree-ssa/pr20139.c scan-tree-dump-times final_cleanup "link_error" 0
FAIL: gcc.dg/tree-ssa/pr21417.c scan-tree-dump-times dom3 "Threaded jump" 1
FAIL: gcc.dg/tree-ssa/pr21559.c scan-tree-dump-times vrp1 "Threaded jump" 3
FAIL: gcc.dg/tree-ssa/pr21574.c scan-tree-dump fre "Replaced \\*p_.\\(D\\) with 0"
FAIL: gcc.dg/tree-ssa/pr23455.c scan-tree-dump-times pre "Eliminated: 3" 1
FAIL: gcc.dg/tree-ssa/pr32901.c scan-tree-dump-times gimple "thefoo.* = {}" 1
FAIL: gcc.dg/tree-ssa/pr35286.c scan-tree-dump-times pre "Eliminated: 2" 1
FAIL: gcc.dg/tree-ssa/pr35287.c scan-tree-dump-times pre "Eliminated: 2" 1
FAIL: gcc.dg/tree-ssa/predcom-1.c scan-tree-dump-times pcom "looparound ref" 1
FAIL: gcc.dg/tree-ssa/prefetch-7.c scan-assembler-times movnti 2
FAIL: gcc.dg/tree-ssa/recip-7.c scan-tree-dump-times recip " / " 1
FAIL: gcc.dg/tree-ssa/sra-4.c scan-tree-dump-times optimized "st" 0
FAIL: gcc.dg/tree-ssa/ssa-ccp-19.c scan-tree-dump ccp1 "= a.i;"
FAIL: gcc.dg/tree-ssa/ssa-copyprop-1.c scan-tree-dump optimized "return i"
FAIL: gcc.dg/tree-ssa/ssa-dom-cse-1.c scan-tree-dump-times fre "Replaced.* t " 1
FAIL: gcc.dg/tree-ssa/ssa-fre-1.c scan-tree-dump fre "Replaced \\(int \\*\\) b_.*with a_"
FAIL: gcc.dg/tree-ssa/ssa-fre-1.c scan-tree-dump fre "Replaced \\*c_.*with t_"
FAIL: gcc.dg/tree-ssa/ssa-fre-11.c scan-tree-dump fre "Replaced S\\[5\\].x with 4"
FAIL: gcc.dg/tree-ssa/ssa-fre-12.c scan-tree-dump fre "Replaced S\\[5\\].x with 4"
FAIL: gcc.dg/tree-ssa/ssa-fre-13.c scan-tree-dump fre "Inserted .* &a"
FAIL: gcc.dg/tree-ssa/ssa-fre-13.c scan-tree-dump fre "Replaced tmp1_.\\(D\\)->data"
FAIL: gcc.dg/tree-ssa/ssa-fre-14.c scan-tree-dump fre "Inserted .* &a"
FAIL: gcc.dg/tree-ssa/ssa-fre-14.c scan-tree-dump fre "Replaced tmp1.data"
FAIL: gcc.dg/tree-ssa/ssa-fre-15.c scan-tree-dump fre "Replaced"
FAIL: gcc.dg/tree-ssa/ssa-fre-16.c scan-tree-dump-not fre "link_error"
FAIL: gcc.dg/tree-ssa/ssa-fre-17.c scan-tree-dump fre "Replaced f.doms\\[0\\].dom with i_"
FAIL: gcc.dg/tree-ssa/ssa-fre-2.c scan-tree-dump fre "Replaced \\(short int\\) c_.*with b_"
FAIL: gcc.dg/tree-ssa/ssa-fre-3.c scan-tree-dump fre "Replaced \\(int\\) aa_.*with a_"
FAIL: gcc.dg/tree-ssa/ssa-fre-4.c scan-tree-dump fre "Replaced \\(char\\) .*with "
FAIL: gcc.dg/tree-ssa/ssa-fre-5.c scan-tree-dump fre "Replaced \\(unsigned int\\) a_.*with t_"
FAIL: gcc.dg/tree-ssa/ssa-fre-6.c scan-tree-dump-times fre "Replaced " 5
FAIL: gcc.dg/tree-ssa/ssa-fre-7.c scan-tree-dump-times fre "Inserted pretmp" 1
FAIL: gcc.dg/tree-ssa/ssa-fre-7.c scan-tree-dump-times fre "Replaced a.u.f with pretmp" 3
FAIL: gcc.dg/tree-ssa/ssa-fre-7.c scan-tree-dump-times fre "Replaced a.u.k with j" 1
FAIL: gcc.dg/tree-ssa/ssa-fre-7.c scan-tree-dump fre "= VIEW_CONVERT_EXPR<float>\\(j_"
FAIL: gcc.dg/tree-ssa/ssa-fre-7.c scan-tree-dump optimized "return j"
FAIL: gcc.dg/tree-ssa/ssa-fre-8.c scan-tree-dump-times fre "Replaced u.f with pretmp" 2
FAIL: gcc.dg/tree-ssa/ssa-fre-8.c scan-tree-dump-times fre "Inserted pretmp" 2
FAIL: gcc.dg/tree-ssa/ssa-fre-9.c scan-tree-dump-times fre "Eliminated: 1" 2
FAIL: gcc.dg/tree-ssa/ssa-fre-9.c scan-tree-dump-times fre "Insertions: 1" 2
FAIL: gcc.dg/tree-ssa/ssa-ifcombine-3.c scan-tree-dump optimized ">="
FAIL: gcc.dg/tree-ssa/ssa-ifcombine-5.c scan-tree-dump optimized ">="
FAIL: gcc.dg/tree-ssa/ssa-pre-1.c scan-tree-dump-times pre "Eliminated: 1" 1
FAIL: gcc.dg/tree-ssa/ssa-pre-10.c scan-tree-dump-times fre "Eliminated: 1" 1
FAIL: gcc.dg/tree-ssa/ssa-pre-11.c scan-tree-dump-times pre "Eliminated: 1" 1
FAIL: gcc.dg/tree-ssa/ssa-pre-12.c scan-tree-dump-times pre "Eliminated: 1" 1
FAIL: gcc.dg/tree-ssa/ssa-pre-13.c scan-tree-dump-times pre "Eliminated: 1" 1
FAIL: gcc.dg/tree-ssa/ssa-pre-15.c scan-tree-dump optimized "= 0;"
FAIL: gcc.dg/tree-ssa/ssa-pre-16.c scan-tree-dump-times pre "Eliminated: 1" 1
FAIL: gcc.dg/tree-ssa/ssa-pre-17.c scan-tree-dump pre "Eliminated: 1"
FAIL: gcc.dg/tree-ssa/ssa-pre-2.c scan-tree-dump-times pre "Eliminated: 2" 1
FAIL: gcc.dg/tree-ssa/ssa-pre-3.c scan-tree-dump-times pre "Eliminated: 2" 1
FAIL: gcc.dg/tree-ssa/ssa-pre-4.c scan-tree-dump-times pre "Eliminated: 1" 1
FAIL: gcc.dg/tree-ssa/ssa-pre-5.c scan-tree-dump-times pre "Constified: 1" 1
FAIL: gcc.dg/tree-ssa/ssa-pre-6.c scan-tree-dump-times pre "Eliminated: 1" 1
FAIL: gcc.dg/tree-ssa/ssa-pre-7.c scan-tree-dump-times fre "Eliminated: 2" 1
FAIL: gcc.dg/tree-ssa/ssa-pre-8.c scan-tree-dump-times fre "Eliminated: 3" 1
FAIL: gcc.dg/tree-ssa/ssa-sccvn-1.c scan-tree-dump-times fre "Eliminated: 2" 1
FAIL: gcc.dg/tree-ssa/ssa-sccvn-2.c scan-tree-dump-times fre "Eliminated: 3" 1
FAIL: gcc.dg/tree-ssa/ssa-sccvn-3.c scan-tree-dump-times fre "Eliminated: 1" 1
FAIL: gcc.dg/tree-ssa/ssa-sccvn-4.c scan-tree-dump-times fre "Eliminated: 5" 1
FAIL: gcc.dg/tree-ssa/structopt-2.c scan-tree-dump-times optimized "a.e" 0
FAIL: gcc.dg/tree-ssa/structopt-2.c scan-tree-dump-times optimized "a.f" 0
FAIL: gcc.dg/tree-ssa/structopt-2.c scan-tree-dump-times optimized "a.g" 0
FAIL: gcc.dg/tree-ssa/structopt-3.c scan-tree-dump-times optimized "return 11" 1
FAIL: gcc.dg/tree-ssa/vrp15.c scan-tree-dump-times vrp1 "tree_code_length.42." 1
FAIL: gcc.dg/tree-ssa/vrp16.c scan-tree-dump-times vrp1 "Folding predicate .*to 0" 1
FAIL: gcc.dg/tree-ssa/vrp17.c scan-tree-dump-times vrp1 "Simplified relational" 1
FAIL: gcc.dg/vect/vect-67.c scan-tree-dump-times vect "vectorized 1 loops" 1
FAIL: gcc.dg/vect/vect-iv-9.c scan-tree-dump-times vect "vectorized 1 loops" 2
FAIL: gcc.dg/vect/vect-widen-mult-sum.c scan-tree-dump-times vect "vectorized 1 loops" 1
FAIL: gcc.dg/vect/slp-20.c scan-tree-dump-times vect "vectorizing stmts using SLP" 4
FAIL: gcc.dg/vect/slp-22.c scan-tree-dump-times vect "vectorizing stmts using SLP" 6
FAIL: gcc.dg/vect/no-math-errno-slp-32.c (internal compiler error)
FAIL: gcc.dg/vect/no-math-errno-slp-32.c (test for excess errors)
FAIL: gcc.dg/vect/no-scevccp-outer-13.c scan-tree-dump-times vect "OUTER LOOP VECTORIZED." 1
FAIL: gcc.dg/vect/no-scevccp-outer-7.c scan-tree-dump-times vect "OUTER LOOP VECTORIZED." 1
FAIL: 96:is -:should be 1
FAIL: 132:is 8:should be 5
FAIL: 133:is 6:should be 3
FAIL: 138:is 3:should be 2
FAIL: gcc.misc-tests/gcov-4.c gcov: 4 failures in line counts, 0 in branch percentages, 0 in return percentages
FAIL: gcc.target/i386/vectorize1.c scan-tree-dump vect "vect_cst"
=== gcc Summary ===
# of expected passes 50376
# of unexpected failures 159
# of expected failures 172
# of unsupported tests 418
/usr/local/google/dnovillo/perf/sbox/tuples/local.x86_64/bld/gcc/xgcc version 4.4.0 20080708 (experimental) (gimple-tuples-branch merged with rev 137633)
=== gfortran tests ===
Running target unix
FAIL: gfortran.dg/allocate_stat_1.f90 -O0 execution test
FAIL: gfortran.dg/allocate_stat_1.f90 -O1 execution test
FAIL: gfortran.dg/allocate_stat_1.f90 -O2 execution test
FAIL: gfortran.dg/allocate_stat_1.f90 -O3 -fomit-frame-pointer execution test
FAIL: gfortran.dg/allocate_stat_1.f90 -O3 -fomit-frame-pointer -funroll-loops execution test
FAIL: gfortran.dg/allocate_stat_1.f90 -O3 -fomit-frame-pointer -funroll-all-loops -finline-functions execution test
FAIL: gfortran.dg/allocate_stat_1.f90 -O3 -g execution test
FAIL: gfortran.dg/allocate_stat_1.f90 -Os execution test
FAIL: gfortran.dg/csqrt_2.f -O0 execution test
FAIL: gfortran.dg/csqrt_2.f -O1 execution test
FAIL: gfortran.dg/csqrt_2.f -O2 execution test
FAIL: gfortran.dg/csqrt_2.f -O3 -fomit-frame-pointer execution test
FAIL: gfortran.dg/csqrt_2.f -O3 -fomit-frame-pointer -funroll-loops execution test
FAIL: gfortran.dg/csqrt_2.f -O3 -fomit-frame-pointer -funroll-all-loops -finline-functions execution test
FAIL: gfortran.dg/csqrt_2.f -O3 -g execution test
FAIL: gfortran.dg/csqrt_2.f -Os execution test
FAIL: gfortran.dg/ldist-1.f90 -O scan-tree-dump-times ldist "distributed: split to 4 loops" 1
FAIL: gfortran.dg/parameter_array_init_4.f90 -O0 (test for excess errors)
FAIL: gfortran.dg/parameter_array_init_4.f90 -O1 (test for excess errors)
FAIL: gfortran.dg/parameter_array_init_4.f90 -O2 (test for excess errors)
FAIL: gfortran.dg/parameter_array_init_4.f90 -O3 -fomit-frame-pointer (test for excess errors)
FAIL: gfortran.dg/parameter_array_init_4.f90 -O3 -fomit-frame-pointer -funroll-loops (test for excess errors)
FAIL: gfortran.dg/parameter_array_init_4.f90 -O3 -fomit-frame-pointer -funroll-all-loops -finline-functions (test for excess errors)
FAIL: gfortran.dg/parameter_array_init_4.f90 -O3 -g (test for excess errors)
FAIL: gfortran.dg/parameter_array_init_4.f90 -Os (test for excess errors)
=== gfortran Summary ===
# of expected passes 26835
# of unexpected failures 25
# of expected failures 8
# of unsupported tests 89
/usr/local/google/dnovillo/perf/sbox/tuples/local.x86_64/bld/gcc/testsuite/gfortran/../../gfortran version 4.4.0 20080708 (experimental) (gimple-tuples-branch merged with rev 137633)
=== objc tests ===
Running target unix
=== objc Summary ===
# of expected passes 1814
# of expected failures 7
# of unsupported tests 24
/usr/local/google/dnovillo/perf/sbox/tuples/local.x86_64/bld/gcc/xgcc version 4.4.0 20080708 (experimental) (gimple-tuples-branch merged with rev 137633)
=== libffi tests ===
Running target unix
=== libffi Summary ===
# of expected passes 1389
# of unsupported tests 10
=== libgomp tests ===
Running target unix
WARNING: program timed out.
FAIL: libgomp.c/ordered-3.c execution test
=== libgomp Summary ===
# of expected passes 2288
# of unexpected failures 1
=== libjava tests ===
Running target unix
FAIL: TestClosureGC run
FAIL: Array_3 execution - source compiled test
FAIL: Array_3 -findirect-dispatch execution - source compiled test
FAIL: Array_3 -O3 execution - source compiled test
FAIL: Array_3 -O3 -findirect-dispatch execution - source compiled test
FAIL: Divide_1 execution - source compiled test
FAIL: Divide_1 -findirect-dispatch execution - source compiled test
FAIL: Divide_1 -O3 execution - source compiled test
FAIL: Divide_1 -O3 -findirect-dispatch execution - source compiled test
FAIL: Invoke_1 execution - source compiled test
FAIL: Invoke_1 -findirect-dispatch execution - source compiled test
FAIL: Invoke_1 -O3 execution - source compiled test
FAIL: Invoke_1 -O3 -findirect-dispatch execution - source compiled test
FAIL: pr83 -findirect-dispatch execution - source compiled test
FAIL: pr83 -O3 -findirect-dispatch execution - source compiled test
=== libjava Summary ===
# of expected passes 2545
# of unexpected failures 15
# of untested testcases 15
=== libstdc++ tests ===
Running target unix
FAIL: abi_check
WARNING: program timed out.
FAIL: 23_containers/deque/invalidation/4.cc execution test
XPASS: 26_numerics/headers/cmath/c99_classification_macros_c.cc (test for excess errors)
=== libstdc++ Summary ===
# of expected passes 5284
# of unexpected failures 2
# of unexpected successes 1
# of expected failures 79
# of unsupported tests 326
Compiler version: 4.4.0 20080708 (experimental) (gimple-tuples-branch merged with rev 137633)
Platform: i686-pc-linux-gnu
configure flags: --prefix=/home/dnovillo/perf/sbox/tuples/local.x86_64/inst --srcdir=/home/dnovillo/perf/sbox/tuples/local.x86_64/src --with-gmp=/home/dnovillo/i686 --with-mpfr=/home/dnovillo/i686 --build=i686-pc-linux-gnu --disable-libmudflap --enable-checking=yes,types