This is the mail archive of the
gcc-testresults@gcc.gnu.org
mailing list for the GCC project.
Results for 4.4.0 20080704 (experimental) [trunk revision 137450] (GCC) testsuite on ia64-suse-linux-gnu
- From: Andreas Schwab <schwab at suse dot de>
- To: gcc-testresults at gcc dot gnu dot org
- Date: Fri, 04 Jul 2008 12:05:20 +0200
- Subject: Results for 4.4.0 20080704 (experimental) [trunk revision 137450] (GCC) testsuite on ia64-suse-linux-gnu
LAST_UPDATED: Fri Jul 4 08:01:06 UTC 2008 (revision 137450)
=== acats tests ===
FAIL: c390002
FAIL: c392002
FAIL: c392003
FAIL: c392013
FAIL: c393008
FAIL: c393009
FAIL: c760013
FAIL: cd72a02
FAIL: cdd2a01
FAIL: cdd2a03
FAIL: cxb3014
FAIL: cxb3016
=== acats Summary ===
# of expected passes 2303
# of unexpected failures 12
Native configuration is ia64-suse-linux-gnu
=== g++ tests ===
Running target unix
FAIL: g++.dg/tree-ssa/pr19637.C scan-tree-dump-times dom1 "return 1;" 3
FAIL: g++.dg/tree-prof/indir-call-prof.C scan-tree-dump tree_profile "Indirect call -> direct call.* AA transformation on insn"
FAIL: g++.dg/tree-prof/indir-call-prof.C scan-tree-dump tree_profile "Indirect call -> direct call.* AA transformation on insn"
FAIL: g++.dg/tree-prof/indir-call-prof.C scan-tree-dump tree_profile "Indirect call -> direct call.* AA transformation on insn"
FAIL: g++.dg/tree-prof/indir-call-prof.C scan-tree-dump tree_profile "Indirect call -> direct call.* AA transformation on insn"
FAIL: g++.dg/tree-prof/indir-call-prof.C scan-tree-dump tree_profile "Indirect call -> direct call.* AA transformation on insn"
FAIL: g++.dg/tree-prof/indir-call-prof.C scan-tree-dump tree_profile "Indirect call -> direct call.* AA transformation on insn"
FAIL: g++.dg/tree-prof/indir-call-prof.C scan-tree-dump tree_profile "Indirect call -> direct call.* AA transformation on insn"
FAIL: g++.dg/vect/pr36648.cc scan-tree-dump-times vect "vectorized 1 loops" 1
FAIL: g++.dg/vect/pr36648.cc scan-tree-dump-times vect "vectorizing stmts using SLP" 1
=== g++ Summary ===
# of expected passes 16974
# of unexpected failures 10
# of expected failures 82
# of unsupported tests 139
/tmp/cvs/gcc-20080704/Build/gcc/testsuite/g++/../../g++ version 4.4.0 20080704 (experimental) [trunk revision 137450] (GCC)
=== gcc tests ===
Running target unix
FAIL: gcc.c-torture/compile/pr11832.c -O0 (internal compiler error)
FAIL: gcc.c-torture/compile/pr11832.c -O1 (internal compiler error)
FAIL: gcc.c-torture/compile/pr11832.c -O2 (internal compiler error)
FAIL: gcc.c-torture/compile/pr11832.c -O3 -fomit-frame-pointer (internal compiler error)
FAIL: gcc.c-torture/compile/pr11832.c -O3 -fomit-frame-pointer -funroll-loops (internal compiler error)
FAIL: gcc.c-torture/compile/pr11832.c -O3 -fomit-frame-pointer -funroll-all-loops -finline-functions (internal compiler error)
FAIL: gcc.c-torture/compile/pr11832.c -O3 -g (internal compiler error)
FAIL: gcc.c-torture/compile/pr11832.c -Os (internal compiler error)
FAIL: gcc.c-torture/compile/pr33009.c -O0 (internal compiler error)
FAIL: gcc.dg/debug/dwarf2/var1.c scan-assembler xyzzy[^\\\\n\\\\r]+DW_AT_name
FAIL: gcc.dg/Wstrict-aliasing-float-ptr-int-obj.c (test for warnings, line 14)
FAIL: gcc.dg/Wstrict-aliasing-float-ptr-int-obj.c (test for warnings, line 16)
FAIL: gcc.dg/builtin-apply4.c execution test
FAIL: gcc.dg/pr35729.c scan-rtl-dump-times loop2_invariant "Decided to move invariant" 0
FAIL: gcc.dg/struct-ret-3.c execution test
FAIL: gcc.dg/torture/builtin-math-4.c -O0 (test for excess errors)
FAIL: gcc.dg/torture/builtin-math-4.c -O1 (test for excess errors)
FAIL: gcc.dg/torture/builtin-math-4.c -O2 (test for excess errors)
FAIL: gcc.dg/torture/builtin-math-4.c -O3 -fomit-frame-pointer (test for excess errors)
FAIL: gcc.dg/torture/builtin-math-4.c -O3 -fomit-frame-pointer -funroll-loops (test for excess errors)
FAIL: gcc.dg/torture/builtin-math-4.c -O3 -fomit-frame-pointer -funroll-all-loops -finline-functions (test for excess errors)
FAIL: gcc.dg/torture/builtin-math-4.c -O3 -g (test for excess errors)
FAIL: gcc.dg/torture/builtin-math-4.c -Os (test for excess errors)
WARNING: gcc.dg/torture/fp-int-convert-float128-timode.c -O0 compilation failed to produce executable
WARNING: gcc.dg/torture/fp-int-convert-float128-timode.c -O1 compilation failed to produce executable
WARNING: gcc.dg/torture/fp-int-convert-float128-timode.c -O2 compilation failed to produce executable
WARNING: gcc.dg/torture/fp-int-convert-float128-timode.c -O3 -fomit-frame-pointer compilation failed to produce executable
WARNING: gcc.dg/torture/fp-int-convert-float128-timode.c -O3 -g compilation failed to produce executable
WARNING: gcc.dg/torture/fp-int-convert-float128-timode.c -Os compilation failed to produce executable
FAIL: gcc.dg/torture/fp-int-convert-float128.c -O0 (test for excess errors)
WARNING: gcc.dg/torture/fp-int-convert-float128.c -O0 compilation failed to produce executable
FAIL: gcc.dg/torture/fp-int-convert-float128.c -O1 (test for excess errors)
WARNING: gcc.dg/torture/fp-int-convert-float128.c -O1 compilation failed to produce executable
FAIL: gcc.dg/torture/fp-int-convert-float128.c -O2 (test for excess errors)
WARNING: gcc.dg/torture/fp-int-convert-float128.c -O2 compilation failed to produce executable
FAIL: gcc.dg/torture/fp-int-convert-float128.c -O3 -fomit-frame-pointer (test for excess errors)
WARNING: gcc.dg/torture/fp-int-convert-float128.c -O3 -fomit-frame-pointer compilation failed to produce executable
FAIL: gcc.dg/torture/fp-int-convert-float128.c -O3 -g (test for excess errors)
WARNING: gcc.dg/torture/fp-int-convert-float128.c -O3 -g compilation failed to produce executable
FAIL: gcc.dg/torture/fp-int-convert-float128.c -Os (test for excess errors)
WARNING: gcc.dg/torture/fp-int-convert-float128.c -Os compilation failed to produce executable
XPASS: gcc.dg/tree-ssa/loadpre1.c scan-tree-dump-times pre "Eliminated: 1" 1
XPASS: gcc.dg/tree-ssa/loop-1.c scan-assembler-times foo 5
XPASS: gcc.dg/tree-ssa/ltrans-3.c scan-tree-dump-times ltrans "transformed loop" 1
FAIL: gcc.dg/vect/slp-7.c scan-tree-dump-times vect "vectorized 2 loops" 1
FAIL: gcc.dg/vect/slp-7.c scan-tree-dump-times vect "vectorizing stmts using SLP" 2
FAIL: gcc.dg/vect/no-vfa-pr29145.c scan-tree-dump-times vect "vectorized 0 loops" 2
FAIL: gcc.dg/vect/no-vfa-pr29145.c scan-tree-dump-times vect "vectorized 1 loops" 1
FAIL: gcc.dg/vect/O3-vect-pr34223.c scan-tree-dump-times vect "vectorized 1 loops" 1
=== gcc Summary ===
# of expected passes 47217
# of unexpected failures 34
# of unexpected successes 3
# of expected failures 234
# of unsupported tests 471
/tmp/cvs/gcc-20080704/Build/gcc/xgcc version 4.4.0 20080704 (experimental) [trunk revision 137450] (GCC)
=== gfortran tests ===
Running target unix
FAIL: gfortran.dg/bessel_2.f90 -O (test for excess errors)
FAIL: gfortran.dg/parameter_array_init_3.f90 -O (internal compiler error)
FAIL: gfortran.dg/parameter_array_init_3.f90 -O (test for excess errors)
FAIL: gfortran.dg/parameter_array_init_4.f90 -O0 (test for excess errors)
FAIL: gfortran.dg/parameter_array_init_4.f90 -O1 (test for excess errors)
FAIL: gfortran.dg/parameter_array_init_4.f90 -O2 (test for excess errors)
FAIL: gfortran.dg/parameter_array_init_4.f90 -O3 -fomit-frame-pointer (test for excess errors)
FAIL: gfortran.dg/parameter_array_init_4.f90 -O3 -fomit-frame-pointer -funroll-loops (test for excess errors)
FAIL: gfortran.dg/parameter_array_init_4.f90 -O3 -fomit-frame-pointer -funroll-all-loops -finline-functions (test for excess errors)
FAIL: gfortran.dg/parameter_array_init_4.f90 -O3 -g (test for excess errors)
FAIL: gfortran.dg/parameter_array_init_4.f90 -Os (test for excess errors)
=== gfortran Summary ===
# of expected passes 26806
# of unexpected failures 11
# of expected failures 16
# of unsupported tests 34
/tmp/cvs/gcc-20080704/Build/gcc/testsuite/gfortran/../../gfortran version 4.4.0 20080704 (experimental) [trunk revision 137450] (GCC)
=== gnat tests ===
Running target unix
FAIL: gnat.dg/abstract_with_anonymous_result.adb (test for excess errors)
WARNING: gnat.dg/abstract_with_anonymous_result.adb compilation failed to produce executable
FAIL: gnat.dg/access_discr.adb (test for excess errors)
FAIL: gnat.dg/access_test.adb (test for excess errors)
WARNING: gnat.dg/access_test.adb compilation failed to produce executable
FAIL: gnat.dg/aggr3.adb (test for excess errors)
WARNING: gnat.dg/aggr3.adb compilation failed to produce executable
FAIL: gnat.dg/aggr7.adb (test for excess errors)
FAIL: gnat.dg/check_displace_generation.adb (test for excess errors)
WARNING: gnat.dg/check_displace_generation.adb compilation failed to produce executable
FAIL: gnat.dg/class_wide.adb (test for excess errors)
FAIL: gnat.dg/discr4.adb (test for excess errors)
WARNING: gnat.dg/discr4.adb compilation failed to produce executable
FAIL: gnat.dg/finalized.adb (test for excess errors)
FAIL: gnat.dg/inline_tagged.adb (test for excess errors)
WARNING: gnat.dg/inline_tagged.adb compilation failed to produce executable
FAIL: gnat.dg/interface1.adb (test for excess errors)
WARNING: gnat.dg/interface1.adb compilation failed to produce executable
FAIL: gnat.dg/interface2.adb (test for excess errors)
WARNING: gnat.dg/interface2.adb compilation failed to produce executable
FAIL: gnat.dg/interface3.adb (test for excess errors)
WARNING: gnat.dg/interface3.adb compilation failed to produce executable
FAIL: gnat.dg/interface_conv.adb (test for excess errors)
WARNING: gnat.dg/interface_conv.adb compilation failed to produce executable
FAIL: gnat.dg/iprot_test.adb (test for excess errors)
WARNING: gnat.dg/iprot_test.adb compilation failed to produce executable
FAIL: gnat.dg/late_overriding.adb (test for excess errors)
FAIL: gnat.dg/lhs_view_convert.adb (test for excess errors)
WARNING: gnat.dg/lhs_view_convert.adb compilation failed to produce executable
FAIL: gnat.dg/named_test.adb (test for excess errors)
WARNING: gnat.dg/named_test.adb compilation failed to produce executable
FAIL: gnat.dg/nested_controlled_alloc.adb (test for excess errors)
WARNING: gnat.dg/nested_controlled_alloc.adb compilation failed to produce executable
FAIL: gnat.dg/no_final.adb (test for excess errors)
WARNING: gnat.dg/no_final.adb compilation failed to produce executable
FAIL: gnat.dg/self1.adb (test for excess errors)
FAIL: gnat.dg/set_in_pproc.adb (test for excess errors)
FAIL: gnat.dg/tag1.adb (test for excess errors)
WARNING: gnat.dg/tag1.adb compilation failed to produce executable
FAIL: gnat.dg/test_iface_aggr.adb (test for excess errors)
WARNING: gnat.dg/test_iface_aggr.adb compilation failed to produce executable
=== gnat Summary ===
# of expected passes 475
# of unexpected failures 24
# of expected failures 6
=== obj-c++ tests ===
Running target unix
FAIL: obj-c++.dg/bad-receiver-type.mm (internal compiler error)
FAIL: obj-c++.dg/bad-receiver-type.mm (test for excess errors)
FAIL: obj-c++.dg/basic.mm (internal compiler error)
FAIL: obj-c++.dg/basic.mm (test for excess errors)
WARNING: obj-c++.dg/basic.mm compilation failed to produce executable
XPASS: obj-c++.dg/bitfield-1.mm (test for warnings, line 26)
FAIL: obj-c++.dg/bitfield-1.mm (test for excess errors)
WARNING: obj-c++.dg/bitfield-1.mm compilation failed to produce executable
FAIL: obj-c++.dg/bitfield-2.mm (internal compiler error)
FAIL: obj-c++.dg/bitfield-2.mm (test for excess errors)
WARNING: obj-c++.dg/bitfield-2.mm compilation failed to produce executable
FAIL: obj-c++.dg/bitfield-4.mm (test for excess errors)
WARNING: obj-c++.dg/bitfield-4.mm compilation failed to produce executable
FAIL: obj-c++.dg/bitfield-5.mm (internal compiler error)
FAIL: obj-c++.dg/bitfield-5.mm (test for excess errors)
FAIL: obj-c++.dg/class-protocol-1.mm (internal compiler error)
FAIL: obj-c++.dg/class-protocol-1.mm (test for excess errors)
FAIL: obj-c++.dg/comp-types-1.mm (internal compiler error)
FAIL: obj-c++.dg/comp-types-1.mm (test for excess errors)
FAIL: obj-c++.dg/comp-types-11.mm (internal compiler error)
FAIL: obj-c++.dg/comp-types-11.mm (test for excess errors)
FAIL: obj-c++.dg/comp-types-12.mm (test for excess errors)
FAIL: obj-c++.dg/comp-types-2.mm (test for excess errors)
FAIL: obj-c++.dg/comp-types-3.mm (test for excess errors)
FAIL: obj-c++.dg/comp-types-4.mm (test for excess errors)
FAIL: obj-c++.dg/comp-types-5.mm (test for excess errors)
FAIL: obj-c++.dg/comp-types-6.mm (test for excess errors)
FAIL: obj-c++.dg/comp-types-7.mm (test for excess errors)
FAIL: obj-c++.dg/comp-types-8.mm (internal compiler error)
FAIL: obj-c++.dg/comp-types-8.mm (test for excess errors)
FAIL: obj-c++.dg/comp-types-9.mm (internal compiler error)
FAIL: obj-c++.dg/comp-types-9.mm (test for excess errors)
FAIL: obj-c++.dg/const-str-1.mm (test for excess errors)
FAIL: obj-c++.dg/const-str-5.mm (internal compiler error)
FAIL: obj-c++.dg/const-str-5.mm (test for excess errors)
FAIL: obj-c++.dg/const-str-6.mm (test for excess errors)
FAIL: obj-c++.dg/cxx-class-1.mm (test for excess errors)
FAIL: obj-c++.dg/cxx-ivars-1.mm (internal compiler error)
FAIL: obj-c++.dg/cxx-ivars-1.mm (test for excess errors)
WARNING: obj-c++.dg/cxx-ivars-1.mm compilation failed to produce executable
FAIL: obj-c++.dg/cxx-ivars-2.mm (internal compiler error)
FAIL: obj-c++.dg/cxx-ivars-2.mm (test for excess errors)
WARNING: obj-c++.dg/cxx-ivars-2.mm compilation failed to produce executable
FAIL: obj-c++.dg/cxx-scope-1.mm (internal compiler error)
FAIL: obj-c++.dg/cxx-scope-1.mm (test for excess errors)
WARNING: obj-c++.dg/cxx-scope-1.mm compilation failed to produce executable
FAIL: obj-c++.dg/cxx-scope-2.mm (internal compiler error)
FAIL: obj-c++.dg/cxx-scope-2.mm (test for excess errors)
FAIL: obj-c++.dg/defs.mm (internal compiler error)
FAIL: obj-c++.dg/defs.mm (test for excess errors)
WARNING: obj-c++.dg/defs.mm compilation failed to produce executable
FAIL: obj-c++.dg/dwarf-2.mm (test for excess errors)
ERROR: obj-c++.dg/dwarf-2.mm: error executing dg-final: couldn't open "dwarf-2.s": no such file or directory
UNRESOLVED: obj-c++.dg/dwarf-2.mm: error executing dg-final: couldn't open "dwarf-2.s": no such file or directory
FAIL: obj-c++.dg/empty-private-1.mm (test for excess errors)
FAIL: obj-c++.dg/encode-1.mm (internal compiler error)
FAIL: obj-c++.dg/encode-1.mm (test for excess errors)
ERROR: obj-c++.dg/encode-1.mm: error executing dg-final: couldn't open "encode-1.s": no such file or directory
UNRESOLVED: obj-c++.dg/encode-1.mm: error executing dg-final: couldn't open "encode-1.s": no such file or directory
FAIL: obj-c++.dg/encode-2.mm (test for excess errors)
ERROR: obj-c++.dg/encode-2.mm: error executing dg-final: couldn't open "encode-2.s": no such file or directory
UNRESOLVED: obj-c++.dg/encode-2.mm: error executing dg-final: couldn't open "encode-2.s": no such file or directory
FAIL: obj-c++.dg/encode-3.mm (test for excess errors)
WARNING: obj-c++.dg/encode-3.mm compilation failed to produce executable
FAIL: obj-c++.dg/encode-4.mm (internal compiler error)
FAIL: obj-c++.dg/encode-4.mm (test for excess errors)
WARNING: obj-c++.dg/encode-4.mm compilation failed to produce executable
FAIL: obj-c++.dg/encode-5.mm (internal compiler error)
FAIL: obj-c++.dg/encode-5.mm (test for excess errors)
WARNING: obj-c++.dg/encode-5.mm compilation failed to produce executable
FAIL: obj-c++.dg/encode-6.mm (internal compiler error)
FAIL: obj-c++.dg/encode-6.mm (test for excess errors)
WARNING: obj-c++.dg/encode-6.mm compilation failed to produce executable
FAIL: obj-c++.dg/encode-7.mm (internal compiler error)
FAIL: obj-c++.dg/encode-7.mm (test for excess errors)
FAIL: obj-c++.dg/encode-8.mm (test for excess errors)
WARNING: obj-c++.dg/encode-8.mm compilation failed to produce executable
FAIL: obj-c++.dg/except-1.mm (internal compiler error)
FAIL: obj-c++.dg/except-1.mm (test for excess errors)
WARNING: obj-c++.dg/except-1.mm compilation failed to produce executable
FAIL: obj-c++.dg/extern-c-1.mm (internal compiler error)
FAIL: obj-c++.dg/extern-c-1.mm (test for excess errors)
FAIL: obj-c++.dg/extra-semi.mm (test for excess errors)
FAIL: obj-c++.dg/gnu-runtime-1.mm (internal compiler error)
FAIL: obj-c++.dg/gnu-runtime-1.mm (test for excess errors)
FAIL: obj-c++.dg/gnu-runtime-2.mm (internal compiler error)
FAIL: obj-c++.dg/gnu-runtime-2.mm (test for excess errors)
FAIL: obj-c++.dg/gnu-runtime-3.mm (internal compiler error)
FAIL: obj-c++.dg/gnu-runtime-3.mm (test for excess errors)
WARNING: obj-c++.dg/gnu-runtime-3.mm compilation failed to produce executable
FAIL: obj-c++.dg/isa-field-1.mm (test for excess errors)
FAIL: obj-c++.dg/ivar-list-semi.mm (test for excess errors)
FAIL: obj-c++.dg/layout-1.mm (test for excess errors)
FAIL: obj-c++.dg/local-decl-1.mm (internal compiler error)
FAIL: obj-c++.dg/local-decl-1.mm (test for excess errors)
FAIL: obj-c++.dg/lookup-1.mm (test for excess errors)
FAIL: obj-c++.dg/lookup-2.mm (test for excess errors)
WARNING: obj-c++.dg/lookup-2.mm compilation failed to produce executable
FAIL: obj-c++.dg/method-1.mm (internal compiler error)
FAIL: obj-c++.dg/method-1.mm (test for excess errors)
FAIL: obj-c++.dg/method-10.mm (internal compiler error)
FAIL: obj-c++.dg/method-10.mm (test for excess errors)
WARNING: obj-c++.dg/method-10.mm compilation failed to produce executable
FAIL: obj-c++.dg/method-11.mm (internal compiler error)
FAIL: obj-c++.dg/method-11.mm (test for excess errors)
ERROR: obj-c++.dg/method-11.mm: error executing dg-final: couldn't open "method-11.s": no such file or directory
UNRESOLVED: obj-c++.dg/method-11.mm: error executing dg-final: couldn't open "method-11.s": no such file or directory
FAIL: obj-c++.dg/method-12.mm (internal compiler error)
FAIL: obj-c++.dg/method-12.mm (test for excess errors)
FAIL: obj-c++.dg/method-13.mm (internal compiler error)
FAIL: obj-c++.dg/method-13.mm (test for excess errors)
FAIL: obj-c++.dg/method-14.mm (internal compiler error)
FAIL: obj-c++.dg/method-14.mm (test for excess errors)
FAIL: obj-c++.dg/method-15.mm (internal compiler error)
FAIL: obj-c++.dg/method-15.mm (test for excess errors)
FAIL: obj-c++.dg/method-16.mm (internal compiler error)
FAIL: obj-c++.dg/method-16.mm (test for excess errors)
FAIL: obj-c++.dg/method-17.mm (internal compiler error)
FAIL: obj-c++.dg/method-17.mm (test for excess errors)
WARNING: obj-c++.dg/method-17.mm compilation failed to produce executable
FAIL: obj-c++.dg/method-18.mm (internal compiler error)
FAIL: obj-c++.dg/method-18.mm (test for excess errors)
FAIL: obj-c++.dg/method-19.mm (internal compiler error)
FAIL: obj-c++.dg/method-19.mm (test for excess errors)
WARNING: obj-c++.dg/method-19.mm compilation failed to produce executable
FAIL: obj-c++.dg/method-2.mm (internal compiler error)
FAIL: obj-c++.dg/method-2.mm (test for excess errors)
FAIL: obj-c++.dg/method-20.mm (internal compiler error)
FAIL: obj-c++.dg/method-20.mm (test for excess errors)
ERROR: obj-c++.dg/method-20.mm: error executing dg-final: couldn't open "method-20.s": no such file or directory
UNRESOLVED: obj-c++.dg/method-20.mm: error executing dg-final: couldn't open "method-20.s": no such file or directory
FAIL: obj-c++.dg/method-21.mm (internal compiler error)
FAIL: obj-c++.dg/method-21.mm (test for excess errors)
FAIL: obj-c++.dg/method-3.mm (internal compiler error)
FAIL: obj-c++.dg/method-3.mm (test for excess errors)
FAIL: obj-c++.dg/method-4.mm (internal compiler error)
FAIL: obj-c++.dg/method-4.mm (test for excess errors)
FAIL: obj-c++.dg/method-5.mm (internal compiler error)
FAIL: obj-c++.dg/method-5.mm (test for excess errors)
FAIL: obj-c++.dg/method-6.mm (internal compiler error)
FAIL: obj-c++.dg/method-6.mm (test for excess errors)
FAIL: obj-c++.dg/method-7.mm (internal compiler error)
FAIL: obj-c++.dg/method-7.mm (test for excess errors)
FAIL: obj-c++.dg/method-8.mm (internal compiler error)
FAIL: obj-c++.dg/method-8.mm (test for excess errors)
FAIL: obj-c++.dg/method-9.mm (internal compiler error)
FAIL: obj-c++.dg/method-9.mm (test for excess errors)
FAIL: obj-c++.dg/no-extra-load.mm (internal compiler error)
FAIL: obj-c++.dg/no-extra-load.mm (test for excess errors)
ERROR: obj-c++.dg/no-extra-load.mm: error executing dg-final: couldn't open "no-extra-load.s": no such file or directory
UNRESOLVED: obj-c++.dg/no-extra-load.mm: error executing dg-final: couldn't open "no-extra-load.s": no such file or directory
FAIL: obj-c++.dg/overload-1.mm (test for excess errors)
FAIL: obj-c++.dg/pragma-1.mm (test for excess errors)
FAIL: obj-c++.dg/pragma-2.mm (internal compiler error)
FAIL: obj-c++.dg/pragma-2.mm (test for excess errors)
FAIL: obj-c++.dg/private-1.mm (internal compiler error)
FAIL: obj-c++.dg/private-1.mm (test for excess errors)
FAIL: obj-c++.dg/private-2.mm (internal compiler error)
FAIL: obj-c++.dg/private-2.mm (test for excess errors)
FAIL: obj-c++.dg/proto-error-1.mm (test for excess errors)
FAIL: obj-c++.dg/proto-lossage-1.mm (internal compiler error)
FAIL: obj-c++.dg/proto-lossage-1.mm (test for excess errors)
FAIL: obj-c++.dg/proto-lossage-2.mm (internal compiler error)
FAIL: obj-c++.dg/proto-lossage-2.mm (test for excess errors)
FAIL: obj-c++.dg/proto-lossage-3.mm (internal compiler error)
FAIL: obj-c++.dg/proto-lossage-3.mm (test for excess errors)
WARNING: obj-c++.dg/proto-lossage-3.mm compilation failed to produce executable
FAIL: obj-c++.dg/proto-lossage-4.mm (internal compiler error)
FAIL: obj-c++.dg/proto-lossage-4.mm (test for excess errors)
FAIL: obj-c++.dg/proto-lossage-5.mm (internal compiler error)
FAIL: obj-c++.dg/proto-lossage-5.mm (test for excess errors)
FAIL: obj-c++.dg/proto-lossage-6.mm (internal compiler error)
FAIL: obj-c++.dg/proto-lossage-6.mm (test for excess errors)
FAIL: obj-c++.dg/proto-qual-1.mm (internal compiler error)
FAIL: obj-c++.dg/proto-qual-1.mm (test for excess errors)
WARNING: obj-c++.dg/proto-qual-1.mm compilation failed to produce executable
FAIL: obj-c++.dg/qual-types-1.mm (internal compiler error)
FAIL: obj-c++.dg/qual-types-1.mm (test for excess errors)
WARNING: obj-c++.dg/qual-types-1.mm compilation failed to produce executable
FAIL: obj-c++.dg/selector-1.mm (internal compiler error)
FAIL: obj-c++.dg/selector-1.mm (test for excess errors)
ERROR: obj-c++.dg/selector-1.mm: error executing dg-final: couldn't open "selector-1.s": no such file or directory
UNRESOLVED: obj-c++.dg/selector-1.mm: error executing dg-final: couldn't open "selector-1.s": no such file or directory
FAIL: obj-c++.dg/selector-2.mm (internal compiler error)
FAIL: obj-c++.dg/selector-2.mm (test for warnings, line )
FAIL: obj-c++.dg/selector-2.mm (test for excess errors)
FAIL: obj-c++.dg/selector-3.mm (internal compiler error)
FAIL: obj-c++.dg/selector-3.mm (test for warnings, line 25)
FAIL: obj-c++.dg/selector-3.mm (test for excess errors)
FAIL: obj-c++.dg/selector-4.mm (internal compiler error)
FAIL: obj-c++.dg/selector-4.mm (test for warnings, line 23)
FAIL: obj-c++.dg/selector-4.mm (test for excess errors)
FAIL: obj-c++.dg/selector-5.mm (internal compiler error)
FAIL: obj-c++.dg/selector-5.mm (test for excess errors)
ERROR: obj-c++.dg/selector-5.mm: error executing dg-final: couldn't open "selector-5.s": no such file or directory
UNRESOLVED: obj-c++.dg/selector-5.mm: error executing dg-final: couldn't open "selector-5.s": no such file or directory
FAIL: obj-c++.dg/selector-6.mm (internal compiler error)
FAIL: obj-c++.dg/selector-6.mm (test for excess errors)
ERROR: obj-c++.dg/selector-6.mm: error executing dg-final: couldn't open "selector-6.s": no such file or directory
UNRESOLVED: obj-c++.dg/selector-6.mm: error executing dg-final: couldn't open "selector-6.s": no such file or directory
FAIL: obj-c++.dg/super-class-1.mm (internal compiler error)
FAIL: obj-c++.dg/super-class-1.mm (test for excess errors)
FAIL: obj-c++.dg/super-class-2.mm (test for excess errors)
FAIL: obj-c++.dg/super-dealloc-1.mm (internal compiler error)
FAIL: obj-c++.dg/super-dealloc-1.mm (test for excess errors)
FAIL: obj-c++.dg/super-dealloc-2.mm (internal compiler error)
FAIL: obj-c++.dg/super-dealloc-2.mm (test for excess errors)
FAIL: obj-c++.dg/template-1.mm (internal compiler error)
FAIL: obj-c++.dg/template-1.mm (test for excess errors)
WARNING: obj-c++.dg/template-1.mm compilation failed to produce executable
FAIL: obj-c++.dg/template-2.mm (test for excess errors)
FAIL: obj-c++.dg/template-3.mm (internal compiler error)
FAIL: obj-c++.dg/template-3.mm (test for excess errors)
WARNING: obj-c++.dg/template-3.mm compilation failed to produce executable
FAIL: obj-c++.dg/template-4.mm (internal compiler error)
FAIL: obj-c++.dg/template-4.mm (test for excess errors)
WARNING: obj-c++.dg/template-4.mm compilation failed to produce executable
FAIL: obj-c++.dg/template-5.mm (test for excess errors)
ERROR: obj-c++.dg/template-5.mm: error executing dg-final: couldn't open "template-5.s": no such file or directory
UNRESOLVED: obj-c++.dg/template-5.mm: error executing dg-final: couldn't open "template-5.s": no such file or directory
FAIL: obj-c++.dg/template-6.mm (test for excess errors)
ERROR: obj-c++.dg/template-6.mm: error executing dg-final: couldn't open "template-6.s": no such file or directory
UNRESOLVED: obj-c++.dg/template-6.mm: error executing dg-final: couldn't open "template-6.s": no such file or directory
FAIL: obj-c++.dg/try-catch-1.mm (internal compiler error)
FAIL: obj-c++.dg/try-catch-1.mm (test for excess errors)
FAIL: obj-c++.dg/try-catch-10.mm (test for excess errors)
FAIL: obj-c++.dg/try-catch-11.mm (internal compiler error)
FAIL: obj-c++.dg/try-catch-11.mm (test for excess errors)
FAIL: obj-c++.dg/try-catch-2.mm (test for excess errors)
WARNING: obj-c++.dg/try-catch-2.mm compilation failed to produce executable
FAIL: obj-c++.dg/try-catch-3.mm (internal compiler error)
FAIL: obj-c++.dg/try-catch-3.mm (test for excess errors)
FAIL: obj-c++.dg/try-catch-4.mm (test for excess errors)
FAIL: obj-c++.dg/try-catch-6.mm (test for excess errors)
FAIL: obj-c++.dg/try-catch-7.mm (internal compiler error)
FAIL: obj-c++.dg/try-catch-7.mm (test for excess errors)
FAIL: obj-c++.dg/try-catch-8.mm (internal compiler error)
FAIL: obj-c++.dg/try-catch-8.mm (test for excess errors)
WARNING: obj-c++.dg/try-catch-9.mm compilation failed to produce executable
FAIL: obj-c++.dg/typedef-alias-1.mm (test for excess errors)
FAIL: obj-c++.dg/va-meth-1.mm (internal compiler error)
FAIL: obj-c++.dg/va-meth-1.mm (test for excess errors)
WARNING: obj-c++.dg/va-meth-1.mm compilation failed to produce executable
=== obj-c++ Summary ===
# of expected passes 275
# of unexpected failures 192
# of unexpected successes 1
# of expected failures 16
# of unresolved testcases 11
# of unsupported tests 13
/tmp/cvs/gcc-20080704/Build/gcc/testsuite/obj-c++/../../g++ version 4.4.0 20080704 (experimental) [trunk revision 137450] (GCC)
=== objc tests ===
Running target unix
=== objc Summary ===
# of expected passes 1812
# of expected failures 7
# of unsupported tests 25
/tmp/cvs/gcc-20080704/Build/gcc/xgcc version 4.4.0 20080704 (experimental) [trunk revision 137450] (GCC)
=== libffi tests ===
Running target unix
=== libffi Summary ===
# of expected passes 1389
# of unsupported tests 10
=== libgomp tests ===
Running target unix
FAIL: libgomp.c/atomic-4.c execution test
FAIL: libgomp.c/nqueens-1.c execution test
FAIL: libgomp.c/sort-1.c execution test
FAIL: libgomp.c++/collapse-2.C -O2 execution test
FAIL: libgomp.c++/collapse-2.C -O3 -fomit-frame-pointer execution test
FAIL: libgomp.c++/collapse-2.C -O3 -fomit-frame-pointer -funroll-loops execution test
FAIL: libgomp.c++/collapse-2.C -O3 -g execution test
=== libgomp Summary ===
# of expected passes 2282
# of unexpected failures 7
=== libjava tests ===
Running target unix
FAIL: getlocalvartable output
FAIL: Throw_3 -O3 output - source compiled test
FAIL: Throw_3 -O3 -findirect-dispatch output - source compiled test
=== libjava Summary ===
# of expected passes 2571
# of unexpected failures 3
=== libmudflap tests ===
Running target unix
FAIL: libmudflap.cth/pass39-frag.c (-O2) (rerun 18) execution test
FAIL: libmudflap.cth/pass39-frag.c (-O2) (rerun 18) output pattern test
FAIL: libmudflap.cth/pass39-frag.c (-O3) (rerun 8) execution test
FAIL: libmudflap.cth/pass39-frag.c (-O3) (rerun 8) output pattern test
=== libmudflap Summary ===
# of expected passes 1401
# of unexpected failures 4
=== libstdc++ tests ===
Running target unix
XPASS: 26_numerics/headers/cmath/c99_classification_macros_c.cc (test for excess errors)
=== libstdc++ Summary ===
# of expected passes 5877
# of unexpected successes 1
# of expected failures 77
# of unsupported tests 10
Compiler version: 4.4.0 20080704 (experimental) [trunk revision 137450] (GCC)
Platform: ia64-suse-linux-gnu
configure flags: --prefix=/tmp/cvs/gcc-20080704/Build/root --build=ia64-suse-linux --host=ia64-suse-linux --enable-shared --enable-threads --enable-__cxa_atexit --with-system-zlib --with-system-libunwind