This is the mail archive of the gcc-testresults@gcc.gnu.org mailing list for the GCC project.


Index Nav: [Date Index] [Subject Index] [Author Index] [Thread Index]
Message Nav: [Date Prev] [Date Next] [Thread Prev] [Thread Next]
Other format: [Raw text]

Results for 4.4.0 20080613 (experimental) [gimple-tuples-branch revision 137236] (gimple-tuples-branch merged with rev 136757) gcc testsuite on arm-unknown-elf


Debian 4 on x86_64
cross tool versions:
GNU assembler (GNU Binutils) 2.18.50.20080405
GNU gdb 6.8.50.20080405-cvs
GNU ld (GNU Binutils) 2.18.50.20080405

GNU Make 3.81
expect version 5.43.0
host gcc version: gcc (GCC) 4.4.0 20080618 (experimental) [trunk revision 136921]
LAST_UPDATED: Sat Jun 28 22:18:30 UTC 2008 (revision 137236)

Target is arm-unknown-elf
Host   is x86_64-unknown-linux-gnu

		=== gcc tests ===


Running target arm-sim
FAIL: gcc.c-torture/compile/pr11832.c  -O0  (internal compiler error)
FAIL: gcc.c-torture/compile/pr11832.c  -O1  (internal compiler error)
FAIL: gcc.c-torture/compile/pr11832.c  -O2  (internal compiler error)
FAIL: gcc.c-torture/compile/pr11832.c  -O3 -fomit-frame-pointer  (internal compiler error)
FAIL: gcc.c-torture/compile/pr11832.c  -O3 -fomit-frame-pointer -funroll-loops  (internal compiler error)
FAIL: gcc.c-torture/compile/pr11832.c  -O3 -fomit-frame-pointer -funroll-all-loops -finline-functions  (internal compiler error)
FAIL: gcc.c-torture/compile/pr11832.c  -O3 -g  (internal compiler error)
FAIL: gcc.c-torture/compile/pr11832.c  -Os  (internal compiler error)
FAIL: gcc.c-torture/compile/pr33009.c  -O0  (internal compiler error)
FAIL: gcc.c-torture/compile/pr33009.c  -O1  (internal compiler error)
FAIL: gcc.c-torture/compile/pr33009.c  -O2  (internal compiler error)
FAIL: gcc.c-torture/compile/pr33009.c  -O3 -fomit-frame-pointer  (internal compiler error)
FAIL: gcc.c-torture/compile/pr33009.c  -O3 -fomit-frame-pointer -funroll-loops  (internal compiler error)
FAIL: gcc.c-torture/compile/pr33009.c  -O3 -fomit-frame-pointer -funroll-all-loops -finline-functions  (internal compiler error)
FAIL: gcc.c-torture/compile/pr33009.c  -O3 -g  (internal compiler error)
FAIL: gcc.c-torture/compile/pr33009.c  -Os  (internal compiler error)
FAIL: gcc.c-torture/execute/20020720-1.c compilation,  -O1 
UNRESOLVED: gcc.c-torture/execute/20020720-1.c execution,  -O1 
FAIL: gcc.c-torture/execute/20020720-1.c compilation,  -O2 
UNRESOLVED: gcc.c-torture/execute/20020720-1.c execution,  -O2 
FAIL: gcc.c-torture/execute/20020720-1.c compilation,  -O3 -fomit-frame-pointer 
UNRESOLVED: gcc.c-torture/execute/20020720-1.c execution,  -O3 -fomit-frame-pointer 
FAIL: gcc.c-torture/execute/20020720-1.c compilation,  -O3 -g 
UNRESOLVED: gcc.c-torture/execute/20020720-1.c execution,  -O3 -g 
FAIL: gcc.c-torture/execute/20020720-1.c compilation,  -Os 
UNRESOLVED: gcc.c-torture/execute/20020720-1.c execution,  -Os 
FAIL: gcc.dg/cpp/_Pragma6.c (test for excess errors)
FAIL: gcc.dg/debug/debug-1.c -gdwarf-2 scan-assembler xyzzy
FAIL: gcc.dg/debug/debug-1.c -gdwarf-2 -O scan-assembler xyzzy
FAIL: gcc.dg/debug/debug-1.c -gdwarf-2 -O3 scan-assembler xyzzy
FAIL: gcc.dg/debug/debug-1.c -gdwarf-23 scan-assembler xyzzy
FAIL: gcc.dg/debug/debug-1.c -gdwarf-23 -O scan-assembler xyzzy
FAIL: gcc.dg/debug/debug-1.c -gdwarf-23 -O3 scan-assembler xyzzy
FAIL: gcc.dg/debug/debug-1.c -gstabs scan-assembler xyzzy
FAIL: gcc.dg/debug/debug-1.c -gstabs3 scan-assembler xyzzy
FAIL: gcc.dg/debug/debug-1.c -gstabs+ scan-assembler xyzzy
FAIL: gcc.dg/debug/debug-1.c -gstabs+3 scan-assembler xyzzy
FAIL: gcc.dg/debug/debug-2.c -gdwarf-2 scan-assembler xyzzy
FAIL: gcc.dg/debug/debug-2.c -gdwarf-2 -O scan-assembler xyzzy
FAIL: gcc.dg/debug/debug-2.c -gdwarf-2 -O3 scan-assembler xyzzy
FAIL: gcc.dg/debug/debug-2.c -gdwarf-23 scan-assembler xyzzy
FAIL: gcc.dg/debug/debug-2.c -gdwarf-23 -O scan-assembler xyzzy
FAIL: gcc.dg/debug/debug-2.c -gdwarf-23 -O3 scan-assembler xyzzy
FAIL: gcc.dg/debug/debug-2.c -gstabs scan-assembler xyzzy
FAIL: gcc.dg/debug/debug-2.c -gstabs3 scan-assembler xyzzy
FAIL: gcc.dg/debug/debug-2.c -gstabs+ scan-assembler xyzzy
FAIL: gcc.dg/debug/debug-2.c -gstabs+3 scan-assembler xyzzy
FAIL: gcc.dg/debug/debug-6.c -gdwarf-2 scan-assembler xyzzy
FAIL: gcc.dg/debug/debug-6.c -gdwarf-2 -O scan-assembler xyzzy
FAIL: gcc.dg/debug/debug-6.c -gdwarf-2 -O3 scan-assembler xyzzy
FAIL: gcc.dg/debug/debug-6.c -gdwarf-23 scan-assembler xyzzy
FAIL: gcc.dg/debug/debug-6.c -gdwarf-23 -O scan-assembler xyzzy
FAIL: gcc.dg/debug/debug-6.c -gdwarf-23 -O3 scan-assembler xyzzy
FAIL: gcc.dg/debug/debug-6.c -gstabs scan-assembler xyzzy
FAIL: gcc.dg/debug/debug-6.c -gstabs -O scan-assembler xyzzy
FAIL: gcc.dg/debug/debug-6.c -gstabs -O3 scan-assembler xyzzy
FAIL: gcc.dg/debug/debug-6.c -gstabs3 scan-assembler xyzzy
FAIL: gcc.dg/debug/debug-6.c -gstabs3 -O scan-assembler xyzzy
FAIL: gcc.dg/debug/debug-6.c -gstabs3 -O3 scan-assembler xyzzy
FAIL: gcc.dg/debug/debug-6.c -gstabs+ scan-assembler xyzzy
FAIL: gcc.dg/debug/debug-6.c -gstabs+ -O scan-assembler xyzzy
FAIL: gcc.dg/debug/debug-6.c -gstabs+ -O3 scan-assembler xyzzy
FAIL: gcc.dg/debug/debug-6.c -gstabs+3 scan-assembler xyzzy
FAIL: gcc.dg/debug/debug-6.c -gstabs+3 -O scan-assembler xyzzy
FAIL: gcc.dg/debug/debug-6.c -gstabs+3 -O3 scan-assembler xyzzy
FAIL: gcc.dg/20010516-1.c (test for excess errors)
FAIL: gcc.dg/Wstrict-aliasing-float-ptr-int-obj.c  (test for warnings, line 14)
FAIL: gcc.dg/Wstrict-aliasing-float-ptr-int-obj.c  (test for warnings, line 16)
FAIL: gcc.dg/Wstrict-overflow-12.c correct warning (test for warnings, line 13)
FAIL: gcc.dg/Wstrict-overflow-13.c correct warning (test for warnings, line 14)
FAIL: gcc.dg/Wstrict-overflow-21.c correct warning (test for warnings, line 8)
FAIL: gcc.dg/asm-7.c (test for excess errors)
FAIL: gcc.dg/fold-alloca-1.c scan-tree-dump-times useless "link_error" 0
FAIL: gcc.dg/fold-compare-2.c scan-tree-dump-times vrp1 "Removing basic block" 2
FAIL: gcc.dg/intmax_t-1.c  (test for errors, line )
FAIL: gcc.dg/memcpy-1.c scan-tree-dump-times optimized "nasty_local" 0
FAIL: gcc.dg/pr35729.c scan-rtl-dump-times loop2_invariant "Decided to move invariant" 0
FAIL: gcc.dg/struct-ret-libc.c execution test
FAIL: gcc.dg/uninit-13.c unconditional (test for warnings, line 8)
FAIL: gcc.dg/va-arg-pack-1.c  (test for errors, line 10)
FAIL: gcc.dg/format/bitfld-1.c   (test for excess errors)
FAIL: gcc.dg/format/bitfld-1.c  -DWIDE  (test for excess errors)
FAIL: gcc.dg/format/c99-printf-1.c   (test for excess errors)
FAIL: gcc.dg/format/c99-printf-1.c  -DWIDE  (test for excess errors)
FAIL: gcc.dg/matrix/matrix-1.c scan-ipa-dump-times matrix-reorg "Flattened 3 dimensions" 1: dump file does not exist
FAIL: gcc.dg/matrix/matrix-2.c scan-ipa-dump-times matrix-reorg "Flattened 2 dimensions" 1: dump file does not exist
FAIL: gcc.dg/matrix/matrix-3.c scan-ipa-dump-times matrix-reorg "Flattened 2 dimensions" 1: dump file does not exist
FAIL: gcc.dg/matrix/matrix-4.c scan-ipa-dump-times matrix-reorg "Flattened" 0: dump file does not exist
FAIL: gcc.dg/matrix/matrix-5.c scan-ipa-dump-times matrix-reorg "Flattened" 0: dump file does not exist
FAIL: gcc.dg/matrix/matrix-6.c scan-ipa-dump-times matrix-reorg "Flattened 2 dimensions" 1: dump file does not exist
FAIL: gcc.dg/struct/wo_prof_single_str_global.c execution test
FAIL: gcc.dg/struct/wo_prof_single_str_local.c execution test
FAIL: gcc.dg/struct/wo_prof_single_str_pointer.c execution test
FAIL: gcc.dg/tls/alias-1.c (test for excess errors)
FAIL: gcc.dg/tls/asm-1.c (test for excess errors)
FAIL: gcc.dg/tls/opt-2.c (test for excess errors)
FAIL: gcc.dg/tree-ssa/20030709-2.c scan-tree-dump-times cddce ".rtmem" 0
FAIL: gcc.dg/tree-ssa/20030709-2.c scan-tree-dump-times cddce "if " 1
FAIL: gcc.dg/tree-ssa/20030711-2.c scan-tree-dump-times dom3 "rtmem" 1
FAIL: gcc.dg/tree-ssa/20030714-2.c scan-tree-dump-times dom3 "if " 3
FAIL: gcc.dg/tree-ssa/20030730-1.c scan-tree-dump-times dom3 "if " 0
FAIL: gcc.dg/tree-ssa/20030730-2.c scan-tree-dump-times dom3 "if " 0
FAIL: gcc.dg/tree-ssa/20030807-2.c scan-tree-dump-times dom3 "if " 0
FAIL: gcc.dg/tree-ssa/20030807-6.c scan-tree-dump-times vrp1 "ABS_EXPR " 0
FAIL: gcc.dg/tree-ssa/20030807-7.c scan-tree-dump-times vrp1 "if " 1
FAIL: gcc.dg/tree-ssa/20030922-1.c scan-tree-dump-times dom3 "if " 0
FAIL: gcc.dg/tree-ssa/20031106-4.c scan-tree-dump-times optimized "link_error" 0
FAIL: gcc.dg/tree-ssa/20040305-1.c scan-tree-dump-times forwprop1 "Replaced" 1: dump file does not exist
FAIL: gcc.dg/tree-ssa/20040305-1.c scan-tree-dump-times cddce "if " 2
FAIL: gcc.dg/tree-ssa/20040513-1.c scan-tree-dump-times forwprop1 "\\(_Bool\\)" 0: dump file does not exist
FAIL: gcc.dg/tree-ssa/20040513-2.c scan-tree-dump-times dom2 "link_error" 0
FAIL: gcc.dg/tree-ssa/20040517-1.c scan-tree-dump-times alias "VDEF" 2
FAIL: gcc.dg/tree-ssa/alias-10.c scan-tree-dump optimized "return 3;"
FAIL: gcc.dg/tree-ssa/alias-18.c scan-tree-dump fre "with 0"
FAIL: gcc.dg/tree-ssa/alias-18.c scan-tree-dump fre "with 4"
FAIL: gcc.dg/tree-ssa/alias-18.c scan-tree-dump fre "with 5"
FAIL: gcc.dg/tree-ssa/alias-2.c scan-tree-dump-times optimized "link_error" 0
FAIL: gcc.dg/tree-ssa/alias-3.c scan-tree-dump optimized "return 1;"
FAIL: gcc.dg/tree-ssa/alias-4.c scan-tree-dump optimized "return 1;"
FAIL: gcc.dg/tree-ssa/alias-5.c scan-tree-dump optimized "return 1;"
FAIL: gcc.dg/tree-ssa/asm-3.c scan-tree-dump-times optimized "bar [(]t[)]" 1
FAIL: gcc.dg/tree-ssa/builtin-expect-5.c scan-tree-dump-times forwprop1 " if " 2: dump file does not exist
FAIL: gcc.dg/tree-ssa/builtin-expect-5.c scan-tree-dump forwprop1 "builtin_expect[^\\n]*, 0\\);\\n[^\\n]*if": dump file does not exist
FAIL: gcc.dg/tree-ssa/builtin-expect-5.c scan-tree-dump forwprop1 "builtin_expect[^\\n]*, 1\\);\\n[^\\n]*if": dump file does not exist
FAIL: gcc.dg/tree-ssa/forwprop-1.c scan-tree-dump forwprop1 "t\\[i.*\\] = 1;": dump file does not exist
FAIL: gcc.dg/tree-ssa/forwprop-2.c scan-tree-dump forwprop1 "t\\[i.*\\] = 1;": dump file does not exist
FAIL: gcc.dg/tree-ssa/forwprop-3.c scan-tree-dump forwprop1 "Replaced .p_. < q_.. with .1.": dump file does not exist
FAIL: gcc.dg/tree-ssa/forwprop-4.c scan-tree-dump-not forwprop1 "link_error": dump file does not exist
FAIL: gcc.dg/tree-ssa/forwprop-5.c scan-tree-dump-times forwprop1 "VIEW_CONVERT_EXPR" 1: dump file does not exist
FAIL: gcc.dg/tree-ssa/forwprop-6.c scan-tree-dump-times forwprop1 "VIEW_CONVERT_EXPR" 1: dump file does not exist
FAIL: gcc.dg/tree-ssa/forwprop-7.c scan-tree-dump-times forwprop1 "VIEW_CONVERT_EXPR" 0: dump file does not exist
FAIL: gcc.dg/tree-ssa/forwprop-7.c scan-tree-dump-times forwprop1 "volatile int" 2: dump file does not exist
FAIL: gcc.dg/tree-ssa/forwprop-8.c scan-tree-dump-times forwprop1 "pointer" 0: dump file does not exist
FAIL: gcc.dg/tree-ssa/forwprop-8.c scan-tree-dump forwprop1 "->a\\[0\\]": dump file does not exist
FAIL: gcc.dg/tree-ssa/forwprop-9.c scan-tree-dump-times final_cleanup " = 1" 2
FAIL: gcc.dg/tree-ssa/gen-vect-11.c scan-tree-dump-times vect "vectorized 1 loops" 1: dump file does not exist
FAIL: gcc.dg/tree-ssa/gen-vect-11a.c scan-tree-dump-times vect "vectorized 1 loops" 1: dump file does not exist
FAIL: gcc.dg/tree-ssa/gen-vect-11b.c scan-tree-dump-times vect "vectorized 0 loops" 1: dump file does not exist
FAIL: gcc.dg/tree-ssa/gen-vect-11c.c scan-tree-dump-times vect "vectorized 0 loops" 1: dump file does not exist
FAIL: gcc.dg/tree-ssa/gen-vect-2.c scan-tree-dump-times vect "vectorized 1 loops" 1: dump file does not exist
FAIL: gcc.dg/tree-ssa/gen-vect-2.c scan-tree-dump-times vect "Vectorizing an unaligned access" 0: dump file does not exist
FAIL: gcc.dg/tree-ssa/gen-vect-25.c scan-tree-dump-times vect "vectorized 2 loops" 1: dump file does not exist
FAIL: gcc.dg/tree-ssa/gen-vect-25.c scan-tree-dump-times vect "Vectorizing an unaligned access" 0: dump file does not exist
FAIL: gcc.dg/tree-ssa/gen-vect-26.c scan-tree-dump-times vect "vectorized 1 loops" 1: dump file does not exist
FAIL: gcc.dg/tree-ssa/gen-vect-26.c scan-tree-dump-times vect "Vectorizing an unaligned access" 0: dump file does not exist
FAIL: gcc.dg/tree-ssa/gen-vect-26.c scan-tree-dump-times vect "Alignment of access forced using peeling" 1: dump file does not exist
FAIL: gcc.dg/tree-ssa/gen-vect-28.c scan-tree-dump-times vect "vectorized 1 loops" 1: dump file does not exist
FAIL: gcc.dg/tree-ssa/gen-vect-28.c scan-tree-dump-times vect "Vectorizing an unaligned access" 0: dump file does not exist
FAIL: gcc.dg/tree-ssa/gen-vect-28.c scan-tree-dump-times vect "Alignment of access forced using peeling" 1: dump file does not exist
FAIL: gcc.dg/tree-ssa/gen-vect-32.c scan-tree-dump-times vect "vectorized 1 loops" 1: dump file does not exist
FAIL: gcc.dg/tree-ssa/gen-vect-32.c scan-tree-dump-times vect "Vectorizing an unaligned access" 0: dump file does not exist
FAIL: gcc.dg/tree-ssa/ifc-20040816-1.c scan-tree-dump-times ifcvt "Applying if-conversion" 1
FAIL: gcc.dg/tree-ssa/ifc-20040816-2.c scan-tree-dump-times ifcvt "Applying if-conversion" 1
FAIL: gcc.dg/tree-ssa/ldist-1.c scan-tree-dump-times ldist "distributed: split to 2 loops" 0: dump file does not exist
FAIL: gcc.dg/tree-ssa/ldist-10.c scan-tree-dump-times ldist "distributed: split to 2 loops" 0: dump file does not exist
FAIL: gcc.dg/tree-ssa/ldist-11.c scan-tree-dump-times ldist "distributed: split to 2 loops" 1: dump file does not exist
FAIL: gcc.dg/tree-ssa/ldist-11.c scan-tree-dump-times ldist "generated memset zero" 1: dump file does not exist
FAIL: gcc.dg/tree-ssa/ldist-12.c scan-tree-dump-times ldist "distributed: split to 2 loops" 1: dump file does not exist
FAIL: gcc.dg/tree-ssa/ldist-1a.c scan-tree-dump-times ldist "distributed: split to 2 loops" 0: dump file does not exist
FAIL: gcc.dg/tree-ssa/ldist-2.c scan-tree-dump-times ldist "distributed: split to 2 loops" 0: dump file does not exist
FAIL: gcc.dg/tree-ssa/ldist-3.c scan-tree-dump-times ldist "distributed: split to 3 loops" 0: dump file does not exist
FAIL: gcc.dg/tree-ssa/ldist-4.c scan-tree-dump-times ldist "distributed: split to 2 loops" 0: dump file does not exist
FAIL: gcc.dg/tree-ssa/ldist-6.c scan-tree-dump-times ldist "distributed: split to 2 loops" 0: dump file does not exist
FAIL: gcc.dg/tree-ssa/ldist-7.c scan-tree-dump-times ldist "distributed" 0: dump file does not exist
FAIL: gcc.dg/tree-ssa/ldist-8.c scan-tree-dump-times ldist "distributed: split to 2 loops" 0: dump file does not exist
FAIL: gcc.dg/tree-ssa/ldist-9.c scan-tree-dump-times ldist "distributed: split to 2 loops" 0: dump file does not exist
FAIL: gcc.dg/tree-ssa/loadpre10.c scan-tree-dump-times pre "Eliminated: 1" 1
FAIL: gcc.dg/tree-ssa/loadpre11.c scan-tree-dump-times pre "Eliminated: 1" 1
FAIL: gcc.dg/tree-ssa/loadpre12.c scan-tree-dump-times pre "Eliminated: 1" 1
FAIL: gcc.dg/tree-ssa/loadpre13.c scan-tree-dump-times pre "Eliminated: 1" 1
FAIL: gcc.dg/tree-ssa/loadpre14.c scan-tree-dump-times pre "Eliminated: 1" 1
FAIL: gcc.dg/tree-ssa/loadpre15.c scan-tree-dump-times pre "Eliminated: 1" 1
FAIL: gcc.dg/tree-ssa/loadpre16.c scan-tree-dump-times pre "Eliminated: 1" 1
FAIL: gcc.dg/tree-ssa/loadpre17.c scan-tree-dump-times pre "Eliminated: 1" 1
FAIL: gcc.dg/tree-ssa/loadpre19.c scan-tree-dump-times pre "Eliminated: 1" 1
FAIL: gcc.dg/tree-ssa/loadpre2.c scan-tree-dump-times pre "Eliminated: 1" 1
FAIL: gcc.dg/tree-ssa/loadpre20.c scan-tree-dump-times pre "Eliminated: 1" 1
FAIL: gcc.dg/tree-ssa/loadpre21.c scan-tree-dump-times pre "Eliminated: 1" 1
FAIL: gcc.dg/tree-ssa/loadpre22.c scan-tree-dump-times pre "Eliminated: 1" 1
FAIL: gcc.dg/tree-ssa/loadpre23.c scan-tree-dump-times pre "Eliminated: 1" 1
FAIL: gcc.dg/tree-ssa/loadpre25.c scan-tree-dump-times pre "Eliminated: 1" 1
FAIL: gcc.dg/tree-ssa/loadpre3.c scan-tree-dump-times pre "Eliminated: 2" 1
FAIL: gcc.dg/tree-ssa/loadpre4.c scan-tree-dump-times pre "Eliminated: 1" 1
FAIL: gcc.dg/tree-ssa/loadpre5.c scan-tree-dump-times pre "Eliminated: 1" 1
FAIL: gcc.dg/tree-ssa/loadpre6.c scan-tree-dump-times pre "Eliminated: 2" 1
FAIL: gcc.dg/tree-ssa/loop-15.c scan-tree-dump-times optimized "n \\* n" 1
FAIL: gcc.dg/tree-ssa/loop-17.c scan-tree-dump sccp "set_nb_iterations_in_loop = 1"
XPASS: gcc.dg/tree-ssa/loop-25.c scan-tree-dump-times profile "Found latch edge" 5
XPASS: gcc.dg/tree-ssa/loop-25.c scan-tree-dump-times profile "Merged latch edges" 2
XPASS: gcc.dg/tree-ssa/loop-25.c scan-tree-dump-times profile "4 loops found" 2
XPASS: gcc.dg/tree-ssa/loop-25.c scan-tree-dump-times profile "3 loops found" 2
XPASS: gcc.dg/tree-ssa/loop-25.c scan-tree-dump-times profile "2 loops found" 1
FAIL: gcc.dg/tree-ssa/loop-33.c scan-tree-dump-times lim "Executing store motion of" 4
FAIL: gcc.dg/tree-ssa/loop-35.c scan-tree-dump-times lim "Executing store motion of" 8
FAIL: gcc.dg/tree-ssa/loop-36.c scan-tree-dump-not dce2 "c.array"
FAIL: gcc.dg/tree-ssa/pr14814.c scan-tree-dump-times forwprop2 "&" 0: dump file does not exist
FAIL: gcc.dg/tree-ssa/pr16721.c scan-tree-dump-times optimized "->addr" 1
FAIL: gcc.dg/tree-ssa/pr17141-1.c scan-tree-dump forwprop1 "locp.*->i =": dump file does not exist
FAIL: gcc.dg/tree-ssa/pr17141-2.c scan-tree-dump-times optimized "&" 0
FAIL: gcc.dg/tree-ssa/pr17141-2.c scan-tree-dump-times optimized "abort" 0
FAIL: gcc.dg/tree-ssa/pr20139.c scan-tree-dump-times final_cleanup "link_error" 0
FAIL: gcc.dg/tree-ssa/pr20657.c scan-tree-dump-times vrp1 "Folding predicate" 1
FAIL: gcc.dg/tree-ssa/pr20701.c scan-tree-dump-times vrp2 "Folding predicate.*to 0" 1
FAIL: gcc.dg/tree-ssa/pr20702.c scan-tree-dump-times vrp1 "Folding predicate" 1
FAIL: gcc.dg/tree-ssa/pr21001.c scan-tree-dump-times vrp1 "Folding predicate" 1
FAIL: gcc.dg/tree-ssa/pr21031.c scan-tree-dump-times forwprop1 "Replaced" 2: dump file does not exist
FAIL: gcc.dg/tree-ssa/pr21086.c scan-tree-dump-times vrp1 "Folding predicate " 1
FAIL: gcc.dg/tree-ssa/pr21090.c scan-tree-dump-times vrp1 "Folding predicate.*to 1" 1
FAIL: gcc.dg/tree-ssa/pr21294.c scan-tree-dump-times vrp1 "Folding predicate" 1
FAIL: gcc.dg/tree-ssa/pr21417.c scan-tree-dump-times dom3 "Threaded jump" 1
FAIL: gcc.dg/tree-ssa/pr21458.c scan-tree-dump-times vrp1 "Folding predicate.*to 1" 1
FAIL: gcc.dg/tree-ssa/pr21559.c scan-tree-dump-times vrp1 "Threaded jump" 3
FAIL: gcc.dg/tree-ssa/pr21563.c scan-tree-dump-times vrp1 "Folding predicate" 1
FAIL: gcc.dg/tree-ssa/pr21574.c scan-tree-dump fre "Replaced \\*p_.\\(D\\) with 0"
FAIL: gcc.dg/tree-ssa/pr22117.c scan-tree-dump-times vrp1 "Folding predicate r_.* != 0B to 0" 1
FAIL: gcc.dg/tree-ssa/pr23744.c scan-tree-dump-times vrp1 "Folding predicate.*to 1" 1
FAIL: gcc.dg/tree-ssa/pr25382.c scan-tree-dump-times vrp1 "Folding predicate b_.* > 300 to 0" 1
FAIL: gcc.dg/tree-ssa/pr30978.c scan-tree-dump optimized "return a > 0;"
FAIL: gcc.dg/tree-ssa/pr32901.c scan-tree-dump-times gimple "thefoo.* = {}" 1
FAIL: gcc.dg/tree-ssa/predcom-1.c scan-tree-dump-times pcom "looparound ref" 1
FAIL: gcc.dg/tree-ssa/recip-7.c scan-tree-dump-times recip " / " 1
FAIL: gcc.dg/tree-ssa/sra-4.c scan-tree-dump-times optimized "st" 0
FAIL: gcc.dg/tree-ssa/ssa-ccp-19.c scan-tree-dump ccp1 "= a.i;"
FAIL: gcc.dg/tree-ssa/ssa-copyprop-1.c scan-tree-dump optimized "return i"
FAIL: gcc.dg/tree-ssa/ssa-dom-cse-1.c scan-tree-dump-times fre "Replaced.* t " 1
FAIL: gcc.dg/tree-ssa/ssa-fre-1.c scan-tree-dump fre "Replaced \\(int \\*\\) b_.*with a_"
FAIL: gcc.dg/tree-ssa/ssa-fre-1.c scan-tree-dump fre "Replaced \\*c_.*with t_"
FAIL: gcc.dg/tree-ssa/ssa-fre-11.c scan-tree-dump fre "Replaced S\\[5\\].x with 4"
FAIL: gcc.dg/tree-ssa/ssa-fre-12.c scan-tree-dump fre "Replaced S\\[5\\].x with 4"
FAIL: gcc.dg/tree-ssa/ssa-fre-13.c scan-tree-dump fre "Inserted .* &a"
FAIL: gcc.dg/tree-ssa/ssa-fre-13.c scan-tree-dump fre "Replaced tmp1_.\\(D\\)->data"
FAIL: gcc.dg/tree-ssa/ssa-fre-14.c scan-tree-dump fre "Inserted .* &a"
FAIL: gcc.dg/tree-ssa/ssa-fre-14.c scan-tree-dump fre "Replaced tmp1.data"
FAIL: gcc.dg/tree-ssa/ssa-fre-15.c scan-tree-dump fre "Replaced"
FAIL: gcc.dg/tree-ssa/ssa-fre-16.c scan-tree-dump-not fre "link_error"
FAIL: gcc.dg/tree-ssa/ssa-fre-17.c scan-tree-dump fre "Replaced f.doms\\[0\\].dom with i_"
FAIL: gcc.dg/tree-ssa/ssa-fre-2.c scan-tree-dump fre "Replaced \\(short int\\) c_.*with b_"
FAIL: gcc.dg/tree-ssa/ssa-fre-3.c scan-tree-dump fre "Replaced \\(int\\) aa_.*with a_"
FAIL: gcc.dg/tree-ssa/ssa-fre-5.c scan-tree-dump fre "Replaced \\(unsigned int\\) a_.*with t_"
FAIL: gcc.dg/tree-ssa/ssa-fre-6.c scan-tree-dump-times fre "Replaced " 5
FAIL: gcc.dg/tree-ssa/ssa-fre-7.c scan-tree-dump-times fre "Inserted pretmp" 1
FAIL: gcc.dg/tree-ssa/ssa-fre-7.c scan-tree-dump-times fre "Replaced a.u.f with pretmp" 3
FAIL: gcc.dg/tree-ssa/ssa-fre-7.c scan-tree-dump-times fre "Replaced a.u.k with j" 1
FAIL: gcc.dg/tree-ssa/ssa-fre-7.c scan-tree-dump fre "= VIEW_CONVERT_EXPR<float>\\(j_"
FAIL: gcc.dg/tree-ssa/ssa-fre-7.c scan-tree-dump optimized "return j"
FAIL: gcc.dg/tree-ssa/ssa-fre-8.c scan-tree-dump-times fre "Replaced u.f with pretmp" 2
FAIL: gcc.dg/tree-ssa/ssa-fre-8.c scan-tree-dump-times fre "Inserted pretmp" 2
FAIL: gcc.dg/tree-ssa/ssa-fre-9.c scan-tree-dump-times fre "Eliminated: 1" 2
FAIL: gcc.dg/tree-ssa/ssa-fre-9.c scan-tree-dump-times fre "Insertions: 1" 2
FAIL: gcc.dg/tree-ssa/ssa-ifcombine-1.c scan-tree-dump optimized "\\|"
FAIL: gcc.dg/tree-ssa/ssa-ifcombine-3.c scan-tree-dump optimized ">="
FAIL: gcc.dg/tree-ssa/ssa-ifcombine-5.c scan-tree-dump optimized ">="
FAIL: gcc.dg/tree-ssa/ssa-ifcombine-6.c scan-tree-dump ifcombine "optimizing bits or bits test"
FAIL: gcc.dg/tree-ssa/ssa-ifcombine-6.c scan-tree-dump ifcombine "optimizing double bit test"
FAIL: gcc.dg/tree-ssa/ssa-lim-1.c scan-tree-dump-times lim "1 <<" 3
FAIL: gcc.dg/tree-ssa/ssa-lim-2.c scan-tree-dump-times lim "1 <<" 3
FAIL: gcc.dg/tree-ssa/ssa-pre-1.c scan-tree-dump-times pre "Eliminated: 1" 1
FAIL: gcc.dg/tree-ssa/ssa-pre-10.c scan-tree-dump-times fre "Eliminated: 1" 1
FAIL: gcc.dg/tree-ssa/ssa-pre-11.c scan-tree-dump-times pre "Eliminated: 1" 1
FAIL: gcc.dg/tree-ssa/ssa-pre-12.c scan-tree-dump-times pre "Eliminated: 1" 1
FAIL: gcc.dg/tree-ssa/ssa-pre-13.c scan-tree-dump-times pre "Eliminated: 1" 1
FAIL: gcc.dg/tree-ssa/ssa-pre-15.c scan-tree-dump optimized "= 0;"
FAIL: gcc.dg/tree-ssa/ssa-pre-16.c scan-tree-dump-times pre "Eliminated: 1" 1
FAIL: gcc.dg/tree-ssa/ssa-pre-17.c scan-tree-dump pre "Eliminated: 1"
FAIL: gcc.dg/tree-ssa/ssa-pre-2.c scan-tree-dump-times pre "Eliminated: 2" 1
FAIL: gcc.dg/tree-ssa/ssa-pre-3.c scan-tree-dump-times pre "Eliminated: 2" 1
FAIL: gcc.dg/tree-ssa/ssa-pre-4.c scan-tree-dump-times pre "Eliminated: 1" 1
FAIL: gcc.dg/tree-ssa/ssa-pre-5.c scan-tree-dump-times pre "Constified: 1" 1
FAIL: gcc.dg/tree-ssa/ssa-pre-6.c scan-tree-dump-times pre "Eliminated: 1" 1
FAIL: gcc.dg/tree-ssa/ssa-pre-7.c scan-tree-dump-times fre "Eliminated: 2" 1
FAIL: gcc.dg/tree-ssa/ssa-pre-8.c scan-tree-dump-times fre "Eliminated: 3" 1
FAIL: gcc.dg/tree-ssa/ssa-sccvn-1.c scan-tree-dump-times fre "Eliminated: 2" 1
FAIL: gcc.dg/tree-ssa/ssa-sccvn-2.c scan-tree-dump-times fre "Eliminated: 3" 1
FAIL: gcc.dg/tree-ssa/ssa-sccvn-3.c scan-tree-dump-times fre "Eliminated: 1" 1
FAIL: gcc.dg/tree-ssa/ssa-sccvn-4.c scan-tree-dump-times fre "Eliminated: 5" 1
FAIL: gcc.dg/tree-ssa/structopt-2.c scan-tree-dump-times optimized "a.e" 0
FAIL: gcc.dg/tree-ssa/structopt-2.c scan-tree-dump-times optimized "a.f" 0
FAIL: gcc.dg/tree-ssa/structopt-2.c scan-tree-dump-times optimized "a.g" 0
FAIL: gcc.dg/tree-ssa/structopt-3.c scan-tree-dump-times optimized "return 11" 1
FAIL: gcc.dg/tree-ssa/vrp01.c scan-tree-dump-times vrp1 "Folding predicate p_.*to 1" 1
FAIL: gcc.dg/tree-ssa/vrp02.c scan-tree-dump-times vrp1 "Folding predicate p_.*to 1" 1
FAIL: gcc.dg/tree-ssa/vrp03.c scan-tree-dump-times vrp1 "Folding predicate q_.*to 1" 1
FAIL: gcc.dg/tree-ssa/vrp03.c scan-tree-dump-times vrp1 "Folding predicate r_.*to 1" 1
FAIL: gcc.dg/tree-ssa/vrp04.c scan-tree-dump-times vrp1 "Folding predicate a_.*to 1" 1
FAIL: gcc.dg/tree-ssa/vrp05.c scan-tree-dump-times vrp1 "Folding predicate j_.*to 1" 1
FAIL: gcc.dg/tree-ssa/vrp06.c scan-tree-dump-times vrp1 "Folding predicate i_.*to 0" 1
FAIL: gcc.dg/tree-ssa/vrp06.c scan-tree-dump-times vrp1 "Folding predicate j_.*to 1" 1
FAIL: gcc.dg/tree-ssa/vrp06.c scan-tree-dump-times vrp1 "Folding predicate i_.*to 0" 1
FAIL: gcc.dg/tree-ssa/vrp07.c scan-tree-dump-times vrp1 "Folding predicate p_.*to 1" 1
FAIL: gcc.dg/tree-ssa/vrp07.c scan-tree-dump-times vrp1 "Folding predicate p_.*to 0" 1
FAIL: gcc.dg/tree-ssa/vrp08.c scan-tree-dump-times vrp1 "Folding predicate p_.*to 1" 1
FAIL: gcc.dg/tree-ssa/vrp09.c scan-tree-dump-times vrp1 "Folding predicate p_.. != 0B to 1" 2
FAIL: gcc.dg/tree-ssa/vrp11.c scan-tree-dump-times vrp1 "Folding predicate.*to 1" 1
FAIL: gcc.dg/tree-ssa/vrp12.c (test for excess errors)
FAIL: gcc.dg/tree-ssa/vrp13.c (test for excess errors)
UNRESOLVED: gcc.dg/tree-ssa/vrp13.c compilation failed to produce executable
FAIL: gcc.dg/tree-ssa/vrp15.c scan-tree-dump-times vrp1 "tree_code_length.42." 1
FAIL: gcc.dg/tree-ssa/vrp16.c scan-tree-dump-times vrp1 "Folding predicate .*to 0" 1
FAIL: gcc.dg/tree-ssa/vrp17.c scan-tree-dump-times vrp1 "Simplified relational" 1
FAIL: gcc.dg/tree-ssa/vrp19.c scan-tree-dump vrp1 "Folding predicate a_. < 0 to 0"
FAIL: gcc.dg/tree-ssa/vrp19.c scan-tree-dump vrp1 "Folding predicate b_. >= 0 to 1"
FAIL: gcc.dg/tree-ssa/vrp20.c scan-tree-dump vrp1 "Folding predicate a_. == 0 to 0"
FAIL: gcc.dg/tree-ssa/vrp20.c scan-tree-dump vrp1 "Folding predicate b_. != 0 to 1"
FAIL: gcc.dg/tree-ssa/vrp21.c scan-tree-dump-times vrp1 "link_error" 0
FAIL: gcc.dg/tree-ssa/vrp22.c scan-tree-dump-times vrp1 "link_error" 0
FAIL: gcc.dg/tree-ssa/vrp25.c scan-tree-dump-times vrp1 "Folding predicate" 2
FAIL: gcc.dg/tree-ssa/vrp28.c scan-tree-dump-times vrp1 "if " 0
FAIL: gcc.dg/tree-ssa/vrp33.c scan-tree-dump vrp1 "Folding predicate.*== 1 to 0"
FAIL: gcc.dg/tree-ssa/vrp34.c scan-tree-dump vrp1 "Folding predicate a_. > 2 to 1"
FAIL: gcc.dg/tree-ssa/vrp34.c scan-tree-dump vrp1 "Folding predicate a_. <= 5 to 1"
FAIL: gcc.dg/tree-ssa/vrp35.c scan-tree-dump vrp1 "Folding predicate j_.* == 10 to 0"
FAIL: gcc.dg/tree-ssa/vrp36.c scan-tree-dump vrp1 "Folding predicate i_.* == 1 to 0"
FAIL: gcc.dg/tree-ssa/vrp39.c (test for excess errors)
FAIL: gcc.dg/tree-ssa/vrp44.c (test for excess errors)
FAIL: gcc.dg/tree-ssa/vrp45.c (test for excess errors)
FAIL: gcc.dg/vect/pr36228.c scan-tree-dump-times vect "versioning for alias required" 0: dump file does not exist
FAIL: gcc.dg/vect/vect-outer-1.c scan-tree-dump-times vect "strided access in outer loop" 1: dump file does not exist
FAIL: gcc.dg/vect/vect-outer-1a.c scan-tree-dump-times vect "unexpected pattern" 1: dump file does not exist
FAIL: gcc.dg/vect/vect-outer-1b.c scan-tree-dump-times vect "strided access in outer loop" 1: dump file does not exist
FAIL: gcc.dg/vect/vect-outer-4a.c scan-tree-dump-times vect "zero step in outer loop." 1: dump file does not exist
FAIL: gcc.dg/vect/vect-outer-4b.c scan-tree-dump-times vect "zero step in outer loop." 1: dump file does not exist
FAIL: gcc.dg/vect/vect-outer-4c.c scan-tree-dump-times vect "zero step in outer loop." 1: dump file does not exist
FAIL: gcc.dg/vect/trapv-vect-reduc-4.c scan-tree-dump-times vect "vectorized 0 loops" 1: dump file does not exist
FAIL: gcc.target/arm/neon/polytypes.c  (test for errors, line 31)
FAIL: gcc.target/arm/neon/polytypes.c (test for excess errors)
FAIL: gcc.target/arm/neon/vdupQ_np16.c (internal compiler error)
FAIL: gcc.target/arm/neon/vdupQ_np16.c (test for excess errors)
FAIL: gcc.target/arm/neon/vdupQ_np16.c scan-assembler vdup.16[ \\t]+[qQ][0-9]+, [rR][0-9]+!?([ \\t]+@[a-zA-Z0-9 ]+)?\\n
FAIL: gcc.target/arm/neon/vdupQ_np8.c (internal compiler error)
FAIL: gcc.target/arm/neon/vdupQ_np8.c (test for excess errors)
FAIL: gcc.target/arm/neon/vdupQ_np8.c scan-assembler vdup.8[ \\t]+[qQ][0-9]+, [rR][0-9]+!?([ \\t]+@[a-zA-Z0-9 ]+)?\\n
FAIL: gcc.target/arm/neon/vdupQ_ns16.c (internal compiler error)
FAIL: gcc.target/arm/neon/vdupQ_ns16.c (test for excess errors)
FAIL: gcc.target/arm/neon/vdupQ_ns16.c scan-assembler vdup.16[ \\t]+[qQ][0-9]+, [rR][0-9]+!?([ \\t]+@[a-zA-Z0-9 ]+)?\\n
FAIL: gcc.target/arm/neon/vdupQ_ns8.c (internal compiler error)
FAIL: gcc.target/arm/neon/vdupQ_ns8.c (test for excess errors)
FAIL: gcc.target/arm/neon/vdupQ_ns8.c scan-assembler vdup.8[ \\t]+[qQ][0-9]+, [rR][0-9]+!?([ \\t]+@[a-zA-Z0-9 ]+)?\\n
FAIL: gcc.target/arm/neon/vdupQ_nu16.c (internal compiler error)
FAIL: gcc.target/arm/neon/vdupQ_nu16.c (test for excess errors)
FAIL: gcc.target/arm/neon/vdupQ_nu16.c scan-assembler vdup.16[ \\t]+[qQ][0-9]+, [rR][0-9]+!?([ \\t]+@[a-zA-Z0-9 ]+)?\\n
FAIL: gcc.target/arm/neon/vdupQ_nu8.c (internal compiler error)
FAIL: gcc.target/arm/neon/vdupQ_nu8.c (test for excess errors)
FAIL: gcc.target/arm/neon/vdupQ_nu8.c scan-assembler vdup.8[ \\t]+[qQ][0-9]+, [rR][0-9]+!?([ \\t]+@[a-zA-Z0-9 ]+)?\\n
FAIL: gcc.target/arm/neon/vdup_np16.c (internal compiler error)
FAIL: gcc.target/arm/neon/vdup_np16.c (test for excess errors)
FAIL: gcc.target/arm/neon/vdup_np16.c scan-assembler vdup.16[ \\t]+[dD][0-9]+, [rR][0-9]+!?([ \\t]+@[a-zA-Z0-9 ]+)?\\n
FAIL: gcc.target/arm/neon/vdup_np8.c (internal compiler error)
FAIL: gcc.target/arm/neon/vdup_np8.c (test for excess errors)
FAIL: gcc.target/arm/neon/vdup_np8.c scan-assembler vdup.8[ \\t]+[dD][0-9]+, [rR][0-9]+!?([ \\t]+@[a-zA-Z0-9 ]+)?\\n
FAIL: gcc.target/arm/neon/vdup_ns16.c (internal compiler error)
FAIL: gcc.target/arm/neon/vdup_ns16.c (test for excess errors)
FAIL: gcc.target/arm/neon/vdup_ns16.c scan-assembler vdup.16[ \\t]+[dD][0-9]+, [rR][0-9]+!?([ \\t]+@[a-zA-Z0-9 ]+)?\\n
FAIL: gcc.target/arm/neon/vdup_ns8.c (internal compiler error)
FAIL: gcc.target/arm/neon/vdup_ns8.c (test for excess errors)
FAIL: gcc.target/arm/neon/vdup_ns8.c scan-assembler vdup.8[ \\t]+[dD][0-9]+, [rR][0-9]+!?([ \\t]+@[a-zA-Z0-9 ]+)?\\n
FAIL: gcc.target/arm/neon/vdup_nu16.c (internal compiler error)
FAIL: gcc.target/arm/neon/vdup_nu16.c (test for excess errors)
FAIL: gcc.target/arm/neon/vdup_nu16.c scan-assembler vdup.16[ \\t]+[dD][0-9]+, [rR][0-9]+!?([ \\t]+@[a-zA-Z0-9 ]+)?\\n
FAIL: gcc.target/arm/neon/vdup_nu8.c (internal compiler error)
FAIL: gcc.target/arm/neon/vdup_nu8.c (test for excess errors)
FAIL: gcc.target/arm/neon/vdup_nu8.c scan-assembler vdup.8[ \\t]+[dD][0-9]+, [rR][0-9]+!?([ \\t]+@[a-zA-Z0-9 ]+)?\\n
FAIL: gcc.target/arm/neon/vget_lowf32.c scan-assembler vmov[ \\t]+[dD][0-9]+, [dD][0-9]+!?([ \\t]+@[a-zA-Z0-9 ]+)?\\n
FAIL: gcc.target/arm/neon/vget_lowp16.c scan-assembler vmov[ \\t]+[dD][0-9]+, [dD][0-9]+!?([ \\t]+@[a-zA-Z0-9 ]+)?\\n
FAIL: gcc.target/arm/neon/vget_lowp8.c scan-assembler vmov[ \\t]+[dD][0-9]+, [dD][0-9]+!?([ \\t]+@[a-zA-Z0-9 ]+)?\\n
FAIL: gcc.target/arm/neon/vget_lows16.c scan-assembler vmov[ \\t]+[dD][0-9]+, [dD][0-9]+!?([ \\t]+@[a-zA-Z0-9 ]+)?\\n
FAIL: gcc.target/arm/neon/vget_lows32.c scan-assembler vmov[ \\t]+[dD][0-9]+, [dD][0-9]+!?([ \\t]+@[a-zA-Z0-9 ]+)?\\n
FAIL: gcc.target/arm/neon/vget_lows64.c scan-assembler vmov[ \\t]+[dD][0-9]+, [dD][0-9]+!?([ \\t]+@[a-zA-Z0-9 ]+)?\\n
FAIL: gcc.target/arm/neon/vget_lows8.c scan-assembler vmov[ \\t]+[dD][0-9]+, [dD][0-9]+!?([ \\t]+@[a-zA-Z0-9 ]+)?\\n
FAIL: gcc.target/arm/neon/vget_lowu16.c scan-assembler vmov[ \\t]+[dD][0-9]+, [dD][0-9]+!?([ \\t]+@[a-zA-Z0-9 ]+)?\\n
FAIL: gcc.target/arm/neon/vget_lowu32.c scan-assembler vmov[ \\t]+[dD][0-9]+, [dD][0-9]+!?([ \\t]+@[a-zA-Z0-9 ]+)?\\n
FAIL: gcc.target/arm/neon/vget_lowu64.c scan-assembler vmov[ \\t]+[dD][0-9]+, [dD][0-9]+!?([ \\t]+@[a-zA-Z0-9 ]+)?\\n
FAIL: gcc.target/arm/neon/vget_lowu8.c scan-assembler vmov[ \\t]+[dD][0-9]+, [dD][0-9]+!?([ \\t]+@[a-zA-Z0-9 ]+)?\\n
FAIL: gcc.target/arm/neon/vmlaQ_ns16.c (internal compiler error)
FAIL: gcc.target/arm/neon/vmlaQ_ns16.c (test for excess errors)
FAIL: gcc.target/arm/neon/vmlaQ_ns16.c scan-assembler vmla.i16[ \\t]+[qQ][0-9]+, [qQ][0-9]+, [dD][0-9]+\\\\[[0-9]+\\\\]!?([ \\t]+@[a-zA-Z0-9 ]+)?\\n
FAIL: gcc.target/arm/neon/vmlaQ_nu16.c (internal compiler error)
FAIL: gcc.target/arm/neon/vmlaQ_nu16.c (test for excess errors)
FAIL: gcc.target/arm/neon/vmlaQ_nu16.c scan-assembler vmla.i16[ \\t]+[qQ][0-9]+, [qQ][0-9]+, [dD][0-9]+\\\\[[0-9]+\\\\]!?([ \\t]+@[a-zA-Z0-9 ]+)?\\n
FAIL: gcc.target/arm/neon/vmla_ns16.c (internal compiler error)
FAIL: gcc.target/arm/neon/vmla_ns16.c (test for excess errors)
FAIL: gcc.target/arm/neon/vmla_ns16.c scan-assembler vmla.i16[ \\t]+[dD][0-9]+, [dD][0-9]+, [dD][0-9]+\\\\[[0-9]+\\\\]!?([ \\t]+@[a-zA-Z0-9 ]+)?\\n
FAIL: gcc.target/arm/neon/vmla_nu16.c (internal compiler error)
FAIL: gcc.target/arm/neon/vmla_nu16.c (test for excess errors)
FAIL: gcc.target/arm/neon/vmla_nu16.c scan-assembler vmla.i16[ \\t]+[dD][0-9]+, [dD][0-9]+, [dD][0-9]+\\\\[[0-9]+\\\\]!?([ \\t]+@[a-zA-Z0-9 ]+)?\\n
FAIL: gcc.target/arm/neon/vmlal_ns16.c (internal compiler error)
FAIL: gcc.target/arm/neon/vmlal_ns16.c (test for excess errors)
FAIL: gcc.target/arm/neon/vmlal_ns16.c scan-assembler vmlal.s16[ \\t]+[qQ][0-9]+, [dD][0-9]+, [dD][0-9]+\\\\[[0-9]+\\\\]!?([ \\t]+@[a-zA-Z0-9 ]+)?\\n
FAIL: gcc.target/arm/neon/vmlal_nu16.c (internal compiler error)
FAIL: gcc.target/arm/neon/vmlal_nu16.c (test for excess errors)
FAIL: gcc.target/arm/neon/vmlal_nu16.c scan-assembler vmlal.u16[ \\t]+[qQ][0-9]+, [dD][0-9]+, [dD][0-9]+\\\\[[0-9]+\\\\]!?([ \\t]+@[a-zA-Z0-9 ]+)?\\n
FAIL: gcc.target/arm/neon/vmlsQ_ns16.c (internal compiler error)
FAIL: gcc.target/arm/neon/vmlsQ_ns16.c (test for excess errors)
FAIL: gcc.target/arm/neon/vmlsQ_ns16.c scan-assembler vmls.i16[ \\t]+[qQ][0-9]+, [qQ][0-9]+, [dD][0-9]+\\\\[[0-9]+\\\\]!?([ \\t]+@[a-zA-Z0-9 ]+)?\\n
FAIL: gcc.target/arm/neon/vmlsQ_nu16.c (internal compiler error)
FAIL: gcc.target/arm/neon/vmlsQ_nu16.c (test for excess errors)
FAIL: gcc.target/arm/neon/vmlsQ_nu16.c scan-assembler vmls.i16[ \\t]+[qQ][0-9]+, [qQ][0-9]+, [dD][0-9]+\\\\[[0-9]+\\\\]!?([ \\t]+@[a-zA-Z0-9 ]+)?\\n
FAIL: gcc.target/arm/neon/vmls_ns16.c (internal compiler error)
FAIL: gcc.target/arm/neon/vmls_ns16.c (test for excess errors)
FAIL: gcc.target/arm/neon/vmls_ns16.c scan-assembler vmls.i16[ \\t]+[dD][0-9]+, [dD][0-9]+, [dD][0-9]+\\\\[[0-9]+\\\\]!?([ \\t]+@[a-zA-Z0-9 ]+)?\\n
FAIL: gcc.target/arm/neon/vmls_nu16.c (internal compiler error)
FAIL: gcc.target/arm/neon/vmls_nu16.c (test for excess errors)
FAIL: gcc.target/arm/neon/vmls_nu16.c scan-assembler vmls.i16[ \\t]+[dD][0-9]+, [dD][0-9]+, [dD][0-9]+\\\\[[0-9]+\\\\]!?([ \\t]+@[a-zA-Z0-9 ]+)?\\n
FAIL: gcc.target/arm/neon/vmlsl_ns16.c (internal compiler error)
FAIL: gcc.target/arm/neon/vmlsl_ns16.c (test for excess errors)
FAIL: gcc.target/arm/neon/vmlsl_ns16.c scan-assembler vmlsl.s16[ \\t]+[qQ][0-9]+, [dD][0-9]+, [dD][0-9]+\\\\[[0-9]+\\\\]!?([ \\t]+@[a-zA-Z0-9 ]+)?\\n
FAIL: gcc.target/arm/neon/vmlsl_nu16.c (internal compiler error)
FAIL: gcc.target/arm/neon/vmlsl_nu16.c (test for excess errors)
FAIL: gcc.target/arm/neon/vmlsl_nu16.c scan-assembler vmlsl.u16[ \\t]+[qQ][0-9]+, [dD][0-9]+, [dD][0-9]+\\\\[[0-9]+\\\\]!?([ \\t]+@[a-zA-Z0-9 ]+)?\\n
FAIL: gcc.target/arm/neon/vmovQ_np16.c (internal compiler error)
FAIL: gcc.target/arm/neon/vmovQ_np16.c (test for excess errors)
FAIL: gcc.target/arm/neon/vmovQ_np16.c scan-assembler vdup.16[ \\t]+[qQ][0-9]+, [rR][0-9]+!?([ \\t]+@[a-zA-Z0-9 ]+)?\\n
FAIL: gcc.target/arm/neon/vmovQ_np8.c (internal compiler error)
FAIL: gcc.target/arm/neon/vmovQ_np8.c (test for excess errors)
FAIL: gcc.target/arm/neon/vmovQ_np8.c scan-assembler vdup.8[ \\t]+[qQ][0-9]+, [rR][0-9]+!?([ \\t]+@[a-zA-Z0-9 ]+)?\\n
FAIL: gcc.target/arm/neon/vmovQ_ns16.c (internal compiler error)
FAIL: gcc.target/arm/neon/vmovQ_ns16.c (test for excess errors)
FAIL: gcc.target/arm/neon/vmovQ_ns16.c scan-assembler vdup.16[ \\t]+[qQ][0-9]+, [rR][0-9]+!?([ \\t]+@[a-zA-Z0-9 ]+)?\\n
FAIL: gcc.target/arm/neon/vmovQ_ns8.c (internal compiler error)
FAIL: gcc.target/arm/neon/vmovQ_ns8.c (test for excess errors)
FAIL: gcc.target/arm/neon/vmovQ_ns8.c scan-assembler vdup.8[ \\t]+[qQ][0-9]+, [rR][0-9]+!?([ \\t]+@[a-zA-Z0-9 ]+)?\\n
FAIL: gcc.target/arm/neon/vmovQ_nu16.c (internal compiler error)
FAIL: gcc.target/arm/neon/vmovQ_nu16.c (test for excess errors)
FAIL: gcc.target/arm/neon/vmovQ_nu16.c scan-assembler vdup.16[ \\t]+[qQ][0-9]+, [rR][0-9]+!?([ \\t]+@[a-zA-Z0-9 ]+)?\\n
FAIL: gcc.target/arm/neon/vmovQ_nu8.c (internal compiler error)
FAIL: gcc.target/arm/neon/vmovQ_nu8.c (test for excess errors)
FAIL: gcc.target/arm/neon/vmovQ_nu8.c scan-assembler vdup.8[ \\t]+[qQ][0-9]+, [rR][0-9]+!?([ \\t]+@[a-zA-Z0-9 ]+)?\\n
FAIL: gcc.target/arm/neon/vmov_np16.c (internal compiler error)
FAIL: gcc.target/arm/neon/vmov_np16.c (test for excess errors)
FAIL: gcc.target/arm/neon/vmov_np16.c scan-assembler vdup.16[ \\t]+[dD][0-9]+, [rR][0-9]+!?([ \\t]+@[a-zA-Z0-9 ]+)?\\n
FAIL: gcc.target/arm/neon/vmov_np8.c (internal compiler error)
FAIL: gcc.target/arm/neon/vmov_np8.c (test for excess errors)
FAIL: gcc.target/arm/neon/vmov_np8.c scan-assembler vdup.8[ \\t]+[dD][0-9]+, [rR][0-9]+!?([ \\t]+@[a-zA-Z0-9 ]+)?\\n
FAIL: gcc.target/arm/neon/vmov_ns16.c (internal compiler error)
FAIL: gcc.target/arm/neon/vmov_ns16.c (test for excess errors)
FAIL: gcc.target/arm/neon/vmov_ns16.c scan-assembler vdup.16[ \\t]+[dD][0-9]+, [rR][0-9]+!?([ \\t]+@[a-zA-Z0-9 ]+)?\\n
FAIL: gcc.target/arm/neon/vmov_ns8.c (internal compiler error)
FAIL: gcc.target/arm/neon/vmov_ns8.c (test for excess errors)
FAIL: gcc.target/arm/neon/vmov_ns8.c scan-assembler vdup.8[ \\t]+[dD][0-9]+, [rR][0-9]+!?([ \\t]+@[a-zA-Z0-9 ]+)?\\n
FAIL: gcc.target/arm/neon/vmov_nu16.c (internal compiler error)
FAIL: gcc.target/arm/neon/vmov_nu16.c (test for excess errors)
FAIL: gcc.target/arm/neon/vmov_nu16.c scan-assembler vdup.16[ \\t]+[dD][0-9]+, [rR][0-9]+!?([ \\t]+@[a-zA-Z0-9 ]+)?\\n
FAIL: gcc.target/arm/neon/vmov_nu8.c (internal compiler error)
FAIL: gcc.target/arm/neon/vmov_nu8.c (test for excess errors)
FAIL: gcc.target/arm/neon/vmov_nu8.c scan-assembler vdup.8[ \\t]+[dD][0-9]+, [rR][0-9]+!?([ \\t]+@[a-zA-Z0-9 ]+)?\\n
FAIL: gcc.target/arm/neon/vmulQ_ns16.c (internal compiler error)
FAIL: gcc.target/arm/neon/vmulQ_ns16.c (test for excess errors)
FAIL: gcc.target/arm/neon/vmulQ_ns16.c scan-assembler vmul.i16[ \\t]+[qQ][0-9]+, [qQ][0-9]+, [dD][0-9]+\\\\[[0-9]+\\\\]!?([ \\t]+@[a-zA-Z0-9 ]+)?\\n
FAIL: gcc.target/arm/neon/vmulQ_nu16.c (internal compiler error)
FAIL: gcc.target/arm/neon/vmulQ_nu16.c (test for excess errors)
FAIL: gcc.target/arm/neon/vmulQ_nu16.c scan-assembler vmul.i16[ \\t]+[qQ][0-9]+, [qQ][0-9]+, [dD][0-9]+\\\\[[0-9]+\\\\]!?([ \\t]+@[a-zA-Z0-9 ]+)?\\n
FAIL: gcc.target/arm/neon/vmul_ns16.c (internal compiler error)
FAIL: gcc.target/arm/neon/vmul_ns16.c (test for excess errors)
FAIL: gcc.target/arm/neon/vmul_ns16.c scan-assembler vmul.i16[ \\t]+[dD][0-9]+, [dD][0-9]+, [dD][0-9]+\\\\[[0-9]+\\\\]!?([ \\t]+@[a-zA-Z0-9 ]+)?\\n
FAIL: gcc.target/arm/neon/vmul_nu16.c (internal compiler error)
FAIL: gcc.target/arm/neon/vmul_nu16.c (test for excess errors)
FAIL: gcc.target/arm/neon/vmul_nu16.c scan-assembler vmul.i16[ \\t]+[dD][0-9]+, [dD][0-9]+, [dD][0-9]+\\\\[[0-9]+\\\\]!?([ \\t]+@[a-zA-Z0-9 ]+)?\\n
FAIL: gcc.target/arm/neon/vmull_ns16.c (internal compiler error)
FAIL: gcc.target/arm/neon/vmull_ns16.c (test for excess errors)
FAIL: gcc.target/arm/neon/vmull_ns16.c scan-assembler vmull.s16[ \\t]+[qQ][0-9]+, [dD][0-9]+, [dD][0-9]+\\\\[[0-9]+\\\\]!?([ \\t]+@[a-zA-Z0-9 ]+)?\\n
FAIL: gcc.target/arm/neon/vmull_nu16.c (internal compiler error)
FAIL: gcc.target/arm/neon/vmull_nu16.c (test for excess errors)
FAIL: gcc.target/arm/neon/vmull_nu16.c scan-assembler vmull.u16[ \\t]+[qQ][0-9]+, [dD][0-9]+, [dD][0-9]+\\\\[[0-9]+\\\\]!?([ \\t]+@[a-zA-Z0-9 ]+)?\\n
FAIL: gcc.target/arm/neon/vqRdmulhQ_ns16.c (internal compiler error)
FAIL: gcc.target/arm/neon/vqRdmulhQ_ns16.c (test for excess errors)
FAIL: gcc.target/arm/neon/vqRdmulhQ_ns16.c scan-assembler vqrdmulh.s16[ \\t]+[qQ][0-9]+, [qQ][0-9]+, [dD][0-9]+\\\\[[0-9]+\\\\]!?([ \\t]+@[a-zA-Z0-9 ]+)?\\n
FAIL: gcc.target/arm/neon/vqRdmulh_ns16.c (internal compiler error)
FAIL: gcc.target/arm/neon/vqRdmulh_ns16.c (test for excess errors)
FAIL: gcc.target/arm/neon/vqRdmulh_ns16.c scan-assembler vqrdmulh.s16[ \\t]+[dD][0-9]+, [dD][0-9]+, [dD][0-9]+\\\\[[0-9]+\\\\]!?([ \\t]+@[a-zA-Z0-9 ]+)?\\n
FAIL: gcc.target/arm/neon/vqdmlal_ns16.c (internal compiler error)
FAIL: gcc.target/arm/neon/vqdmlal_ns16.c (test for excess errors)
FAIL: gcc.target/arm/neon/vqdmlal_ns16.c scan-assembler vqdmlal.s16[ \\t]+[qQ][0-9]+, [dD][0-9]+, [dD][0-9]+\\\\[[0-9]+\\\\]!?([ \\t]+@[a-zA-Z0-9 ]+)?\\n
FAIL: gcc.target/arm/neon/vqdmlsl_ns16.c (internal compiler error)
FAIL: gcc.target/arm/neon/vqdmlsl_ns16.c (test for excess errors)
FAIL: gcc.target/arm/neon/vqdmlsl_ns16.c scan-assembler vqdmlsl.s16[ \\t]+[qQ][0-9]+, [dD][0-9]+, [dD][0-9]+\\\\[[0-9]+\\\\]!?([ \\t]+@[a-zA-Z0-9 ]+)?\\n
FAIL: gcc.target/arm/neon/vqdmulhQ_ns16.c (internal compiler error)
FAIL: gcc.target/arm/neon/vqdmulhQ_ns16.c (test for excess errors)
FAIL: gcc.target/arm/neon/vqdmulhQ_ns16.c scan-assembler vqdmulh.s16[ \\t]+[qQ][0-9]+, [qQ][0-9]+, [dD][0-9]+\\\\[[0-9]+\\\\]!?([ \\t]+@[a-zA-Z0-9 ]+)?\\n
FAIL: gcc.target/arm/neon/vqdmulh_ns16.c (internal compiler error)
FAIL: gcc.target/arm/neon/vqdmulh_ns16.c (test for excess errors)
FAIL: gcc.target/arm/neon/vqdmulh_ns16.c scan-assembler vqdmulh.s16[ \\t]+[dD][0-9]+, [dD][0-9]+, [dD][0-9]+\\\\[[0-9]+\\\\]!?([ \\t]+@[a-zA-Z0-9 ]+)?\\n
FAIL: gcc.target/arm/neon/vqdmull_ns16.c (internal compiler error)
FAIL: gcc.target/arm/neon/vqdmull_ns16.c (test for excess errors)
FAIL: gcc.target/arm/neon/vqdmull_ns16.c scan-assembler vqdmull.s16[ \\t]+[qQ][0-9]+, [dD][0-9]+, [dD][0-9]+\\\\[[0-9]+\\\\]!?([ \\t]+@[a-zA-Z0-9 ]+)?\\n
FAIL: gcc.target/arm/neon/vsetQ_lanep16.c (internal compiler error)
FAIL: gcc.target/arm/neon/vsetQ_lanep16.c (test for excess errors)
FAIL: gcc.target/arm/neon/vsetQ_lanep16.c scan-assembler vmov.16[ \\t]+[dD][0-9]+\\\\[[0-9]+\\\\], [rR][0-9]+!?([ \\t]+@[a-zA-Z0-9 ]+)?\\n
FAIL: gcc.target/arm/neon/vsetQ_lanep8.c (internal compiler error)
FAIL: gcc.target/arm/neon/vsetQ_lanep8.c (test for excess errors)
FAIL: gcc.target/arm/neon/vsetQ_lanep8.c scan-assembler vmov.8[ \\t]+[dD][0-9]+\\\\[[0-9]+\\\\], [rR][0-9]+!?([ \\t]+@[a-zA-Z0-9 ]+)?\\n
FAIL: gcc.target/arm/neon/vsetQ_lanes16.c (internal compiler error)
FAIL: gcc.target/arm/neon/vsetQ_lanes16.c (test for excess errors)
FAIL: gcc.target/arm/neon/vsetQ_lanes16.c scan-assembler vmov.16[ \\t]+[dD][0-9]+\\\\[[0-9]+\\\\], [rR][0-9]+!?([ \\t]+@[a-zA-Z0-9 ]+)?\\n
FAIL: gcc.target/arm/neon/vsetQ_lanes8.c (internal compiler error)
FAIL: gcc.target/arm/neon/vsetQ_lanes8.c (test for excess errors)
FAIL: gcc.target/arm/neon/vsetQ_lanes8.c scan-assembler vmov.8[ \\t]+[dD][0-9]+\\\\[[0-9]+\\\\], [rR][0-9]+!?([ \\t]+@[a-zA-Z0-9 ]+)?\\n
FAIL: gcc.target/arm/neon/vsetQ_laneu16.c (internal compiler error)
FAIL: gcc.target/arm/neon/vsetQ_laneu16.c (test for excess errors)
FAIL: gcc.target/arm/neon/vsetQ_laneu16.c scan-assembler vmov.16[ \\t]+[dD][0-9]+\\\\[[0-9]+\\\\], [rR][0-9]+!?([ \\t]+@[a-zA-Z0-9 ]+)?\\n
FAIL: gcc.target/arm/neon/vsetQ_laneu8.c (internal compiler error)
FAIL: gcc.target/arm/neon/vsetQ_laneu8.c (test for excess errors)
FAIL: gcc.target/arm/neon/vsetQ_laneu8.c scan-assembler vmov.8[ \\t]+[dD][0-9]+\\\\[[0-9]+\\\\], [rR][0-9]+!?([ \\t]+@[a-zA-Z0-9 ]+)?\\n
FAIL: gcc.target/arm/neon/vset_lanep16.c (internal compiler error)
FAIL: gcc.target/arm/neon/vset_lanep16.c (test for excess errors)
FAIL: gcc.target/arm/neon/vset_lanep16.c scan-assembler vmov.16[ \\t]+[dD][0-9]+\\\\[[0-9]+\\\\], [rR][0-9]+!?([ \\t]+@[a-zA-Z0-9 ]+)?\\n
FAIL: gcc.target/arm/neon/vset_lanep8.c (internal compiler error)
FAIL: gcc.target/arm/neon/vset_lanep8.c (test for excess errors)
FAIL: gcc.target/arm/neon/vset_lanep8.c scan-assembler vmov.8[ \\t]+[dD][0-9]+\\\\[[0-9]+\\\\], [rR][0-9]+!?([ \\t]+@[a-zA-Z0-9 ]+)?\\n
FAIL: gcc.target/arm/neon/vset_lanes16.c (internal compiler error)
FAIL: gcc.target/arm/neon/vset_lanes16.c (test for excess errors)
FAIL: gcc.target/arm/neon/vset_lanes16.c scan-assembler vmov.16[ \\t]+[dD][0-9]+\\\\[[0-9]+\\\\], [rR][0-9]+!?([ \\t]+@[a-zA-Z0-9 ]+)?\\n
FAIL: gcc.target/arm/neon/vset_lanes8.c (internal compiler error)
FAIL: gcc.target/arm/neon/vset_lanes8.c (test for excess errors)
FAIL: gcc.target/arm/neon/vset_lanes8.c scan-assembler vmov.8[ \\t]+[dD][0-9]+\\\\[[0-9]+\\\\], [rR][0-9]+!?([ \\t]+@[a-zA-Z0-9 ]+)?\\n
FAIL: gcc.target/arm/neon/vset_laneu16.c (internal compiler error)
FAIL: gcc.target/arm/neon/vset_laneu16.c (test for excess errors)
FAIL: gcc.target/arm/neon/vset_laneu16.c scan-assembler vmov.16[ \\t]+[dD][0-9]+\\\\[[0-9]+\\\\], [rR][0-9]+!?([ \\t]+@[a-zA-Z0-9 ]+)?\\n
FAIL: gcc.target/arm/neon/vset_laneu8.c (internal compiler error)
FAIL: gcc.target/arm/neon/vset_laneu8.c (test for excess errors)
FAIL: gcc.target/arm/neon/vset_laneu8.c scan-assembler vmov.8[ \\t]+[dD][0-9]+\\\\[[0-9]+\\\\], [rR][0-9]+!?([ \\t]+@[a-zA-Z0-9 ]+)?\\n

		=== gcc Summary ===

# of expected passes		49121
# of unexpected failures	508
# of unexpected successes	5
# of expected failures		97
# of unresolved testcases	6
# of unsupported tests		951
/home/mstein/sim/gimple-tuples-branch/arm-elf/build/gcc/xgcc  version 4.4.0 20080613 (experimental) [gimple-tuples-branch revision 137236] (gimple-tuples-branch merged with rev 136757) 


Compiler version: 4.4.0 20080613 (experimental) [gimple-tuples-branch revision 137236] (gimple-tuples-branch merged with rev 136757) gcc 
Platform: arm-unknown-elf
configure flags: --target=arm-elf --prefix=/home/mstein/cross-local/arm-elf --enable-languages=c --disable-nls --disable-build-warnings --with-sysroot=/home/mstein/cross-local/arm-elf --with-build-sysroot=/home/mstein/cross-local/arm-elf --with-ld=/home/mstein/cross-local/arm-elf/usr/bin/ld --with-as=/home/mstein/cross-local/arm-elf/usr/bin/as --disable-libssp --with-mpfr=/opt/cfarm/mpfr-2.3.1


Index Nav: [Date Index] [Subject Index] [Author Index] [Thread Index]
Message Nav: [Date Prev] [Date Next] [Thread Prev] [Thread Next]