This is the mail archive of the gcc-testresults@gcc.gnu.org mailing list for the GCC project.


Index Nav: [Date Index] [Subject Index] [Author Index] [Thread Index]
Message Nav: [Date Prev] [Date Next] [Thread Prev] [Thread Next]
Other format: [Raw text]

Results for 4.4.0 20080628 (experimental) [trunk revision 137212] (GCC) testsuite on x86_64-unknown-linux-gnu


LAST_UPDATED: Sat Jun 28 01:43:49 UTC 2008 (revision 137212)

Native configuration is x86_64-unknown-linux-gnu

		=== gcc tests ===


Running target unix/-m32
FAIL: gcc.c-torture/compile/limits-exprparen.c  -O0  (test for excess errors)
FAIL: gcc.c-torture/compile/limits-exprparen.c  -O1  (test for excess errors)
FAIL: gcc.c-torture/compile/limits-exprparen.c  -O2  (test for excess errors)
FAIL: gcc.c-torture/compile/limits-exprparen.c  -O3 -fomit-frame-pointer  (test for excess errors)
FAIL: gcc.c-torture/compile/limits-exprparen.c  -O3 -g  (test for excess errors)
FAIL: gcc.c-torture/compile/limits-exprparen.c  -Os  (test for excess errors)
FAIL: gcc.dg/Wstrict-aliasing-float-ptr-int-obj.c  (test for warnings, line 14)
FAIL: gcc.dg/Wstrict-aliasing-float-ptr-int-obj.c  (test for warnings, line 16)
FAIL: gcc.dg/pr30286.c execution test
FAIL: gcc.dg/pr36504.c (test for excess errors)
XPASS: gcc.dg/tree-ssa/loadpre1.c scan-tree-dump-times pre "Eliminated: 1" 1
XPASS: gcc.dg/tree-ssa/ltrans-3.c scan-tree-dump-times ltrans "transformed loop" 1

		=== gcc Summary for unix/-m32 ===

# of expected passes		50426
# of unexpected failures	10
# of unexpected successes	2
# of expected failures		172
# of unsupported tests		407

Running target unix
FAIL: gcc.c-torture/compile/limits-exprparen.c  -O0  (test for excess errors)
FAIL: gcc.c-torture/compile/limits-exprparen.c  -O1  (test for excess errors)
FAIL: gcc.c-torture/compile/limits-exprparen.c  -O2  (test for excess errors)
FAIL: gcc.c-torture/compile/limits-exprparen.c  -O3 -fomit-frame-pointer  (test for excess errors)
FAIL: gcc.c-torture/compile/limits-exprparen.c  -O3 -g  (test for excess errors)
FAIL: gcc.c-torture/compile/limits-exprparen.c  -Os  (test for excess errors)
FAIL: gcc.dg/Wstrict-aliasing-float-ptr-int-obj.c  (test for warnings, line 14)
FAIL: gcc.dg/Wstrict-aliasing-float-ptr-int-obj.c  (test for warnings, line 16)
FAIL: gcc.dg/tree-prof/pr34999.c compilation,  -fprofile-use -D_PROFILE_USE
UNRESOLVED: gcc.dg/tree-prof/pr34999.c execution,    -fprofile-use -D_PROFILE_USE
XPASS: gcc.dg/tree-ssa/loadpre1.c scan-tree-dump-times pre "Eliminated: 1" 1
XPASS: gcc.dg/tree-ssa/ltrans-3.c scan-tree-dump-times ltrans "transformed loop" 1

		=== gcc Summary for unix ===

# of expected passes		50302
# of unexpected failures	9
# of unexpected successes	2
# of expected failures		172
# of unresolved testcases	1
# of unsupported tests		513

		=== gcc Summary ===

# of expected passes		100728
# of unexpected failures	19
# of unexpected successes	4
# of expected failures		344
# of unresolved testcases	1
# of unsupported tests		920
/export/build/gnu/gcc/build-x86_64-linux/gcc/xgcc  version 4.4.0 20080628 (experimental) [trunk revision 137212] (GCC) 

		=== gfortran tests ===


Running target unix/-m32
FAIL: gfortran.dg/parameter_array_init_4.f90  -O0  (test for excess errors)
FAIL: gfortran.dg/parameter_array_init_4.f90  -O1  (test for excess errors)
FAIL: gfortran.dg/parameter_array_init_4.f90  -O2  (test for excess errors)
FAIL: gfortran.dg/parameter_array_init_4.f90  -O3 -fomit-frame-pointer  (test for excess errors)
FAIL: gfortran.dg/parameter_array_init_4.f90  -O3 -fomit-frame-pointer -funroll-loops  (test for excess errors)
FAIL: gfortran.dg/parameter_array_init_4.f90  -O3 -fomit-frame-pointer -funroll-all-loops -finline-functions  (test for excess errors)
FAIL: gfortran.dg/parameter_array_init_4.f90  -O3 -g  (test for excess errors)
FAIL: gfortran.dg/parameter_array_init_4.f90  -Os  (test for excess errors)

		=== gfortran Summary for unix/-m32 ===

# of expected passes		26582
# of unexpected failures	8
# of expected failures		8
# of unsupported tests		89

Running target unix
FAIL: gfortran.dg/parameter_array_init_4.f90  -O0  (test for excess errors)
FAIL: gfortran.dg/parameter_array_init_4.f90  -O1  (test for excess errors)
FAIL: gfortran.dg/parameter_array_init_4.f90  -O2  (test for excess errors)
FAIL: gfortran.dg/parameter_array_init_4.f90  -O3 -fomit-frame-pointer  (test for excess errors)
FAIL: gfortran.dg/parameter_array_init_4.f90  -O3 -fomit-frame-pointer -funroll-loops  (test for excess errors)
FAIL: gfortran.dg/parameter_array_init_4.f90  -O3 -fomit-frame-pointer -funroll-all-loops -finline-functions  (test for excess errors)
FAIL: gfortran.dg/parameter_array_init_4.f90  -O3 -g  (test for excess errors)
FAIL: gfortran.dg/parameter_array_init_4.f90  -Os  (test for excess errors)

		=== gfortran Summary for unix ===

# of expected passes		26697
# of unexpected failures	8
# of expected failures		8
# of unsupported tests		34

		=== gfortran Summary ===

# of expected passes		53279
# of unexpected failures	16
# of expected failures		16
# of unsupported tests		123
/export/build/gnu/gcc/build-x86_64-linux/gcc/testsuite/gfortran/../../gfortran  version 4.4.0 20080628 (experimental) [trunk revision 137212] (GCC) 

		=== g++ tests ===


Running target unix/-m32
FAIL: g++.dg/other/PR23205.C scan-assembler .stabs.*foobar:c=i
FAIL: g++.dg/tree-ssa/pr19637.C scan-tree-dump-times dom1 "return 1;" 3

		=== g++ Summary for unix/-m32 ===

# of expected passes		17781
# of unexpected failures	2
# of expected failures		82
# of unsupported tests		91

Running target unix
FAIL: g++.dg/other/PR23205.C scan-assembler .stabs.*foobar:c=i
FAIL: g++.dg/tree-ssa/pr19637.C scan-tree-dump-times dom1 "return 1;" 3

		=== g++ Summary for unix ===

# of expected passes		17690
# of unexpected failures	2
# of expected failures		82
# of unsupported tests		122

		=== g++ Summary ===

# of expected passes		35471
# of unexpected failures	4
# of expected failures		164
# of unsupported tests		213
/export/build/gnu/gcc/build-x86_64-linux/gcc/testsuite/g++/../../g++  version 4.4.0 20080628 (experimental) [trunk revision 137212] (GCC) 

		=== objc tests ===


Running target unix/-m32

		=== objc Summary for unix/-m32 ===

# of expected passes		1814
# of expected failures		7
# of unsupported tests		24

Running target unix

		=== objc Summary for unix ===

# of expected passes		1814
# of expected failures		7
# of unsupported tests		24

		=== objc Summary ===

# of expected passes		3628
# of expected failures		14
# of unsupported tests		48
/export/build/gnu/gcc/build-x86_64-linux/gcc/xgcc  version 4.4.0 20080628 (experimental) [trunk revision 137212] (GCC) 

		=== libffi tests ===


Running target unix/-m32

		=== libffi Summary for unix/-m32 ===

# of expected passes		1389
# of unsupported tests		10

Running target unix

		=== libffi Summary for unix ===

# of expected passes		1389
# of unsupported tests		10

		=== libffi Summary ===

# of expected passes		2778
# of unsupported tests		20
		=== libgomp tests ===


Running target unix/-m32

		=== libgomp Summary for unix/-m32 ===

# of expected passes		2289

Running target unix

		=== libgomp Summary for unix ===

# of expected passes		2289

		=== libgomp Summary ===

# of expected passes		4578
		=== libjava tests ===


Running target unix/-m32

		=== libjava Summary for unix/-m32 ===

# of expected passes		2574

Running target unix

		=== libjava Summary for unix ===

# of expected passes		2574

		=== libjava Summary ===

# of expected passes		5148
		=== libmudflap tests ===


Running target unix/-m32
FAIL: libmudflap.cth/pass39-frag.c (-O2) (rerun 17) execution test
FAIL: libmudflap.cth/pass39-frag.c (-O2) (rerun 17) output pattern test
FAIL: libmudflap.cth/pass39-frag.c (-O3) (rerun 1) execution test
FAIL: libmudflap.cth/pass39-frag.c (-O3) (rerun 1) output pattern test

		=== libmudflap Summary for unix/-m32 ===

# of expected passes		1861
# of unexpected failures	4

Running target unix

		=== libmudflap Summary for unix ===

# of expected passes		1865

		=== libmudflap Summary ===

# of expected passes		3726
# of unexpected failures	4
		=== libstdc++ tests ===


Running target unix/-m32
FAIL: 22_locale/time_put/put/char/4.cc execution test
FAIL: 22_locale/time_put/put/char/wrapped_env.cc execution test
FAIL: 22_locale/time_put/put/char/wrapped_locale.cc execution test
FAIL: 22_locale/time_put/put/wchar_t/4.cc execution test
FAIL: 22_locale/time_put/put/wchar_t/wrapped_env.cc execution test
FAIL: 22_locale/time_put/put/wchar_t/wrapped_locale.cc execution test
XPASS: 26_numerics/headers/cmath/c99_classification_macros_c.cc (test for excess errors)

		=== libstdc++ Summary for unix/-m32 ===

# of expected passes		5852
# of unexpected failures	6
# of unexpected successes	1
# of expected failures		77
# of unsupported tests		10

Running target unix
FAIL: 22_locale/time_put/put/char/4.cc execution test
FAIL: 22_locale/time_put/put/char/wrapped_env.cc execution test
FAIL: 22_locale/time_put/put/char/wrapped_locale.cc execution test
FAIL: 22_locale/time_put/put/wchar_t/4.cc execution test
FAIL: 22_locale/time_put/put/wchar_t/wrapped_env.cc execution test
FAIL: 22_locale/time_put/put/wchar_t/wrapped_locale.cc execution test
XPASS: 26_numerics/headers/cmath/c99_classification_macros_c.cc (test for excess errors)

		=== libstdc++ Summary for unix ===

# of expected passes		5852
# of unexpected failures	6
# of unexpected successes	1
# of expected failures		77
# of unsupported tests		10

		=== libstdc++ Summary ===

# of expected passes		11704
# of unexpected failures	12
# of unexpected successes	2
# of expected failures		154
# of unsupported tests		20

Compiler version: 4.4.0 20080628 (experimental) [trunk revision 137212] (GCC) 
Platform: x86_64-unknown-linux-gnu
configure flags: --enable-clocale=gnu --with-system-zlib --enable-decimal-float=bid --with-demangler-in-ld --enable-shared --enable-threads=posix --enable-haifa --enable-checking=assert --prefix=/usr/gcc-4.4 --with-local-prefix=/usr/local


Index Nav: [Date Index] [Subject Index] [Author Index] [Thread Index]
Message Nav: [Date Prev] [Date Next] [Thread Prev] [Thread Next]