This is the mail archive of the gcc-testresults@gcc.gnu.org mailing list for the GCC project.


Index Nav: [Date Index] [Subject Index] [Author Index] [Thread Index]
Message Nav: [Date Prev] [Date Next] [Thread Prev] [Thread Next]
Other format: [Raw text]

Results for 4.4.0 20080621 (experimental) (GCC) testsuite on arm-none-eabi


LAST_UPDATED: Sat Jun 21 07:16:52 UTC 2008 (/trunk revision 136998)

Target is arm-none-eabi
Host   is i686-pc-linux-gnu

		=== g++ tests ===


Running target arm-sim-fsf
FAIL: g++.dg/abi/mangle-neon.C (internal compiler error)
FAIL: g++.dg/abi/mangle-neon.C (test for excess errors)
ERROR: g++.dg/abi/mangle-neon.C: error executing dg-final: couldn't open "mangle-neon.s": no such file or directory
UNRESOLVED: g++.dg/abi/mangle-neon.C: error executing dg-final: couldn't open "mangle-neon.s": no such file or directory
FAIL: g++.dg/cdce3.C (test for excess errors)
UNRESOLVED: g++.dg/cdce3.C compilation failed to produce executable
FAIL: g++.dg/cdce3.C scan-tree-dump cdce "cdce3.C:68: note: function call is shrink-wrapped into error conditions.": dump file does not exist
FAIL: g++.dg/cdce3.C scan-tree-dump cdce "cdce3.C:69: note: function call is shrink-wrapped into error conditions.": dump file does not exist
FAIL: g++.dg/cdce3.C scan-tree-dump cdce "cdce3.C:70: note: function call is shrink-wrapped into error conditions.": dump file does not exist
FAIL: g++.dg/cdce3.C scan-tree-dump cdce "cdce3.C:71: note: function call is shrink-wrapped into error conditions.": dump file does not exist
FAIL: g++.dg/cdce3.C scan-tree-dump cdce "cdce3.C:72: note: function call is shrink-wrapped into error conditions.": dump file does not exist
FAIL: g++.dg/cdce3.C scan-tree-dump cdce "cdce3.C:73: note: function call is shrink-wrapped into error conditions.": dump file does not exist
FAIL: g++.dg/cdce3.C scan-tree-dump cdce "cdce3.C:74: note: function call is shrink-wrapped into error conditions.": dump file does not exist
FAIL: g++.dg/cdce3.C scan-tree-dump cdce "cdce3.C:75: note: function call is shrink-wrapped into error conditions.": dump file does not exist
FAIL: g++.dg/cdce3.C scan-tree-dump cdce "cdce3.C:76: note: function call is shrink-wrapped into error conditions.": dump file does not exist
FAIL: g++.dg/cdce3.C scan-tree-dump cdce "cdce3.C:77: note: function call is shrink-wrapped into error conditions.": dump file does not exist
FAIL: g++.dg/cdce3.C scan-tree-dump cdce "cdce3.C:78: note: function call is shrink-wrapped into error conditions.": dump file does not exist
FAIL: g++.dg/cdce3.C scan-tree-dump cdce "cdce3.C:79: note: function call is shrink-wrapped into error conditions.": dump file does not exist
FAIL: g++.dg/cdce3.C scan-tree-dump cdce "cdce3.C:80: note: function call is shrink-wrapped into error conditions.": dump file does not exist
FAIL: g++.dg/cdce3.C scan-tree-dump cdce "cdce3.C:81: note: function call is shrink-wrapped into error conditions.": dump file does not exist
FAIL: g++.dg/cdce3.C scan-tree-dump cdce "cdce3.C:82: note: function call is shrink-wrapped into error conditions.": dump file does not exist
FAIL: g++.dg/cdce3.C scan-tree-dump cdce "cdce3.C:83: note: function call is shrink-wrapped into error conditions.": dump file does not exist
FAIL: g++.dg/conversion/enum1.C execution test
FAIL: g++.dg/cpp/_Pragma1.C (test for excess errors)
FAIL: g++.dg/ext/java-1.C (test for excess errors)
FAIL: g++.dg/ext/java-2.C (test for excess errors)
FAIL: g++.dg/ext/visibility/arm1.C scan-not-hidden hidden[ \\t_]*_ZTI1S
FAIL: g++.dg/ext/visibility/arm1.C scan-not-hidden hidden[ \\t_]*_ZTS1S
FAIL: g++.dg/ext/visibility/arm1.C scan-not-hidden hidden[ \\t_]*_ZTI1U
FAIL: g++.dg/ext/visibility/arm1.C scan-not-hidden hidden[ \\t_]*_ZTS1U
FAIL: g++.dg/ext/visibility/arm3.C scan-not-hidden hidden[ \\t_]*_ZTI1A
FAIL: g++.dg/ext/visibility/arm3.C scan-not-hidden hidden[ \\t_]*_ZTS1A
FAIL: g++.dg/ext/visibility/arm3.C scan-not-hidden hidden[ \\t_]*_ZTI1B
FAIL: g++.dg/ext/visibility/arm3.C scan-not-hidden hidden[ \\t_]*_ZTS1B
FAIL: g++.dg/init/ref15.C execution test
FAIL: g++.dg/other/PR23205.C scan-assembler .stabs.*foobar:c=i
XPASS: g++.dg/other/packed1.C execution test
FAIL: g++.dg/template/cond5.C (internal compiler error)
FAIL: g++.dg/template/cond5.C (test for excess errors)
FAIL: g++.dg/tree-ssa/pr19637.C scan-tree-dump-times dom1 "return 1;" 3
FAIL: g++.dg/special/initpri1.C execution test

		=== g++ Summary ===

# of expected passes		17103
# of unexpected failures	37
# of unexpected successes	1
# of expected failures		81
# of unresolved testcases	2
# of unsupported tests		161
/scratch/gcc/nightly-2008-06-21-mainline/arm-none-eabi/obj/test-mainline-0-arm-none-eabi/host-i686-pc-linux-gnu/fsf-mainline/bin/arm-none-eabi-g++  version 4.4.0 20080621 (experimental) (GCC) 

Host   is i686-pc-linux-gnu

		=== gcc tests ===


Running target arm-sim-fsf
FAIL: gcc.c-torture/compile/pr11832.c  -O0  (internal compiler error)
FAIL: gcc.c-torture/compile/pr11832.c  -O1  (internal compiler error)
FAIL: gcc.c-torture/compile/pr11832.c  -O2  (internal compiler error)
FAIL: gcc.c-torture/compile/pr11832.c  -O3 -fomit-frame-pointer  (internal compiler error)
FAIL: gcc.c-torture/compile/pr11832.c  -O3 -fomit-frame-pointer -funroll-loops  (internal compiler error)
FAIL: gcc.c-torture/compile/pr11832.c  -O3 -fomit-frame-pointer -funroll-all-loops -finline-functions  (internal compiler error)
FAIL: gcc.c-torture/compile/pr11832.c  -O3 -g  (internal compiler error)
FAIL: gcc.c-torture/compile/pr11832.c  -Os  (internal compiler error)
FAIL: gcc.c-torture/compile/pr33009.c  -O0  (internal compiler error)
FAIL: gcc.c-torture/compile/pr33009.c  -O1  (internal compiler error)
FAIL: gcc.c-torture/compile/pr33009.c  -O2  (internal compiler error)
FAIL: gcc.c-torture/compile/pr33009.c  -O3 -fomit-frame-pointer  (internal compiler error)
FAIL: gcc.c-torture/compile/pr33009.c  -O3 -fomit-frame-pointer -funroll-loops  (internal compiler error)
FAIL: gcc.c-torture/compile/pr33009.c  -O3 -fomit-frame-pointer -funroll-all-loops -finline-functions  (internal compiler error)
FAIL: gcc.c-torture/compile/pr33009.c  -O3 -g  (internal compiler error)
FAIL: gcc.c-torture/compile/pr33009.c  -Os  (internal compiler error)
FAIL: gcc.dg/compat/struct-layout-1 c_compat_x_tst.o compile
FAIL: gcc.dg/compat/struct-layout-1 c_compat_y_tst.o compile
UNRESOLVED: gcc.dg/compat/struct-layout-1 c_compat_x_tst.o-c_compat_y_tst.o link 
UNRESOLVED: gcc.dg/compat/struct-layout-1 c_compat_x_tst.o-c_compat_y_tst.o execute 
FAIL: gcc.dg/cpp/_Pragma6.c (test for excess errors)
FAIL: gcc.dg/debug/dwarf2/var1.c scan-assembler xyzzy[^\\\\n\\\\r]+DW_AT_name
FAIL: gcc.dg/Wstrict-aliasing-float-ptr-int-obj.c  (test for warnings, line 14)
FAIL: gcc.dg/Wstrict-aliasing-float-ptr-int-obj.c  (test for warnings, line 16)
FAIL: gcc.dg/fshort-wchar.c (test for excess errors)
UNRESOLVED: gcc.dg/fshort-wchar.c compilation failed to produce executable
FAIL: gcc.dg/initpri1.c execution test
FAIL: gcc.dg/memcpy-1.c scan-tree-dump-times optimized "nasty_local" 0
FAIL: gcc.dg/pr35729.c scan-rtl-dump-times loop2_invariant "Decided to move invariant" 0
FAIL: gcc.dg/uninit-13.c unconditional (test for warnings, line 8)
FAIL: gcc.dg/uninit-13.c (test for excess errors)
FAIL: gcc.dg/struct/wo_prof_single_str_global.c execution test
FAIL: gcc.dg/struct/wo_prof_single_str_local.c execution test
FAIL: gcc.dg/struct/wo_prof_single_str_pointer.c execution test
FAIL: gcc.dg/tls/alias-1.c (test for excess errors)
FAIL: gcc.dg/tls/opt-2.c (test for excess errors)
XPASS: gcc.dg/tree-ssa/loadpre1.c scan-tree-dump-times pre "Eliminated: 1" 1
XPASS: gcc.dg/tree-ssa/ltrans-3.c scan-tree-dump-times ltrans "transformed loop" 1
FAIL: gcc.target/arm/neon/polytypes.c  (test for errors, line 31)
FAIL: gcc.target/arm/neon/polytypes.c (test for excess errors)
FAIL: gcc.target/arm/neon/vget_lowf32.c scan-assembler vmov[ \\t]+[dD][0-9]+, [dD][0-9]+!?([ \\t]+@[a-zA-Z0-9 ]+)?\\n
FAIL: gcc.target/arm/neon/vget_lowp16.c scan-assembler vmov[ \\t]+[dD][0-9]+, [dD][0-9]+!?([ \\t]+@[a-zA-Z0-9 ]+)?\\n
FAIL: gcc.target/arm/neon/vget_lowp8.c scan-assembler vmov[ \\t]+[dD][0-9]+, [dD][0-9]+!?([ \\t]+@[a-zA-Z0-9 ]+)?\\n
FAIL: gcc.target/arm/neon/vget_lows16.c scan-assembler vmov[ \\t]+[dD][0-9]+, [dD][0-9]+!?([ \\t]+@[a-zA-Z0-9 ]+)?\\n
FAIL: gcc.target/arm/neon/vget_lows32.c scan-assembler vmov[ \\t]+[dD][0-9]+, [dD][0-9]+!?([ \\t]+@[a-zA-Z0-9 ]+)?\\n
FAIL: gcc.target/arm/neon/vget_lows64.c scan-assembler vmov[ \\t]+[dD][0-9]+, [dD][0-9]+!?([ \\t]+@[a-zA-Z0-9 ]+)?\\n
FAIL: gcc.target/arm/neon/vget_lows8.c scan-assembler vmov[ \\t]+[dD][0-9]+, [dD][0-9]+!?([ \\t]+@[a-zA-Z0-9 ]+)?\\n
FAIL: gcc.target/arm/neon/vget_lowu16.c scan-assembler vmov[ \\t]+[dD][0-9]+, [dD][0-9]+!?([ \\t]+@[a-zA-Z0-9 ]+)?\\n
FAIL: gcc.target/arm/neon/vget_lowu32.c scan-assembler vmov[ \\t]+[dD][0-9]+, [dD][0-9]+!?([ \\t]+@[a-zA-Z0-9 ]+)?\\n
FAIL: gcc.target/arm/neon/vget_lowu64.c scan-assembler vmov[ \\t]+[dD][0-9]+, [dD][0-9]+!?([ \\t]+@[a-zA-Z0-9 ]+)?\\n
FAIL: gcc.target/arm/neon/vget_lowu8.c scan-assembler vmov[ \\t]+[dD][0-9]+, [dD][0-9]+!?([ \\t]+@[a-zA-Z0-9 ]+)?\\n

		=== gcc Summary ===

# of expected passes		49557
# of unexpected failures	46
# of unexpected successes	2
# of expected failures		100
# of unresolved testcases	3
# of unsupported tests		952
/scratch/gcc/nightly-2008-06-21-mainline/arm-none-eabi/obj/test-mainline-0-arm-none-eabi/host-i686-pc-linux-gnu/fsf-mainline/bin/arm-none-eabi-gcc  version 4.4.0 20080621 (experimental) (GCC) 

Host   is i686-pc-linux-gnu

		=== libstdc++ tests ===


Running target arm-sim-fsf
FAIL: 20_util/make_signed/requirements/typedefs-1.cc execution test
FAIL: 20_util/make_unsigned/requirements/typedefs-1.cc execution test
FAIL: 22_locale/num_get/get/char/2.cc execution test
XPASS: ext/stdio_filebuf/char/10063-2.cc execution test
XPASS: ext/stdio_filebuf/char/10063-3.cc execution test

		=== libstdc++ Summary ===

# of expected passes		4140
# of unexpected failures	3
# of unexpected successes	2
# of expected failures		78
# of unsupported tests		205
Host   is i686-pc-linux-gnu

		=== g++ tests ===


Running target arm-sim-fsf/-mthumb
WARNING: program timed out.
FAIL: g++.dg/compat/eh/ctor1 cp_compat_x_tst.o-cp_compat_y_tst.o execute 
WARNING: program timed out.
FAIL: g++.dg/compat/eh/ctor2 cp_compat_x_tst.o-cp_compat_y_tst.o execute 
WARNING: program timed out.
FAIL: g++.dg/compat/eh/dtor1 cp_compat_x_tst.o-cp_compat_y_tst.o execute 
WARNING: program timed out.
FAIL: g++.dg/compat/eh/filter1 cp_compat_x_tst.o-cp_compat_y_tst.o execute 
WARNING: program timed out.
FAIL: g++.dg/compat/eh/filter2 cp_compat_x_tst.o-cp_compat_y_tst.o execute 
FAIL: g++.dg/compat/eh/new1 cp_compat_x_tst.o-cp_compat_y_tst.o execute 
WARNING: program timed out.
FAIL: g++.dg/compat/eh/nrv1 cp_compat_x_tst.o-cp_compat_y_tst.o execute 
WARNING: program timed out.
FAIL: g++.dg/compat/eh/spec3 cp_compat_x_tst.o-cp_compat_y_tst.o execute 
WARNING: program timed out.
FAIL: g++.dg/compat/eh/template1 cp_compat_x_tst.o-cp_compat_y_tst.o execute 
WARNING: program timed out.
FAIL: g++.dg/compat/eh/unexpected1 cp_compat_x_tst.o-cp_compat_y_tst.o execute 
FAIL: g++.dg/compat/init/array5 cp_compat_x_tst.o-cp_compat_y_tst.o execute 
WARNING: program timed out.
FAIL: tmpdir-g++.dg-struct-layout-1/t001 cp_compat_x_tst.o-cp_compat_y_tst.o execute 
WARNING: program timed out.
FAIL: tmpdir-g++.dg-struct-layout-1/t002 cp_compat_x_tst.o-cp_compat_y_tst.o execute 
WARNING: program timed out.
FAIL: tmpdir-g++.dg-struct-layout-1/t003 cp_compat_x_tst.o-cp_compat_y_tst.o execute 
WARNING: program timed out.
FAIL: tmpdir-g++.dg-struct-layout-1/t004 cp_compat_x_tst.o-cp_compat_y_tst.o execute 
WARNING: program timed out.
FAIL: tmpdir-g++.dg-struct-layout-1/t005 cp_compat_x_tst.o-cp_compat_y_tst.o execute 
WARNING: program timed out.
FAIL: tmpdir-g++.dg-struct-layout-1/t006 cp_compat_x_tst.o-cp_compat_y_tst.o execute 
FAIL: tmpdir-g++.dg-struct-layout-1/t007 cp_compat_x_tst.o-cp_compat_y_tst.o execute 
WARNING: program timed out.
FAIL: tmpdir-g++.dg-struct-layout-1/t008 cp_compat_x_tst.o-cp_compat_y_tst.o execute 
WARNING: program timed out.
FAIL: tmpdir-g++.dg-struct-layout-1/t009 cp_compat_x_tst.o-cp_compat_y_tst.o execute 
WARNING: program timed out.
FAIL: tmpdir-g++.dg-struct-layout-1/t010 cp_compat_x_tst.o-cp_compat_y_tst.o execute 
WARNING: program timed out.
FAIL: tmpdir-g++.dg-struct-layout-1/t011 cp_compat_x_tst.o-cp_compat_y_tst.o execute 
WARNING: program timed out.
FAIL: tmpdir-g++.dg-struct-layout-1/t012 cp_compat_x_tst.o-cp_compat_y_tst.o execute 
WARNING: program timed out.
FAIL: tmpdir-g++.dg-struct-layout-1/t013 cp_compat_x_tst.o-cp_compat_y_tst.o execute 
WARNING: program timed out.
FAIL: tmpdir-g++.dg-struct-layout-1/t014 cp_compat_x_tst.o-cp_compat_y_tst.o execute 
WARNING: program timed out.
FAIL: tmpdir-g++.dg-struct-layout-1/t015 cp_compat_x_tst.o-cp_compat_y_tst.o execute 
WARNING: program timed out.
FAIL: tmpdir-g++.dg-struct-layout-1/t016 cp_compat_x_tst.o-cp_compat_y_tst.o execute 
WARNING: program timed out.
FAIL: tmpdir-g++.dg-struct-layout-1/t017 cp_compat_x_tst.o-cp_compat_y_tst.o execute 
WARNING: program timed out.
FAIL: tmpdir-g++.dg-struct-layout-1/t018 cp_compat_x_tst.o-cp_compat_y_tst.o execute 
WARNING: program timed out.
FAIL: tmpdir-g++.dg-struct-layout-1/t019 cp_compat_x_tst.o-cp_compat_y_tst.o execute 
WARNING: program timed out.
FAIL: tmpdir-g++.dg-struct-layout-1/t020 cp_compat_x_tst.o-cp_compat_y_tst.o execute 
WARNING: program timed out.
FAIL: tmpdir-g++.dg-struct-layout-1/t021 cp_compat_x_tst.o-cp_compat_y_tst.o execute 
WARNING: program timed out.
FAIL: tmpdir-g++.dg-struct-layout-1/t022 cp_compat_x_tst.o-cp_compat_y_tst.o execute 
WARNING: program timed out.
FAIL: tmpdir-g++.dg-struct-layout-1/t023 cp_compat_x_tst.o-cp_compat_y_tst.o execute 
FAIL: tmpdir-g++.dg-struct-layout-1/t024 cp_compat_x_tst.o-cp_compat_y_tst.o execute 
WARNING: program timed out.
FAIL: tmpdir-g++.dg-struct-layout-1/t025 cp_compat_x_tst.o-cp_compat_y_tst.o execute 
WARNING: program timed out.
FAIL: tmpdir-g++.dg-struct-layout-1/t026 cp_compat_x_tst.o-cp_compat_y_tst.o execute 
FAIL: tmpdir-g++.dg-struct-layout-1/t027 cp_compat_x_tst.o-cp_compat_y_tst.o execute 
WARNING: program timed out.
FAIL: tmpdir-g++.dg-struct-layout-1/t028 cp_compat_x_tst.o-cp_compat_y_tst.o execute 
FAIL: g++.dg/abi/covariant4.C execution test
FAIL: g++.dg/abi/covariant5.C execution test
FAIL: g++.dg/cdce3.C (test for excess errors)
UNRESOLVED: g++.dg/cdce3.C compilation failed to produce executable
FAIL: g++.dg/cdce3.C scan-tree-dump cdce "cdce3.C:68: note: function call is shrink-wrapped into error conditions.": dump file does not exist
FAIL: g++.dg/cdce3.C scan-tree-dump cdce "cdce3.C:69: note: function call is shrink-wrapped into error conditions.": dump file does not exist
FAIL: g++.dg/cdce3.C scan-tree-dump cdce "cdce3.C:70: note: function call is shrink-wrapped into error conditions.": dump file does not exist
FAIL: g++.dg/cdce3.C scan-tree-dump cdce "cdce3.C:71: note: function call is shrink-wrapped into error conditions.": dump file does not exist
FAIL: g++.dg/cdce3.C scan-tree-dump cdce "cdce3.C:72: note: function call is shrink-wrapped into error conditions.": dump file does not exist
FAIL: g++.dg/cdce3.C scan-tree-dump cdce "cdce3.C:73: note: function call is shrink-wrapped into error conditions.": dump file does not exist
FAIL: g++.dg/cdce3.C scan-tree-dump cdce "cdce3.C:74: note: function call is shrink-wrapped into error conditions.": dump file does not exist
FAIL: g++.dg/cdce3.C scan-tree-dump cdce "cdce3.C:75: note: function call is shrink-wrapped into error conditions.": dump file does not exist
FAIL: g++.dg/cdce3.C scan-tree-dump cdce "cdce3.C:76: note: function call is shrink-wrapped into error conditions.": dump file does not exist
FAIL: g++.dg/cdce3.C scan-tree-dump cdce "cdce3.C:77: note: function call is shrink-wrapped into error conditions.": dump file does not exist
FAIL: g++.dg/cdce3.C scan-tree-dump cdce "cdce3.C:78: note: function call is shrink-wrapped into error conditions.": dump file does not exist
FAIL: g++.dg/cdce3.C scan-tree-dump cdce "cdce3.C:79: note: function call is shrink-wrapped into error conditions.": dump file does not exist
FAIL: g++.dg/cdce3.C scan-tree-dump cdce "cdce3.C:80: note: function call is shrink-wrapped into error conditions.": dump file does not exist
FAIL: g++.dg/cdce3.C scan-tree-dump cdce "cdce3.C:81: note: function call is shrink-wrapped into error conditions.": dump file does not exist
FAIL: g++.dg/cdce3.C scan-tree-dump cdce "cdce3.C:82: note: function call is shrink-wrapped into error conditions.": dump file does not exist
FAIL: g++.dg/cdce3.C scan-tree-dump cdce "cdce3.C:83: note: function call is shrink-wrapped into error conditions.": dump file does not exist
FAIL: g++.dg/conversion/enum1.C execution test
FAIL: g++.dg/cpp/_Pragma1.C (test for excess errors)
FAIL: g++.dg/cpp0x/variadic-tuple.C execution test
WARNING: program timed out.
FAIL: g++.dg/cpp0x/variadic73.C execution test
FAIL: g++.dg/eh/alias1.C execution test
FAIL: g++.dg/eh/cond1.C execution test
FAIL: g++.dg/eh/crossjump1.C execution test
FAIL: g++.dg/eh/ctor1.C execution test
WARNING: program timed out.
FAIL: g++.dg/eh/ctor2.C execution test
FAIL: g++.dg/eh/delayslot1.C execution test
WARNING: program timed out.
FAIL: g++.dg/eh/dtor1.C execution test
FAIL: g++.dg/eh/elide1.C execution test
WARNING: program timed out.
FAIL: g++.dg/eh/elide2.C execution test
FAIL: g++.dg/eh/filter1.C execution test
WARNING: program timed out.
FAIL: g++.dg/eh/filter2.C execution test
WARNING: program timed out.
FAIL: g++.dg/eh/forced1.C execution test
FAIL: g++.dg/eh/forced2.C execution test
FAIL: g++.dg/eh/forced3.C execution test
FAIL: g++.dg/eh/forced4.C execution test
WARNING: program timed out.
FAIL: g++.dg/eh/fp-regs.C execution test
FAIL: g++.dg/eh/gcsec1.C execution test
FAIL: g++.dg/eh/ia64-2.C execution test
FAIL: g++.dg/eh/loop1.C execution test
FAIL: g++.dg/eh/loop2.C execution test
FAIL: g++.dg/eh/new1.C execution test
WARNING: program timed out.
FAIL: g++.dg/eh/omit-frame-pointer.C execution test
WARNING: program timed out.
FAIL: g++.dg/eh/omit-frame-pointer2.C execution test
FAIL: g++.dg/eh/pr29166.C execution test
FAIL: g++.dg/eh/registers1.C execution test
FAIL: g++.dg/eh/simd-1.C execution test
FAIL: g++.dg/eh/simd-2.C execution test
FAIL: g++.dg/eh/simd-3.C execution test
FAIL: g++.dg/eh/spbp.C execution test
WARNING: program timed out.
FAIL: g++.dg/eh/spec3.C execution test
WARNING: program timed out.
FAIL: g++.dg/eh/spec7.C execution test
WARNING: program timed out.
FAIL: g++.dg/eh/spec9.C execution test
WARNING: program timed out.
FAIL: g++.dg/eh/synth2.C execution test
WARNING: program timed out.
FAIL: g++.dg/eh/template1.C execution test
WARNING: program timed out.
FAIL: g++.dg/eh/uncaught1.C execution test
WARNING: program timed out.
FAIL: g++.dg/eh/unexpected1.C execution test
FAIL: g++.dg/eh/weak1.C execution test
WARNING: program timed out.
FAIL: g++.dg/expr/anew2.C execution test
WARNING: program timed out.
FAIL: g++.dg/expr/anew3.C execution test
WARNING: program timed out.
WARNING: program timed out.
FAIL: g++.dg/ext/attribute-test-3.C execution test
WARNING: program timed out.
FAIL: g++.dg/ext/attribute-test-4.C execution test
WARNING: program timed out.
FAIL: g++.dg/ext/cleanup-5.C execution test
FAIL: g++.dg/ext/java-1.C (test for excess errors)
FAIL: g++.dg/ext/java-2.C (test for excess errors)
WARNING: program timed out.
FAIL: g++.dg/ext/stmtexpr1.C execution test
FAIL: g++.dg/ext/stmtexpr2.C execution test
FAIL: g++.dg/ext/va-arg-pack-1.C execution test
FAIL: g++.dg/ext/visibility/arm1.C scan-not-hidden hidden[ \\t_]*_ZTI1S
FAIL: g++.dg/ext/visibility/arm1.C scan-not-hidden hidden[ \\t_]*_ZTS1S
FAIL: g++.dg/ext/visibility/arm1.C scan-not-hidden hidden[ \\t_]*_ZTI1U
FAIL: g++.dg/ext/visibility/arm1.C scan-not-hidden hidden[ \\t_]*_ZTS1U
FAIL: g++.dg/ext/visibility/arm3.C scan-not-hidden hidden[ \\t_]*_ZTI1A
FAIL: g++.dg/ext/visibility/arm3.C scan-not-hidden hidden[ \\t_]*_ZTS1A
FAIL: g++.dg/ext/visibility/arm3.C scan-not-hidden hidden[ \\t_]*_ZTI1B
FAIL: g++.dg/ext/visibility/arm3.C scan-not-hidden hidden[ \\t_]*_ZTS1B
FAIL: g++.dg/inherit/covariant1.C execution test
FAIL: g++.dg/inherit/covariant2.C execution test
WARNING: program timed out.
FAIL: g++.dg/init/array16.C execution test
FAIL: g++.dg/init/array5.C execution test
WARNING: program timed out.
FAIL: g++.dg/init/ctor1.C execution test
FAIL: g++.dg/init/delete2.C execution test
FAIL: g++.dg/init/placement2.C execution test
FAIL: g++.dg/init/ref15.C execution test
WARNING: program timed out.
FAIL: g++.dg/init/ref9.C execution test
WARNING: program timed out.
FAIL: g++.dg/opt/alias1.C execution test
FAIL: g++.dg/opt/eh2.C execution test
WARNING: program timed out.
FAIL: g++.dg/opt/eh3.C execution test
FAIL: g++.dg/opt/pr23299.C (test for excess errors)
FAIL: g++.dg/opt/pr23299.C execution test
FAIL: g++.dg/opt/pr23478.C execution test
FAIL: g++.dg/opt/reg-stack.C execution test
FAIL: g++.dg/opt/thunk1.C execution test
WARNING: program timed out.
FAIL: g++.dg/opt/tmp1.C execution test
FAIL: g++.dg/other/PR23205.C scan-assembler .stabs.*foobar:c=i
WARNING: program timed out.
FAIL: g++.dg/other/complex1.C execution test
XPASS: g++.dg/other/packed1.C execution test
WARNING: program timed out.
FAIL: g++.dg/other/vthunk1.C execution test
FAIL: g++.dg/template/cond5.C (internal compiler error)
FAIL: g++.dg/template/cond5.C (test for excess errors)
WARNING: program timed out.
FAIL: g++.dg/template/conv3.C execution test
FAIL: g++.dg/tree-ssa/pr19637.C scan-tree-dump-times dom1 "return 1;" 3
FAIL: g++.dg/tree-ssa/pr33604.C execution test
FAIL: g++.dg/special/initpri1.C execution test
WARNING: program timed out.
FAIL: g++.dg/torture/pr34099.C  -O0  execution test
WARNING: program timed out.
FAIL: g++.dg/torture/pr34099.C  -O1  execution test
WARNING: program timed out.
FAIL: g++.dg/torture/pr34099.C  -O2  execution test
WARNING: program timed out.
FAIL: g++.dg/torture/pr34099.C  -O3 -fomit-frame-pointer  execution test
WARNING: program timed out.
FAIL: g++.dg/torture/pr34099.C  -O3 -fomit-frame-pointer -funroll-loops  execution test
WARNING: program timed out.
FAIL: g++.dg/torture/pr34099.C  -O3 -fomit-frame-pointer -funroll-all-loops -finline-functions  execution test
WARNING: program timed out.
FAIL: g++.dg/torture/pr34099.C  -O3 -g  execution test
WARNING: program timed out.
FAIL: g++.dg/torture/pr34099.C  -Os  execution test
WARNING: program timed out.
FAIL: g++.dg/torture/type-generic-1.C  -O0  execution test
WARNING: program timed out.
FAIL: g++.dg/torture/type-generic-1.C  -O1  execution test
WARNING: program timed out.
FAIL: g++.dg/torture/type-generic-1.C  -O2  execution test
WARNING: program timed out.
FAIL: g++.dg/torture/type-generic-1.C  -O3 -fomit-frame-pointer  execution test
WARNING: program timed out.
FAIL: g++.dg/torture/type-generic-1.C  -O3 -g  execution test
WARNING: program timed out.
FAIL: g++.dg/torture/type-generic-1.C  -Os  execution test
FAIL: g++.old-deja/g++.abi/cxa_vec.C execution test
FAIL: g++.old-deja/g++.abi/vtable3a.C execution test
FAIL: g++.old-deja/g++.abi/vtable3b.C execution test
FAIL: g++.old-deja/g++.abi/vtable3c.C execution test
FAIL: g++.old-deja/g++.abi/vtable3d.C execution test
FAIL: g++.old-deja/g++.abi/vtable3e.C execution test
WARNING: program timed out.
FAIL: g++.old-deja/g++.brendan/code-gen6.C execution test
WARNING: program timed out.
FAIL: g++.old-deja/g++.brendan/complex1.C execution test
WARNING: program timed out.
FAIL: g++.old-deja/g++.brendan/copy9.C execution test
WARNING: program timed out.
FAIL: g++.old-deja/g++.brendan/eh1.C execution test
WARNING: program timed out.
FAIL: g++.old-deja/g++.brendan/nest21.C execution test
WARNING: program timed out.
FAIL: g++.old-deja/g++.brendan/overload7.C execution test
WARNING: program timed out.
FAIL: g++.old-deja/g++.eh/badalloc1.C execution test
FAIL: g++.old-deja/g++.eh/catch11.C execution test
FAIL: g++.old-deja/g++.eh/catch12.C execution test
FAIL: g++.old-deja/g++.eh/catch3.C execution test
FAIL: g++.old-deja/g++.eh/catch3p.C execution test
FAIL: g++.old-deja/g++.eh/catch4.C execution test
FAIL: g++.old-deja/g++.eh/catch4p.C execution test
FAIL: g++.old-deja/g++.eh/catch5.C execution test
FAIL: g++.old-deja/g++.eh/catch5p.C execution test
FAIL: g++.old-deja/g++.eh/catch6.C execution test
FAIL: g++.old-deja/g++.eh/catch6p.C execution test
FAIL: g++.old-deja/g++.eh/catch7.C execution test
FAIL: g++.old-deja/g++.eh/catch7p.C execution test
FAIL: g++.old-deja/g++.eh/catch8.C execution test
FAIL: g++.old-deja/g++.eh/catch8p.C execution test
FAIL: g++.old-deja/g++.eh/catch9.C execution test
FAIL: g++.old-deja/g++.eh/catch9p.C execution test
FAIL: g++.old-deja/g++.eh/catchptr1.C execution test
WARNING: program timed out.
FAIL: g++.old-deja/g++.eh/cleanup1.C execution test
FAIL: g++.old-deja/g++.eh/cleanup2.C execution test
WARNING: program timed out.
FAIL: g++.old-deja/g++.eh/flow1.C execution test
WARNING: program timed out.
FAIL: g++.old-deja/g++.eh/fntry1.C execution test
FAIL: g++.old-deja/g++.eh/ia64-1.C execution test
FAIL: g++.old-deja/g++.eh/inline2.C execution test
FAIL: g++.old-deja/g++.eh/new1.C execution test
FAIL: g++.old-deja/g++.eh/new2.C execution test
FAIL: g++.old-deja/g++.eh/pdel1.C execution test
FAIL: g++.old-deja/g++.eh/pdel2.C execution test
FAIL: g++.old-deja/g++.eh/ptr1.C execution test
FAIL: g++.old-deja/g++.eh/ptrmem1.C execution test
WARNING: program timed out.
FAIL: g++.old-deja/g++.eh/rethrow1.C execution test
WARNING: program timed out.
FAIL: g++.old-deja/g++.eh/rethrow2.C execution test
WARNING: program timed out.
FAIL: g++.old-deja/g++.eh/rethrow3.C execution test
WARNING: program timed out.
FAIL: g++.old-deja/g++.eh/rethrow4.C execution test
WARNING: program timed out.
FAIL: g++.old-deja/g++.eh/rethrow5.C execution test
WARNING: program timed out.
FAIL: g++.old-deja/g++.eh/rethrow6.C execution test
FAIL: g++.old-deja/g++.eh/spec1.C execution test
FAIL: g++.old-deja/g++.eh/spec2.C execution test
FAIL: g++.old-deja/g++.eh/spec3.C execution test
FAIL: g++.old-deja/g++.eh/spec4.C execution test
WARNING: program timed out.
FAIL: g++.old-deja/g++.eh/terminate1.C execution test
FAIL: g++.old-deja/g++.eh/terminate2.C execution test
FAIL: g++.old-deja/g++.eh/tmpl1.C execution test
WARNING: program timed out.
FAIL: g++.old-deja/g++.eh/unwind1.C execution test
FAIL: g++.old-deja/g++.eh/vbase1.C execution test
FAIL: g++.old-deja/g++.eh/vbase2.C execution test
FAIL: g++.old-deja/g++.eh/vbase4.C execution test
WARNING: program timed out.
FAIL: g++.old-deja/g++.jason/groff1.C execution test
FAIL: g++.old-deja/g++.jason/overload13.C (test for excess errors)
FAIL: g++.old-deja/g++.jason/overload13.C execution test
FAIL: g++.old-deja/g++.jason/thunk1.C execution test
FAIL: g++.old-deja/g++.jason/thunk2.C execution test
FAIL: g++.old-deja/g++.jason/thunk3.C execution test
WARNING: program timed out.
FAIL: g++.old-deja/g++.jason/typeid2.C execution test
FAIL: g++.old-deja/g++.martin/new1.C execution test
FAIL: g++.old-deja/g++.mike/bool2.C execution test
FAIL: g++.old-deja/g++.mike/dyncast1.C execution test
WARNING: program timed out.
FAIL: g++.old-deja/g++.mike/dyncast2.C execution test
WARNING: program timed out.
FAIL: g++.old-deja/g++.mike/eh10.C execution test
FAIL: g++.old-deja/g++.mike/eh12.C execution test
WARNING: program timed out.
FAIL: g++.old-deja/g++.mike/eh14.C execution test
WARNING: program timed out.
FAIL: g++.old-deja/g++.mike/eh16.C execution test
WARNING: program timed out.
FAIL: g++.old-deja/g++.mike/eh17.C execution test
FAIL: g++.old-deja/g++.mike/eh18.C execution test
WARNING: program timed out.
FAIL: g++.old-deja/g++.mike/eh2.C execution test
FAIL: g++.old-deja/g++.mike/eh21.C execution test
FAIL: g++.old-deja/g++.mike/eh23.C execution test
WARNING: program timed out.
FAIL: g++.old-deja/g++.mike/eh24.C execution test
FAIL: g++.old-deja/g++.mike/eh25.C execution test
WARNING: program timed out.
FAIL: g++.old-deja/g++.mike/eh26.C execution test
WARNING: program timed out.
FAIL: g++.old-deja/g++.mike/eh27.C execution test
FAIL: g++.old-deja/g++.mike/eh28.C execution test
FAIL: g++.old-deja/g++.mike/eh29.C execution test
FAIL: g++.old-deja/g++.mike/eh3.C execution test
FAIL: g++.old-deja/g++.mike/eh31.C execution test
WARNING: program timed out.
FAIL: g++.old-deja/g++.mike/eh33.C execution test
WARNING: program timed out.
FAIL: g++.old-deja/g++.mike/eh34.C execution test
WARNING: program timed out.
FAIL: g++.old-deja/g++.mike/eh35.C execution test
FAIL: g++.old-deja/g++.mike/eh36.C execution test
FAIL: g++.old-deja/g++.mike/eh37.C execution test
WARNING: program timed out.
FAIL: g++.old-deja/g++.mike/eh38.C execution test
FAIL: g++.old-deja/g++.mike/eh39.C execution test
FAIL: g++.old-deja/g++.mike/eh40.C execution test
WARNING: program timed out.
FAIL: g++.old-deja/g++.mike/eh41.C execution test
FAIL: g++.old-deja/g++.mike/eh42.C execution test
WARNING: program timed out.
FAIL: g++.old-deja/g++.mike/eh44.C execution test
WARNING: program timed out.
FAIL: g++.old-deja/g++.mike/eh47.C execution test
FAIL: g++.old-deja/g++.mike/eh48.C execution test
FAIL: g++.old-deja/g++.mike/eh49.C execution test
FAIL: g++.old-deja/g++.mike/eh5.C execution test
WARNING: program timed out.
FAIL: g++.old-deja/g++.mike/eh50.C execution test
WARNING: program timed out.
FAIL: g++.old-deja/g++.mike/eh51.C execution test
WARNING: program timed out.
FAIL: g++.old-deja/g++.mike/eh55.C execution test
FAIL: g++.old-deja/g++.mike/eh6.C execution test
FAIL: g++.old-deja/g++.mike/eh8.C execution test
FAIL: g++.old-deja/g++.mike/mi2.C (test for excess errors)
WARNING: program timed out.
FAIL: g++.old-deja/g++.mike/mi2.C execution test
WARNING: program timed out.
FAIL: g++.old-deja/g++.mike/misc13.C execution test
WARNING: program timed out.
FAIL: g++.old-deja/g++.mike/net16.C execution test
FAIL: g++.old-deja/g++.mike/net39.C execution test
WARNING: program timed out.
FAIL: g++.old-deja/g++.mike/p11667.C execution test
FAIL: g++.old-deja/g++.mike/p1567.C (test for excess errors)
WARNING: program timed out.
FAIL: g++.old-deja/g++.mike/p1567.C execution test
FAIL: g++.old-deja/g++.mike/p2846b.C (test for excess errors)
FAIL: g++.old-deja/g++.mike/p2846b.C execution test
FAIL: g++.old-deja/g++.mike/p2960.C execution test
FAIL: g++.old-deja/g++.mike/p3068.C execution test
WARNING: program timed out.
FAIL: g++.old-deja/g++.mike/p3139.C execution test
FAIL: g++.old-deja/g++.mike/p3708b.C execution test
FAIL: g++.old-deja/g++.mike/p4246.C execution test
FAIL: g++.old-deja/g++.mike/p4511.C (test for excess errors)
FAIL: g++.old-deja/g++.mike/p4511.C execution test
WARNING: program timed out.
FAIL: g++.old-deja/g++.mike/p7651.C execution test
FAIL: g++.old-deja/g++.mike/p7912.C execution test
FAIL: g++.old-deja/g++.mike/p9706.C execution test
WARNING: program timed out.
FAIL: g++.old-deja/g++.mike/pmf2.C execution test
FAIL: g++.old-deja/g++.mike/virt4.C (test for excess errors)
FAIL: g++.old-deja/g++.mike/virt4.C execution test
FAIL: g++.old-deja/g++.oliva/delete3.C execution test
FAIL: g++.old-deja/g++.oliva/new1.C execution test
WARNING: program timed out.
FAIL: g++.old-deja/g++.other/anon6.C execution test
FAIL: g++.old-deja/g++.other/array1.C execution test
FAIL: g++.old-deja/g++.other/dyncast1.C (test for excess errors)
WARNING: program timed out.
FAIL: g++.old-deja/g++.other/dyncast1.C execution test
FAIL: g++.old-deja/g++.other/dyncast2.C (test for excess errors)
WARNING: program timed out.
FAIL: g++.old-deja/g++.other/dyncast2.C execution test
FAIL: g++.old-deja/g++.other/dyncast3.C (test for excess errors)
FAIL: g++.old-deja/g++.other/dyncast3.C execution test
FAIL: g++.old-deja/g++.other/dyncast5.C (test for excess errors)
WARNING: program timed out.
FAIL: g++.old-deja/g++.other/dyncast5.C execution test
WARNING: program timed out.
FAIL: g++.old-deja/g++.other/eh3.C execution test
WARNING: program timed out.
FAIL: g++.old-deja/g++.other/init11.C execution test
WARNING: program timed out.
FAIL: g++.old-deja/g++.other/init7.C execution test
FAIL: g++.old-deja/g++.other/new7.C execution test
FAIL: g++.old-deja/g++.other/pmf4.C execution test
FAIL: g++.old-deja/g++.other/singleton.C execution test
WARNING: program timed out.
FAIL: g++.old-deja/g++.other/unchanging1.C execution test
WARNING: program timed out.
FAIL: g++.old-deja/g++.other/vbase2.C execution test
WARNING: program timed out.
FAIL: g++.old-deja/g++.other/vbase5.C execution test
FAIL: g++.old-deja/g++.other/vtbl2.C (test for excess errors)
WARNING: program timed out.
FAIL: g++.old-deja/g++.other/vtbl2.C execution test
FAIL: g++.old-deja/g++.pt/fntry1.C execution test
FAIL: g++.old-deja/g++.pt/mi1.C (test for excess errors)
FAIL: g++.old-deja/g++.pt/mi1.C execution test
FAIL: g++.old-deja/g++.pt/repo3.C (test for excess errors)
WARNING: program timed out.
FAIL: g++.old-deja/g++.pt/t16.C execution test
WARNING: program timed out.
FAIL: g++.old-deja/g++.pt/tiemann2.C execution test
WARNING: program timed out.
FAIL: g++.old-deja/g++.robertl/eb120.C execution test
WARNING: program timed out.
FAIL: g++.old-deja/g++.robertl/eb31.C execution test
FAIL: g++.old-deja/g++.robertl/eb50.C execution test
WARNING: program timed out.
FAIL: g++.old-deja/g++.robertl/eb66.C execution test
FAIL: g++.old-deja/g++.robertl/eb77.C execution test
FAIL: g++.old-deja/g++.robertl/eb88.C execution test
FAIL: g++.old-deja/g++.robertl/eh990323-1.C execution test
FAIL: g++.old-deja/g++.robertl/eh990323-2.C execution test
FAIL: g++.old-deja/g++.robertl/eh990323-3.C execution test
FAIL: g++.old-deja/g++.robertl/eh990323-4.C execution test
FAIL: g++.old-deja/g++.robertl/eh990323-5.C execution test
WARNING: program timed out.
FAIL: g++.old-deja/g++.robertl/ice990323-2.C execution test

		=== g++ Summary ===

# of expected passes		16759
# of unexpected failures	329
# of unexpected successes	1
# of expected failures		81
# of unresolved testcases	1
# of unsupported tests		173
/scratch/gcc/nightly-2008-06-21-mainline/arm-none-eabi/obj/test-mainline-0-arm-none-eabi/host-i686-pc-linux-gnu/fsf-mainline/bin/arm-none-eabi-g++  version 4.4.0 20080621 (experimental) (GCC) 

Host   is i686-pc-linux-gnu

		=== gcc tests ===


Running target arm-sim-fsf/-mthumb
FAIL: gcc.c-torture/compile/920413-1.c  -O1  (internal compiler error)
FAIL: gcc.c-torture/compile/920413-1.c  -O1  (test for excess errors)
FAIL: gcc.c-torture/compile/920413-1.c  -O2  (internal compiler error)
FAIL: gcc.c-torture/compile/920413-1.c  -O2  (test for excess errors)
FAIL: gcc.c-torture/compile/920413-1.c  -O3 -fomit-frame-pointer  (internal compiler error)
FAIL: gcc.c-torture/compile/920413-1.c  -O3 -fomit-frame-pointer  (test for excess errors)
FAIL: gcc.c-torture/compile/920413-1.c  -O3 -g  (internal compiler error)
FAIL: gcc.c-torture/compile/920413-1.c  -O3 -g  (test for excess errors)
FAIL: gcc.c-torture/compile/920413-1.c  -Os  (internal compiler error)
FAIL: gcc.c-torture/compile/920413-1.c  -Os  (test for excess errors)
FAIL: gcc.c-torture/compile/pr11832.c  -O0  (internal compiler error)
FAIL: gcc.c-torture/compile/pr11832.c  -O1  (internal compiler error)
FAIL: gcc.c-torture/compile/pr11832.c  -O2  (internal compiler error)
FAIL: gcc.c-torture/compile/pr11832.c  -O3 -fomit-frame-pointer  (internal compiler error)
FAIL: gcc.c-torture/compile/pr11832.c  -O3 -fomit-frame-pointer -funroll-loops  (internal compiler error)
FAIL: gcc.c-torture/compile/pr11832.c  -O3 -fomit-frame-pointer -funroll-all-loops -finline-functions  (internal compiler error)
FAIL: gcc.c-torture/compile/pr11832.c  -O3 -g  (internal compiler error)
FAIL: gcc.c-torture/compile/pr11832.c  -Os  (internal compiler error)
FAIL: gcc.c-torture/compile/pr33009.c  -O0  (internal compiler error)
FAIL: gcc.c-torture/compile/pr33009.c  -O1  (internal compiler error)
FAIL: gcc.c-torture/compile/pr33009.c  -O2  (internal compiler error)
FAIL: gcc.c-torture/compile/pr33009.c  -O3 -fomit-frame-pointer  (internal compiler error)
FAIL: gcc.c-torture/compile/pr33009.c  -O3 -fomit-frame-pointer -funroll-loops  (internal compiler error)
FAIL: gcc.c-torture/compile/pr33009.c  -O3 -fomit-frame-pointer -funroll-all-loops -finline-functions  (internal compiler error)
FAIL: gcc.c-torture/compile/pr33009.c  -O3 -g  (internal compiler error)
FAIL: gcc.c-torture/compile/pr33009.c  -Os  (internal compiler error)
WARNING: program timed out.
FAIL: gcc.c-torture/execute/builtins/complex-1.c execution,  -O0 
FAIL: gcc.c-torture/execute/builtins/complex-1.c execution,  -O1 
FAIL: gcc.c-torture/execute/builtins/complex-1.c execution,  -O2 
FAIL: gcc.c-torture/execute/builtins/complex-1.c execution,  -O3 -fomit-frame-pointer 
FAIL: gcc.c-torture/execute/builtins/complex-1.c execution,  -O3 -g 
FAIL: gcc.c-torture/execute/builtins/complex-1.c execution,  -Os 
WARNING: program timed out.
FAIL: gcc.c-torture/execute/builtins/pr23484-chk.c execution,  -O1 
WARNING: program timed out.
FAIL: gcc.c-torture/execute/builtins/pr23484-chk.c execution,  -O2 
WARNING: program timed out.
FAIL: gcc.c-torture/execute/builtins/pr23484-chk.c execution,  -O3 -fomit-frame-pointer 
WARNING: program timed out.
FAIL: gcc.c-torture/execute/builtins/pr23484-chk.c execution,  -O3 -g 
WARNING: program timed out.
FAIL: gcc.c-torture/execute/builtins/pr23484-chk.c execution,  -Os 
FAIL: gcc.c-torture/execute/builtins/snprintf-chk.c execution,  -O1 
FAIL: gcc.c-torture/execute/builtins/snprintf-chk.c execution,  -O2 
WARNING: program timed out.
FAIL: gcc.c-torture/execute/builtins/snprintf-chk.c execution,  -O3 -fomit-frame-pointer 
WARNING: program timed out.
FAIL: gcc.c-torture/execute/builtins/snprintf-chk.c execution,  -O3 -fomit-frame-pointer -funroll-loops 
WARNING: program timed out.
FAIL: gcc.c-torture/execute/builtins/snprintf-chk.c execution,  -O3 -fomit-frame-pointer -funroll-all-loops -finline-functions 
WARNING: program timed out.
FAIL: gcc.c-torture/execute/builtins/snprintf-chk.c execution,  -O3 -g 
WARNING: program timed out.
FAIL: gcc.c-torture/execute/builtins/snprintf-chk.c execution,  -Os 
FAIL: gcc.c-torture/execute/builtins/sprintf-chk.c execution,  -O1 
FAIL: gcc.c-torture/execute/builtins/sprintf-chk.c execution,  -O2 
WARNING: program timed out.
FAIL: gcc.c-torture/execute/builtins/sprintf-chk.c execution,  -O3 -fomit-frame-pointer 
WARNING: program timed out.
FAIL: gcc.c-torture/execute/builtins/sprintf-chk.c execution,  -O3 -fomit-frame-pointer -funroll-loops 
FAIL: gcc.c-torture/execute/builtins/sprintf-chk.c execution,  -O3 -fomit-frame-pointer -funroll-all-loops -finline-functions 
WARNING: program timed out.
FAIL: gcc.c-torture/execute/builtins/sprintf-chk.c execution,  -O3 -g 
WARNING: program timed out.
FAIL: gcc.c-torture/execute/builtins/sprintf-chk.c execution,  -Os 
WARNING: program timed out.
FAIL: gcc.c-torture/execute/builtins/vsnprintf-chk.c execution,  -O1 
WARNING: program timed out.
FAIL: gcc.c-torture/execute/builtins/vsnprintf-chk.c execution,  -O2 
WARNING: program timed out.
FAIL: gcc.c-torture/execute/builtins/vsnprintf-chk.c execution,  -O3 -fomit-frame-pointer 
WARNING: program timed out.
FAIL: gcc.c-torture/execute/builtins/vsnprintf-chk.c execution,  -O3 -fomit-frame-pointer -funroll-loops 
WARNING: program timed out.
FAIL: gcc.c-torture/execute/builtins/vsnprintf-chk.c execution,  -O3 -fomit-frame-pointer -funroll-all-loops -finline-functions 
WARNING: program timed out.
FAIL: gcc.c-torture/execute/builtins/vsnprintf-chk.c execution,  -O3 -g 
WARNING: program timed out.
FAIL: gcc.c-torture/execute/builtins/vsnprintf-chk.c execution,  -Os 
WARNING: program timed out.
FAIL: gcc.c-torture/execute/builtins/vsprintf-chk.c execution,  -O1 
FAIL: gcc.c-torture/execute/builtins/vsprintf-chk.c execution,  -O2 
FAIL: gcc.c-torture/execute/builtins/vsprintf-chk.c execution,  -O3 -fomit-frame-pointer 
WARNING: program timed out.
FAIL: gcc.c-torture/execute/builtins/vsprintf-chk.c execution,  -O3 -fomit-frame-pointer -funroll-loops 
WARNING: program timed out.
FAIL: gcc.c-torture/execute/builtins/vsprintf-chk.c execution,  -O3 -fomit-frame-pointer -funroll-all-loops -finline-functions 
WARNING: program timed out.
FAIL: gcc.c-torture/execute/builtins/vsprintf-chk.c execution,  -O3 -g 
WARNING: program timed out.
FAIL: gcc.c-torture/execute/builtins/vsprintf-chk.c execution,  -Os 
WARNING: program timed out.
FAIL: gcc.c-torture/execute/20000402-1.c execution,  -O0 
WARNING: program timed out.
FAIL: gcc.c-torture/execute/20000523-1.c execution,  -O0 
WARNING: program timed out.
FAIL: gcc.c-torture/execute/20000603-1.c execution,  -O0 
FAIL: gcc.c-torture/execute/20000603-1.c execution,  -O1 
WARNING: program timed out.
FAIL: gcc.c-torture/execute/20000605-1.c execution,  -O0 
WARNING: program timed out.
FAIL: gcc.c-torture/execute/20000731-1.c execution,  -O0 
FAIL: gcc.c-torture/execute/20000731-1.c execution,  -O1 
WARNING: program timed out.
FAIL: gcc.c-torture/execute/20000731-1.c execution,  -O2 
FAIL: gcc.c-torture/execute/20000731-1.c execution,  -O3 -fomit-frame-pointer 
FAIL: gcc.c-torture/execute/20000731-1.c execution,  -O3 -fomit-frame-pointer -funroll-loops 
WARNING: program timed out.
FAIL: gcc.c-torture/execute/20000731-1.c execution,  -O3 -fomit-frame-pointer -funroll-all-loops -finline-functions 
WARNING: program timed out.
FAIL: gcc.c-torture/execute/20000731-1.c execution,  -O3 -g 
WARNING: program timed out.
FAIL: gcc.c-torture/execute/20000731-1.c execution,  -Os 
WARNING: program timed out.
FAIL: gcc.c-torture/execute/20010118-1.c execution,  -O0 
WARNING: program timed out.
FAIL: gcc.c-torture/execute/20010118-1.c execution,  -O1 
WARNING: program timed out.
FAIL: gcc.c-torture/execute/20010118-1.c execution,  -O2 
WARNING: program timed out.
FAIL: gcc.c-torture/execute/20010118-1.c execution,  -Os 
WARNING: program timed out.
FAIL: gcc.c-torture/execute/20010605-2.c execution,  -O0 
WARNING: program timed out.
FAIL: gcc.c-torture/execute/20010605-2.c execution,  -O1 
WARNING: program timed out.
FAIL: gcc.c-torture/execute/20010605-2.c execution,  -O2 
FAIL: gcc.c-torture/execute/20010605-2.c execution,  -O3 -fomit-frame-pointer 
WARNING: program timed out.
FAIL: gcc.c-torture/execute/20010605-2.c execution,  -O3 -g 
WARNING: program timed out.
FAIL: gcc.c-torture/execute/20010605-2.c execution,  -Os 
WARNING: program timed out.
FAIL: gcc.c-torture/execute/20011217-1.c execution,  -O0 
WARNING: program timed out.
FAIL: gcc.c-torture/execute/20020201-1.c execution,  -O0 
WARNING: program timed out.
FAIL: gcc.c-torture/execute/20020201-1.c execution,  -O1 
WARNING: program timed out.
FAIL: gcc.c-torture/execute/20020201-1.c execution,  -O2 
FAIL: gcc.c-torture/execute/20020201-1.c execution,  -O3 -fomit-frame-pointer 
WARNING: program timed out.
FAIL: gcc.c-torture/execute/20020201-1.c execution,  -O3 -g 
WARNING: program timed out.
FAIL: gcc.c-torture/execute/20020201-1.c execution,  -Os 
WARNING: program timed out.
FAIL: gcc.c-torture/execute/20020227-1.c execution,  -O0 
WARNING: program timed out.
FAIL: gcc.c-torture/execute/20020227-1.c execution,  -O1 
WARNING: program timed out.
FAIL: gcc.c-torture/execute/20020227-1.c execution,  -O2 
WARNING: program timed out.
FAIL: gcc.c-torture/execute/20020227-1.c execution,  -Os 
WARNING: program timed out.
FAIL: gcc.c-torture/execute/20020314-1.c execution,  -O0 
FAIL: gcc.c-torture/execute/20020314-1.c execution,  -O1 
FAIL: gcc.c-torture/execute/20020314-1.c execution,  -O2 
FAIL: gcc.c-torture/execute/20020314-1.c execution,  -O3 -fomit-frame-pointer 
FAIL: gcc.c-torture/execute/20020314-1.c execution,  -O3 -g 
FAIL: gcc.c-torture/execute/20020314-1.c execution,  -Os 
WARNING: program timed out.
FAIL: gcc.c-torture/execute/20020411-1.c execution,  -O0 
WARNING: program timed out.
FAIL: gcc.c-torture/execute/20020411-1.c execution,  -O1 
WARNING: program timed out.
FAIL: gcc.c-torture/execute/20020413-1.c execution,  -O0 
WARNING: program timed out.
FAIL: gcc.c-torture/execute/20020413-1.c execution,  -O1 
WARNING: program timed out.
FAIL: gcc.c-torture/execute/20020413-1.c execution,  -O2 
WARNING: program timed out.
FAIL: gcc.c-torture/execute/20020413-1.c execution,  -Os 
WARNING: program timed out.
FAIL: gcc.c-torture/execute/20020720-1.c execution,  -O0 
WARNING: program timed out.
FAIL: gcc.c-torture/execute/20021118-2.c execution,  -O0 
WARNING: program timed out.
FAIL: gcc.c-torture/execute/20021118-2.c execution,  -O1 
WARNING: program timed out.
FAIL: gcc.c-torture/execute/20021118-2.c execution,  -O2 
WARNING: program timed out.
FAIL: gcc.c-torture/execute/20021118-2.c execution,  -O3 -fomit-frame-pointer 
WARNING: program timed out.
FAIL: gcc.c-torture/execute/20021118-2.c execution,  -O3 -g 
WARNING: program timed out.
FAIL: gcc.c-torture/execute/20021118-2.c execution,  -Os 
WARNING: program timed out.
FAIL: gcc.c-torture/execute/20021120-1.c execution,  -O0 
FAIL: gcc.c-torture/execute/20021120-1.c execution,  -O1 
WARNING: program timed out.
FAIL: gcc.c-torture/execute/20021120-1.c execution,  -O2 
FAIL: gcc.c-torture/execute/20021120-1.c execution,  -O3 -fomit-frame-pointer 
WARNING: program timed out.
FAIL: gcc.c-torture/execute/20021120-1.c execution,  -O3 -fomit-frame-pointer -funroll-loops 
FAIL: gcc.c-torture/execute/20021120-1.c execution,  -O3 -fomit-frame-pointer -funroll-all-loops -finline-functions 
WARNING: program timed out.
FAIL: gcc.c-torture/execute/20021120-1.c execution,  -O3 -g 
WARNING: program timed out.
FAIL: gcc.c-torture/execute/20021120-1.c execution,  -Os 
WARNING: program timed out.
FAIL: gcc.c-torture/execute/20021120-3.c execution,  -O0 
WARNING: program timed out.
FAIL: gcc.c-torture/execute/20021120-3.c execution,  -O1 
WARNING: program timed out.
FAIL: gcc.c-torture/execute/20021120-3.c execution,  -O2 
WARNING: program timed out.
FAIL: gcc.c-torture/execute/20021120-3.c execution,  -O3 -fomit-frame-pointer 
WARNING: program timed out.
FAIL: gcc.c-torture/execute/20021120-3.c execution,  -O3 -g 
WARNING: program timed out.
FAIL: gcc.c-torture/execute/20021120-3.c execution,  -Os 
WARNING: program timed out.
FAIL: gcc.c-torture/execute/20030910-1.c execution,  -O0 
WARNING: program timed out.
FAIL: gcc.c-torture/execute/20030914-1.c execution,  -O0 
WARNING: program timed out.
FAIL: gcc.c-torture/execute/20030914-1.c execution,  -O1 
WARNING: program timed out.
FAIL: gcc.c-torture/execute/20030914-1.c execution,  -O2 
WARNING: program timed out.
FAIL: gcc.c-torture/execute/20030914-1.c execution,  -O3 -fomit-frame-pointer 
WARNING: program timed out.
FAIL: gcc.c-torture/execute/20030914-1.c execution,  -O3 -fomit-frame-pointer -funroll-loops 
FAIL: gcc.c-torture/execute/20030914-1.c execution,  -O3 -fomit-frame-pointer -funroll-all-loops -finline-functions 
WARNING: program timed out.
FAIL: gcc.c-torture/execute/20030914-1.c execution,  -O3 -g 
WARNING: program timed out.
FAIL: gcc.c-torture/execute/20030914-1.c execution,  -Os 
FAIL: gcc.c-torture/execute/20040208-1.c execution,  -O0 
WARNING: program timed out.
FAIL: gcc.c-torture/execute/20040709-1.c execution,  -O0 
WARNING: program timed out.
FAIL: gcc.c-torture/execute/20040709-1.c execution,  -O1 
WARNING: program timed out.
FAIL: gcc.c-torture/execute/20040709-1.c execution,  -O2 
WARNING: program timed out.
FAIL: gcc.c-torture/execute/20040709-1.c execution,  -Os 
FAIL: gcc.c-torture/execute/20040709-2.c execution,  -O0 
WARNING: program timed out.
FAIL: gcc.c-torture/execute/20040709-2.c execution,  -O1 
WARNING: program timed out.
FAIL: gcc.c-torture/execute/20040709-2.c execution,  -O2 
FAIL: gcc.c-torture/execute/20040709-2.c compilation,  -O3 -fomit-frame-pointer  (internal compiler error)
UNRESOLVED: gcc.c-torture/execute/20040709-2.c execution,  -O3 -fomit-frame-pointer 
FAIL: gcc.c-torture/execute/20040709-2.c compilation,  -O3 -fomit-frame-pointer -funroll-loops  (internal compiler error)
UNRESOLVED: gcc.c-torture/execute/20040709-2.c execution,  -O3 -fomit-frame-pointer -funroll-loops 
FAIL: gcc.c-torture/execute/20040709-2.c compilation,  -O3 -fomit-frame-pointer -funroll-all-loops -finline-functions  (internal compiler error)
UNRESOLVED: gcc.c-torture/execute/20040709-2.c execution,  -O3 -fomit-frame-pointer -funroll-all-loops -finline-functions 
FAIL: gcc.c-torture/execute/20040709-2.c compilation,  -O3 -g  (internal compiler error)
UNRESOLVED: gcc.c-torture/execute/20040709-2.c execution,  -O3 -g 
WARNING: program timed out.
FAIL: gcc.c-torture/execute/20040709-2.c execution,  -Os 
WARNING: program timed out.
FAIL: gcc.c-torture/execute/20040831-1.c execution,  -O0 
FAIL: gcc.c-torture/execute/20041113-1.c execution,  -O0 
WARNING: program timed out.
FAIL: gcc.c-torture/execute/20041113-1.c execution,  -O1 
WARNING: program timed out.
FAIL: gcc.c-torture/execute/20041113-1.c execution,  -O2 
FAIL: gcc.c-torture/execute/20041113-1.c execution,  -O3 -fomit-frame-pointer 
WARNING: program timed out.
FAIL: gcc.c-torture/execute/20041113-1.c execution,  -O3 -g 
WARNING: program timed out.
FAIL: gcc.c-torture/execute/20041113-1.c execution,  -Os 
WARNING: program timed out.
FAIL: gcc.c-torture/execute/20050121-1.c execution,  -O0 
WARNING: program timed out.
FAIL: gcc.c-torture/execute/20050121-1.c execution,  -O1 
WARNING: program timed out.
FAIL: gcc.c-torture/execute/20050316-2.c execution,  -O0 
FAIL: gcc.c-torture/execute/20050316-2.c execution,  -O1 
WARNING: program timed out.
FAIL: gcc.c-torture/execute/20050604-1.c execution,  -O0 
WARNING: program timed out.
FAIL: gcc.c-torture/execute/20050604-1.c execution,  -O1 
WARNING: program timed out.
FAIL: gcc.c-torture/execute/20050604-1.c execution,  -O2 
WARNING: program timed out.
FAIL: gcc.c-torture/execute/20050604-1.c execution,  -O3 -fomit-frame-pointer 
WARNING: program timed out.
FAIL: gcc.c-torture/execute/20050604-1.c execution,  -O3 -fomit-frame-pointer -funroll-loops 
FAIL: gcc.c-torture/execute/20050604-1.c execution,  -O3 -fomit-frame-pointer -funroll-all-loops -finline-functions 
WARNING: program timed out.
FAIL: gcc.c-torture/execute/20050604-1.c execution,  -O3 -g 
WARNING: program timed out.
FAIL: gcc.c-torture/execute/20050604-1.c execution,  -Os 
WARNING: program timed out.
FAIL: gcc.c-torture/execute/20060420-1.c execution,  -O0 
WARNING: program timed out.
FAIL: gcc.c-torture/execute/20060420-1.c execution,  -O1 
WARNING: program timed out.
FAIL: gcc.c-torture/execute/20060420-1.c execution,  -O2 
WARNING: program timed out.
FAIL: gcc.c-torture/execute/20060420-1.c execution,  -O3 -fomit-frame-pointer 
FAIL: gcc.c-torture/execute/20060420-1.c execution,  -O3 -fomit-frame-pointer -funroll-loops 
FAIL: gcc.c-torture/execute/20060420-1.c execution,  -O3 -fomit-frame-pointer -funroll-all-loops -finline-functions 
WARNING: program timed out.
FAIL: gcc.c-torture/execute/20060420-1.c execution,  -O3 -g 
WARNING: program timed out.
FAIL: gcc.c-torture/execute/20060420-1.c execution,  -Os 
WARNING: program timed out.
FAIL: gcc.c-torture/execute/20070614-1.c execution,  -O0 
WARNING: program timed out.
FAIL: gcc.c-torture/execute/20070614-1.c execution,  -O1 
WARNING: program timed out.
FAIL: gcc.c-torture/execute/20070614-1.c execution,  -O2 
WARNING: program timed out.
FAIL: gcc.c-torture/execute/20070614-1.c execution,  -O3 -fomit-frame-pointer 
FAIL: gcc.c-torture/execute/20070614-1.c execution,  -O3 -fomit-frame-pointer -funroll-loops 
FAIL: gcc.c-torture/execute/20070614-1.c execution,  -O3 -fomit-frame-pointer -funroll-all-loops -finline-functions 
WARNING: program timed out.
FAIL: gcc.c-torture/execute/20070614-1.c execution,  -O3 -g 
WARNING: program timed out.
FAIL: gcc.c-torture/execute/20070614-1.c execution,  -Os 
WARNING: program timed out.
FAIL: gcc.c-torture/execute/20071030-1.c execution,  -O0 
WARNING: program timed out.
FAIL: gcc.c-torture/execute/20071030-1.c execution,  -O1 
WARNING: program timed out.
FAIL: gcc.c-torture/execute/20071030-1.c execution,  -O2 
WARNING: program timed out.
FAIL: gcc.c-torture/execute/20071030-1.c execution,  -O3 -fomit-frame-pointer 
WARNING: program timed out.
FAIL: gcc.c-torture/execute/20071030-1.c execution,  -O3 -fomit-frame-pointer -funroll-loops 
FAIL: gcc.c-torture/execute/20071030-1.c execution,  -O3 -fomit-frame-pointer -funroll-all-loops -finline-functions 
WARNING: program timed out.
FAIL: gcc.c-torture/execute/20071030-1.c execution,  -O3 -g 
WARNING: program timed out.
FAIL: gcc.c-torture/execute/20071030-1.c execution,  -Os 
WARNING: program timed out.
FAIL: gcc.c-torture/execute/20080502-1.c execution,  -O0 
WARNING: program timed out.
FAIL: gcc.c-torture/execute/20080502-1.c execution,  -O1 
WARNING: program timed out.
FAIL: gcc.c-torture/execute/20080502-1.c execution,  -O2 
FAIL: gcc.c-torture/execute/20080502-1.c execution,  -O3 -fomit-frame-pointer 
WARNING: program timed out.
FAIL: gcc.c-torture/execute/20080502-1.c execution,  -O3 -g 
WARNING: program timed out.
FAIL: gcc.c-torture/execute/20080502-1.c execution,  -Os 
WARNING: program timed out.
FAIL: gcc.c-torture/execute/20080529-1.c execution,  -O0 
WARNING: program timed out.
FAIL: gcc.c-torture/execute/20080529-1.c execution,  -O1 
WARNING: program timed out.
FAIL: gcc.c-torture/execute/920501-2.c execution,  -O0 
WARNING: program timed out.
FAIL: gcc.c-torture/execute/920501-2.c execution,  -O1 
WARNING: program timed out.
FAIL: gcc.c-torture/execute/920501-2.c execution,  -O2 
FAIL: gcc.c-torture/execute/920501-2.c execution,  -O3 -fomit-frame-pointer 
FAIL: gcc.c-torture/execute/920501-2.c execution,  -O3 -fomit-frame-pointer -funroll-loops 
FAIL: gcc.c-torture/execute/920501-2.c execution,  -O3 -fomit-frame-pointer -funroll-all-loops -finline-functions 
FAIL: gcc.c-torture/execute/920501-2.c execution,  -O3 -g 
WARNING: program timed out.
FAIL: gcc.c-torture/execute/920501-2.c execution,  -Os 
WARNING: program timed out.
FAIL: gcc.c-torture/execute/920501-6.c execution,  -O0 
WARNING: program timed out.
FAIL: gcc.c-torture/execute/920501-6.c execution,  -O1 
WARNING: program timed out.
FAIL: gcc.c-torture/execute/920501-6.c execution,  -O2 
WARNING: program timed out.
FAIL: gcc.c-torture/execute/920501-6.c execution,  -O3 -fomit-frame-pointer 
WARNING: program timed out.
FAIL: gcc.c-torture/execute/920501-6.c execution,  -O3 -fomit-frame-pointer -funroll-loops 
WARNING: program timed out.
FAIL: gcc.c-torture/execute/920501-6.c execution,  -O3 -fomit-frame-pointer -funroll-all-loops -finline-functions 
WARNING: program timed out.
FAIL: gcc.c-torture/execute/920501-6.c execution,  -O3 -g 
WARNING: program timed out.
FAIL: gcc.c-torture/execute/920501-6.c execution,  -Os 
WARNING: program timed out.
FAIL: gcc.c-torture/execute/920501-8.c execution,  -O0 
WARNING: program timed out.
FAIL: gcc.c-torture/execute/920501-8.c execution,  -O1 
WARNING: program timed out.
FAIL: gcc.c-torture/execute/920501-8.c execution,  -O2 
FAIL: gcc.c-torture/execute/920501-8.c execution,  -O3 -fomit-frame-pointer 
WARNING: program timed out.
FAIL: gcc.c-torture/execute/920501-8.c execution,  -O3 -g 
WARNING: program timed out.
FAIL: gcc.c-torture/execute/920501-8.c execution,  -Os 
WARNING: program timed out.
FAIL: gcc.c-torture/execute/920604-1.c execution,  -O0 
WARNING: program timed out.
FAIL: gcc.c-torture/execute/920625-1.c execution,  -O0 
WARNING: program timed out.
FAIL: gcc.c-torture/execute/920625-1.c execution,  -O1 
WARNING: program timed out.
FAIL: gcc.c-torture/execute/920625-1.c execution,  -O2 
FAIL: gcc.c-torture/execute/920625-1.c execution,  -O3 -fomit-frame-pointer 
WARNING: program timed out.
FAIL: gcc.c-torture/execute/920625-1.c execution,  -O3 -fomit-frame-pointer -funroll-loops 
FAIL: gcc.c-torture/execute/920625-1.c execution,  -O3 -fomit-frame-pointer -funroll-all-loops -finline-functions 
WARNING: program timed out.
FAIL: gcc.c-torture/execute/920625-1.c execution,  -O3 -g 
WARNING: program timed out.
FAIL: gcc.c-torture/execute/920625-1.c execution,  -Os 
WARNING: program timed out.
FAIL: gcc.c-torture/execute/920726-1.c execution,  -O0 
WARNING: program timed out.
FAIL: gcc.c-torture/execute/920726-1.c execution,  -O1 
WARNING: program timed out.
FAIL: gcc.c-torture/execute/920726-1.c execution,  -O2 
FAIL: gcc.c-torture/execute/920726-1.c execution,  -O3 -fomit-frame-pointer 
FAIL: gcc.c-torture/execute/920726-1.c execution,  -O3 -fomit-frame-pointer -funroll-loops 
FAIL: gcc.c-torture/execute/920726-1.c execution,  -O3 -fomit-frame-pointer -funroll-all-loops -finline-functions 
WARNING: program timed out.
FAIL: gcc.c-torture/execute/920726-1.c execution,  -O3 -g 
WARNING: program timed out.
FAIL: gcc.c-torture/execute/920726-1.c execution,  -Os 
WARNING: program timed out.
FAIL: gcc.c-torture/execute/921013-1.c execution,  -O0 
WARNING: program timed out.
FAIL: gcc.c-torture/execute/921013-1.c execution,  -O1 
WARNING: program timed out.
FAIL: gcc.c-torture/execute/921013-1.c execution,  -O2 
WARNING: program timed out.
FAIL: gcc.c-torture/execute/921013-1.c execution,  -O3 -fomit-frame-pointer 
WARNING: program timed out.
FAIL: gcc.c-torture/execute/921013-1.c execution,  -O3 -fomit-frame-pointer -funroll-loops 
FAIL: gcc.c-torture/execute/921013-1.c execution,  -O3 -fomit-frame-pointer -funroll-all-loops -finline-functions 
WARNING: program timed out.
FAIL: gcc.c-torture/execute/921013-1.c execution,  -O3 -g 
WARNING: program timed out.
FAIL: gcc.c-torture/execute/921013-1.c execution,  -Os 
WARNING: program timed out.
FAIL: gcc.c-torture/execute/921019-2.c execution,  -O0 
FAIL: gcc.c-torture/execute/921124-1.c execution,  -O0 
WARNING: program timed out.
FAIL: gcc.c-torture/execute/921124-1.c execution,  -O1 
WARNING: program timed out.
FAIL: gcc.c-torture/execute/921124-1.c execution,  -O2 
WARNING: program timed out.
FAIL: gcc.c-torture/execute/921124-1.c execution,  -Os 
WARNING: program timed out.
FAIL: gcc.c-torture/execute/921208-1.c execution,  -O0 
FAIL: gcc.c-torture/execute/921208-1.c execution,  -O1 
FAIL: gcc.c-torture/execute/921208-1.c execution,  -O2 
WARNING: program timed out.
FAIL: gcc.c-torture/execute/921208-1.c execution,  -O3 -fomit-frame-pointer 
WARNING: program timed out.
FAIL: gcc.c-torture/execute/921208-1.c execution,  -O3 -g 
FAIL: gcc.c-torture/execute/921208-1.c execution,  -Os 
WARNING: program timed out.
FAIL: gcc.c-torture/execute/930106-1.c execution,  -O0 
FAIL: gcc.c-torture/execute/930106-1.c execution,  -O1 
FAIL: gcc.c-torture/execute/930111-1.c execution,  -O0 
FAIL: gcc.c-torture/execute/930111-1.c execution,  -O1 
FAIL: gcc.c-torture/execute/930111-1.c execution,  -O2 
FAIL: gcc.c-torture/execute/930111-1.c execution,  -O3 -fomit-frame-pointer 
FAIL: gcc.c-torture/execute/930111-1.c execution,  -O3 -g 
FAIL: gcc.c-torture/execute/930111-1.c execution,  -Os 
WARNING: program timed out.
FAIL: gcc.c-torture/execute/930513-1.c execution,  -O0 
WARNING: program timed out.
FAIL: gcc.c-torture/execute/930513-1.c execution,  -O1 
WARNING: program timed out.
FAIL: gcc.c-torture/execute/930513-1.c execution,  -O2 
WARNING: program timed out.
FAIL: gcc.c-torture/execute/930513-1.c execution,  -O3 -fomit-frame-pointer 
WARNING: program timed out.
FAIL: gcc.c-torture/execute/930513-1.c execution,  -O3 -g 
WARNING: program timed out.
FAIL: gcc.c-torture/execute/930513-1.c execution,  -Os 
WARNING: program timed out.
FAIL: gcc.c-torture/execute/930603-1.c execution,  -O0 
WARNING: program timed out.
FAIL: gcc.c-torture/execute/930603-1.c execution,  -O1 
WARNING: program timed out.
FAIL: gcc.c-torture/execute/930614-1.c execution,  -O0 
WARNING: program timed out.
FAIL: gcc.c-torture/execute/930614-1.c execution,  -O1 
WARNING: program timed out.
FAIL: gcc.c-torture/execute/930614-2.c execution,  -O0 
WARNING: program timed out.
FAIL: gcc.c-torture/execute/930622-2.c execution,  -O0 
WARNING: program timed out.
FAIL: gcc.c-torture/execute/930622-2.c execution,  -O1 
WARNING: program timed out.
FAIL: gcc.c-torture/execute/930702-1.c execution,  -O0 
FAIL: gcc.c-torture/execute/930702-1.c execution,  -O1 
FAIL: gcc.c-torture/execute/930702-1.c execution,  -O2 
FAIL: gcc.c-torture/execute/930702-1.c execution,  -Os 
FAIL: gcc.c-torture/execute/930818-1.c execution,  -O0 
WARNING: program timed out.
FAIL: gcc.c-torture/execute/941021-1.c execution,  -O0 
WARNING: program timed out.
FAIL: gcc.c-torture/execute/941021-1.c execution,  -O1 
FAIL: gcc.c-torture/execute/960215-1.c execution,  -O0 
WARNING: program timed out.
FAIL: gcc.c-torture/execute/960215-1.c execution,  -O1 
WARNING: program timed out.
FAIL: gcc.c-torture/execute/960215-1.c execution,  -O2 
FAIL: gcc.c-torture/execute/960215-1.c execution,  -O3 -fomit-frame-pointer 
WARNING: program timed out.
FAIL: gcc.c-torture/execute/960215-1.c execution,  -O3 -g 
WARNING: program timed out.
FAIL: gcc.c-torture/execute/960215-1.c execution,  -Os 
WARNING: program timed out.
FAIL: gcc.c-torture/execute/960405-1.c execution,  -O0 
WARNING: program timed out.
FAIL: gcc.c-torture/execute/960405-1.c execution,  -O1 
FAIL: gcc.c-torture/execute/960405-1.c execution,  -O2 
FAIL: gcc.c-torture/execute/960405-1.c execution,  -O3 -fomit-frame-pointer 
WARNING: program timed out.
FAIL: gcc.c-torture/execute/960405-1.c execution,  -O3 -g 
WARNING: program timed out.
FAIL: gcc.c-torture/execute/960405-1.c execution,  -Os 
WARNING: program timed out.
FAIL: gcc.c-torture/execute/960512-1.c execution,  -O0 
WARNING: program timed out.
FAIL: gcc.c-torture/execute/960512-1.c execution,  -O1 
WARNING: program timed out.
FAIL: gcc.c-torture/execute/960513-1.c execution,  -O0 
WARNING: program timed out.
FAIL: gcc.c-torture/execute/960513-1.c execution,  -O1 
WARNING: program timed out.
FAIL: gcc.c-torture/execute/961223-1.c execution,  -O0 
WARNING: program timed out.
FAIL: gcc.c-torture/execute/980205.c execution,  -O0 
WARNING: program timed out.
FAIL: gcc.c-torture/execute/980205.c execution,  -O1 
WARNING: program timed out.
FAIL: gcc.c-torture/execute/980205.c execution,  -O2 
FAIL: gcc.c-torture/execute/980205.c execution,  -O3 -fomit-frame-pointer 
WARNING: program timed out.
FAIL: gcc.c-torture/execute/980205.c execution,  -O3 -g 
WARNING: program timed out.
FAIL: gcc.c-torture/execute/980205.c execution,  -Os 
WARNING: program timed out.
FAIL: gcc.c-torture/execute/980604-1.c execution,  -O0 
WARNING: program timed out.
FAIL: gcc.c-torture/execute/980604-1.c execution,  -O1 
WARNING: program timed out.
FAIL: gcc.c-torture/execute/980604-1.c execution,  -O2 
FAIL: gcc.c-torture/execute/980604-1.c execution,  -O3 -fomit-frame-pointer 
WARNING: program timed out.
FAIL: gcc.c-torture/execute/980604-1.c execution,  -O3 -g 
WARNING: program timed out.
FAIL: gcc.c-torture/execute/980604-1.c execution,  -Os 
WARNING: program timed out.
FAIL: gcc.c-torture/execute/980605-1.c execution,  -O0 
WARNING: program timed out.
FAIL: gcc.c-torture/execute/980605-1.c execution,  -O1 
WARNING: program timed out.
FAIL: gcc.c-torture/execute/980605-1.c execution,  -O2 
WARNING: program timed out.
FAIL: gcc.c-torture/execute/980605-1.c execution,  -O3 -fomit-frame-pointer 
WARNING: program timed out.
FAIL: gcc.c-torture/execute/980605-1.c execution,  -O3 -g 
WARNING: program timed out.
FAIL: gcc.c-torture/execute/980605-1.c execution,  -Os 
WARNING: program timed out.
FAIL: gcc.c-torture/execute/980709-1.c execution,  -O0 
WARNING: program timed out.
FAIL: gcc.c-torture/execute/980709-1.c execution,  -O1 
WARNING: program timed out.
FAIL: gcc.c-torture/execute/980709-1.c execution,  -O2 
FAIL: gcc.c-torture/execute/980709-1.c execution,  -O3 -fomit-frame-pointer 
WARNING: program timed out.
FAIL: gcc.c-torture/execute/980709-1.c execution,  -O3 -g 
WARNING: program timed out.
FAIL: gcc.c-torture/execute/980709-1.c execution,  -Os 
WARNING: program timed out.
FAIL: gcc.c-torture/execute/990117-1.c execution,  -O0 
WARNING: program timed out.
FAIL: gcc.c-torture/execute/990117-1.c execution,  -O1 
WARNING: program timed out.
FAIL: gcc.c-torture/execute/990117-1.c execution,  -O2 
FAIL: gcc.c-torture/execute/990117-1.c execution,  -Os 
WARNING: program timed out.
FAIL: gcc.c-torture/execute/990127-2.c execution,  -O0 
FAIL: gcc.c-torture/execute/990127-2.c execution,  -O1 
FAIL: gcc.c-torture/execute/990127-2.c execution,  -O2 
FAIL: gcc.c-torture/execute/990127-2.c execution,  -Os 
WARNING: program timed out.
FAIL: gcc.c-torture/execute/990829-1.c execution,  -O0 
WARNING: program timed out.
FAIL: gcc.c-torture/execute/990829-1.c execution,  -O1 
WARNING: program timed out.
FAIL: gcc.c-torture/execute/991019-1.c execution,  -O0 
WARNING: program timed out.
FAIL: gcc.c-torture/execute/991019-1.c execution,  -O1 
WARNING: program timed out.
FAIL: gcc.c-torture/execute/991030-1.c execution,  -O0 
WARNING: program timed out.
FAIL: gcc.c-torture/execute/991030-1.c execution,  -O1 
FAIL: gcc.c-torture/execute/991030-1.c execution,  -O2 
FAIL: gcc.c-torture/execute/991030-1.c execution,  -O3 -fomit-frame-pointer 
WARNING: program timed out.
FAIL: gcc.c-torture/execute/991030-1.c execution,  -O3 -g 
WARNING: program timed out.
FAIL: gcc.c-torture/execute/991030-1.c execution,  -Os 
WARNING: program timed out.
FAIL: gcc.c-torture/execute/align-2.c execution,  -O0 
WARNING: program timed out.
FAIL: gcc.c-torture/execute/align-2.c execution,  -O1 
WARNING: program timed out.
FAIL: gcc.c-torture/execute/align-2.c execution,  -O2 
FAIL: gcc.c-torture/execute/align-2.c execution,  -O3 -fomit-frame-pointer 
WARNING: program timed out.
FAIL: gcc.c-torture/execute/align-2.c execution,  -O3 -g 
WARNING: program timed out.
FAIL: gcc.c-torture/execute/align-2.c execution,  -Os 
WARNING: program timed out.
FAIL: gcc.c-torture/execute/arith-rand-ll.c execution,  -O0 
WARNING: program timed out.
FAIL: gcc.c-torture/execute/arith-rand-ll.c execution,  -O1 
WARNING: program timed out.
FAIL: gcc.c-torture/execute/arith-rand-ll.c execution,  -O2 
FAIL: gcc.c-torture/execute/arith-rand-ll.c execution,  -O3 -fomit-frame-pointer 
WARNING: program timed out.
FAIL: gcc.c-torture/execute/arith-rand-ll.c execution,  -O3 -fomit-frame-pointer -funroll-loops 
FAIL: gcc.c-torture/execute/arith-rand-ll.c execution,  -O3 -fomit-frame-pointer -funroll-all-loops -finline-functions 
FAIL: gcc.c-torture/execute/arith-rand-ll.c execution,  -O3 -g 
WARNING: program timed out.
FAIL: gcc.c-torture/execute/arith-rand-ll.c execution,  -Os 
FAIL: gcc.c-torture/execute/builtin-bitops-1.c execution,  -O0 
WARNING: program timed out.
FAIL: gcc.c-torture/execute/builtin-bitops-1.c execution,  -O1 
FAIL: gcc.c-torture/execute/builtin-bitops-1.c execution,  -O2 
FAIL: gcc.c-torture/execute/builtin-bitops-1.c execution,  -O3 -fomit-frame-pointer 
FAIL: gcc.c-torture/execute/builtin-bitops-1.c execution,  -O3 -fomit-frame-pointer -funroll-loops 
FAIL: gcc.c-torture/execute/builtin-bitops-1.c execution,  -O3 -fomit-frame-pointer -funroll-all-loops -finline-functions 
FAIL: gcc.c-torture/execute/builtin-bitops-1.c execution,  -O3 -g 
FAIL: gcc.c-torture/execute/builtin-bitops-1.c execution,  -Os 
WARNING: program timed out.
FAIL: gcc.c-torture/execute/complex-1.c execution,  -O0 
WARNING: program timed out.
FAIL: gcc.c-torture/execute/complex-1.c execution,  -O1 
WARNING: program timed out.
FAIL: gcc.c-torture/execute/complex-2.c execution,  -O0 
WARNING: program timed out.
FAIL: gcc.c-torture/execute/complex-2.c execution,  -O1 
FAIL: gcc.c-torture/execute/complex-2.c execution,  -O2 
FAIL: gcc.c-torture/execute/complex-2.c execution,  -O3 -fomit-frame-pointer 
FAIL: gcc.c-torture/execute/complex-2.c execution,  -O3 -g 
FAIL: gcc.c-torture/execute/complex-2.c execution,  -Os 
FAIL: gcc.c-torture/execute/complex-3.c execution,  -O0 
FAIL: gcc.c-torture/execute/complex-3.c execution,  -O1 
WARNING: program timed out.
FAIL: gcc.c-torture/execute/complex-5.c execution,  -O0 
WARNING: program timed out.
FAIL: gcc.c-torture/execute/complex-5.c execution,  -O1 
WARNING: program timed out.
FAIL: gcc.c-torture/execute/complex-5.c execution,  -O2 
FAIL: gcc.c-torture/execute/complex-5.c execution,  -O3 -fomit-frame-pointer 
WARNING: program timed out.
FAIL: gcc.c-torture/execute/complex-5.c execution,  -O3 -g 
WARNING: program timed out.
FAIL: gcc.c-torture/execute/complex-5.c execution,  -Os 
WARNING: program timed out.
FAIL: gcc.c-torture/execute/complex-6.c execution,  -O0 
FAIL: gcc.c-torture/execute/complex-6.c execution,  -O1 
WARNING: program timed out.
FAIL: gcc.c-torture/execute/complex-7.c execution,  -O0 
WARNING: program timed out.
FAIL: gcc.c-torture/execute/complex-7.c execution,  -O1 
WARNING: program timed out.
FAIL: gcc.c-torture/execute/complex-7.c execution,  -O2 
FAIL: gcc.c-torture/execute/complex-7.c execution,  -O3 -fomit-frame-pointer 
WARNING: program timed out.
FAIL: gcc.c-torture/execute/complex-7.c execution,  -O3 -g 
WARNING: program timed out.
FAIL: gcc.c-torture/execute/complex-7.c execution,  -Os 
WARNING: program timed out.
FAIL: gcc.c-torture/execute/conversion.c execution,  -O0 
FAIL: gcc.c-torture/execute/conversion.c execution,  -O1 
WARNING: program timed out.
FAIL: gcc.c-torture/execute/conversion.c execution,  -O2 
WARNING: program timed out.
FAIL: gcc.c-torture/execute/conversion.c execution,  -Os 
WARNING: program timed out.
FAIL: gcc.c-torture/execute/cvt-1.c execution,  -O0 
WARNING: program timed out.
FAIL: gcc.c-torture/execute/cvt-1.c execution,  -O1 
FAIL: gcc.c-torture/execute/cvt-1.c execution,  -O2 
FAIL: gcc.c-torture/execute/cvt-1.c execution,  -Os 
WARNING: program timed out.
FAIL: gcc.c-torture/execute/divconst-3.c execution,  -O0 
WARNING: program timed out.
FAIL: gcc.c-torture/execute/divconst-3.c execution,  -O1 
FAIL: gcc.c-torture/execute/ffs-2.c execution,  -O0 
FAIL: gcc.c-torture/execute/ffs-2.c execution,  -O1 
FAIL: gcc.c-torture/execute/ffs-2.c execution,  -O2 
WARNING: program timed out.
FAIL: gcc.c-torture/execute/ffs-2.c execution,  -O3 -fomit-frame-pointer 
FAIL: gcc.c-torture/execute/ffs-2.c execution,  -O3 -fomit-frame-pointer -funroll-loops 
FAIL: gcc.c-torture/execute/ffs-2.c execution,  -O3 -fomit-frame-pointer -funroll-all-loops -finline-functions 
WARNING: program timed out.
FAIL: gcc.c-torture/execute/ffs-2.c execution,  -O3 -g 
FAIL: gcc.c-torture/execute/ffs-2.c execution,  -Os 
WARNING: program timed out.
FAIL: gcc.c-torture/execute/float-floor.c execution,  -O0 
WARNING: program timed out.
FAIL: gcc.c-torture/execute/float-floor.c execution,  -O1 
WARNING: program timed out.
FAIL: gcc.c-torture/execute/float-floor.c execution,  -O2 
FAIL: gcc.c-torture/execute/float-floor.c execution,  -O3 -fomit-frame-pointer 
WARNING: program timed out.
FAIL: gcc.c-torture/execute/float-floor.c execution,  -O3 -g 
WARNING: program timed out.
FAIL: gcc.c-torture/execute/float-floor.c execution,  -Os 
WARNING: program timed out.
FAIL: gcc.c-torture/execute/floatunsisf-1.c execution,  -O0 
WARNING: program timed out.
FAIL: gcc.c-torture/execute/floatunsisf-1.c execution,  -O1 
WARNING: program timed out.
FAIL: gcc.c-torture/execute/floatunsisf-1.c execution,  -O2 
FAIL: gcc.c-torture/execute/floatunsisf-1.c execution,  -O3 -fomit-frame-pointer 
WARNING: program timed out.
FAIL: gcc.c-torture/execute/floatunsisf-1.c execution,  -O3 -g 
WARNING: program timed out.
FAIL: gcc.c-torture/execute/floatunsisf-1.c execution,  -Os 
WARNING: program timed out.
FAIL: gcc.c-torture/execute/func-ptr-1.c execution,  -O0 
WARNING: program timed out.
FAIL: gcc.c-torture/execute/func-ptr-1.c execution,  -O1 
WARNING: program timed out.
FAIL: gcc.c-torture/execute/func-ptr-1.c execution,  -O2 
FAIL: gcc.c-torture/execute/func-ptr-1.c execution,  -O3 -fomit-frame-pointer 
WARNING: program timed out.
FAIL: gcc.c-torture/execute/func-ptr-1.c execution,  -O3 -g 
WARNING: program timed out.
FAIL: gcc.c-torture/execute/func-ptr-1.c execution,  -Os 
WARNING: program timed out.
FAIL: gcc.c-torture/execute/gofast.c execution,  -O0 
FAIL: gcc.c-torture/execute/gofast.c execution,  -O1 
WARNING: program timed out.
FAIL: gcc.c-torture/execute/loop-8.c execution,  -O0 
FAIL: gcc.c-torture/execute/loop-8.c execution,  -O1 
WARNING: program timed out.
FAIL: gcc.c-torture/execute/loop-8.c execution,  -O2 
WARNING: program timed out.
FAIL: gcc.c-torture/execute/loop-8.c execution,  -O3 -fomit-frame-pointer 
FAIL: gcc.c-torture/execute/loop-8.c execution,  -O3 -fomit-frame-pointer -funroll-loops 
FAIL: gcc.c-torture/execute/loop-8.c execution,  -O3 -fomit-frame-pointer -funroll-all-loops -finline-functions 
WARNING: program timed out.
FAIL: gcc.c-torture/execute/loop-8.c execution,  -O3 -g 
WARNING: program timed out.
FAIL: gcc.c-torture/execute/loop-8.c execution,  -Os 
FAIL: gcc.c-torture/execute/loop-ivopts-1.c execution,  -O0 
WARNING: program timed out.
FAIL: gcc.c-torture/execute/loop-ivopts-1.c execution,  -O1 
WARNING: program timed out.
FAIL: gcc.c-torture/execute/loop-ivopts-1.c execution,  -O2 
WARNING: program timed out.
FAIL: gcc.c-torture/execute/loop-ivopts-1.c execution,  -O3 -fomit-frame-pointer 
FAIL: gcc.c-torture/execute/loop-ivopts-1.c execution,  -O3 -fomit-frame-pointer -funroll-loops 
FAIL: gcc.c-torture/execute/loop-ivopts-1.c execution,  -O3 -fomit-frame-pointer -funroll-all-loops -finline-functions 
WARNING: program timed out.
FAIL: gcc.c-torture/execute/loop-ivopts-1.c execution,  -O3 -g 
WARNING: program timed out.
FAIL: gcc.c-torture/execute/loop-ivopts-1.c execution,  -Os 
WARNING: program timed out.
FAIL: gcc.c-torture/execute/nest-stdar-1.c execution,  -O0 
WARNING: program timed out.
FAIL: gcc.c-torture/execute/nest-stdar-1.c execution,  -O1 
WARNING: program timed out.
FAIL: gcc.c-torture/execute/nest-stdar-1.c execution,  -O2 
FAIL: gcc.c-torture/execute/nest-stdar-1.c execution,  -O3 -fomit-frame-pointer 
WARNING: program timed out.
FAIL: gcc.c-torture/execute/nest-stdar-1.c execution,  -O3 -g 
WARNING: program timed out.
FAIL: gcc.c-torture/execute/nest-stdar-1.c execution,  -Os 
WARNING: program timed out.
FAIL: gcc.c-torture/execute/pr15262-1.c execution,  -O0 
WARNING: program timed out.
FAIL: gcc.c-torture/execute/pr15262-2.c execution,  -O0 
WARNING: program timed out.
FAIL: gcc.c-torture/execute/pr15262-2.c execution,  -O1 
WARNING: program timed out.
FAIL: gcc.c-torture/execute/pr15262-2.c execution,  -O2 
FAIL: gcc.c-torture/execute/pr15262-2.c execution,  -O3 -fomit-frame-pointer 
WARNING: program timed out.
FAIL: gcc.c-torture/execute/pr15262-2.c execution,  -O3 -g 
WARNING: program timed out.
FAIL: gcc.c-torture/execute/pr15262-2.c execution,  -Os 
WARNING: program timed out.
FAIL: gcc.c-torture/execute/pr15262.c execution,  -O0 
FAIL: gcc.c-torture/execute/pr15262.c execution,  -O1 
FAIL: gcc.c-torture/execute/pr23324.c execution,  -O0 
WARNING: program timed out.
FAIL: gcc.c-torture/execute/pr23324.c execution,  -O1 
WARNING: program timed out.
FAIL: gcc.c-torture/execute/pr23324.c execution,  -O2 
FAIL: gcc.c-torture/execute/pr23324.c execution,  -O3 -fomit-frame-pointer 
WARNING: program timed out.
FAIL: gcc.c-torture/execute/pr23324.c execution,  -O3 -g 
WARNING: program timed out.
FAIL: gcc.c-torture/execute/pr23324.c execution,  -Os 
FAIL: gcc.c-torture/execute/pr23941.c execution,  -O0 
WARNING: program timed out.
FAIL: gcc.c-torture/execute/pr23941.c execution,  -O1 
WARNING: program timed out.
FAIL: gcc.c-torture/execute/pr23941.c execution,  -O2 
FAIL: gcc.c-torture/execute/pr23941.c execution,  -O3 -fomit-frame-pointer 
WARNING: program timed out.
FAIL: gcc.c-torture/execute/pr23941.c execution,  -O3 -g 
WARNING: program timed out.
FAIL: gcc.c-torture/execute/pr23941.c execution,  -Os 
WARNING: program timed out.
FAIL: gcc.c-torture/execute/pr28982a.c execution,  -O0 
WARNING: program timed out.
FAIL: gcc.c-torture/execute/pr28982a.c execution,  -O1 
WARNING: program timed out.
FAIL: gcc.c-torture/execute/pr28982a.c execution,  -O2 
FAIL: gcc.c-torture/execute/pr28982a.c execution,  -O3 -fomit-frame-pointer 
FAIL: gcc.c-torture/execute/pr28982a.c execution,  -O3 -fomit-frame-pointer -funroll-loops 
FAIL: gcc.c-torture/execute/pr28982a.c execution,  -O3 -fomit-frame-pointer -funroll-all-loops -finline-functions 
WARNING: program timed out.
FAIL: gcc.c-torture/execute/pr28982a.c execution,  -O3 -g 
WARNING: program timed out.
FAIL: gcc.c-torture/execute/pr28982a.c execution,  -Os 
WARNING: program timed out.
FAIL: gcc.c-torture/execute/pr29798.c execution,  -O0 
WARNING: program timed out.
FAIL: gcc.c-torture/execute/pr30185.c execution,  -O0 
WARNING: program timed out.
FAIL: gcc.c-torture/execute/pr30185.c execution,  -O1 
WARNING: program timed out.
FAIL: gcc.c-torture/execute/pr30185.c execution,  -O2 
FAIL: gcc.c-torture/execute/pr30185.c execution,  -O3 -fomit-frame-pointer 
WARNING: program timed out.
FAIL: gcc.c-torture/execute/pr30185.c execution,  -O3 -g 
WARNING: program timed out.
FAIL: gcc.c-torture/execute/pr30185.c execution,  -Os 
WARNING: program timed out.
FAIL: gcc.c-torture/execute/pr33669.c execution,  -O0 
FAIL: gcc.c-torture/execute/pr33669.c execution,  -O1 
FAIL: gcc.c-torture/execute/pr33669.c execution,  -O2 
FAIL: gcc.c-torture/execute/pr33669.c execution,  -Os 
WARNING: program timed out.
FAIL: gcc.c-torture/execute/pr34154.c execution,  -O0 
WARNING: program timed out.
FAIL: gcc.c-torture/execute/pr34154.c execution,  -O1 
WARNING: program timed out.
FAIL: gcc.c-torture/execute/pr35456.c execution,  -O0 
FAIL: gcc.c-torture/execute/pr35456.c execution,  -O1 
FAIL: gcc.c-torture/execute/pr35456.c execution,  -O2 
FAIL: gcc.c-torture/execute/pr35456.c execution,  -O3 -fomit-frame-pointer 
FAIL: gcc.c-torture/execute/pr35456.c execution,  -O3 -g 
FAIL: gcc.c-torture/execute/pr35456.c execution,  -Os 
FAIL: gcc.c-torture/execute/pr35800.c compilation,  -Os  (internal compiler error)
UNRESOLVED: gcc.c-torture/execute/pr35800.c execution,  -Os 
FAIL: gcc.c-torture/execute/pr36034-1.c execution,  -O0 
WARNING: program timed out.
FAIL: gcc.c-torture/execute/pr36034-1.c execution,  -O1 
FAIL: gcc.c-torture/execute/pr36034-1.c execution,  -O2 
WARNING: program timed out.
FAIL: gcc.c-torture/execute/pr36034-1.c execution,  -O3 -fomit-frame-pointer 
WARNING: program timed out.
FAIL: gcc.c-torture/execute/pr36034-1.c execution,  -O3 -fomit-frame-pointer -funroll-loops 
FAIL: gcc.c-torture/execute/pr36034-1.c execution,  -O3 -fomit-frame-pointer -funroll-all-loops -finline-functions 
WARNING: program timed out.
FAIL: gcc.c-torture/execute/pr36034-1.c execution,  -O3 -g 
FAIL: gcc.c-torture/execute/pr36034-1.c execution,  -Os 
FAIL: gcc.c-torture/execute/pr36034-2.c execution,  -O0 
WARNING: program timed out.
FAIL: gcc.c-torture/execute/pr36034-2.c execution,  -O1 
FAIL: gcc.c-torture/execute/pr36034-2.c execution,  -O2 
WARNING: program timed out.
FAIL: gcc.c-torture/execute/pr36034-2.c execution,  -O3 -fomit-frame-pointer 
WARNING: program timed out.
FAIL: gcc.c-torture/execute/pr36034-2.c execution,  -O3 -fomit-frame-pointer -funroll-loops 
FAIL: gcc.c-torture/execute/pr36034-2.c execution,  -O3 -fomit-frame-pointer -funroll-all-loops -finline-functions 
WARNING: program timed out.
FAIL: gcc.c-torture/execute/pr36034-2.c execution,  -O3 -g 
FAIL: gcc.c-torture/execute/pr36034-2.c execution,  -Os 
WARNING: program timed out.
FAIL: gcc.c-torture/execute/pr36343.c execution,  -O0 
WARNING: program timed out.
FAIL: gcc.c-torture/execute/pr36343.c execution,  -O1 
WARNING: program timed out.
FAIL: gcc.c-torture/execute/pr36343.c execution,  -O2 
FAIL: gcc.c-torture/execute/pr36343.c execution,  -O3 -fomit-frame-pointer 
WARNING: program timed out.
FAIL: gcc.c-torture/execute/pr36343.c execution,  -O3 -g 
WARNING: program timed out.
FAIL: gcc.c-torture/execute/pr36343.c execution,  -Os 
FAIL: gcc.c-torture/execute/regstack-1.c execution,  -O0 
WARNING: program timed out.
FAIL: gcc.c-torture/execute/regstack-1.c execution,  -O1 
WARNING: program timed out.
FAIL: gcc.c-torture/execute/regstack-1.c execution,  -O2 
FAIL: gcc.c-torture/execute/regstack-1.c execution,  -O3 -fomit-frame-pointer 
WARNING: program timed out.
FAIL: gcc.c-torture/execute/regstack-1.c execution,  -O3 -g 
WARNING: program timed out.
FAIL: gcc.c-torture/execute/regstack-1.c execution,  -Os 
WARNING: program timed out.
FAIL: gcc.c-torture/execute/stdarg-1.c execution,  -O0 
WARNING: program timed out.
FAIL: gcc.c-torture/execute/stdarg-1.c execution,  -O1 
WARNING: program timed out.
FAIL: gcc.c-torture/execute/stdarg-1.c execution,  -O2 
WARNING: program timed out.
FAIL: gcc.c-torture/execute/stdarg-1.c execution,  -O3 -fomit-frame-pointer 
WARNING: program timed out.
FAIL: gcc.c-torture/execute/stdarg-1.c execution,  -O3 -g 
WARNING: program timed out.
FAIL: gcc.c-torture/execute/stdarg-1.c execution,  -Os 
WARNING: program timed out.
FAIL: gcc.c-torture/execute/stdarg-2.c execution,  -O0 
WARNING: program timed out.
FAIL: gcc.c-torture/execute/stdarg-2.c execution,  -O1 
WARNING: program timed out.
FAIL: gcc.c-torture/execute/stdarg-2.c execution,  -O2 
WARNING: program timed out.
FAIL: gcc.c-torture/execute/stdarg-2.c execution,  -O3 -fomit-frame-pointer 
WARNING: program timed out.
FAIL: gcc.c-torture/execute/stdarg-2.c execution,  -O3 -g 
WARNING: program timed out.
FAIL: gcc.c-torture/execute/stdarg-2.c execution,  -Os 
WARNING: program timed out.
FAIL: gcc.c-torture/execute/stdarg-3.c execution,  -O0 
WARNING: program timed out.
FAIL: gcc.c-torture/execute/stdarg-3.c execution,  -O1 
WARNING: program timed out.
FAIL: gcc.c-torture/execute/stdarg-3.c execution,  -O2 
FAIL: gcc.c-torture/execute/stdarg-3.c execution,  -O3 -fomit-frame-pointer 
WARNING: program timed out.
FAIL: gcc.c-torture/execute/stdarg-3.c execution,  -O3 -fomit-frame-pointer -funroll-loops 
FAIL: gcc.c-torture/execute/stdarg-3.c execution,  -O3 -fomit-frame-pointer -funroll-all-loops -finline-functions 
WARNING: program timed out.
FAIL: gcc.c-torture/execute/stdarg-3.c execution,  -O3 -g 
WARNING: program timed out.
FAIL: gcc.c-torture/execute/stdarg-3.c execution,  -Os 
WARNING: program timed out.
FAIL: gcc.c-torture/execute/stdarg-4.c execution,  -O0 
WARNING: program timed out.
FAIL: gcc.c-torture/execute/stdarg-4.c execution,  -O1 
WARNING: program timed out.
FAIL: gcc.c-torture/execute/stdarg-4.c execution,  -O2 
FAIL: gcc.c-torture/execute/stdarg-4.c execution,  -O3 -fomit-frame-pointer 
WARNING: program timed out.
FAIL: gcc.c-torture/execute/stdarg-4.c execution,  -O3 -g 
WARNING: program timed out.
FAIL: gcc.c-torture/execute/stdarg-4.c execution,  -Os 
WARNING: program timed out.
FAIL: gcc.c-torture/execute/strct-pack-1.c execution,  -O0 
WARNING: program timed out.
FAIL: gcc.c-torture/execute/strct-pack-1.c execution,  -O1 
WARNING: program timed out.
FAIL: gcc.c-torture/execute/struct-ret-1.c execution,  -O0 
WARNING: program timed out.
FAIL: gcc.c-torture/execute/struct-ret-1.c execution,  -O1 
WARNING: program timed out.
FAIL: gcc.c-torture/execute/struct-ret-1.c execution,  -O2 
FAIL: gcc.c-torture/execute/struct-ret-1.c execution,  -O3 -fomit-frame-pointer 
WARNING: program timed out.
FAIL: gcc.c-torture/execute/struct-ret-1.c execution,  -O3 -g 
WARNING: program timed out.
FAIL: gcc.c-torture/execute/struct-ret-1.c execution,  -Os 
WARNING: program timed out.
FAIL: gcc.c-torture/execute/va-arg-12.c execution,  -O0 
WARNING: program timed out.
FAIL: gcc.c-torture/execute/va-arg-12.c execution,  -O1 
WARNING: program timed out.
FAIL: gcc.c-torture/execute/va-arg-12.c execution,  -O2 
FAIL: gcc.c-torture/execute/va-arg-12.c execution,  -O3 -fomit-frame-pointer 
WARNING: program timed out.
FAIL: gcc.c-torture/execute/va-arg-12.c execution,  -O3 -g 
WARNING: program timed out.
FAIL: gcc.c-torture/execute/va-arg-12.c execution,  -Os 
FAIL: gcc.c-torture/execute/va-arg-15.c execution,  -O0 
WARNING: program timed out.
FAIL: gcc.c-torture/execute/va-arg-15.c execution,  -O1 
WARNING: program timed out.
FAIL: gcc.c-torture/execute/va-arg-15.c execution,  -O2 
FAIL: gcc.c-torture/execute/va-arg-15.c execution,  -O3 -fomit-frame-pointer 
WARNING: program timed out.
FAIL: gcc.c-torture/execute/va-arg-15.c execution,  -O3 -fomit-frame-pointer -funroll-loops 
FAIL: gcc.c-torture/execute/va-arg-15.c execution,  -O3 -fomit-frame-pointer -funroll-all-loops -finline-functions 
WARNING: program timed out.
FAIL: gcc.c-torture/execute/va-arg-15.c execution,  -O3 -g 
WARNING: program timed out.
FAIL: gcc.c-torture/execute/va-arg-15.c execution,  -Os 
WARNING: program timed out.
FAIL: gcc.c-torture/execute/va-arg-16.c execution,  -O0 
WARNING: program timed out.
FAIL: gcc.c-torture/execute/va-arg-16.c execution,  -O1 
WARNING: program timed out.
FAIL: gcc.c-torture/execute/va-arg-16.c execution,  -O2 
FAIL: gcc.c-torture/execute/va-arg-16.c execution,  -O3 -fomit-frame-pointer 
WARNING: program timed out.
FAIL: gcc.c-torture/execute/va-arg-16.c execution,  -O3 -g 
WARNING: program timed out.
FAIL: gcc.c-torture/execute/va-arg-16.c execution,  -Os 
WARNING: program timed out.
FAIL: gcc.c-torture/execute/va-arg-17.c execution,  -O0 
WARNING: program timed out.
FAIL: gcc.c-torture/execute/va-arg-17.c execution,  -O1 
WARNING: program timed out.
FAIL: gcc.c-torture/execute/va-arg-17.c execution,  -O2 
FAIL: gcc.c-torture/execute/va-arg-17.c execution,  -O3 -fomit-frame-pointer 
WARNING: program timed out.
FAIL: gcc.c-torture/execute/va-arg-17.c execution,  -O3 -g 
WARNING: program timed out.
FAIL: gcc.c-torture/execute/va-arg-17.c execution,  -Os 
WARNING: program timed out.
FAIL: gcc.c-torture/execute/va-arg-26.c execution,  -O0 
WARNING: program timed out.
FAIL: gcc.c-torture/execute/va-arg-26.c execution,  -O1 
WARNING: program timed out.
FAIL: gcc.c-torture/execute/va-arg-26.c execution,  -O2 
FAIL: gcc.c-torture/execute/va-arg-26.c execution,  -O3 -fomit-frame-pointer 
WARNING: program timed out.
FAIL: gcc.c-torture/execute/va-arg-26.c execution,  -O3 -g 
WARNING: program timed out.
FAIL: gcc.c-torture/execute/va-arg-26.c execution,  -Os 
WARNING: program timed out.
FAIL: gcc.c-torture/execute/va-arg-5.c execution,  -O0 
WARNING: program timed out.
FAIL: gcc.c-torture/execute/va-arg-5.c execution,  -O1 
WARNING: program timed out.
FAIL: gcc.c-torture/execute/va-arg-5.c execution,  -O2 
FAIL: gcc.c-torture/execute/va-arg-5.c execution,  -O3 -fomit-frame-pointer 
WARNING: program timed out.
FAIL: gcc.c-torture/execute/va-arg-5.c execution,  -O3 -g 
WARNING: program timed out.
FAIL: gcc.c-torture/execute/va-arg-5.c execution,  -Os 
WARNING: program timed out.
FAIL: gcc.c-torture/execute/va-arg-6.c execution,  -O0 
WARNING: program timed out.
FAIL: gcc.c-torture/execute/va-arg-6.c execution,  -O1 
FAIL: gcc.c-torture/execute/va-arg-6.c execution,  -O2 
FAIL: gcc.c-torture/execute/va-arg-6.c execution,  -O3 -fomit-frame-pointer 
FAIL: gcc.c-torture/execute/va-arg-6.c execution,  -O3 -g 
FAIL: gcc.c-torture/execute/va-arg-6.c execution,  -Os 
FAIL: gcc.c-torture/execute/va-arg-pack-1.c execution,  -O0 
FAIL: gcc.c-torture/execute/va-arg-pack-1.c execution,  -O1 
FAIL: gcc.c-torture/execute/va-arg-pack-1.c execution,  -O2 
FAIL: gcc.c-torture/execute/va-arg-pack-1.c execution,  -O3 -fomit-frame-pointer 
FAIL: gcc.c-torture/execute/va-arg-pack-1.c execution,  -O3 -g 
FAIL: gcc.c-torture/execute/va-arg-pack-1.c execution,  -Os 
WARNING: program timed out.
FAIL: gcc.c-torture/execute/ieee/20000320-1.c execution,  -O0 
WARNING: program timed out.
FAIL: gcc.c-torture/execute/ieee/20000320-1.c execution,  -O1 
WARNING: program timed out.
FAIL: gcc.c-torture/execute/ieee/20001122-1.c execution,  -O0 
WARNING: program timed out.
FAIL: gcc.c-torture/execute/ieee/20001122-1.c execution,  -O1 
WARNING: program timed out.
FAIL: gcc.c-torture/execute/ieee/20001122-1.c execution,  -O2 
FAIL: gcc.c-torture/execute/ieee/20001122-1.c execution,  -O3 -fomit-frame-pointer 
WARNING: program timed out.
FAIL: gcc.c-torture/execute/ieee/20001122-1.c execution,  -O3 -fomit-frame-pointer -funroll-loops 
WARNING: program timed out.
FAIL: gcc.c-torture/execute/ieee/20001122-1.c execution,  -O3 -fomit-frame-pointer -funroll-all-loops -finline-functions 
WARNING: program timed out.
FAIL: gcc.c-torture/execute/ieee/20001122-1.c execution,  -O3 -g 
WARNING: program timed out.
FAIL: gcc.c-torture/execute/ieee/20001122-1.c execution,  -Os 
FAIL: gcc.c-torture/execute/ieee/20010114-2.c execution,  -O0 
WARNING: program timed out.
FAIL: gcc.c-torture/execute/ieee/20010114-2.c execution,  -O1 
WARNING: program timed out.
FAIL: gcc.c-torture/execute/ieee/20010226-1.c execution,  -O0 
WARNING: program timed out.
FAIL: gcc.c-torture/execute/ieee/20010226-1.c execution,  -O1 
FAIL: gcc.c-torture/execute/ieee/20010226-1.c execution,  -O2 
FAIL: gcc.c-torture/execute/ieee/20010226-1.c execution,  -O3 -fomit-frame-pointer 
WARNING: program timed out.
FAIL: gcc.c-torture/execute/ieee/20010226-1.c execution,  -O3 -g 
WARNING: program timed out.
FAIL: gcc.c-torture/execute/ieee/20010226-1.c execution,  -Os 
FAIL: gcc.c-torture/execute/ieee/20030331-1.c execution,  -O0 
FAIL: gcc.c-torture/execute/ieee/20030331-1.c execution,  -O1 
FAIL: gcc.c-torture/execute/ieee/20030331-1.c execution,  -O2 
WARNING: program timed out.
FAIL: gcc.c-torture/execute/ieee/20030331-1.c execution,  -O3 -fomit-frame-pointer 
WARNING: program timed out.
FAIL: gcc.c-torture/execute/ieee/20030331-1.c execution,  -O3 -g 
FAIL: gcc.c-torture/execute/ieee/20030331-1.c execution,  -Os 
WARNING: program timed out.
FAIL: gcc.c-torture/execute/ieee/20041213-1.c execution,  -O0 
WARNING: program timed out.
FAIL: gcc.c-torture/execute/ieee/20041213-1.c execution,  -O1 
WARNING: program timed out.
FAIL: gcc.c-torture/execute/ieee/20041213-1.c execution,  -O2 
WARNING: program timed out.
FAIL: gcc.c-torture/execute/ieee/20041213-1.c execution,  -O3 -fomit-frame-pointer 
WARNING: program timed out.
FAIL: gcc.c-torture/execute/ieee/20041213-1.c execution,  -O3 -g 
WARNING: program timed out.
FAIL: gcc.c-torture/execute/ieee/20041213-1.c execution,  -Os 
WARNING: program timed out.
FAIL: gcc.c-torture/execute/ieee/920518-1.c execution,  -O0 
WARNING: program timed out.
FAIL: gcc.c-torture/execute/ieee/920518-1.c execution,  -O1 
FAIL: gcc.c-torture/execute/ieee/920518-1.c execution,  -O2 
FAIL: gcc.c-torture/execute/ieee/920518-1.c execution,  -O3 -fomit-frame-pointer 
WARNING: program timed out.
FAIL: gcc.c-torture/execute/ieee/920518-1.c execution,  -O3 -g 
WARNING: program timed out.
FAIL: gcc.c-torture/execute/ieee/920518-1.c execution,  -Os 
WARNING: program timed out.
FAIL: gcc.c-torture/execute/ieee/920810-1.c execution,  -O0 
WARNING: program timed out.
FAIL: gcc.c-torture/execute/ieee/920810-1.c execution,  -O1 
FAIL: gcc.c-torture/execute/ieee/920810-1.c execution,  -O2 
FAIL: gcc.c-torture/execute/ieee/920810-1.c execution,  -O3 -fomit-frame-pointer 
FAIL: gcc.c-torture/execute/ieee/920810-1.c execution,  -O3 -g 
WARNING: program timed out.
FAIL: gcc.c-torture/execute/ieee/920810-1.c execution,  -Os 
FAIL: gcc.c-torture/execute/ieee/980619-1.c execution,  -O0 
FAIL: gcc.c-torture/execute/ieee/980619-1.c execution,  -O1 
WARNING: program timed out.
FAIL: gcc.c-torture/execute/ieee/980619-1.c execution,  -O2 
FAIL: gcc.c-torture/execute/ieee/980619-1.c execution,  -O3 -fomit-frame-pointer 
FAIL: gcc.c-torture/execute/ieee/980619-1.c execution,  -O3 -fomit-frame-pointer -funroll-loops 
WARNING: program timed out.
FAIL: gcc.c-torture/execute/ieee/980619-1.c execution,  -O3 -fomit-frame-pointer -funroll-all-loops -finline-functions 
WARNING: program timed out.
FAIL: gcc.c-torture/execute/ieee/980619-1.c execution,  -O3 -g 
WARNING: program timed out.
FAIL: gcc.c-torture/execute/ieee/980619-1.c execution,  -Os 
WARNING: program timed out.
FAIL: gcc.c-torture/execute/ieee/acc1.c execution,  -O0 
WARNING: program timed out.
FAIL: gcc.c-torture/execute/ieee/acc1.c execution,  -O1 
WARNING: program timed out.
FAIL: gcc.c-torture/execute/ieee/acc1.c execution,  -O2 
WARNING: program timed out.
FAIL: gcc.c-torture/execute/ieee/acc1.c execution,  -O3 -fomit-frame-pointer 
WARNING: program timed out.
FAIL: gcc.c-torture/execute/ieee/acc1.c execution,  -O3 -g 
WARNING: program timed out.
FAIL: gcc.c-torture/execute/ieee/acc1.c execution,  -Os 
WARNING: program timed out.
FAIL: gcc.c-torture/execute/ieee/acc2.c execution,  -O0 
WARNING: program timed out.
FAIL: gcc.c-torture/execute/ieee/acc2.c execution,  -O1 
WARNING: program timed out.
FAIL: gcc.c-torture/execute/ieee/acc2.c execution,  -O2 
WARNING: program timed out.
FAIL: gcc.c-torture/execute/ieee/acc2.c execution,  -O3 -fomit-frame-pointer 
WARNING: program timed out.
FAIL: gcc.c-torture/execute/ieee/acc2.c execution,  -O3 -g 
WARNING: program timed out.
FAIL: gcc.c-torture/execute/ieee/acc2.c execution,  -Os 
WARNING: program timed out.
FAIL: gcc.c-torture/execute/ieee/compare-fp-1.c execution,  -O0 
WARNING: program timed out.
FAIL: gcc.c-torture/execute/ieee/compare-fp-1.c execution,  -O1 
WARNING: program timed out.
FAIL: gcc.c-torture/execute/ieee/compare-fp-1.c execution,  -O2 
WARNING: program timed out.
FAIL: gcc.c-torture/execute/ieee/compare-fp-1.c execution,  -O3 -fomit-frame-pointer 
WARNING: program timed out.
FAIL: gcc.c-torture/execute/ieee/compare-fp-1.c execution,  -O3 -g 
WARNING: program timed out.
FAIL: gcc.c-torture/execute/ieee/compare-fp-1.c execution,  -Os 
WARNING: program timed out.
FAIL: gcc.c-torture/execute/ieee/compare-fp-2.c execution,  -O0 
WARNING: program timed out.
FAIL: gcc.c-torture/execute/ieee/compare-fp-2.c execution,  -O1 
WARNING: program timed out.
FAIL: gcc.c-torture/execute/ieee/compare-fp-3.c execution,  -O0 
WARNING: program timed out.
FAIL: gcc.c-torture/execute/ieee/compare-fp-4.c execution,  -O0 
WARNING: program timed out.
FAIL: gcc.c-torture/execute/ieee/compare-fp-4.c execution,  -O1 
WARNING: program timed out.
FAIL: gcc.c-torture/execute/ieee/compare-fp-4.c execution,  -O2 
FAIL: gcc.c-torture/execute/ieee/compare-fp-4.c execution,  -O3 -fomit-frame-pointer 
FAIL: gcc.c-torture/execute/ieee/compare-fp-4.c execution,  -O3 -g 
WARNING: program timed out.
FAIL: gcc.c-torture/execute/ieee/compare-fp-4.c execution,  -Os 
FAIL: gcc.c-torture/execute/ieee/fp-cmp-1.c execution,  -O0 
WARNING: program timed out.
FAIL: gcc.c-torture/execute/ieee/fp-cmp-1.c execution,  -O1 
FAIL: gcc.c-torture/execute/ieee/fp-cmp-1.c execution,  -O2 
FAIL: gcc.c-torture/execute/ieee/fp-cmp-1.c execution,  -O3 -fomit-frame-pointer 
FAIL: gcc.c-torture/execute/ieee/fp-cmp-1.c execution,  -O3 -fomit-frame-pointer -funroll-loops 
FAIL: gcc.c-torture/execute/ieee/fp-cmp-1.c execution,  -O3 -fomit-frame-pointer -funroll-all-loops -finline-functions 
FAIL: gcc.c-torture/execute/ieee/fp-cmp-1.c execution,  -O3 -g 
WARNING: program timed out.
FAIL: gcc.c-torture/execute/ieee/fp-cmp-1.c execution,  -Os 
WARNING: program timed out.
FAIL: gcc.c-torture/execute/ieee/fp-cmp-2.c execution,  -O0 
WARNING: program timed out.
FAIL: gcc.c-torture/execute/ieee/fp-cmp-2.c execution,  -O1 
WARNING: program timed out.
FAIL: gcc.c-torture/execute/ieee/fp-cmp-2.c execution,  -O2 
FAIL: gcc.c-torture/execute/ieee/fp-cmp-2.c execution,  -O3 -fomit-frame-pointer 
FAIL: gcc.c-torture/execute/ieee/fp-cmp-2.c execution,  -O3 -fomit-frame-pointer -funroll-loops 
FAIL: gcc.c-torture/execute/ieee/fp-cmp-2.c execution,  -O3 -fomit-frame-pointer -funroll-all-loops -finline-functions 
WARNING: program timed out.
FAIL: gcc.c-torture/execute/ieee/fp-cmp-2.c execution,  -O3 -g 
WARNING: program timed out.
FAIL: gcc.c-torture/execute/ieee/fp-cmp-2.c execution,  -Os 
FAIL: gcc.c-torture/execute/ieee/fp-cmp-3.c execution,  -O0 
WARNING: program timed out.
FAIL: gcc.c-torture/execute/ieee/fp-cmp-3.c execution,  -O1 
FAIL: gcc.c-torture/execute/ieee/fp-cmp-3.c execution,  -O2 
FAIL: gcc.c-torture/execute/ieee/fp-cmp-3.c execution,  -O3 -fomit-frame-pointer 
FAIL: gcc.c-torture/execute/ieee/fp-cmp-3.c execution,  -O3 -fomit-frame-pointer -funroll-loops 
FAIL: gcc.c-torture/execute/ieee/fp-cmp-3.c execution,  -O3 -fomit-frame-pointer -funroll-all-loops -finline-functions 
FAIL: gcc.c-torture/execute/ieee/fp-cmp-3.c execution,  -O3 -g 
WARNING: program timed out.
FAIL: gcc.c-torture/execute/ieee/fp-cmp-3.c execution,  -Os 
WARNING: program timed out.
FAIL: gcc.c-torture/execute/ieee/fp-cmp-4.c execution,  -O0 
WARNING: program timed out.
FAIL: gcc.c-torture/execute/ieee/fp-cmp-4.c execution,  -O1 
WARNING: program timed out.
FAIL: gcc.c-torture/execute/ieee/fp-cmp-4.c execution,  -O2 
WARNING: program timed out.
FAIL: gcc.c-torture/execute/ieee/fp-cmp-4.c execution,  -O3 -fomit-frame-pointer 
WARNING: program timed out.
FAIL: gcc.c-torture/execute/ieee/fp-cmp-4.c execution,  -O3 -fomit-frame-pointer -funroll-loops 
FAIL: gcc.c-torture/execute/ieee/fp-cmp-4.c execution,  -O3 -fomit-frame-pointer -funroll-all-loops -finline-functions 
WARNING: program timed out.
FAIL: gcc.c-torture/execute/ieee/fp-cmp-4.c execution,  -O3 -g 
FAIL: gcc.c-torture/execute/ieee/fp-cmp-4.c execution,  -Os 
WARNING: program timed out.
FAIL: gcc.c-torture/execute/ieee/fp-cmp-4f.c execution,  -O0 
WARNING: program timed out.
FAIL: gcc.c-torture/execute/ieee/fp-cmp-4f.c execution,  -O1 
WARNING: program timed out.
FAIL: gcc.c-torture/execute/ieee/fp-cmp-4f.c execution,  -O2 
FAIL: gcc.c-torture/execute/ieee/fp-cmp-4f.c execution,  -O3 -fomit-frame-pointer 
FAIL: gcc.c-torture/execute/ieee/fp-cmp-4f.c execution,  -O3 -g 
WARNING: program timed out.
FAIL: gcc.c-torture/execute/ieee/fp-cmp-4f.c execution,  -Os 
WARNING: program timed out.
FAIL: gcc.c-torture/execute/ieee/fp-cmp-4l.c execution,  -O0 
WARNING: program timed out.
FAIL: gcc.c-torture/execute/ieee/fp-cmp-4l.c execution,  -O1 
WARNING: program timed out.
FAIL: gcc.c-torture/execute/ieee/fp-cmp-4l.c execution,  -O2 
WARNING: program timed out.
FAIL: gcc.c-torture/execute/ieee/fp-cmp-4l.c execution,  -O3 -fomit-frame-pointer 
WARNING: program timed out.
FAIL: gcc.c-torture/execute/ieee/fp-cmp-4l.c execution,  -O3 -g 
FAIL: gcc.c-torture/execute/ieee/fp-cmp-4l.c execution,  -Os 
WARNING: program timed out.
FAIL: gcc.c-torture/execute/ieee/fp-cmp-5.c execution,  -O0 
WARNING: program timed out.
FAIL: gcc.c-torture/execute/ieee/fp-cmp-5.c execution,  -O1 
WARNING: program timed out.
FAIL: gcc.c-torture/execute/ieee/fp-cmp-5.c execution,  -O2 
WARNING: program timed out.
FAIL: gcc.c-torture/execute/ieee/fp-cmp-5.c execution,  -O3 -fomit-frame-pointer 
WARNING: program timed out.
FAIL: gcc.c-torture/execute/ieee/fp-cmp-5.c execution,  -O3 -fomit-frame-pointer -funroll-loops 
FAIL: gcc.c-torture/execute/ieee/fp-cmp-5.c execution,  -O3 -fomit-frame-pointer -funroll-all-loops -finline-functions 
WARNING: program timed out.
FAIL: gcc.c-torture/execute/ieee/fp-cmp-5.c execution,  -O3 -g 
WARNING: program timed out.
FAIL: gcc.c-torture/execute/ieee/fp-cmp-5.c execution,  -Os 
FAIL: gcc.c-torture/execute/ieee/fp-cmp-6.c execution,  -O0 
WARNING: program timed out.
FAIL: gcc.c-torture/execute/ieee/fp-cmp-8.c execution,  -O0 
WARNING: program timed out.
FAIL: gcc.c-torture/execute/ieee/fp-cmp-8.c execution,  -O1 
WARNING: program timed out.
FAIL: gcc.c-torture/execute/ieee/fp-cmp-8.c execution,  -O2 
WARNING: program timed out.
FAIL: gcc.c-torture/execute/ieee/fp-cmp-8.c execution,  -O3 -fomit-frame-pointer 
WARNING: program timed out.
FAIL: gcc.c-torture/execute/ieee/fp-cmp-8.c execution,  -O3 -fomit-frame-pointer -funroll-loops 
FAIL: gcc.c-torture/execute/ieee/fp-cmp-8.c execution,  -O3 -fomit-frame-pointer -funroll-all-loops -finline-functions 
WARNING: program timed out.
FAIL: gcc.c-torture/execute/ieee/fp-cmp-8.c execution,  -O3 -g 
WARNING: program timed out.
FAIL: gcc.c-torture/execute/ieee/fp-cmp-8.c execution,  -Os 
WARNING: program timed out.
FAIL: gcc.c-torture/execute/ieee/fp-cmp-8f.c execution,  -O0 
WARNING: program timed out.
FAIL: gcc.c-torture/execute/ieee/fp-cmp-8f.c execution,  -O1 
WARNING: program timed out.
FAIL: gcc.c-torture/execute/ieee/fp-cmp-8f.c execution,  -O2 
WARNING: program timed out.
FAIL: gcc.c-torture/execute/ieee/fp-cmp-8f.c execution,  -O3 -fomit-frame-pointer 
WARNING: program timed out.
FAIL: gcc.c-torture/execute/ieee/fp-cmp-8f.c execution,  -O3 -g 
WARNING: program timed out.
FAIL: gcc.c-torture/execute/ieee/fp-cmp-8f.c execution,  -Os 
WARNING: program timed out.
FAIL: gcc.c-torture/execute/ieee/fp-cmp-8l.c execution,  -O0 
WARNING: program timed out.
FAIL: gcc.c-torture/execute/ieee/fp-cmp-8l.c execution,  -O1 
WARNING: program timed out.
FAIL: gcc.c-torture/execute/ieee/fp-cmp-8l.c execution,  -O2 
WARNING: program timed out.
FAIL: gcc.c-torture/execute/ieee/fp-cmp-8l.c execution,  -O3 -fomit-frame-pointer 
WARNING: program timed out.
FAIL: gcc.c-torture/execute/ieee/fp-cmp-8l.c execution,  -O3 -g 
WARNING: program timed out.
FAIL: gcc.c-torture/execute/ieee/fp-cmp-8l.c execution,  -Os 
FAIL: gcc.c-torture/execute/ieee/hugeval.c execution,  -O0 
WARNING: program timed out.
FAIL: gcc.c-torture/execute/ieee/hugeval.c execution,  -O1 
WARNING: program timed out.
FAIL: gcc.c-torture/execute/ieee/hugeval.c execution,  -O2 
FAIL: gcc.c-torture/execute/ieee/hugeval.c execution,  -O3 -fomit-frame-pointer 
WARNING: program timed out.
FAIL: gcc.c-torture/execute/ieee/hugeval.c execution,  -O3 -g 
WARNING: program timed out.
FAIL: gcc.c-torture/execute/ieee/hugeval.c execution,  -Os 
WARNING: program timed out.
FAIL: gcc.c-torture/execute/ieee/inf-1.c execution,  -O0 
FAIL: gcc.c-torture/execute/ieee/inf-2.c execution,  -O0 
WARNING: program timed out.
FAIL: gcc.c-torture/execute/ieee/inf-2.c execution,  -O1 
WARNING: program timed out.
FAIL: gcc.c-torture/execute/ieee/inf-2.c execution,  -O2 
FAIL: gcc.c-torture/execute/ieee/inf-2.c execution,  -O3 -fomit-frame-pointer 
WARNING: program timed out.
FAIL: gcc.c-torture/execute/ieee/inf-2.c execution,  -O3 -g 
WARNING: program timed out.
FAIL: gcc.c-torture/execute/ieee/inf-2.c execution,  -Os 
WARNING: program timed out.
FAIL: gcc.c-torture/execute/ieee/minuszero.c execution,  -O0 
WARNING: program timed out.
FAIL: gcc.c-torture/execute/ieee/mul-subnormal-single-1.c execution,  -O0 
WARNING: program timed out.
FAIL: gcc.c-torture/execute/ieee/mul-subnormal-single-1.c execution,  -O1 
WARNING: program timed out.
FAIL: gcc.c-torture/execute/ieee/mul-subnormal-single-1.c execution,  -O2 
FAIL: gcc.c-torture/execute/ieee/mul-subnormal-single-1.c execution,  -O3 -fomit-frame-pointer 
WARNING: program timed out.
FAIL: gcc.c-torture/execute/ieee/mul-subnormal-single-1.c execution,  -O3 -fomit-frame-pointer -funroll-loops 
FAIL: gcc.c-torture/execute/ieee/mul-subnormal-single-1.c execution,  -O3 -fomit-frame-pointer -funroll-all-loops -finline-functions 
WARNING: program timed out.
FAIL: gcc.c-torture/execute/ieee/mul-subnormal-single-1.c execution,  -O3 -g 
FAIL: gcc.c-torture/execute/ieee/mul-subnormal-single-1.c execution,  -Os 
WARNING: program timed out.
FAIL: gcc.c-torture/execute/ieee/mzero2.c execution,  -O0 
FAIL: gcc.c-torture/execute/ieee/mzero2.c execution,  -O1 
FAIL: gcc.c-torture/execute/ieee/mzero2.c execution,  -O2 
FAIL: gcc.c-torture/execute/ieee/mzero2.c execution,  -O3 -fomit-frame-pointer 
FAIL: gcc.c-torture/execute/ieee/mzero2.c execution,  -O3 -g 
FAIL: gcc.c-torture/execute/ieee/mzero2.c execution,  -Os 
FAIL: gcc.c-torture/execute/ieee/mzero3.c execution,  -O0 
WARNING: program timed out.
FAIL: gcc.c-torture/execute/ieee/mzero3.c execution,  -O1 
WARNING: program timed out.
FAIL: gcc.c-torture/execute/ieee/mzero3.c execution,  -O2 
WARNING: program timed out.
FAIL: gcc.c-torture/execute/ieee/mzero3.c execution,  -O3 -fomit-frame-pointer 
WARNING: program timed out.
FAIL: gcc.c-torture/execute/ieee/mzero3.c execution,  -O3 -g 
WARNING: program timed out.
FAIL: gcc.c-torture/execute/ieee/mzero3.c execution,  -Os 
WARNING: program timed out.
FAIL: gcc.c-torture/execute/ieee/mzero4.c execution,  -O0 
FAIL: gcc.c-torture/execute/ieee/mzero4.c execution,  -O1 
FAIL: gcc.c-torture/execute/ieee/mzero4.c execution,  -O2 
FAIL: gcc.c-torture/execute/ieee/mzero4.c execution,  -Os 
FAIL: gcc.c-torture/execute/ieee/mzero5.c execution,  -O0 
WARNING: program timed out.
FAIL: gcc.c-torture/execute/ieee/mzero5.c execution,  -O1 
WARNING: program timed out.
FAIL: gcc.c-torture/execute/ieee/mzero5.c execution,  -O2 
WARNING: program timed out.
FAIL: gcc.c-torture/execute/ieee/mzero5.c execution,  -Os 
WARNING: program timed out.
FAIL: gcc.c-torture/execute/ieee/mzero6.c execution,  -O0 
WARNING: program timed out.
FAIL: gcc.c-torture/execute/ieee/mzero6.c execution,  -O1 
WARNING: program timed out.
FAIL: gcc.c-torture/execute/ieee/mzero6.c execution,  -O2 
FAIL: gcc.c-torture/execute/ieee/mzero6.c execution,  -O3 -fomit-frame-pointer 
FAIL: gcc.c-torture/execute/ieee/mzero6.c execution,  -O3 -fomit-frame-pointer -funroll-loops 
FAIL: gcc.c-torture/execute/ieee/mzero6.c execution,  -O3 -fomit-frame-pointer -funroll-all-loops -finline-functions 
FAIL: gcc.c-torture/execute/ieee/mzero6.c execution,  -O3 -g 
WARNING: program timed out.
FAIL: gcc.c-torture/execute/ieee/mzero6.c execution,  -Os 
FAIL: gcc.c-torture/execute/ieee/pr28634.c execution,  -O0 
FAIL: gcc.c-torture/execute/ieee/pr28634.c execution,  -O1 
WARNING: program timed out.
FAIL: gcc.c-torture/execute/ieee/pr28634.c execution,  -O2 
FAIL: gcc.c-torture/execute/ieee/pr28634.c execution,  -O3 -fomit-frame-pointer 
FAIL: gcc.c-torture/execute/ieee/pr28634.c execution,  -O3 -fomit-frame-pointer -funroll-loops 
WARNING: program timed out.
FAIL: gcc.c-torture/execute/ieee/pr28634.c execution,  -O3 -fomit-frame-pointer -funroll-all-loops -finline-functions 
WARNING: program timed out.
FAIL: gcc.c-torture/execute/ieee/pr28634.c execution,  -O3 -g 
FAIL: gcc.c-torture/execute/ieee/pr28634.c execution,  -Os 
WARNING: program timed out.
FAIL: gcc.c-torture/execute/ieee/pr29302-1.c execution,  -O0 
WARNING: program timed out.
FAIL: gcc.c-torture/execute/ieee/pr29302-1.c execution,  -O1 
WARNING: program timed out.
FAIL: gcc.c-torture/execute/ieee/pr29302-1.c execution,  -O2 
FAIL: gcc.c-torture/execute/ieee/pr29302-1.c execution,  -O3 -fomit-frame-pointer 
WARNING: program timed out.
FAIL: gcc.c-torture/execute/ieee/pr29302-1.c execution,  -O3 -g 
WARNING: program timed out.
FAIL: gcc.c-torture/execute/ieee/pr29302-1.c execution,  -Os 
WARNING: program timed out.
FAIL: gcc.c-torture/execute/ieee/pr30704.c execution,  -O0 
FAIL: gcc.c-torture/execute/ieee/pr30704.c execution,  -O1 
FAIL: gcc.c-torture/execute/ieee/pr30704.c execution,  -O2 
FAIL: gcc.c-torture/execute/ieee/pr30704.c execution,  -O3 -fomit-frame-pointer 
FAIL: gcc.c-torture/execute/ieee/pr30704.c execution,  -O3 -g 
FAIL: gcc.c-torture/execute/ieee/pr30704.c execution,  -Os 
FAIL: gcc.c-torture/execute/ieee/rbug.c execution,  -O0 
WARNING: program timed out.
FAIL: gcc.c-torture/execute/ieee/rbug.c execution,  -O1 
WARNING: program timed out.
FAIL: gcc.c-torture/execute/ieee/unsafe-fp-assoc-1.c execution,  -O0 
WARNING: program timed out.
FAIL: gcc.c-torture/execute/ieee/unsafe-fp-assoc-1.c execution,  -O1 
WARNING: program timed out.
FAIL: gcc.c-torture/execute/ieee/unsafe-fp-assoc-1.c execution,  -O2 
WARNING: program timed out.
FAIL: gcc.c-torture/execute/ieee/unsafe-fp-assoc-1.c execution,  -Os 
WARNING: program timed out.
FAIL: gcc.c-torture/execute/ieee/unsafe-fp-assoc.c execution,  -O0 
FAIL: gcc.c-torture/execute/ieee/unsafe-fp-assoc.c execution,  -O1 
WARNING: program timed out.
FAIL: gcc.dg/compat/fnptr-by-value-1 c_compat_x_tst.o-c_compat_y_tst.o execute 
WARNING: program timed out.
FAIL: gcc.dg/compat/scalar-by-value-1 c_compat_x_tst.o-c_compat_y_tst.o execute 
WARNING: program timed out.
FAIL: gcc.dg/compat/scalar-by-value-2 c_compat_x_tst.o-c_compat_y_tst.o execute 
WARNING: program timed out.
FAIL: gcc.dg/compat/scalar-by-value-3 c_compat_x_tst.o-c_compat_y_tst.o execute 
WARNING: program timed out.
FAIL: gcc.dg/compat/scalar-by-value-4 c_compat_x_tst.o-c_compat_y_tst.o execute 
WARNING: program timed out.
FAIL: gcc.dg/compat/scalar-by-value-5 c_compat_x_tst.o-c_compat_y_tst.o execute 
WARNING: program timed out.
FAIL: gcc.dg/compat/scalar-by-value-6 c_compat_x_tst.o-c_compat_y_tst.o execute 
FAIL: gcc.dg/compat/scalar-return-1 c_compat_x_tst.o-c_compat_y_tst.o execute 
WARNING: program timed out.
FAIL: gcc.dg/compat/scalar-return-2 c_compat_x_tst.o-c_compat_y_tst.o execute 
WARNING: program timed out.
FAIL: gcc.dg/compat/scalar-return-3 c_compat_x_tst.o-c_compat_y_tst.o execute 
WARNING: program timed out.
FAIL: gcc.dg/compat/scalar-return-4 c_compat_x_tst.o-c_compat_y_tst.o execute 
WARNING: program timed out.
FAIL: gcc.dg/compat/struct-align-1 c_compat_x_tst.o-c_compat_y_tst.o execute 
WARNING: program timed out.
FAIL: gcc.dg/compat/struct-by-value-10 c_compat_x_tst.o-c_compat_y_tst.o execute 
WARNING: program timed out.
FAIL: gcc.dg/compat/struct-by-value-16 c_compat_x_tst.o-c_compat_y_tst.o execute 
WARNING: program timed out.
FAIL: gcc.dg/compat/struct-by-value-17 c_compat_x_tst.o-c_compat_y_tst.o execute 
WARNING: program timed out.
FAIL: gcc.dg/compat/struct-by-value-18 c_compat_x_tst.o-c_compat_y_tst.o execute 
FAIL: gcc.dg/compat/struct-by-value-19 c_compat_x_tst.o-c_compat_y_tst.o execute 
WARNING: program timed out.
FAIL: gcc.dg/compat/struct-by-value-20 c_compat_x_tst.o-c_compat_y_tst.o execute 
FAIL: gcc.dg/compat/struct-by-value-21 c_compat_x_tst.o-c_compat_y_tst.o execute 
WARNING: program timed out.
FAIL: gcc.dg/compat/struct-by-value-22 c_compat_x_tst.o-c_compat_y_tst.o execute 
WARNING: program timed out.
FAIL: gcc.dg/compat/struct-by-value-5a c_compat_x_tst.o-c_compat_y_tst.o execute 
WARNING: program timed out.
FAIL: gcc.dg/compat/struct-by-value-5b c_compat_x_tst.o-c_compat_y_tst.o execute 
WARNING: program timed out.
FAIL: gcc.dg/compat/struct-by-value-6a c_compat_x_tst.o-c_compat_y_tst.o execute 
WARNING: program timed out.
FAIL: gcc.dg/compat/struct-by-value-6b c_compat_x_tst.o-c_compat_y_tst.o execute 
WARNING: program timed out.
FAIL: gcc.dg/compat/struct-by-value-7a c_compat_x_tst.o-c_compat_y_tst.o execute 
WARNING: program timed out.
FAIL: gcc.dg/compat/struct-by-value-7b c_compat_x_tst.o-c_compat_y_tst.o execute 
FAIL: gcc.dg/compat/struct-layout-1 c_compat_x_tst.o compile
FAIL: gcc.dg/compat/struct-layout-1 c_compat_y_tst.o compile
UNRESOLVED: gcc.dg/compat/struct-layout-1 c_compat_x_tst.o-c_compat_y_tst.o link 
UNRESOLVED: gcc.dg/compat/struct-layout-1 c_compat_x_tst.o-c_compat_y_tst.o execute 
WARNING: program timed out.
FAIL: gcc.dg/compat/struct-return-10 c_compat_x_tst.o-c_compat_y_tst.o execute 
WARNING: program timed out.
FAIL: gcc.dg/compat/struct-return-19 c_compat_x_tst.o-c_compat_y_tst.o execute 
WARNING: program timed out.
FAIL: gcc.dg/compat/struct-return-20 c_compat_x_tst.o-c_compat_y_tst.o execute 
WARNING: program timed out.
FAIL: gcc.dg/compat/struct-return-21 c_compat_x_tst.o-c_compat_y_tst.o execute 
WARNING: program timed out.
FAIL: gcc.dg/compat/vector-2 c_compat_x_tst.o-c_compat_y_tst.o execute 
WARNING: program timed out.
FAIL: tmpdir-gcc.dg-struct-layout-1/t001 c_compat_x_tst.o-c_compat_y_tst.o execute 
WARNING: program timed out.
FAIL: tmpdir-gcc.dg-struct-layout-1/t002 c_compat_x_tst.o-c_compat_y_tst.o execute 
WARNING: program timed out.
FAIL: tmpdir-gcc.dg-struct-layout-1/t003 c_compat_x_tst.o-c_compat_y_tst.o execute 
WARNING: program timed out.
FAIL: tmpdir-gcc.dg-struct-layout-1/t004 c_compat_x_tst.o-c_compat_y_tst.o execute 
WARNING: program timed out.
FAIL: tmpdir-gcc.dg-struct-layout-1/t005 c_compat_x_tst.o-c_compat_y_tst.o execute 
WARNING: program timed out.
FAIL: tmpdir-gcc.dg-struct-layout-1/t006 c_compat_x_tst.o-c_compat_y_tst.o execute 
WARNING: program timed out.
FAIL: tmpdir-gcc.dg-struct-layout-1/t007 c_compat_x_tst.o-c_compat_y_tst.o execute 
WARNING: program timed out.
FAIL: tmpdir-gcc.dg-struct-layout-1/t008 c_compat_x_tst.o-c_compat_y_tst.o execute 
WARNING: program timed out.
FAIL: tmpdir-gcc.dg-struct-layout-1/t009 c_compat_x_tst.o-c_compat_y_tst.o execute 
WARNING: program timed out.
FAIL: tmpdir-gcc.dg-struct-layout-1/t010 c_compat_x_tst.o-c_compat_y_tst.o execute 
WARNING: program timed out.
FAIL: tmpdir-gcc.dg-struct-layout-1/t011 c_compat_x_tst.o-c_compat_y_tst.o execute 
WARNING: program timed out.
FAIL: tmpdir-gcc.dg-struct-layout-1/t012 c_compat_x_tst.o-c_compat_y_tst.o execute 
WARNING: program timed out.
FAIL: tmpdir-gcc.dg-struct-layout-1/t013 c_compat_x_tst.o-c_compat_y_tst.o execute 
FAIL: tmpdir-gcc.dg-struct-layout-1/t014 c_compat_x_tst.o-c_compat_y_tst.o execute 
WARNING: program timed out.
FAIL: tmpdir-gcc.dg-struct-layout-1/t015 c_compat_x_tst.o-c_compat_y_tst.o execute 
WARNING: program timed out.
FAIL: tmpdir-gcc.dg-struct-layout-1/t016 c_compat_x_tst.o-c_compat_y_tst.o execute 
WARNING: program timed out.
FAIL: tmpdir-gcc.dg-struct-layout-1/t017 c_compat_x_tst.o-c_compat_y_tst.o execute 
WARNING: program timed out.
FAIL: tmpdir-gcc.dg-struct-layout-1/t018 c_compat_x_tst.o-c_compat_y_tst.o execute 
WARNING: program timed out.
FAIL: tmpdir-gcc.dg-struct-layout-1/t019 c_compat_x_tst.o-c_compat_y_tst.o execute 
WARNING: program timed out.
FAIL: tmpdir-gcc.dg-struct-layout-1/t020 c_compat_x_tst.o-c_compat_y_tst.o execute 
WARNING: program timed out.
FAIL: tmpdir-gcc.dg-struct-layout-1/t021 c_compat_x_tst.o-c_compat_y_tst.o execute 
WARNING: program timed out.
FAIL: tmpdir-gcc.dg-struct-layout-1/t022 c_compat_x_tst.o-c_compat_y_tst.o execute 
WARNING: program timed out.
FAIL: tmpdir-gcc.dg-struct-layout-1/t023 c_compat_x_tst.o-c_compat_y_tst.o execute 
WARNING: program timed out.
FAIL: tmpdir-gcc.dg-struct-layout-1/t024 c_compat_x_tst.o-c_compat_y_tst.o execute 
WARNING: program timed out.
FAIL: tmpdir-gcc.dg-struct-layout-1/t025 c_compat_x_tst.o-c_compat_y_tst.o execute 
WARNING: program timed out.
FAIL: tmpdir-gcc.dg-struct-layout-1/t026 c_compat_x_tst.o-c_compat_y_tst.o execute 
FAIL: tmpdir-gcc.dg-struct-layout-1/t027 c_compat_x_tst.o-c_compat_y_tst.o execute 
WARNING: program timed out.
FAIL: tmpdir-gcc.dg-struct-layout-1/t028 c_compat_x_tst.o-c_compat_y_tst.o execute 
FAIL: gcc.dg/cpp/_Pragma6.c (test for excess errors)
WARNING: program timed out.
FAIL: gcc.dg/cpp/lexnum.c execution test
FAIL: gcc.dg/debug/dwarf2/var1.c scan-assembler xyzzy[^\\\\n\\\\r]+DW_AT_name
WARNING: program timed out.
FAIL: gcc.dg/20001012-1.c execution test
WARNING: program timed out.
FAIL: gcc.dg/20001012-2.c execution test
FAIL: gcc.dg/20001108-1.c execution test
WARNING: program timed out.
FAIL: gcc.dg/20001117-1.c execution test
WARNING: program timed out.
FAIL: gcc.dg/20020607-2.c execution test
WARNING: program timed out.
FAIL: gcc.dg/20040219-1.c execution test
FAIL: gcc.dg/20040625-1.c execution test
FAIL: gcc.dg/Wstrict-aliasing-float-ptr-int-obj.c  (test for warnings, line 14)
FAIL: gcc.dg/Wstrict-aliasing-float-ptr-int-obj.c  (test for warnings, line 16)
WARNING: program timed out.
FAIL: gcc.dg/builtin-apply4.c execution test
FAIL: gcc.dg/builtins-24.c execution test
WARNING: program timed out.
FAIL: gcc.dg/builtins-47.c execution test
WARNING: program timed out.
FAIL: gcc.dg/builtins-50.c execution test
WARNING: program timed out.
FAIL: gcc.dg/builtins-51.c execution test
WARNING: program timed out.
FAIL: gcc.dg/builtins-8.c execution test
WARNING: program timed out.
FAIL: gcc.dg/c99-init-1.c execution test
WARNING: program timed out.
FAIL: gcc.dg/cdce1.c execution test
WARNING: program timed out.
FAIL: gcc.dg/cdce2.c execution test
WARNING: program timed out.
FAIL: gcc.dg/cleanup-12.c execution test
WARNING: program timed out.
FAIL: gcc.dg/cleanup-5.c execution test
WARNING: program timed out.
FAIL: gcc.dg/complex-1.c execution test
WARNING: program timed out.
FAIL: gcc.dg/complex-3.c execution test
WARNING: program timed out.
FAIL: gcc.dg/fixuns-trunc-1.c execution test
WARNING: program timed out.
FAIL: gcc.dg/fnegate-1.c execution test
FAIL: gcc.dg/fshort-wchar.c (test for excess errors)
UNRESOLVED: gcc.dg/fshort-wchar.c compilation failed to produce executable
WARNING: program timed out.
FAIL: gcc.dg/ifcvt-fabs-1.c execution test
FAIL: gcc.dg/initpri1.c execution test
WARNING: program timed out.
FAIL: gcc.dg/loop-6.c execution test
FAIL: gcc.dg/memcpy-1.c scan-tree-dump-times optimized "nasty_local" 0
WARNING: program timed out.
FAIL: gcc.dg/packed-vla.c execution test
WARNING: program timed out.
FAIL: gcc.dg/pr19402-2.c execution test
WARNING: program timed out.
FAIL: gcc.dg/pr28726.c execution test
WARNING: program timed out.
FAIL: gcc.dg/pr28796-2.c execution test
WARNING: program timed out.
FAIL: gcc.dg/pr31507-1.c execution test
FAIL: gcc.dg/pr33136-1.c execution test
WARNING: program timed out.
FAIL: gcc.dg/pr35045.c execution test
FAIL: gcc.dg/pr35729.c scan-rtl-dump-times loop2_invariant "Decided to move invariant" 0
FAIL: gcc.dg/pr36017.c execution test
FAIL: gcc.dg/sibcall-3.c execution test
FAIL: gcc.dg/sibcall-4.c execution test
WARNING: program timed out.
FAIL: gcc.dg/single-precision-constant.c execution test
WARNING: program timed out.
FAIL: gcc.dg/trampoline-1.c execution test
FAIL: gcc.dg/uninit-13.c unconditional (test for warnings, line 8)
FAIL: gcc.dg/uninit-13.c (test for excess errors)
WARNING: program timed out.
FAIL: gcc.dg/unsigned-long-compare.c execution test
FAIL: gcc.dg/var-expand2.c execution test
WARNING: program timed out.
FAIL: gcc.dg/matrix/matrix-1.c execution test
WARNING: program timed out.
FAIL: gcc.dg/matrix/matrix-5.c execution test
WARNING: program timed out.
FAIL: gcc.dg/struct/wo_prof_global_var.c execution test
WARNING: program timed out.
FAIL: gcc.dg/struct/wo_prof_local_var.c execution test
FAIL: gcc.dg/struct/wo_prof_single_str_global.c execution test
FAIL: gcc.dg/struct/wo_prof_single_str_local.c execution test
FAIL: gcc.dg/struct/wo_prof_single_str_pointer.c execution test
WARNING: program timed out.
FAIL: gcc.dg/torture/complex-alias-1.c  -O0  execution test
WARNING: program timed out.
FAIL: gcc.dg/torture/complex-alias-1.c  -O1  execution test
FAIL: gcc.dg/torture/fp-int-convert-double.c  -O0  execution test
WARNING: program timed out.
FAIL: gcc.dg/torture/fp-int-convert-double.c  -O1  execution test
WARNING: program timed out.
FAIL: gcc.dg/torture/fp-int-convert-double.c  -O2  execution test
WARNING: program timed out.
FAIL: gcc.dg/torture/fp-int-convert-double.c  -O3 -fomit-frame-pointer  execution test
WARNING: program timed out.
FAIL: gcc.dg/torture/fp-int-convert-double.c  -O3 -g  execution test
WARNING: program timed out.
FAIL: gcc.dg/torture/fp-int-convert-double.c  -Os  execution test
FAIL: gcc.dg/torture/fp-int-convert-float.c  -O0  execution test
WARNING: program timed out.
FAIL: gcc.dg/torture/fp-int-convert-float.c  -O1  execution test
WARNING: program timed out.
FAIL: gcc.dg/torture/fp-int-convert-float.c  -O2  execution test
WARNING: program timed out.
FAIL: gcc.dg/torture/fp-int-convert-float.c  -O3 -fomit-frame-pointer  execution test
WARNING: program timed out.
FAIL: gcc.dg/torture/fp-int-convert-float.c  -O3 -g  execution test
WARNING: program timed out.
FAIL: gcc.dg/torture/fp-int-convert-float.c  -Os  execution test
FAIL: gcc.dg/torture/fp-int-convert-long-double.c  -O0  execution test
WARNING: program timed out.
FAIL: gcc.dg/torture/fp-int-convert-long-double.c  -O1  execution test
WARNING: program timed out.
FAIL: gcc.dg/torture/fp-int-convert-long-double.c  -O2  execution test
WARNING: program timed out.
FAIL: gcc.dg/torture/fp-int-convert-long-double.c  -O3 -fomit-frame-pointer  execution test
WARNING: program timed out.
FAIL: gcc.dg/torture/fp-int-convert-long-double.c  -O3 -g  execution test
WARNING: program timed out.
FAIL: gcc.dg/torture/fp-int-convert-long-double.c  -Os  execution test
WARNING: program timed out.
FAIL: gcc.dg/torture/fp-int-convert-timode.c  -O0  execution test
WARNING: program timed out.
FAIL: gcc.dg/torture/fp-int-convert-timode.c  -O1  execution test
WARNING: program timed out.
FAIL: gcc.dg/torture/fp-int-convert-timode.c  -O2  execution test
WARNING: program timed out.
FAIL: gcc.dg/torture/fp-int-convert-timode.c  -O3 -fomit-frame-pointer  execution test
WARNING: program timed out.
FAIL: gcc.dg/torture/fp-int-convert-timode.c  -O3 -g  execution test
WARNING: program timed out.
FAIL: gcc.dg/torture/fp-int-convert-timode.c  -Os  execution test
WARNING: program timed out.
FAIL: gcc.dg/torture/type-generic-1.c  -O0  execution test
WARNING: program timed out.
FAIL: gcc.dg/torture/type-generic-1.c  -O1  execution test
WARNING: program timed out.
FAIL: gcc.dg/torture/type-generic-1.c  -O2  execution test
WARNING: program timed out.
FAIL: gcc.dg/torture/type-generic-1.c  -O3 -fomit-frame-pointer  execution test
WARNING: program timed out.
FAIL: gcc.dg/torture/type-generic-1.c  -O3 -g  execution test
WARNING: program timed out.
FAIL: gcc.dg/torture/type-generic-1.c  -Os  execution test
XPASS: gcc.dg/tree-ssa/loadpre1.c scan-tree-dump-times pre "Eliminated: 1" 1
XPASS: gcc.dg/tree-ssa/ltrans-3.c scan-tree-dump-times ltrans "transformed loop" 1
WARNING: program timed out.
FAIL: gcc.dg/tree-ssa/pr23115.c execution test
WARNING: program timed out.
FAIL: gcc.dg/tree-ssa/scev-1.c execution test
WARNING: program timed out.
FAIL: gcc.dg/tree-ssa/scev-2.c execution test
FAIL: gcc.target/arm/eabi1.c execution test

		=== gcc Summary ===

# of expected passes		44688
# of unexpected failures	998
# of unexpected successes	2
# of expected failures		89
# of unresolved testcases	8
# of unsupported tests		2473
/scratch/gcc/nightly-2008-06-21-mainline/arm-none-eabi/obj/test-mainline-0-arm-none-eabi/host-i686-pc-linux-gnu/fsf-mainline/bin/arm-none-eabi-gcc  version 4.4.0 20080621 (experimental) (GCC) 

Host   is i686-pc-linux-gnu

		=== libstdc++ tests ===


Running target arm-sim-fsf/-mthumb
WARNING: program timed out.
FAIL: 18_support/numeric_limits/min_max.cc execution test
FAIL: 18_support/uncaught_exception/14026.cc execution test
WARNING: program timed out.
WARNING: program timed out.
FAIL: 19_diagnostics/logic_error/what-2.cc execution test
WARNING: program timed out.
WARNING: program timed out.
FAIL: 19_diagnostics/runtime_error/what-2.cc execution test
WARNING: program timed out.
WARNING: program timed out.
FAIL: 19_diagnostics/system_error/what-2.cc execution test
WARNING: program timed out.
FAIL: 20_util/allocator/8230.cc execution test
WARNING: program timed out.
FAIL: 20_util/make_signed/requirements/typedefs-1.cc execution test
WARNING: program timed out.
FAIL: 20_util/make_unsigned/requirements/typedefs-1.cc execution test
WARNING: program timed out.
FAIL: 20_util/shared_ptr/creation/alloc.cc execution test
FAIL: 20_util/shared_ptr/creation/make.cc execution test
FAIL: 21_strings/basic_string/append/char/1.cc execution test
WARNING: program timed out.
FAIL: 21_strings/basic_string/cons/char/1.cc execution test
WARNING: program timed out.
FAIL: 21_strings/basic_string/cons/char/3.cc execution test
FAIL: 21_strings/basic_string/element_access/char/1.cc execution test
WARNING: program timed out.
FAIL: 21_strings/basic_string/insert/char/1.cc execution test
WARNING: program timed out.
FAIL: 21_strings/basic_string/inserters_extractors/pod/10081-in.cc execution test
FAIL: 21_strings/basic_string/substr/char/1.cc execution test
WARNING: program timed out.
FAIL: 22_locale/facet/25421.cc execution test
FAIL: 22_locale/global_templates/1.cc execution test
WARNING: program timed out.
FAIL: 22_locale/money_get/get/char/5.cc execution test
WARNING: program timed out.
FAIL: 22_locale/money_put/put/char/12971.cc execution test
WARNING: program timed out.
FAIL: 22_locale/money_put/put/char/4.cc execution test
WARNING: program timed out.
FAIL: 22_locale/money_put/put/char/6.cc execution test
WARNING: program timed out.
FAIL: 22_locale/num_get/get/char/10.cc execution test
WARNING: program timed out.
FAIL: 22_locale/num_get/get/char/11.cc execution test
FAIL: 22_locale/num_get/get/char/12.cc execution test
FAIL: 22_locale/num_get/get/char/13.cc execution test
WARNING: program timed out.
FAIL: 22_locale/num_get/get/char/14.cc execution test
WARNING: program timed out.
FAIL: 22_locale/num_get/get/char/15.cc execution test
WARNING: program timed out.
FAIL: 22_locale/num_get/get/char/16.cc execution test
WARNING: program timed out.
FAIL: 22_locale/num_get/get/char/2.cc execution test
WARNING: program timed out.
FAIL: 22_locale/num_get/get/char/22131.cc execution test
FAIL: 22_locale/num_get/get/char/23953.cc execution test
WARNING: program timed out.
FAIL: 22_locale/num_get/get/char/4.cc execution test
WARNING: program timed out.
FAIL: 22_locale/num_put/put/char/10.cc execution test
FAIL: 22_locale/num_put/put/char/11.cc execution test
FAIL: 22_locale/num_put/put/char/12.cc execution test
WARNING: program timed out.
FAIL: 22_locale/num_put/put/char/14220.cc execution test
FAIL: 22_locale/num_put/put/char/15565.cc execution test
WARNING: program timed out.
FAIL: 22_locale/num_put/put/char/23953.cc execution test
WARNING: program timed out.
FAIL: 22_locale/num_put/put/char/4.cc execution test
WARNING: program timed out.
FAIL: 22_locale/num_put/put/char/6.cc execution test
FAIL: 22_locale/num_put/put/char/8.cc execution test
FAIL: 22_locale/numpunct/members/pod/2.cc execution test
WARNING: program timed out.
FAIL: 22_locale/time_put/put/char/1.cc execution test
WARNING: program timed out.
FAIL: 22_locale/time_put/put/char/5.cc execution test
WARNING: program timed out.
FAIL: 22_locale/time_put/put/char/9.cc execution test
FAIL: 23_containers/bitset/cons/1.cc execution test
WARNING: program timed out.
FAIL: 23_containers/bitset/cons/6282.cc execution test
FAIL: 23_containers/bitset/ext/15361.cc execution test
WARNING: program timed out.
FAIL: 23_containers/bitset/test/1.cc execution test
WARNING: program timed out.
FAIL: 23_containers/bitset/to_ulong/1.cc execution test
FAIL: 23_containers/deque/capacity/29134-2.cc execution test
FAIL: 23_containers/deque/cons/2.cc execution test
WARNING: program timed out.
FAIL: 23_containers/deque/modifiers/swap/2.cc execution test
WARNING: program timed out.
FAIL: 23_containers/deque/modifiers/swap/3.cc execution test
FAIL: 23_containers/list/modifiers/3.cc execution test
FAIL: 23_containers/list/modifiers/insert/25288.cc execution test
FAIL: 23_containers/list/modifiers/swap/2.cc execution test
FAIL: 23_containers/list/modifiers/swap/3.cc execution test
FAIL: 23_containers/list/operations/5.cc execution test
FAIL: 23_containers/map/element_access/1.cc execution test
WARNING: program timed out.
FAIL: 23_containers/map/modifiers/insert/16813.cc execution test
FAIL: 23_containers/map/modifiers/swap/2.cc execution test
FAIL: 23_containers/map/modifiers/swap/3.cc execution test
FAIL: 23_containers/multimap/modifiers/swap/2.cc execution test
FAIL: 23_containers/multimap/modifiers/swap/3.cc execution test
WARNING: program timed out.
FAIL: 23_containers/multiset/modifiers/swap/2.cc execution test
FAIL: 23_containers/multiset/modifiers/swap/3.cc execution test
FAIL: 23_containers/set/modifiers/swap/2.cc execution test
FAIL: 23_containers/set/modifiers/swap/3.cc execution test
WARNING: program timed out.
FAIL: 23_containers/unordered_map/dr761.cc execution test
WARNING: program timed out.
FAIL: 23_containers/unordered_map/moveable.cc execution test
WARNING: program timed out.
FAIL: 23_containers/unordered_map/requirements/citerators.cc execution test
WARNING: program timed out.
FAIL: 23_containers/unordered_map/requirements/cliterators.cc execution test
WARNING: program timed out.
FAIL: 23_containers/unordered_multimap/moveable.cc execution test
WARNING: program timed out.
FAIL: 23_containers/unordered_multimap/requirements/citerators.cc execution test
WARNING: program timed out.
FAIL: 23_containers/unordered_multimap/requirements/cliterators.cc execution test
WARNING: program timed out.
FAIL: 23_containers/unordered_multiset/moveable.cc execution test
WARNING: program timed out.
FAIL: 23_containers/unordered_multiset/requirements/citerators.cc execution test
WARNING: program timed out.
FAIL: 23_containers/unordered_multiset/requirements/cliterators.cc execution test
WARNING: program timed out.
FAIL: 23_containers/unordered_set/moveable.cc execution test
WARNING: program timed out.
FAIL: 23_containers/unordered_set/requirements/citerators.cc execution test
WARNING: program timed out.
FAIL: 23_containers/unordered_set/requirements/cliterators.cc execution test
WARNING: program timed out.
FAIL: 23_containers/vector/bool/modifiers/insert/31370.cc execution test
FAIL: 23_containers/vector/bool/modifiers/swap/1.cc execution test
FAIL: 23_containers/vector/bool/modifiers/swap/2.cc execution test
FAIL: 23_containers/vector/capacity/2.cc execution test
FAIL: 23_containers/vector/capacity/29134-2.cc execution test
WARNING: program timed out.
FAIL: 23_containers/vector/capacity/8230.cc execution test
FAIL: 23_containers/vector/cons/4.cc execution test
FAIL: 23_containers/vector/element_access/1.cc execution test
FAIL: 23_containers/vector/modifiers/insert/1.cc execution test
WARNING: program timed out.
FAIL: 23_containers/vector/modifiers/swap/2.cc execution test
WARNING: program timed out.
FAIL: 23_containers/vector/modifiers/swap/3.cc execution test
FAIL: 23_containers/vector/resize/1.cc execution test
FAIL: 25_algorithms/nth_element/2.cc execution test
WARNING: program timed out.
FAIL: 25_algorithms/sort/34095.cc execution test
WARNING: program timed out.
FAIL: 25_algorithms/sort/34636.cc execution test
FAIL: 25_algorithms/sort/vectorbool.cc execution test
WARNING: program timed out.
FAIL: 26_numerics/complex/13450.cc execution test
WARNING: program timed out.
FAIL: 26_numerics/complex/complex_value.cc execution test
WARNING: program timed out.
FAIL: 26_numerics/complex/dr844.cc execution test
WARNING: program timed out.
FAIL: 26_numerics/complex/inserters_extractors/char/1.cc execution test
WARNING: program timed out.
FAIL: 26_numerics/complex/pow.cc execution test
FAIL: 26_numerics/headers/cmath/c_math.cc execution test
WARNING: program timed out.
FAIL: 26_numerics/headers/cmath/fabs_inline.cc execution test
WARNING: program timed out.
FAIL: 26_numerics/headers/cmath/overloads.cc execution test
WARNING: program timed out.
FAIL: 26_numerics/valarray/binary_closure.cc execution test
WARNING: program timed out.
FAIL: 26_numerics/valarray/subset_assignment.cc execution test
FAIL: 27_io/basic_filebuf/overflow/char/1.cc execution test
WARNING: program timed out.
FAIL: 27_io/basic_filebuf/overflow/char/13858.cc execution test
WARNING: program timed out.
FAIL: 27_io/basic_filebuf/overflow/char/9182-2.cc execution test
WARNING: program timed out.
WARNING: program timed out.
WARNING: program timed out.
FAIL: 27_io/basic_filebuf/sync/char/9182-1.cc execution test
WARNING: program timed out.
FAIL: 27_io/basic_ios/copyfmt/char/1.cc execution test
FAIL: 27_io/basic_ios/exceptions/char/1.cc execution test
WARNING: program timed out.
FAIL: 27_io/basic_ios/exceptions/char/2.cc execution test
FAIL: 27_io/basic_ios/imbue/14072.cc (test for excess errors)
WARNING: program timed out.
FAIL: 27_io/basic_ios/imbue/14072.cc execution test
FAIL: 27_io/basic_istream/exceptions/char/9561.cc execution test
FAIL: 27_io/basic_istream/extractors_arithmetic/char/01.cc execution test
FAIL: 27_io/basic_istream/extractors_arithmetic/char/07.cc execution test
WARNING: program timed out.
FAIL: 27_io/basic_istream/extractors_arithmetic/char/09.cc execution test
WARNING: program timed out.
FAIL: 27_io/basic_istream/extractors_arithmetic/char/10.cc execution test
WARNING: program timed out.
FAIL: 27_io/basic_istream/extractors_arithmetic/char/12.cc execution test
WARNING: program timed out.
FAIL: 27_io/basic_istream/extractors_arithmetic/char/13.cc execution test
FAIL: 27_io/basic_istream/extractors_arithmetic/char/exceptions_badbit_throw.cc execution test
WARNING: program timed out.
FAIL: 27_io/basic_istream/extractors_arithmetic/char/exceptions_failbit.cc execution test
WARNING: program timed out.
FAIL: 27_io/basic_istream/extractors_arithmetic/char/exceptions_failbit_throw.cc execution test
WARNING: program timed out.
FAIL: 27_io/basic_istream/extractors_arithmetic/pod/3983-1.cc execution test
WARNING: program timed out.
FAIL: 27_io/basic_istream/extractors_character/pod/3983-2.cc execution test
FAIL: 27_io/basic_istream/extractors_other/char/error_failbit.cc execution test
FAIL: 27_io/basic_istream/extractors_other/char/exceptions_badbit_throw.cc execution test
WARNING: program timed out.
FAIL: 27_io/basic_istream/extractors_other/char/exceptions_failbit_throw.cc execution test
WARNING: program timed out.
FAIL: 27_io/basic_istream/extractors_other/char/exceptions_null.cc execution test
WARNING: program timed out.
FAIL: 27_io/basic_istream/extractors_other/pod/3983-3.cc execution test
WARNING: program timed out.
WARNING: program timed out.
FAIL: 27_io/basic_istream/seekg/char/exceptions_badbit_throw.cc execution test
WARNING: program timed out.
FAIL: 27_io/basic_istream/sentry/char/12297.cc execution test
WARNING: program timed out.
FAIL: 27_io/basic_istream/sentry/char/2.cc execution test
WARNING: program timed out.
FAIL: 27_io/basic_istream/sentry/pod/1.cc execution test
WARNING: program timed out.
FAIL: 27_io/basic_istream/tellg/char/exceptions_badbit_throw.cc execution test
FAIL: 27_io/basic_ostream/exceptions/char/9561.cc execution test
WARNING: program timed out.
FAIL: 27_io/basic_ostream/flush/char/exceptions_badbit_throw.cc execution test
WARNING: program timed out.
FAIL: 27_io/basic_ostream/inserters_arithmetic/char/1.cc execution test
WARNING: program timed out.
FAIL: 27_io/basic_ostream/inserters_arithmetic/char/4402.cc execution test
WARNING: program timed out.
FAIL: 27_io/basic_ostream/inserters_arithmetic/char/5.cc execution test
WARNING: program timed out.
FAIL: 27_io/basic_ostream/inserters_arithmetic/char/6.cc execution test
FAIL: 27_io/basic_ostream/inserters_arithmetic/char/7.cc execution test
FAIL: 27_io/basic_ostream/inserters_arithmetic/char/9555-oa.cc execution test
FAIL: 27_io/basic_ostream/inserters_arithmetic/char/exceptions_badbit_throw.cc execution test
FAIL: 27_io/basic_ostream/inserters_arithmetic/char/exceptions_failbit_throw.cc execution test
FAIL: 27_io/basic_ostream/inserters_arithmetic/pod/23875.cc execution test
FAIL: 27_io/basic_ostream/inserters_character/char/9555-oc.cc execution test
WARNING: program timed out.
FAIL: 27_io/basic_ostream/inserters_other/char/2.cc execution test
FAIL: 27_io/basic_ostream/inserters_other/char/5.cc execution test
WARNING: program timed out.
FAIL: 27_io/basic_ostream/inserters_other/char/error_code.cc execution test
FAIL: 27_io/basic_ostream/inserters_other/char/error_failbit.cc execution test
FAIL: 27_io/basic_ostream/inserters_other/char/exceptions_badbit_throw.cc execution test
WARNING: program timed out.
FAIL: 27_io/basic_ostream/inserters_other/char/exceptions_failbit_throw.cc execution test
WARNING: program timed out.
FAIL: 27_io/basic_ostream/inserters_other/char/exceptions_null.cc execution test
WARNING: program timed out.
FAIL: 27_io/basic_ostream/put/char/1.cc execution test
FAIL: 27_io/basic_ostream/seekp/char/exceptions_badbit_throw.cc execution test
FAIL: 27_io/basic_ostream/tellp/char/exceptions_badbit_throw.cc execution test
FAIL: 27_io/basic_ostream/write/char/1.cc execution test
FAIL: 27_io/basic_streambuf/overflow/char/2.cc execution test
WARNING: program timed out.
FAIL: 27_io/basic_stringbuf/in_avail/char/21955.cc execution test
FAIL: 27_io/basic_stringbuf/overflow/char/2.cc execution test
WARNING: program timed out.
FAIL: 27_io/basic_stringstream/str/char/3.cc execution test
WARNING: program timed out.
FAIL: 27_io/fpos/14320-5.cc execution test
WARNING: program timed out.
WARNING: program timed out.
FAIL: 27_io/ios_base/failure/what-2.cc execution test
FAIL: 27_io/ios_base/storage/11584.cc execution test
WARNING: program timed out.
FAIL: 27_io/ios_base/storage/2.cc execution test
WARNING: program timed out.
WARNING: program timed out.
WARNING: program timed out.
FAIL: backward/strstream_members.cc execution test
WARNING: program timed out.
FAIL: ext/array_allocator/check_allocate_max_size.cc execution test
WARNING: program timed out.
FAIL: ext/bitmap_allocator/check_allocate_max_size.cc execution test
FAIL: ext/bitmap_allocator/variadic_construct.cc execution test
FAIL: ext/debug_allocator/check_deallocate_null.cc execution test
WARNING: program timed out.
FAIL: ext/malloc_allocator/check_allocate_max_size.cc execution test
WARNING: program timed out.
FAIL: ext/mt_allocator/check_allocate_max_size.cc execution test
WARNING: program timed out.
FAIL: ext/new_allocator/check_allocate_max_size.cc execution test
FAIL: ext/pb_ds/example/basic_map.cc execution test
WARNING: program timed out.
FAIL: ext/pb_ds/example/basic_multimap.cc execution test
FAIL: ext/pb_ds/example/basic_set.cc execution test
FAIL: ext/pb_ds/example/erase_if.cc execution test
FAIL: ext/pb_ds/example/hash_illegal_resize.cc execution test
WARNING: program timed out.
FAIL: ext/pb_ds/example/hash_initial_size.cc execution test
WARNING: program timed out.
FAIL: ext/pb_ds/example/hash_load_set_change.cc execution test
WARNING: program timed out.
FAIL: ext/pb_ds/example/hash_mod.cc execution test
FAIL: ext/pb_ds/example/hash_resize.cc execution test
WARNING: program timed out.
FAIL: ext/pb_ds/example/hash_shift_mask.cc execution test
FAIL: ext/pb_ds/example/priority_queue_xref.cc execution test
FAIL: ext/pb_ds/example/ranged_hash.cc execution test
FAIL: ext/pb_ds/example/store_hash.cc execution test
WARNING: program timed out.
FAIL: ext/pb_ds/example/tree_join.cc execution test
WARNING: program timed out.
FAIL: ext/pb_ds/regression/associative_containers.cc execution test
WARNING: program timed out.
FAIL: ext/pb_ds/regression/hash_data_map_rand.cc execution test
WARNING: program timed out.
FAIL: ext/pb_ds/regression/hash_no_data_map_rand.cc execution test
WARNING: program timed out.
FAIL: ext/pb_ds/regression/list_update_data_map_rand.cc execution test
WARNING: program timed out.
FAIL: ext/pb_ds/regression/list_update_no_data_map_rand.cc execution test
FAIL: ext/pb_ds/regression/priority_queue_rand.cc execution test
WARNING: program timed out.
FAIL: ext/pb_ds/regression/tree_data_map_rand.cc execution test
WARNING: program timed out.
FAIL: ext/pb_ds/regression/tree_no_data_map_rand.cc execution test
WARNING: program timed out.
FAIL: ext/pb_ds/regression/trie_data_map_rand.cc execution test
WARNING: program timed out.
FAIL: ext/pb_ds/regression/trie_no_data_map_rand.cc execution test
FAIL: ext/pool_allocator/allocate_chunk.cc execution test
WARNING: program timed out.
FAIL: ext/pool_allocator/check_allocate_max_size.cc execution test
XPASS: ext/stdio_filebuf/char/10063-2.cc execution test
XPASS: ext/stdio_filebuf/char/10063-3.cc execution test
FAIL: ext/throw_allocator/check_allocate_max_size.cc execution test
WARNING: program timed out.
FAIL: ext/throw_allocator/check_deallocate_null.cc execution test
WARNING: program timed out.
FAIL: ext/throw_allocator/check_delete.cc execution test
WARNING: program timed out.
FAIL: ext/throw_allocator/check_new.cc execution test
WARNING: program timed out.
FAIL: ext/throw_allocator/deallocate_global.cc execution test
WARNING: program timed out.
FAIL: ext/throw_allocator/deallocate_local.cc execution test
WARNING: program timed out.
FAIL: ext/throw_allocator/variadic_construct.cc execution test
FAIL: tr1/2_general_utilities/enable_shared_from_this/not_shared.cc execution test
FAIL: tr1/2_general_utilities/enable_shared_from_this/not_shared2.cc execution test
FAIL: tr1/2_general_utilities/enable_shared_from_this/not_shared3.cc execution test
WARNING: program timed out.
WARNING: program timed out.
FAIL: tr1/3_function_objects/function/1.cc execution test
WARNING: program timed out.
FAIL: tr1/3_function_objects/function/2.cc execution test
WARNING: program timed out.
FAIL: tr1/3_function_objects/function/3.cc execution test
FAIL: tr1/3_function_objects/function/4.cc execution test
WARNING: program timed out.
FAIL: tr1/3_function_objects/function/7.cc execution test
WARNING: program timed out.
FAIL: tr1/3_function_objects/reference_wrapper/invoke.cc execution test
WARNING: program timed out.
FAIL: tr1/5_numerical_facilities/random/ranlux3_01.cc execution test
WARNING: program timed out.
FAIL: tr1/5_numerical_facilities/random/ranlux4_01.cc execution test
WARNING: program timed out.
FAIL: tr1/5_numerical_facilities/random/subtract_with_carry_01/cons/default.cc execution test
WARNING: program timed out.
WARNING: program timed out.
FAIL: tr1/5_numerical_facilities/special_functions/01_assoc_laguerre/check_value.cc execution test
WARNING: program timed out.
FAIL: tr1/5_numerical_facilities/special_functions/02_assoc_legendre/check_value.cc execution test
WARNING: program timed out.
FAIL: tr1/5_numerical_facilities/special_functions/03_beta/check_value.cc execution test
FAIL: tr1/5_numerical_facilities/special_functions/04_comp_ellint_1/check_value.cc execution test
WARNING: program timed out.
FAIL: tr1/5_numerical_facilities/special_functions/05_comp_ellint_2/check_value.cc execution test
FAIL: tr1/5_numerical_facilities/special_functions/06_comp_ellint_3/check_value.cc execution test
WARNING: program timed out.
FAIL: tr1/5_numerical_facilities/special_functions/07_conf_hyperg/check_value.cc execution test
WARNING: program timed out.
FAIL: tr1/5_numerical_facilities/special_functions/08_cyl_bessel_i/check_value.cc execution test
WARNING: program timed out.
FAIL: tr1/5_numerical_facilities/special_functions/09_cyl_bessel_j/check_value.cc execution test
WARNING: program timed out.
FAIL: tr1/5_numerical_facilities/special_functions/10_cyl_bessel_k/check_value.cc execution test
WARNING: program timed out.
FAIL: tr1/5_numerical_facilities/special_functions/11_cyl_neumann/check_value.cc execution test
WARNING: program timed out.
FAIL: tr1/5_numerical_facilities/special_functions/12_ellint_1/check_value.cc execution test
WARNING: program timed out.
FAIL: tr1/5_numerical_facilities/special_functions/13_ellint_2/check_value.cc execution test
WARNING: program timed out.
FAIL: tr1/5_numerical_facilities/special_functions/14_ellint_3/check_value.cc execution test
WARNING: program timed out.
FAIL: tr1/5_numerical_facilities/special_functions/15_expint/check_value_neg.cc execution test
WARNING: program timed out.
FAIL: tr1/5_numerical_facilities/special_functions/15_expint/check_value_pos.cc execution test
FAIL: tr1/5_numerical_facilities/special_functions/17_hyperg/check_value.cc execution test
WARNING: program timed out.
FAIL: tr1/5_numerical_facilities/special_functions/18_laguerre/check_value.cc execution test
WARNING: program timed out.
FAIL: tr1/5_numerical_facilities/special_functions/19_legendre/check_value.cc execution test
WARNING: program timed out.
FAIL: tr1/5_numerical_facilities/special_functions/20_riemann_zeta/check_value_neg.cc execution test
WARNING: program timed out.
FAIL: tr1/5_numerical_facilities/special_functions/20_riemann_zeta/check_value_pos.cc execution test
WARNING: program timed out.
FAIL: tr1/5_numerical_facilities/special_functions/21_sph_bessel/check_value.cc execution test
WARNING: program timed out.
FAIL: tr1/5_numerical_facilities/special_functions/22_sph_legendre/check_value.cc execution test
WARNING: program timed out.
FAIL: tr1/5_numerical_facilities/special_functions/23_sph_neumann/check_value.cc execution test
WARNING: program timed out.
FAIL: tr1/6_containers/array/element_access/at_out_of_range.cc execution test
FAIL: tr1/6_containers/hash/operators/size_t.cc execution test
WARNING: program timed out.
FAIL: tr1/6_containers/unordered_map/24064.cc execution test
FAIL: tr1/6_containers/unordered_map/capacity/29134-map.cc execution test
WARNING: program timed out.
FAIL: tr1/6_containers/unordered_map/erase/1.cc execution test
WARNING: program timed out.
FAIL: tr1/6_containers/unordered_map/erase/24061-map.cc execution test
WARNING: program timed out.
FAIL: tr1/6_containers/unordered_map/find/map1.cc execution test
WARNING: program timed out.
FAIL: tr1/6_containers/unordered_map/insert/24061-map.cc execution test
FAIL: tr1/6_containers/unordered_map/insert/array_syntax.cc execution test
WARNING: program timed out.
FAIL: tr1/6_containers/unordered_map/insert/map_range.cc execution test
WARNING: program timed out.
FAIL: tr1/6_containers/unordered_map/insert/map_single.cc execution test
FAIL: tr1/6_containers/unordered_map/swap/1.cc execution test
WARNING: program timed out.
FAIL: tr1/6_containers/unordered_map/swap/2.cc execution test
FAIL: tr1/6_containers/unordered_multimap/capacity/29134-multimap.cc execution test
WARNING: program timed out.
FAIL: tr1/6_containers/unordered_multimap/erase/1.cc execution test
WARNING: program timed out.
FAIL: tr1/6_containers/unordered_multimap/erase/24061-multimap.cc execution test
WARNING: program timed out.
FAIL: tr1/6_containers/unordered_multimap/find/multimap1.cc execution test
WARNING: program timed out.
FAIL: tr1/6_containers/unordered_multimap/insert/24061-multimap.cc execution test
WARNING: program timed out.
FAIL: tr1/6_containers/unordered_multimap/insert/multimap_range.cc execution test
WARNING: program timed out.
FAIL: tr1/6_containers/unordered_multimap/insert/multimap_single.cc execution test
WARNING: program timed out.
FAIL: tr1/6_containers/unordered_multimap/swap/1.cc execution test
FAIL: tr1/6_containers/unordered_multimap/swap/2.cc execution test
FAIL: tr1/6_containers/unordered_multiset/24054.cc execution test
FAIL: tr1/6_containers/unordered_multiset/capacity/29134-multiset.cc execution test
WARNING: program timed out.
FAIL: tr1/6_containers/unordered_multiset/erase/1.cc execution test
WARNING: program timed out.
FAIL: tr1/6_containers/unordered_multiset/erase/24061-multiset.cc execution test
WARNING: program timed out.
FAIL: tr1/6_containers/unordered_multiset/find/multiset1.cc execution test
FAIL: tr1/6_containers/unordered_multiset/insert/24061-multiset.cc execution test
FAIL: tr1/6_containers/unordered_multiset/insert/multiset_range.cc execution test
WARNING: program timed out.
FAIL: tr1/6_containers/unordered_multiset/insert/multiset_single.cc execution test
FAIL: tr1/6_containers/unordered_multiset/swap/1.cc execution test
FAIL: tr1/6_containers/unordered_multiset/swap/2.cc execution test
WARNING: program timed out.
FAIL: tr1/6_containers/unordered_set/23465.cc execution test
WARNING: program timed out.
FAIL: tr1/6_containers/unordered_set/26132.cc execution test
FAIL: tr1/6_containers/unordered_set/capacity/29134-set.cc execution test
WARNING: program timed out.
FAIL: tr1/6_containers/unordered_set/erase/1.cc execution test
WARNING: program timed out.
FAIL: tr1/6_containers/unordered_set/erase/24061-set.cc execution test
WARNING: program timed out.
FAIL: tr1/6_containers/unordered_set/find/set1.cc execution test
FAIL: tr1/6_containers/unordered_set/insert/24061-set.cc execution test
FAIL: tr1/6_containers/unordered_set/insert/set_range.cc execution test
WARNING: program timed out.
FAIL: tr1/6_containers/unordered_set/insert/set_single.cc execution test
FAIL: tr1/6_containers/unordered_set/swap/1.cc execution test
WARNING: program timed out.
FAIL: tr1/6_containers/unordered_set/swap/2.cc execution test
WARNING: program timed out.
FAIL: tr1/8_c_compatibility/complex/overloads_int.cc execution test

		=== libstdc++ Summary ===

# of expected passes		3850
# of unexpected failures	293
# of unexpected successes	2
# of expected failures		78
# of unsupported tests		205

Compiler version: 4.4.0 20080621 (experimental) (GCC) 
Platform: arm-none-eabi
configure flags: --build=i686-pc-linux-gnu --host=i686-pc-linux-gnu --target=arm-none-eabi --enable-threads --disable-libmudflap --disable-libssp --disable-libgomp --disable-libstdcxx-pch --with-gnu-as --with-gnu-ld --enable-languages=c,c++ --disable-shared --with-newlib --disable-nls --prefix=/opt/codesourcery --with-headers=yes --with-sysroot=/opt/codesourcery/arm-none-eabi --with-build-sysroot=/scratch/gcc/nightly-2008-06-21-mainline/arm-none-eabi/install/arm-none-eabi --with-gmp=/scratch/gcc/nightly-2008-06-21-mainline/arm-none-eabi/obj/host-libs-mainline-0-arm-none-eabi-i686-pc-linux-gnu/usr --with-mpfr=/scratch/gcc/nightly-2008-06-21-mainline/arm-none-eabi/obj/host-libs-mainline-0-arm-none-eabi-i686-pc-linux-gnu/usr --enable-poison-system-directories --with-build-time-tools=/scratch/gcc/nightly-2008-06-21-mainline/arm-none-eabi/install/arm-none-eabi/bin --with-build-time-tools=/scratch/gcc/nightly-2008-06-21-mainline/arm-none-eabi/install/arm-none-eabi/bin


Index Nav: [Date Index] [Subject Index] [Author Index] [Thread Index]
Message Nav: [Date Prev] [Date Next] [Thread Prev] [Thread Next]