This is the mail archive of the
gcc-testresults@gcc.gnu.org
mailing list for the GCC project.
Results for 4.4.0 20080615 (experimental) [trunk revision 136823] (GCC) testsuite on i686-pc-linux-gnu
- From: dave at selway dot hia dot nrc dot ca (John David Anglin)
- To: dave at selway dot hia dot nrc dot ca, gcc-testresults at gcc dot gnu dot org
- Date: Thu, 19 Jun 2008 19:07:46 -0400
- Subject: Results for 4.4.0 20080615 (experimental) [trunk revision 136823] (GCC) testsuite on i686-pc-linux-gnu
LAST_UPDATED: Sun Jun 15 20:57:28 UTC 2008 (revision 136823)
=== acats tests ===
=== acats Summary ===
# of expected passes 2315
# of unexpected failures 0
Native configuration is i686-pc-linux-gnu
=== gcc tests ===
Running target unix
FAIL: gcc.dg/Wstrict-aliasing-float-ptr-int-obj.c (test for warnings, line 14)
FAIL: gcc.dg/Wstrict-aliasing-float-ptr-int-obj.c (test for warnings, line 16)
FAIL: gcc.dg/pr30286.c execution test
FAIL: gcc.dg/torture/builtin-math-4.c -O0 (test for excess errors)
FAIL: gcc.dg/torture/builtin-math-4.c -O1 (test for excess errors)
FAIL: gcc.dg/torture/builtin-math-4.c -O2 (test for excess errors)
FAIL: gcc.dg/torture/builtin-math-4.c -O3 -fomit-frame-pointer (test for excess errors)
FAIL: gcc.dg/torture/builtin-math-4.c -O3 -fomit-frame-pointer -funroll-loops (test for excess errors)
FAIL: gcc.dg/torture/builtin-math-4.c -O3 -fomit-frame-pointer -funroll-all-loops -finline-functions (test for excess errors)
FAIL: gcc.dg/torture/builtin-math-4.c -O3 -g (test for excess errors)
FAIL: gcc.dg/torture/builtin-math-4.c -Os (test for excess errors)
XPASS: gcc.dg/tree-ssa/loadpre1.c scan-tree-dump-times pre "Eliminated: 1" 1
XPASS: gcc.dg/tree-ssa/ltrans-3.c scan-tree-dump-times ltrans "transformed loop" 1
=== gcc Summary ===
# of expected passes 50216
# of unexpected failures 11
# of unexpected successes 2
# of expected failures 172
# of unsupported tests 425
/home/dave/gnu/gcc/objdir/gcc/xgcc version 4.4.0 20080615 (experimental) [trunk revision 136823] (GCC)
=== gfortran tests ===
Running target unix
FAIL: gfortran.dg/bessel_2.f90 -O (test for excess errors)
FAIL: gfortran.dg/parameter_array_init_4.f90 -O0 (test for excess errors)
FAIL: gfortran.dg/parameter_array_init_4.f90 -O1 (test for excess errors)
FAIL: gfortran.dg/parameter_array_init_4.f90 -O2 (test for excess errors)
FAIL: gfortran.dg/parameter_array_init_4.f90 -O3 -fomit-frame-pointer (test for excess errors)
FAIL: gfortran.dg/parameter_array_init_4.f90 -O3 -fomit-frame-pointer -funroll-loops (test for excess errors)
FAIL: gfortran.dg/parameter_array_init_4.f90 -O3 -fomit-frame-pointer -funroll-all-loops -finline-functions (test for excess errors)
FAIL: gfortran.dg/parameter_array_init_4.f90 -O3 -g (test for excess errors)
FAIL: gfortran.dg/parameter_array_init_4.f90 -Os (test for excess errors)
=== gfortran Summary ===
# of expected passes 26394
# of unexpected failures 9
# of expected failures 8
# of unsupported tests 89
/home/dave/gnu/gcc/objdir/gcc/testsuite/gfortran/../../gfortran version 4.4.0 20080615 (experimental) [trunk revision 136823] (GCC)
=== g++ tests ===
Running target unix
FAIL: g++.dg/tree-ssa/pr19637.C scan-tree-dump-times dom1 "return 1;" 3
=== g++ Summary ===
# of expected passes 17773
# of unexpected failures 1
# of expected failures 82
# of unsupported tests 90
/home/dave/gnu/gcc/objdir/gcc/testsuite/g++/../../g++ version 4.4.0 20080615 (experimental) [trunk revision 136823] (GCC)
=== gnat tests ===
Running target unix
=== gnat Summary ===
# of expected passes 506
# of expected failures 6
=== objc tests ===
Running target unix
=== objc Summary ===
# of expected passes 1814
# of expected failures 7
# of unsupported tests 24
/home/dave/gnu/gcc/objdir/gcc/xgcc version 4.4.0 20080615 (experimental) [trunk revision 136823] (GCC)
=== libffi tests ===
Running target unix
=== libffi Summary ===
# of expected passes 1389
# of unsupported tests 10
=== libgomp tests ===
Running target unix
WARNING: program timed out.
FAIL: libgomp.c/ordered-3.c execution test
=== libgomp Summary ===
# of expected passes 2266
# of unexpected failures 1
=== libjava tests ===
Running target unix
=== libjava Summary ===
# of expected passes 2574
=== libmudflap tests ===
Running target unix
=== libmudflap Summary ===
# of expected passes 1865
=== libstdc++ tests ===
Running target unix
XPASS: 26_numerics/headers/cmath/c99_classification_macros_c.cc (test for excess errors)
=== libstdc++ Summary ===
# of expected passes 5761
# of unexpected successes 1
# of expected failures 75
# of unsupported tests 10
Compiler version: 4.4.0 20080615 (experimental) [trunk revision 136823] (GCC)
Platform: i686-pc-linux-gnu
configure flags: --with-gnu-as --with-gnu-ld --enable-shared --prefix=/home/dave/opt/gnu/gcc/gcc-4.4.0 --with-local-prefix=/home/dave/opt/gnu --enable-threads=posix --enable-__cxa_atexit --enable-clocale=gnu --enable-java-gc=boehm --with-jacks --enable-java-awt=xlib --with-gmp=/home/dave/opt/gnu --enable-languages=c,c++,objc,fortran,java,ada