This is the mail archive of the gcc-testresults@gcc.gnu.org mailing list for the GCC project.


Index Nav: [Date Index] [Subject Index] [Author Index] [Thread Index]
Message Nav: [Date Prev] [Date Next] [Thread Prev] [Thread Next]
Other format: [Raw text]

Results for 4.4.0 20080613 (experimental) [trunk revision 136760] (GCC) testsuite on mips-sgi-irix6.5


LAST_UPDATED: Fri Jun 13 18:43:56 UTC 2008 (revision 136760)

		=== acats tests ===
FAIL:	cc50a01
FAIL:	cxg2001
FAIL:	cxg2002
FAIL:	cxg2003
FAIL:	cxg2004
FAIL:	cxg2005
FAIL:	cxg2006
FAIL:	cxg2007
FAIL:	cxg2010
FAIL:	cxg2011
FAIL:	cxg2012
FAIL:	cxg2013
FAIL:	cxg2014
FAIL:	cxg2015
FAIL:	cxg2016
FAIL:	cxg2017
FAIL:	cxg2018
FAIL:	cxg2019
FAIL:	cxg2020
FAIL:	cxg2021
FAIL:	cxg2024

		=== acats Summary ===
# of expected passes		2294
# of unexpected failures	21
Native configuration is mips-sgi-irix6.5

		=== g++ tests ===


Running target unix
FAIL: tmpdir-g++.dg-struct-layout-1/t001 cp_compat_x_tst.o-cp_compat_y_tst.o link
UNRESOLVED: tmpdir-g++.dg-struct-layout-1/t001 cp_compat_x_tst.o-cp_compat_y_tst.o execute 
FAIL: tmpdir-g++.dg-struct-layout-1/t002 cp_compat_x_tst.o-cp_compat_y_tst.o link
UNRESOLVED: tmpdir-g++.dg-struct-layout-1/t002 cp_compat_x_tst.o-cp_compat_y_tst.o execute 
FAIL: tmpdir-g++.dg-struct-layout-1/t003 cp_compat_x_tst.o-cp_compat_y_tst.o link
UNRESOLVED: tmpdir-g++.dg-struct-layout-1/t003 cp_compat_x_tst.o-cp_compat_y_tst.o execute 
FAIL: tmpdir-g++.dg-struct-layout-1/t004 cp_compat_x_tst.o-cp_compat_y_tst.o link
UNRESOLVED: tmpdir-g++.dg-struct-layout-1/t004 cp_compat_x_tst.o-cp_compat_y_tst.o execute 
FAIL: tmpdir-g++.dg-struct-layout-1/t005 cp_compat_x_tst.o-cp_compat_y_tst.o link
UNRESOLVED: tmpdir-g++.dg-struct-layout-1/t005 cp_compat_x_tst.o-cp_compat_y_tst.o execute 
FAIL: tmpdir-g++.dg-struct-layout-1/t024 cp_compat_x_tst.o-cp_compat_y_tst.o link
UNRESOLVED: tmpdir-g++.dg-struct-layout-1/t024 cp_compat_x_tst.o-cp_compat_y_tst.o execute 
FAIL: tmpdir-g++.dg-struct-layout-1/t025 cp_compat_x_tst.o-cp_compat_y_tst.o link
UNRESOLVED: tmpdir-g++.dg-struct-layout-1/t025 cp_compat_x_tst.o-cp_compat_y_tst.o execute 
FAIL: tmpdir-g++.dg-struct-layout-1/t026 cp_compat_x_tst.o-cp_compat_y_tst.o link
UNRESOLVED: tmpdir-g++.dg-struct-layout-1/t026 cp_compat_x_tst.o-cp_compat_y_tst.o execute 
FAIL: tmpdir-g++.dg-struct-layout-1/t027 cp_compat_x_tst.o-cp_compat_y_tst.o link
UNRESOLVED: tmpdir-g++.dg-struct-layout-1/t027 cp_compat_x_tst.o-cp_compat_y_tst.o execute 
FAIL: g++.dg/cdce3.C (test for excess errors)
WARNING: g++.dg/cdce3.C compilation failed to produce executable
FAIL: g++.dg/cdce3.C scan-tree-dump cdce "cdce3.C:68: note: function call is shrink-wrapped into error conditions.": dump file does not exist
FAIL: g++.dg/cdce3.C scan-tree-dump cdce "cdce3.C:69: note: function call is shrink-wrapped into error conditions.": dump file does not exist
FAIL: g++.dg/cdce3.C scan-tree-dump cdce "cdce3.C:70: note: function call is shrink-wrapped into error conditions.": dump file does not exist
FAIL: g++.dg/cdce3.C scan-tree-dump cdce "cdce3.C:71: note: function call is shrink-wrapped into error conditions.": dump file does not exist
FAIL: g++.dg/cdce3.C scan-tree-dump cdce "cdce3.C:72: note: function call is shrink-wrapped into error conditions.": dump file does not exist
FAIL: g++.dg/cdce3.C scan-tree-dump cdce "cdce3.C:73: note: function call is shrink-wrapped into error conditions.": dump file does not exist
FAIL: g++.dg/cdce3.C scan-tree-dump cdce "cdce3.C:74: note: function call is shrink-wrapped into error conditions.": dump file does not exist
FAIL: g++.dg/cdce3.C scan-tree-dump cdce "cdce3.C:75: note: function call is shrink-wrapped into error conditions.": dump file does not exist
FAIL: g++.dg/cdce3.C scan-tree-dump cdce "cdce3.C:76: note: function call is shrink-wrapped into error conditions.": dump file does not exist
FAIL: g++.dg/cdce3.C scan-tree-dump cdce "cdce3.C:77: note: function call is shrink-wrapped into error conditions.": dump file does not exist
FAIL: g++.dg/cdce3.C scan-tree-dump cdce "cdce3.C:78: note: function call is shrink-wrapped into error conditions.": dump file does not exist
FAIL: g++.dg/cdce3.C scan-tree-dump cdce "cdce3.C:79: note: function call is shrink-wrapped into error conditions.": dump file does not exist
FAIL: g++.dg/cdce3.C scan-tree-dump cdce "cdce3.C:80: note: function call is shrink-wrapped into error conditions.": dump file does not exist
FAIL: g++.dg/cdce3.C scan-tree-dump cdce "cdce3.C:81: note: function call is shrink-wrapped into error conditions.": dump file does not exist
FAIL: g++.dg/cdce3.C scan-tree-dump cdce "cdce3.C:82: note: function call is shrink-wrapped into error conditions.": dump file does not exist
FAIL: g++.dg/cdce3.C scan-tree-dump cdce "cdce3.C:83: note: function call is shrink-wrapped into error conditions.": dump file does not exist
FAIL: g++.dg/cpp/_Pragma1.C (test for excess errors)
FAIL: g++.dg/other/anon5.C undefined (test for errors, line )
FAIL: g++.dg/other/anon5.C (test for excess errors)
FAIL: g++.dg/tree-ssa/pr19637.C scan-tree-dump-times dom1 "return 1;" 3
FAIL: g++.dg/special/conpr-1.C execution test
FAIL: g++.dg/special/conpr-2.C execution test
FAIL: g++.dg/special/conpr-3.C execution test
FAIL: g++.dg/special/conpr-4.C execution test
FAIL: g++.dg/special/initp1.C execution test
FAIL: g++.dg/special/initpri1.C execution test
WARNING: program timed out.
FAIL: g++.dg/torture/pr31863.C  -O1  (test for excess errors)
WARNING: program timed out.
FAIL: g++.dg/torture/pr31863.C  -O2  (test for excess errors)
WARNING: program timed out.
FAIL: g++.dg/torture/pr31863.C  -O3 -fomit-frame-pointer  (test for excess errors)
WARNING: program timed out.
FAIL: g++.dg/torture/pr31863.C  -O3 -g  (test for excess errors)
WARNING: program timed out.
FAIL: g++.dg/torture/pr31863.C  -Os  (test for excess errors)
FAIL: g++.dg/torture/type-generic-1.C  -O0  (test for excess errors)
FAIL: g++.dg/torture/type-generic-1.C  -O0  execution test
FAIL: g++.dg/torture/type-generic-1.C  -O1  execution test
FAIL: g++.dg/torture/type-generic-1.C  -O2  execution test
FAIL: g++.dg/torture/type-generic-1.C  -O3 -fomit-frame-pointer  execution test
FAIL: g++.dg/torture/type-generic-1.C  -O3 -g  execution test
FAIL: g++.dg/torture/type-generic-1.C  -Os  execution test
XPASS: g++.old-deja/g++.other/init19.C execution test

		=== g++ Summary for unix ===

# of expected passes		17422
# of unexpected failures	48
# of unexpected successes	1
# of expected failures		83
# of unresolved testcases	9
# of unsupported tests		209

Running target unix/-mabi=32
FAIL: tmpdir-g++.dg-struct-layout-1/t001 cp_compat_x_tst.o-cp_compat_y_tst.o link
UNRESOLVED: tmpdir-g++.dg-struct-layout-1/t001 cp_compat_x_tst.o-cp_compat_y_tst.o execute 
FAIL: tmpdir-g++.dg-struct-layout-1/t002 cp_compat_x_tst.o-cp_compat_y_tst.o link
UNRESOLVED: tmpdir-g++.dg-struct-layout-1/t002 cp_compat_x_tst.o-cp_compat_y_tst.o execute 
FAIL: tmpdir-g++.dg-struct-layout-1/t003 cp_compat_x_tst.o-cp_compat_y_tst.o link
UNRESOLVED: tmpdir-g++.dg-struct-layout-1/t003 cp_compat_x_tst.o-cp_compat_y_tst.o execute 
FAIL: tmpdir-g++.dg-struct-layout-1/t006 cp_compat_x_tst.o-cp_compat_y_tst.o link
UNRESOLVED: tmpdir-g++.dg-struct-layout-1/t006 cp_compat_x_tst.o-cp_compat_y_tst.o execute 
FAIL: tmpdir-g++.dg-struct-layout-1/t024 cp_compat_x_tst.o-cp_compat_y_tst.o link
UNRESOLVED: tmpdir-g++.dg-struct-layout-1/t024 cp_compat_x_tst.o-cp_compat_y_tst.o execute 
FAIL: tmpdir-g++.dg-struct-layout-1/t025 cp_compat_x_tst.o-cp_compat_y_tst.o link
UNRESOLVED: tmpdir-g++.dg-struct-layout-1/t025 cp_compat_x_tst.o-cp_compat_y_tst.o execute 
FAIL: tmpdir-g++.dg-struct-layout-1/t026 cp_compat_x_tst.o-cp_compat_y_tst.o link
UNRESOLVED: tmpdir-g++.dg-struct-layout-1/t026 cp_compat_x_tst.o-cp_compat_y_tst.o execute 
FAIL: tmpdir-g++.dg-struct-layout-1/t027 cp_compat_x_tst.o-cp_compat_y_tst.o link
UNRESOLVED: tmpdir-g++.dg-struct-layout-1/t027 cp_compat_x_tst.o-cp_compat_y_tst.o execute 
FAIL: tmpdir-g++.dg-struct-layout-1/t030 cp_compat_x_tst.o-cp_compat_y_tst.o link
UNRESOLVED: tmpdir-g++.dg-struct-layout-1/t030 cp_compat_x_tst.o-cp_compat_y_tst.o execute 
FAIL: g++.dg/cdce3.C (test for excess errors)
WARNING: g++.dg/cdce3.C compilation failed to produce executable
FAIL: g++.dg/cdce3.C scan-tree-dump cdce "cdce3.C:68: note: function call is shrink-wrapped into error conditions.": dump file does not exist
FAIL: g++.dg/cdce3.C scan-tree-dump cdce "cdce3.C:69: note: function call is shrink-wrapped into error conditions.": dump file does not exist
FAIL: g++.dg/cdce3.C scan-tree-dump cdce "cdce3.C:70: note: function call is shrink-wrapped into error conditions.": dump file does not exist
FAIL: g++.dg/cdce3.C scan-tree-dump cdce "cdce3.C:71: note: function call is shrink-wrapped into error conditions.": dump file does not exist
FAIL: g++.dg/cdce3.C scan-tree-dump cdce "cdce3.C:72: note: function call is shrink-wrapped into error conditions.": dump file does not exist
FAIL: g++.dg/cdce3.C scan-tree-dump cdce "cdce3.C:73: note: function call is shrink-wrapped into error conditions.": dump file does not exist
FAIL: g++.dg/cdce3.C scan-tree-dump cdce "cdce3.C:74: note: function call is shrink-wrapped into error conditions.": dump file does not exist
FAIL: g++.dg/cdce3.C scan-tree-dump cdce "cdce3.C:75: note: function call is shrink-wrapped into error conditions.": dump file does not exist
FAIL: g++.dg/cdce3.C scan-tree-dump cdce "cdce3.C:76: note: function call is shrink-wrapped into error conditions.": dump file does not exist
FAIL: g++.dg/cdce3.C scan-tree-dump cdce "cdce3.C:77: note: function call is shrink-wrapped into error conditions.": dump file does not exist
FAIL: g++.dg/cdce3.C scan-tree-dump cdce "cdce3.C:78: note: function call is shrink-wrapped into error conditions.": dump file does not exist
FAIL: g++.dg/cdce3.C scan-tree-dump cdce "cdce3.C:79: note: function call is shrink-wrapped into error conditions.": dump file does not exist
FAIL: g++.dg/cdce3.C scan-tree-dump cdce "cdce3.C:80: note: function call is shrink-wrapped into error conditions.": dump file does not exist
FAIL: g++.dg/cdce3.C scan-tree-dump cdce "cdce3.C:81: note: function call is shrink-wrapped into error conditions.": dump file does not exist
FAIL: g++.dg/cdce3.C scan-tree-dump cdce "cdce3.C:82: note: function call is shrink-wrapped into error conditions.": dump file does not exist
FAIL: g++.dg/cdce3.C scan-tree-dump cdce "cdce3.C:83: note: function call is shrink-wrapped into error conditions.": dump file does not exist
FAIL: g++.dg/cpp/_Pragma1.C (test for excess errors)
FAIL: g++.dg/other/anon5.C undefined (test for errors, line )
FAIL: g++.dg/other/anon5.C (test for excess errors)
FAIL: g++.dg/tree-ssa/pr19637.C scan-tree-dump-times dom1 "return 1;" 3
FAIL: g++.dg/warn/huge-val1.C (test for excess errors)
FAIL: g++.dg/special/conpr-1.C execution test
FAIL: g++.dg/special/conpr-2.C execution test
FAIL: g++.dg/special/conpr-3.C execution test
FAIL: g++.dg/special/conpr-4.C execution test
FAIL: g++.dg/special/initp1.C execution test
FAIL: g++.dg/special/initpri1.C execution test
WARNING: program timed out.
FAIL: g++.dg/torture/pr31863.C  -O2  (test for excess errors)
WARNING: program timed out.
FAIL: g++.dg/torture/pr31863.C  -O3 -fomit-frame-pointer  (test for excess errors)
WARNING: program timed out.
FAIL: g++.dg/torture/pr31863.C  -O3 -g  (test for excess errors)
WARNING: program timed out.
FAIL: g++.dg/torture/pr31863.C  -Os  (test for excess errors)
XPASS: g++.old-deja/g++.other/init19.C execution test

		=== g++ Summary for unix/-mabi=32 ===

# of expected passes		17425
# of unexpected failures	41
# of unexpected successes	1
# of expected failures		83
# of unresolved testcases	9
# of unsupported tests		209

Running target unix/-mabi=64
FAIL: tmpdir-g++.dg-struct-layout-1/t001 cp_compat_x_tst.o-cp_compat_y_tst.o link
UNRESOLVED: tmpdir-g++.dg-struct-layout-1/t001 cp_compat_x_tst.o-cp_compat_y_tst.o execute 
FAIL: tmpdir-g++.dg-struct-layout-1/t002 cp_compat_x_tst.o-cp_compat_y_tst.o link
UNRESOLVED: tmpdir-g++.dg-struct-layout-1/t002 cp_compat_x_tst.o-cp_compat_y_tst.o execute 
FAIL: tmpdir-g++.dg-struct-layout-1/t003 cp_compat_x_tst.o-cp_compat_y_tst.o link
UNRESOLVED: tmpdir-g++.dg-struct-layout-1/t003 cp_compat_x_tst.o-cp_compat_y_tst.o execute 
FAIL: tmpdir-g++.dg-struct-layout-1/t024 cp_compat_x_tst.o-cp_compat_y_tst.o link
UNRESOLVED: tmpdir-g++.dg-struct-layout-1/t024 cp_compat_x_tst.o-cp_compat_y_tst.o execute 
FAIL: tmpdir-g++.dg-struct-layout-1/t025 cp_compat_x_tst.o-cp_compat_y_tst.o link
UNRESOLVED: tmpdir-g++.dg-struct-layout-1/t025 cp_compat_x_tst.o-cp_compat_y_tst.o execute 
FAIL: tmpdir-g++.dg-struct-layout-1/t026 cp_compat_x_tst.o-cp_compat_y_tst.o link
UNRESOLVED: tmpdir-g++.dg-struct-layout-1/t026 cp_compat_x_tst.o-cp_compat_y_tst.o execute 
FAIL: tmpdir-g++.dg-struct-layout-1/t027 cp_compat_x_tst.o-cp_compat_y_tst.o link
UNRESOLVED: tmpdir-g++.dg-struct-layout-1/t027 cp_compat_x_tst.o-cp_compat_y_tst.o execute 
FAIL: tmpdir-g++.dg-struct-layout-1/t030 cp_compat_x_tst.o-cp_compat_y_tst.o link
UNRESOLVED: tmpdir-g++.dg-struct-layout-1/t030 cp_compat_x_tst.o-cp_compat_y_tst.o execute 
FAIL: g++.dg/cdce3.C (test for excess errors)
WARNING: g++.dg/cdce3.C compilation failed to produce executable
FAIL: g++.dg/cdce3.C scan-tree-dump cdce "cdce3.C:68: note: function call is shrink-wrapped into error conditions.": dump file does not exist
FAIL: g++.dg/cdce3.C scan-tree-dump cdce "cdce3.C:69: note: function call is shrink-wrapped into error conditions.": dump file does not exist
FAIL: g++.dg/cdce3.C scan-tree-dump cdce "cdce3.C:70: note: function call is shrink-wrapped into error conditions.": dump file does not exist
FAIL: g++.dg/cdce3.C scan-tree-dump cdce "cdce3.C:71: note: function call is shrink-wrapped into error conditions.": dump file does not exist
FAIL: g++.dg/cdce3.C scan-tree-dump cdce "cdce3.C:72: note: function call is shrink-wrapped into error conditions.": dump file does not exist
FAIL: g++.dg/cdce3.C scan-tree-dump cdce "cdce3.C:73: note: function call is shrink-wrapped into error conditions.": dump file does not exist
FAIL: g++.dg/cdce3.C scan-tree-dump cdce "cdce3.C:74: note: function call is shrink-wrapped into error conditions.": dump file does not exist
FAIL: g++.dg/cdce3.C scan-tree-dump cdce "cdce3.C:75: note: function call is shrink-wrapped into error conditions.": dump file does not exist
FAIL: g++.dg/cdce3.C scan-tree-dump cdce "cdce3.C:76: note: function call is shrink-wrapped into error conditions.": dump file does not exist
FAIL: g++.dg/cdce3.C scan-tree-dump cdce "cdce3.C:77: note: function call is shrink-wrapped into error conditions.": dump file does not exist
FAIL: g++.dg/cdce3.C scan-tree-dump cdce "cdce3.C:78: note: function call is shrink-wrapped into error conditions.": dump file does not exist
FAIL: g++.dg/cdce3.C scan-tree-dump cdce "cdce3.C:79: note: function call is shrink-wrapped into error conditions.": dump file does not exist
FAIL: g++.dg/cdce3.C scan-tree-dump cdce "cdce3.C:80: note: function call is shrink-wrapped into error conditions.": dump file does not exist
FAIL: g++.dg/cdce3.C scan-tree-dump cdce "cdce3.C:81: note: function call is shrink-wrapped into error conditions.": dump file does not exist
FAIL: g++.dg/cdce3.C scan-tree-dump cdce "cdce3.C:82: note: function call is shrink-wrapped into error conditions.": dump file does not exist
FAIL: g++.dg/cdce3.C scan-tree-dump cdce "cdce3.C:83: note: function call is shrink-wrapped into error conditions.": dump file does not exist
FAIL: g++.dg/cpp/_Pragma1.C (test for excess errors)
FAIL: g++.dg/other/anon5.C undefined (test for errors, line )
FAIL: g++.dg/other/anon5.C (test for excess errors)
FAIL: g++.dg/tree-ssa/pr19637.C scan-tree-dump-times dom1 "return 1;" 3
FAIL: g++.dg/special/conpr-1.C execution test
FAIL: g++.dg/special/conpr-2.C execution test
FAIL: g++.dg/special/conpr-3.C execution test
FAIL: g++.dg/special/conpr-4.C execution test
FAIL: g++.dg/special/initp1.C execution test
FAIL: g++.dg/special/initpri1.C execution test
WARNING: program timed out.
FAIL: g++.dg/torture/pr31863.C  -O2  (test for excess errors)
WARNING: program timed out.
FAIL: g++.dg/torture/pr31863.C  -O3 -fomit-frame-pointer  (test for excess errors)
WARNING: program timed out.
FAIL: g++.dg/torture/pr31863.C  -O3 -g  (test for excess errors)
FAIL: g++.dg/torture/type-generic-1.C  -O0  (test for excess errors)
FAIL: g++.dg/torture/type-generic-1.C  -O0  execution test
FAIL: g++.dg/torture/type-generic-1.C  -O1  execution test
FAIL: g++.dg/torture/type-generic-1.C  -O2  execution test
FAIL: g++.dg/torture/type-generic-1.C  -O3 -fomit-frame-pointer  execution test
FAIL: g++.dg/torture/type-generic-1.C  -O3 -g  execution test
FAIL: g++.dg/torture/type-generic-1.C  -Os  execution test
FAIL: g++.old-deja/g++.eh/badalloc1.C execution test
XPASS: g++.old-deja/g++.other/init19.C execution test

		=== g++ Summary for unix/-mabi=64 ===

# of expected passes		17391
# of unexpected failures	46
# of unexpected successes	1
# of expected failures		83
# of unresolved testcases	8
# of unsupported tests		211

		=== g++ Summary ===

# of expected passes		52238
# of unexpected failures	135
# of unexpected successes	3
# of expected failures		249
# of unresolved testcases	26
# of unsupported tests		629
/amnt/galeras/export/vol/gccsrc/obj/irix6/gcc-4.4.0-20080613/6.5-gcc/gcc/testsuite/g++/../../g++  version 4.4.0 20080613 (experimental) [trunk revision 136760] (GCC) 

		=== gcc tests ===


Running target unix
WARNING: program timed out.
FAIL: gcc.c-torture/compile/20001226-1.c  -O2  (test for excess errors)
WARNING: program timed out.
FAIL: gcc.c-torture/compile/20001226-1.c  -O3 -fomit-frame-pointer  (test for excess errors)
WARNING: program timed out.
FAIL: gcc.c-torture/compile/20001226-1.c  -O3 -g  (test for excess errors)
WARNING: program timed out.
FAIL: gcc.c-torture/compile/20001226-1.c  -Os  (test for excess errors)
FAIL: gcc.c-torture/execute/20040709-2.c execution,  -O1 
FAIL: gcc.c-torture/execute/20040709-2.c execution,  -O2 
FAIL: gcc.c-torture/execute/20040709-2.c execution,  -O3 -fomit-frame-pointer 
FAIL: gcc.c-torture/execute/20040709-2.c execution,  -O3 -fomit-frame-pointer -funroll-loops 
FAIL: gcc.c-torture/execute/20040709-2.c execution,  -O3 -fomit-frame-pointer -funroll-all-loops -finline-functions 
FAIL: gcc.c-torture/execute/20040709-2.c execution,  -O3 -g 
FAIL: gcc.c-torture/execute/20040709-2.c execution,  -Os 
FAIL: gcc.dg/compat/scalar-by-value-1 c_compat_x_tst.o compile
FAIL: gcc.dg/compat/scalar-by-value-1 c_compat_y_tst.o compile
FAIL: gcc.dg/compat/scalar-by-value-3 c_compat_x_tst.o compile
FAIL: gcc.dg/compat/scalar-by-value-3 c_compat_y_tst.o compile
FAIL: gcc.dg/compat/scalar-return-1 c_compat_x_tst.o compile
FAIL: gcc.dg/compat/scalar-return-1 c_compat_y_tst.o compile
FAIL: gcc.dg/compat/scalar-return-3 c_compat_y_tst.o compile
FAIL: gcc.dg/compat/struct-by-value-10 c_compat_x_tst.o compile
FAIL: gcc.dg/compat/struct-by-value-10 c_compat_y_tst.o compile
FAIL: gcc.dg/compat/struct-by-value-18 c_compat_x_tst.o compile
FAIL: gcc.dg/compat/struct-by-value-18 c_compat_y_tst.o compile
FAIL: gcc.dg/compat/struct-by-value-7a c_compat_x_tst.o compile
FAIL: gcc.dg/compat/struct-by-value-7a c_compat_y_tst.o compile
FAIL: gcc.dg/compat/struct-by-value-7b c_compat_x_tst.o compile
FAIL: gcc.dg/compat/struct-by-value-7b c_compat_y_tst.o compile
FAIL: gcc.dg/compat/struct-return-10 c_compat_x_tst.o compile
FAIL: gcc.dg/compat/struct-return-10 c_compat_y_tst.o compile
FAIL: tmpdir-gcc.dg-struct-layout-1/t002 c_compat_x_tst.o-c_compat_y_tst.o link
UNRESOLVED: tmpdir-gcc.dg-struct-layout-1/t002 c_compat_x_tst.o-c_compat_y_tst.o execute 
FAIL: tmpdir-gcc.dg-struct-layout-1/t003 c_compat_x_tst.o-c_compat_y_tst.o link
UNRESOLVED: tmpdir-gcc.dg-struct-layout-1/t003 c_compat_x_tst.o-c_compat_y_tst.o execute 
FAIL: tmpdir-gcc.dg-struct-layout-1/t007 c_compat_x_tst.o-c_compat_y_tst.o link
UNRESOLVED: tmpdir-gcc.dg-struct-layout-1/t007 c_compat_x_tst.o-c_compat_y_tst.o execute 
FAIL: tmpdir-gcc.dg-struct-layout-1/t024 c_compat_x_tst.o-c_compat_y_tst.o link
UNRESOLVED: tmpdir-gcc.dg-struct-layout-1/t024 c_compat_x_tst.o-c_compat_y_tst.o execute 
FAIL: tmpdir-gcc.dg-struct-layout-1/t025 c_compat_x_tst.o-c_compat_y_tst.o link
UNRESOLVED: tmpdir-gcc.dg-struct-layout-1/t025 c_compat_x_tst.o-c_compat_y_tst.o execute 
FAIL: tmpdir-gcc.dg-struct-layout-1/t026 c_compat_x_tst.o-c_compat_y_tst.o link
UNRESOLVED: tmpdir-gcc.dg-struct-layout-1/t026 c_compat_x_tst.o-c_compat_y_tst.o execute 
FAIL: tmpdir-gcc.dg-struct-layout-1/t027 c_compat_x_tst.o-c_compat_y_tst.o link
UNRESOLVED: tmpdir-gcc.dg-struct-layout-1/t027 c_compat_x_tst.o-c_compat_y_tst.o execute 
FAIL: tmpdir-gcc.dg-struct-layout-1/t028 c_compat_x_tst.o-c_compat_y_tst.o link
UNRESOLVED: tmpdir-gcc.dg-struct-layout-1/t028 c_compat_x_tst.o-c_compat_y_tst.o execute 
FAIL: gcc.dg/cpp/_Pragma6.c (test for excess errors)
FAIL: gcc.dg/debug/20020220-1.c -gdwarf-21 (test for excess errors)
FAIL: gcc.dg/debug/20020220-1.c -gdwarf-2 (test for excess errors)
FAIL: gcc.dg/debug/20020220-1.c -gdwarf-23 (test for excess errors)
FAIL: gcc.dg/debug/20020220-1.c -gstabs1 (test for excess errors)
FAIL: gcc.dg/debug/20020220-1.c -gstabs (test for excess errors)
FAIL: gcc.dg/debug/20020220-1.c -gstabs3 (test for excess errors)
FAIL: gcc.dg/debug/20020220-1.c -gstabs+1 (test for excess errors)
FAIL: gcc.dg/debug/20020220-1.c -gstabs+ (test for excess errors)
FAIL: gcc.dg/debug/20020220-1.c -gstabs+3 (test for excess errors)
FAIL: gcc.dg/20050321-2.c (test for excess errors)
FAIL: gcc.dg/Wstrict-aliasing-float-ptr-int-obj.c  (test for warnings, line 14)
FAIL: gcc.dg/Wstrict-aliasing-float-ptr-int-obj.c  (test for warnings, line 16)
FAIL: gcc.dg/cdce1.c scan-tree-dump cdce "cdce1.c:16: note: function call is shrink-wrapped into error conditions."
FAIL: gcc.dg/cdce2.c scan-tree-dump cdce "cdce2.c:16: note: function call is shrink-wrapped into error conditions."
FAIL: gcc.dg/initpri1.c execution test
FAIL: gcc.dg/pr28796-2.c execution test
FAIL: gcc.dg/pr35729.c scan-rtl-dump-times loop2_invariant "Decided to move invariant" 0
FAIL: gcc.dg/pthread-init-1.c (test for excess errors)
FAIL: gcc.dg/pthread-init-2.c (test for excess errors)
FAIL: gcc.dg/tls/opt-2.c (test for excess errors)
FAIL: gcc.dg/torture/builtin-math-4.c  -O0  (test for excess errors)
FAIL: gcc.dg/torture/builtin-math-4.c  -O1  (test for excess errors)
FAIL: gcc.dg/torture/builtin-math-4.c  -O2  (test for excess errors)
FAIL: gcc.dg/torture/builtin-math-4.c  -O3 -fomit-frame-pointer  (test for excess errors)
FAIL: gcc.dg/torture/builtin-math-4.c  -O3 -fomit-frame-pointer -funroll-loops  (test for excess errors)
FAIL: gcc.dg/torture/builtin-math-4.c  -O3 -fomit-frame-pointer -funroll-all-loops -finline-functions  (test for excess errors)
FAIL: gcc.dg/torture/builtin-math-4.c  -O3 -g  (test for excess errors)
FAIL: gcc.dg/torture/builtin-math-4.c  -Os  (test for excess errors)
FAIL: gcc.dg/torture/builtin-modf-1.c  -O0  (test for excess errors)
FAIL: gcc.dg/torture/builtin-modf-1.c  -O1  (test for excess errors)
FAIL: gcc.dg/torture/builtin-modf-1.c  -O2  (test for excess errors)
FAIL: gcc.dg/torture/builtin-modf-1.c  -O3 -fomit-frame-pointer  (test for excess errors)
FAIL: gcc.dg/torture/builtin-modf-1.c  -O3 -fomit-frame-pointer -funroll-loops  (test for excess errors)
FAIL: gcc.dg/torture/builtin-modf-1.c  -O3 -fomit-frame-pointer -funroll-all-loops -finline-functions  (test for excess errors)
FAIL: gcc.dg/torture/builtin-modf-1.c  -O3 -g  (test for excess errors)
FAIL: gcc.dg/torture/builtin-modf-1.c  -Os  (test for excess errors)
FAIL: gcc.dg/torture/fp-int-convert-long-double.c  -O0  (test for excess errors)
FAIL: gcc.dg/torture/type-generic-1.c  -O0  (test for excess errors)
FAIL: gcc.dg/torture/type-generic-1.c  -O0  execution test
FAIL: gcc.dg/torture/type-generic-1.c  -O1  execution test
FAIL: gcc.dg/torture/type-generic-1.c  -O2  execution test
FAIL: gcc.dg/torture/type-generic-1.c  -O3 -fomit-frame-pointer  execution test
FAIL: gcc.dg/torture/type-generic-1.c  -O3 -g  execution test
FAIL: gcc.dg/torture/type-generic-1.c  -Os  execution test
XPASS: gcc.dg/tree-ssa/loadpre1.c scan-tree-dump-times pre "Eliminated: 1" 1
XPASS: gcc.dg/tree-ssa/ltrans-3.c scan-tree-dump-times ltrans "transformed loop" 1
FAIL: gcc.dg/tree-ssa/ssa-store-ccp-3.c scan-tree-dump-times optimized "conststaticvariable" 1

		=== gcc Summary for unix ===

# of expected passes		46803
# of unexpected failures	82
# of unexpected successes	2
# of expected failures		110
# of unresolved testcases	8
# of unsupported tests		550

Running target unix/-mabi=32
WARNING: program timed out.
FAIL: gcc.c-torture/compile/20001226-1.c  -O2  (test for excess errors)
WARNING: program timed out.
FAIL: gcc.c-torture/compile/20001226-1.c  -O3 -fomit-frame-pointer  (test for excess errors)
WARNING: program timed out.
FAIL: gcc.c-torture/compile/20001226-1.c  -O3 -g  (test for excess errors)
WARNING: program timed out.
FAIL: gcc.c-torture/compile/20001226-1.c  -Os  (test for excess errors)
FAIL: gcc.c-torture/execute/20040709-2.c execution,  -O1 
FAIL: gcc.c-torture/execute/20040709-2.c execution,  -O2 
FAIL: gcc.c-torture/execute/20040709-2.c execution,  -O3 -fomit-frame-pointer 
FAIL: gcc.c-torture/execute/20040709-2.c execution,  -O3 -fomit-frame-pointer -funroll-loops 
FAIL: gcc.c-torture/execute/20040709-2.c execution,  -O3 -fomit-frame-pointer -funroll-all-loops -finline-functions 
FAIL: gcc.c-torture/execute/20040709-2.c execution,  -O3 -g 
FAIL: gcc.c-torture/execute/20040709-2.c execution,  -Os 
FAIL: gcc.dg/compat/struct-by-value-15 c_compat_x_tst.o-c_compat_y_tst.o link
UNRESOLVED: gcc.dg/compat/struct-by-value-15 c_compat_x_tst.o-c_compat_y_tst.o execute 
FAIL: gcc.dg/compat/struct-by-value-17 c_compat_x_tst.o-c_compat_y_tst.o link
UNRESOLVED: gcc.dg/compat/struct-by-value-17 c_compat_x_tst.o-c_compat_y_tst.o execute 
FAIL: gcc.dg/compat/struct-by-value-18 c_compat_x_tst.o-c_compat_y_tst.o link
UNRESOLVED: gcc.dg/compat/struct-by-value-18 c_compat_x_tst.o-c_compat_y_tst.o execute 
FAIL: tmpdir-gcc.dg-struct-layout-1/t002 c_compat_x_tst.o-c_compat_y_tst.o link
UNRESOLVED: tmpdir-gcc.dg-struct-layout-1/t002 c_compat_x_tst.o-c_compat_y_tst.o execute 
FAIL: tmpdir-gcc.dg-struct-layout-1/t003 c_compat_x_tst.o-c_compat_y_tst.o link
UNRESOLVED: tmpdir-gcc.dg-struct-layout-1/t003 c_compat_x_tst.o-c_compat_y_tst.o execute 
FAIL: tmpdir-gcc.dg-struct-layout-1/t006 c_compat_x_tst.o-c_compat_y_tst.o link
UNRESOLVED: tmpdir-gcc.dg-struct-layout-1/t006 c_compat_x_tst.o-c_compat_y_tst.o execute 
FAIL: tmpdir-gcc.dg-struct-layout-1/t020 c_compat_x_tst.o-c_compat_y_tst.o link
UNRESOLVED: tmpdir-gcc.dg-struct-layout-1/t020 c_compat_x_tst.o-c_compat_y_tst.o execute 
FAIL: tmpdir-gcc.dg-struct-layout-1/t022 c_compat_x_tst.o-c_compat_y_tst.o link
UNRESOLVED: tmpdir-gcc.dg-struct-layout-1/t022 c_compat_x_tst.o-c_compat_y_tst.o execute 
FAIL: tmpdir-gcc.dg-struct-layout-1/t023 c_compat_x_tst.o-c_compat_y_tst.o link
UNRESOLVED: tmpdir-gcc.dg-struct-layout-1/t023 c_compat_x_tst.o-c_compat_y_tst.o execute 
FAIL: tmpdir-gcc.dg-struct-layout-1/t024 c_compat_x_tst.o-c_compat_y_tst.o link
UNRESOLVED: tmpdir-gcc.dg-struct-layout-1/t024 c_compat_x_tst.o-c_compat_y_tst.o execute 
FAIL: tmpdir-gcc.dg-struct-layout-1/t025 c_compat_x_tst.o-c_compat_y_tst.o link
UNRESOLVED: tmpdir-gcc.dg-struct-layout-1/t025 c_compat_x_tst.o-c_compat_y_tst.o execute 
FAIL: tmpdir-gcc.dg-struct-layout-1/t026 c_compat_x_tst.o-c_compat_y_tst.o link
UNRESOLVED: tmpdir-gcc.dg-struct-layout-1/t026 c_compat_x_tst.o-c_compat_y_tst.o execute 
FAIL: tmpdir-gcc.dg-struct-layout-1/t027 c_compat_x_tst.o-c_compat_y_tst.o link
UNRESOLVED: tmpdir-gcc.dg-struct-layout-1/t027 c_compat_x_tst.o-c_compat_y_tst.o execute 
FAIL: tmpdir-gcc.dg-struct-layout-1/t028 c_compat_x_tst.o-c_compat_y_tst.o link
UNRESOLVED: tmpdir-gcc.dg-struct-layout-1/t028 c_compat_x_tst.o-c_compat_y_tst.o execute 
FAIL: gcc.dg/cpp/_Pragma6.c (test for excess errors)
FAIL: gcc.dg/20050321-2.c (test for excess errors)
FAIL: gcc.dg/Wstrict-aliasing-float-ptr-int-obj.c  (test for warnings, line 14)
FAIL: gcc.dg/Wstrict-aliasing-float-ptr-int-obj.c  (test for warnings, line 16)
FAIL: gcc.dg/cdce1.c scan-tree-dump cdce "cdce1.c:16: note: function call is shrink-wrapped into error conditions."
FAIL: gcc.dg/cdce2.c scan-tree-dump cdce "cdce2.c:16: note: function call is shrink-wrapped into error conditions."
FAIL: gcc.dg/initpri1.c execution test
FAIL: gcc.dg/pr27095.c scan-assembler-not (?n)strlen(.*\\n)+.*strlen
FAIL: gcc.dg/pr35729.c scan-rtl-dump-times loop2_invariant "Decided to move invariant" 0
FAIL: gcc.dg/pthread-init-1.c (test for excess errors)
FAIL: gcc.dg/pthread-init-2.c (test for excess errors)
FAIL: gcc.dg/tls/opt-2.c (test for excess errors)
FAIL: gcc.dg/torture/builtin-math-4.c  -O0  (test for excess errors)
FAIL: gcc.dg/torture/builtin-math-4.c  -O1  (test for excess errors)
FAIL: gcc.dg/torture/builtin-math-4.c  -O2  (test for excess errors)
FAIL: gcc.dg/torture/builtin-math-4.c  -O3 -fomit-frame-pointer  (test for excess errors)
FAIL: gcc.dg/torture/builtin-math-4.c  -O3 -fomit-frame-pointer -funroll-loops  (test for excess errors)
FAIL: gcc.dg/torture/builtin-math-4.c  -O3 -fomit-frame-pointer -funroll-all-loops -finline-functions  (test for excess errors)
FAIL: gcc.dg/torture/builtin-math-4.c  -O3 -g  (test for excess errors)
FAIL: gcc.dg/torture/builtin-math-4.c  -Os  (test for excess errors)
XPASS: gcc.dg/tree-ssa/loadpre1.c scan-tree-dump-times pre "Eliminated: 1" 1
FAIL: gcc.dg/tree-ssa/loop-1.c scan-assembler-times foo 5
XPASS: gcc.dg/tree-ssa/ltrans-3.c scan-tree-dump-times ltrans "transformed loop" 1
FAIL: gcc.dg/tree-ssa/ssa-store-ccp-3.c scan-tree-dump-times optimized "conststaticvariable" 1
FAIL: gcc.target/mips/mips16e-extends.c (internal compiler error)
FAIL: gcc.target/mips/mips16e-extends.c (test for excess errors)
ERROR: gcc.target/mips/mips16e-extends.c: error executing dg-final: couldn't open "mips16e-extends.s": no such file or directory
UNRESOLVED: gcc.target/mips/mips16e-extends.c: error executing dg-final: couldn't open "mips16e-extends.s": no such file or directory
FAIL: gcc.target/mips/save-restore-1.c (internal compiler error)
FAIL: gcc.target/mips/save-restore-1.c (test for excess errors)
ERROR: gcc.target/mips/save-restore-1.c: error executing dg-final: couldn't open "save-restore-1.s": no such file or directory
UNRESOLVED: gcc.target/mips/save-restore-1.c: error executing dg-final: couldn't open "save-restore-1.s": no such file or directory
FAIL: gcc.target/mips/save-restore-3.c (internal compiler error)
FAIL: gcc.target/mips/save-restore-3.c (test for excess errors)
ERROR: gcc.target/mips/save-restore-3.c: error executing dg-final: couldn't open "save-restore-3.s": no such file or directory
UNRESOLVED: gcc.target/mips/save-restore-3.c: error executing dg-final: couldn't open "save-restore-3.s": no such file or directory
FAIL: gcc.target/mips/save-restore-4.c (internal compiler error)
FAIL: gcc.target/mips/save-restore-4.c (test for excess errors)
ERROR: gcc.target/mips/save-restore-4.c: error executing dg-final: couldn't open "save-restore-4.s": no such file or directory
UNRESOLVED: gcc.target/mips/save-restore-4.c: error executing dg-final: couldn't open "save-restore-4.s": no such file or directory
FAIL: gcc.target/mips/save-restore-5.c (internal compiler error)
FAIL: gcc.target/mips/save-restore-5.c (test for excess errors)

		=== gcc Summary for unix/-mabi=32 ===

# of expected passes		46816
# of unexpected failures	57
# of unexpected successes	2
# of expected failures		110
# of unresolved testcases	18
# of unsupported tests		559

Running target unix/-mabi=64
WARNING: program timed out.
FAIL: gcc.c-torture/compile/20001226-1.c  -O2  (test for excess errors)
WARNING: program timed out.
FAIL: gcc.c-torture/compile/20001226-1.c  -O3 -fomit-frame-pointer  (test for excess errors)
WARNING: program timed out.
FAIL: gcc.c-torture/compile/20001226-1.c  -O3 -g  (test for excess errors)
WARNING: program timed out.
FAIL: gcc.c-torture/compile/20001226-1.c  -Os  (test for excess errors)
FAIL: gcc.c-torture/execute/20040709-2.c execution,  -O1 
FAIL: gcc.c-torture/execute/20040709-2.c execution,  -O2 
FAIL: gcc.c-torture/execute/20040709-2.c execution,  -O3 -fomit-frame-pointer 
FAIL: gcc.c-torture/execute/20040709-2.c execution,  -O3 -fomit-frame-pointer -funroll-loops 
FAIL: gcc.c-torture/execute/20040709-2.c execution,  -O3 -fomit-frame-pointer -funroll-all-loops -finline-functions 
FAIL: gcc.c-torture/execute/20040709-2.c execution,  -O3 -g 
FAIL: gcc.c-torture/execute/20040709-2.c execution,  -Os 
FAIL: gcc.dg/compat/scalar-by-value-1 c_compat_x_tst.o compile
FAIL: gcc.dg/compat/scalar-by-value-1 c_compat_y_tst.o compile
FAIL: gcc.dg/compat/scalar-by-value-3 c_compat_x_tst.o compile
FAIL: gcc.dg/compat/scalar-by-value-3 c_compat_y_tst.o compile
FAIL: gcc.dg/compat/scalar-return-1 c_compat_x_tst.o compile
FAIL: gcc.dg/compat/scalar-return-1 c_compat_y_tst.o compile
FAIL: gcc.dg/compat/scalar-return-3 c_compat_y_tst.o compile
FAIL: gcc.dg/compat/struct-by-value-10 c_compat_x_tst.o compile
FAIL: gcc.dg/compat/struct-by-value-10 c_compat_y_tst.o compile
FAIL: gcc.dg/compat/struct-by-value-18 c_compat_x_tst.o compile
FAIL: gcc.dg/compat/struct-by-value-18 c_compat_y_tst.o compile
FAIL: gcc.dg/compat/struct-by-value-7a c_compat_x_tst.o compile
FAIL: gcc.dg/compat/struct-by-value-7a c_compat_y_tst.o compile
FAIL: gcc.dg/compat/struct-by-value-7b c_compat_x_tst.o compile
FAIL: gcc.dg/compat/struct-by-value-7b c_compat_y_tst.o compile
FAIL: gcc.dg/compat/struct-return-10 c_compat_x_tst.o compile
FAIL: gcc.dg/compat/struct-return-10 c_compat_y_tst.o compile
FAIL: tmpdir-gcc.dg-struct-layout-1/t002 c_compat_x_tst.o-c_compat_y_tst.o link
UNRESOLVED: tmpdir-gcc.dg-struct-layout-1/t002 c_compat_x_tst.o-c_compat_y_tst.o execute 
FAIL: tmpdir-gcc.dg-struct-layout-1/t006 c_compat_x_tst.o-c_compat_y_tst.o link
UNRESOLVED: tmpdir-gcc.dg-struct-layout-1/t006 c_compat_x_tst.o-c_compat_y_tst.o execute 
FAIL: tmpdir-gcc.dg-struct-layout-1/t024 c_compat_x_tst.o-c_compat_y_tst.o link
UNRESOLVED: tmpdir-gcc.dg-struct-layout-1/t024 c_compat_x_tst.o-c_compat_y_tst.o execute 
FAIL: tmpdir-gcc.dg-struct-layout-1/t025 c_compat_x_tst.o-c_compat_y_tst.o link
UNRESOLVED: tmpdir-gcc.dg-struct-layout-1/t025 c_compat_x_tst.o-c_compat_y_tst.o execute 
FAIL: tmpdir-gcc.dg-struct-layout-1/t026 c_compat_x_tst.o-c_compat_y_tst.o link
UNRESOLVED: tmpdir-gcc.dg-struct-layout-1/t026 c_compat_x_tst.o-c_compat_y_tst.o execute 
FAIL: tmpdir-gcc.dg-struct-layout-1/t027 c_compat_x_tst.o-c_compat_y_tst.o link
UNRESOLVED: tmpdir-gcc.dg-struct-layout-1/t027 c_compat_x_tst.o-c_compat_y_tst.o execute 
FAIL: tmpdir-gcc.dg-struct-layout-1/t028 c_compat_x_tst.o-c_compat_y_tst.o link
UNRESOLVED: tmpdir-gcc.dg-struct-layout-1/t028 c_compat_x_tst.o-c_compat_y_tst.o execute 
FAIL: gcc.dg/cpp/_Pragma6.c (test for excess errors)
FAIL: gcc.dg/debug/20020220-1.c -gdwarf-21 (test for excess errors)
FAIL: gcc.dg/debug/20020220-1.c -gdwarf-2 (test for excess errors)
FAIL: gcc.dg/debug/20020220-1.c -gdwarf-23 (test for excess errors)
FAIL: gcc.dg/debug/20020220-1.c -gstabs1 (test for excess errors)
FAIL: gcc.dg/debug/20020220-1.c -gstabs (test for excess errors)
FAIL: gcc.dg/debug/20020220-1.c -gstabs3 (test for excess errors)
FAIL: gcc.dg/debug/20020220-1.c -gstabs+1 (test for excess errors)
FAIL: gcc.dg/debug/20020220-1.c -gstabs+ (test for excess errors)
FAIL: gcc.dg/debug/20020220-1.c -gstabs+3 (test for excess errors)
FAIL: gcc.dg/20050321-2.c (test for excess errors)
FAIL: gcc.dg/Wstrict-aliasing-float-ptr-int-obj.c  (test for warnings, line 14)
FAIL: gcc.dg/Wstrict-aliasing-float-ptr-int-obj.c  (test for warnings, line 16)
FAIL: gcc.dg/cdce1.c scan-tree-dump cdce "cdce1.c:16: note: function call is shrink-wrapped into error conditions."
FAIL: gcc.dg/cdce2.c scan-tree-dump cdce "cdce2.c:16: note: function call is shrink-wrapped into error conditions."
FAIL: gcc.dg/initpri1.c execution test
FAIL: gcc.dg/pr28796-2.c execution test
FAIL: gcc.dg/pr35729.c scan-rtl-dump-times loop2_invariant "Decided to move invariant" 0
FAIL: gcc.dg/pthread-init-1.c (test for excess errors)
FAIL: gcc.dg/pthread-init-2.c (test for excess errors)
FAIL: gcc.dg/tls/opt-2.c (test for excess errors)
FAIL: gcc.dg/torture/builtin-math-4.c  -O0  (test for excess errors)
FAIL: gcc.dg/torture/builtin-math-4.c  -O1  (test for excess errors)
FAIL: gcc.dg/torture/builtin-math-4.c  -O2  (test for excess errors)
FAIL: gcc.dg/torture/builtin-math-4.c  -O3 -fomit-frame-pointer  (test for excess errors)
FAIL: gcc.dg/torture/builtin-math-4.c  -O3 -fomit-frame-pointer -funroll-loops  (test for excess errors)
FAIL: gcc.dg/torture/builtin-math-4.c  -O3 -fomit-frame-pointer -funroll-all-loops -finline-functions  (test for excess errors)
FAIL: gcc.dg/torture/builtin-math-4.c  -O3 -g  (test for excess errors)
FAIL: gcc.dg/torture/builtin-math-4.c  -Os  (test for excess errors)
FAIL: gcc.dg/torture/builtin-modf-1.c  -O0  (test for excess errors)
FAIL: gcc.dg/torture/builtin-modf-1.c  -O1  (test for excess errors)
FAIL: gcc.dg/torture/builtin-modf-1.c  -O2  (test for excess errors)
FAIL: gcc.dg/torture/builtin-modf-1.c  -O3 -fomit-frame-pointer  (test for excess errors)
FAIL: gcc.dg/torture/builtin-modf-1.c  -O3 -fomit-frame-pointer -funroll-loops  (test for excess errors)
FAIL: gcc.dg/torture/builtin-modf-1.c  -O3 -fomit-frame-pointer -funroll-all-loops -finline-functions  (test for excess errors)
FAIL: gcc.dg/torture/builtin-modf-1.c  -O3 -g  (test for excess errors)
FAIL: gcc.dg/torture/builtin-modf-1.c  -Os  (test for excess errors)
FAIL: gcc.dg/torture/fp-int-convert-long-double.c  -O0  (test for excess errors)
FAIL: gcc.dg/torture/type-generic-1.c  -O0  (test for excess errors)
FAIL: gcc.dg/torture/type-generic-1.c  -O0  execution test
FAIL: gcc.dg/torture/type-generic-1.c  -O1  execution test
FAIL: gcc.dg/torture/type-generic-1.c  -O2  execution test
FAIL: gcc.dg/torture/type-generic-1.c  -O3 -fomit-frame-pointer  execution test
FAIL: gcc.dg/torture/type-generic-1.c  -O3 -g  execution test
FAIL: gcc.dg/torture/type-generic-1.c  -Os  execution test
XPASS: gcc.dg/tree-ssa/loadpre1.c scan-tree-dump-times pre "Eliminated: 1" 1
XPASS: gcc.dg/tree-ssa/ltrans-3.c scan-tree-dump-times ltrans "transformed loop" 1
FAIL: gcc.dg/tree-ssa/ssa-store-ccp-3.c scan-tree-dump-times optimized "conststaticvariable" 1

		=== gcc Summary for unix/-mabi=64 ===

# of expected passes		46561
# of unexpected failures	81
# of unexpected successes	2
# of expected failures		111
# of unresolved testcases	7
# of unsupported tests		596

		=== gcc Summary ===

# of expected passes		140180
# of unexpected failures	220
# of unexpected successes	6
# of expected failures		331
# of unresolved testcases	33
# of unsupported tests		1705
/amnt/galeras/export/vol/gccsrc/obj/irix6/gcc-4.4.0-20080613/6.5-gcc/gcc/xgcc  version 4.4.0 20080613 (experimental) [trunk revision 136760] (GCC) 

		=== gfortran tests ===


Running target unix
FAIL: gfortran.dg/array_constructor_23.f  -O0  (test for excess errors)
FAIL: gfortran.dg/bessel_2.f90  -O  (test for excess errors)
FAIL: gfortran.dg/cray_pointers_2.f90  -O0  (test for excess errors)
WARNING: program timed out.
FAIL: gfortran.dg/cray_pointers_2.f90  -O3 -fomit-frame-pointer  (test for excess errors)
WARNING: gfortran.dg/cray_pointers_2.f90  -O3 -fomit-frame-pointer  compilation failed to produce executable
WARNING: program timed out.
FAIL: gfortran.dg/cray_pointers_2.f90  -O3 -fomit-frame-pointer -funroll-loops  (test for excess errors)
WARNING: gfortran.dg/cray_pointers_2.f90  -O3 -fomit-frame-pointer -funroll-loops  compilation failed to produce executable
WARNING: program timed out.
FAIL: gfortran.dg/cray_pointers_2.f90  -O3 -fomit-frame-pointer -funroll-all-loops -finline-functions  (test for excess errors)
WARNING: gfortran.dg/cray_pointers_2.f90  -O3 -fomit-frame-pointer -funroll-all-loops -finline-functions  compilation failed to produce executable
WARNING: program timed out.
FAIL: gfortran.dg/cray_pointers_2.f90  -O3 -g  (test for excess errors)
WARNING: gfortran.dg/cray_pointers_2.f90  -O3 -g  compilation failed to produce executable
FAIL: gfortran.dg/default_format_1.f90  -O0  execution test
FAIL: gfortran.dg/default_format_1.f90  -O1  execution test
FAIL: gfortran.dg/default_format_1.f90  -O2  execution test
FAIL: gfortran.dg/default_format_1.f90  -O3 -fomit-frame-pointer  execution test
FAIL: gfortran.dg/default_format_1.f90  -O3 -fomit-frame-pointer -funroll-loops  execution test
FAIL: gfortran.dg/default_format_1.f90  -O3 -fomit-frame-pointer -funroll-all-loops -finline-functions  execution test
FAIL: gfortran.dg/default_format_1.f90  -O3 -g  execution test
FAIL: gfortran.dg/default_format_1.f90  -Os  execution test
FAIL: gfortran.dg/default_format_2.f90  -O0  (test for excess errors)
FAIL: gfortran.dg/default_format_denormal_1.f90  -O0  execution test
FAIL: gfortran.dg/default_format_denormal_1.f90  -O1  execution test
FAIL: gfortran.dg/default_format_denormal_1.f90  -O2  execution test
FAIL: gfortran.dg/default_format_denormal_1.f90  -O3 -fomit-frame-pointer  execution test
FAIL: gfortran.dg/default_format_denormal_1.f90  -O3 -fomit-frame-pointer -funroll-loops  execution test
FAIL: gfortran.dg/default_format_denormal_1.f90  -O3 -fomit-frame-pointer -funroll-all-loops -finline-functions  execution test
FAIL: gfortran.dg/default_format_denormal_1.f90  -O3 -g  execution test
FAIL: gfortran.dg/default_format_denormal_1.f90  -Os  execution test
FAIL: gfortran.dg/default_format_denormal_2.f90  -O0  (test for excess errors)
FAIL: gfortran.dg/gamma_4.f90  -O0  (test for excess errors)
FAIL: gfortran.dg/integer_exponentiation_2.f90  -O0  execution test
FAIL: gfortran.dg/integer_exponentiation_2.f90  -O1  execution test
FAIL: gfortran.dg/integer_exponentiation_2.f90  -O2  execution test
FAIL: gfortran.dg/integer_exponentiation_2.f90  -O3 -fomit-frame-pointer  execution test
FAIL: gfortran.dg/integer_exponentiation_2.f90  -O3 -fomit-frame-pointer -funroll-loops  execution test
FAIL: gfortran.dg/integer_exponentiation_2.f90  -O3 -fomit-frame-pointer -funroll-all-loops -finline-functions  execution test
FAIL: gfortran.dg/integer_exponentiation_2.f90  -O3 -g  execution test
FAIL: gfortran.dg/integer_exponentiation_2.f90  -Os  execution test
FAIL: gfortran.dg/intrinsic_spread_2.f90  -O0  (test for excess errors)
FAIL: gfortran.dg/large_real_kind_1.f90  -O0  (test for excess errors)
FAIL: gfortran.dg/large_real_kind_2.F90  -O0  (test for excess errors)
FAIL: gfortran.dg/large_real_kind_3.F90  -O0  (test for excess errors)
FAIL: gfortran.dg/large_real_kind_form_io_1.f90  -O0  (test for excess errors)
FAIL: gfortran.dg/large_real_kind_form_io_2.f90  -O0  execution test
FAIL: gfortran.dg/large_real_kind_form_io_2.f90  -O1  execution test
FAIL: gfortran.dg/large_real_kind_form_io_2.f90  -O2  execution test
FAIL: gfortran.dg/large_real_kind_form_io_2.f90  -O3 -fomit-frame-pointer  execution test
FAIL: gfortran.dg/large_real_kind_form_io_2.f90  -O3 -fomit-frame-pointer -funroll-loops  execution test
FAIL: gfortran.dg/large_real_kind_form_io_2.f90  -O3 -fomit-frame-pointer -funroll-all-loops -finline-functions  execution test
FAIL: gfortran.dg/large_real_kind_form_io_2.f90  -O3 -g  execution test
FAIL: gfortran.dg/large_real_kind_form_io_2.f90  -Os  execution test
FAIL: gfortran.dg/ldist-1.f90  -O  scan-tree-dump-times ldist "distributed: split to 4 loops" 1
FAIL: gfortran.dg/nan_3.f90  -O0  execution test
FAIL: gfortran.dg/nan_3.f90  -O1  execution test
FAIL: gfortran.dg/nan_3.f90  -O2  execution test
FAIL: gfortran.dg/nan_3.f90  -O3 -fomit-frame-pointer  execution test
FAIL: gfortran.dg/nan_3.f90  -O3 -fomit-frame-pointer -funroll-loops  execution test
FAIL: gfortran.dg/nan_3.f90  -O3 -fomit-frame-pointer -funroll-all-loops -finline-functions  execution test
FAIL: gfortran.dg/nan_3.f90  -O3 -g  execution test
FAIL: gfortran.dg/nan_3.f90  -Os  execution test
FAIL: gfortran.dg/nearest_1.f90  -O0  execution test
FAIL: gfortran.dg/nearest_1.f90  -O1  execution test
FAIL: gfortran.dg/nearest_1.f90  -O2  execution test
FAIL: gfortran.dg/nearest_1.f90  -O3 -fomit-frame-pointer  execution test
FAIL: gfortran.dg/nearest_1.f90  -O3 -fomit-frame-pointer -funroll-loops  execution test
FAIL: gfortran.dg/nearest_1.f90  -O3 -fomit-frame-pointer -funroll-all-loops -finline-functions  execution test
FAIL: gfortran.dg/nearest_1.f90  -O3 -g  execution test
FAIL: gfortran.dg/nearest_1.f90  -Os  execution test
FAIL: gfortran.dg/parameter_array_init_4.f90  -O0  (test for excess errors)
FAIL: gfortran.dg/parameter_array_init_4.f90  -O1  (test for excess errors)
FAIL: gfortran.dg/parameter_array_init_4.f90  -O2  (test for excess errors)
FAIL: gfortran.dg/parameter_array_init_4.f90  -O3 -fomit-frame-pointer  (test for excess errors)
FAIL: gfortran.dg/parameter_array_init_4.f90  -O3 -fomit-frame-pointer -funroll-loops  (test for excess errors)
FAIL: gfortran.dg/parameter_array_init_4.f90  -O3 -fomit-frame-pointer -funroll-all-loops -finline-functions  (test for excess errors)
FAIL: gfortran.dg/parameter_array_init_4.f90  -O3 -g  (test for excess errors)
FAIL: gfortran.dg/parameter_array_init_4.f90  -Os  (test for excess errors)
FAIL: gfortran.dg/pr35944-2.f90  -O0  (test for excess errors)
FAIL: gfortran.dg/random_3.f90  -O0  (test for excess errors)
FAIL: gfortran.dg/specifics_1.f90  -O0  execution test
FAIL: gfortran.dg/specifics_1.f90  -O1  execution test
FAIL: gfortran.dg/specifics_1.f90  -O2  execution test
FAIL: gfortran.dg/specifics_1.f90  -O3 -fomit-frame-pointer  execution test
FAIL: gfortran.dg/specifics_1.f90  -O3 -fomit-frame-pointer -funroll-loops  execution test
FAIL: gfortran.dg/specifics_1.f90  -O3 -fomit-frame-pointer -funroll-all-loops -finline-functions  execution test
FAIL: gfortran.dg/specifics_1.f90  -O3 -g  execution test
FAIL: gfortran.dg/specifics_1.f90  -Os  execution test
FAIL: gfortran.dg/stat_1.f90  -O0  execution test
FAIL: gfortran.dg/stat_1.f90  -O1  execution test
FAIL: gfortran.dg/stat_1.f90  -O2  execution test
FAIL: gfortran.dg/stat_1.f90  -O3 -fomit-frame-pointer  execution test
FAIL: gfortran.dg/stat_1.f90  -O3 -fomit-frame-pointer -funroll-loops  execution test
FAIL: gfortran.dg/stat_1.f90  -O3 -fomit-frame-pointer -funroll-all-loops -finline-functions  execution test
FAIL: gfortran.dg/stat_1.f90  -O3 -g  execution test
FAIL: gfortran.dg/stat_1.f90  -Os  execution test
FAIL: gfortran.dg/stat_2.f90  -O0  execution test
FAIL: gfortran.dg/stat_2.f90  -O1  execution test
FAIL: gfortran.dg/stat_2.f90  -O2  execution test
FAIL: gfortran.dg/stat_2.f90  -O3 -fomit-frame-pointer  execution test
FAIL: gfortran.dg/stat_2.f90  -O3 -fomit-frame-pointer -funroll-loops  execution test
FAIL: gfortran.dg/stat_2.f90  -O3 -fomit-frame-pointer -funroll-all-loops -finline-functions  execution test
FAIL: gfortran.dg/stat_2.f90  -O3 -g  execution test
FAIL: gfortran.dg/stat_2.f90  -Os  execution test
XPASS: gfortran.dg/g77/cabs.f  -O1  execution test
XPASS: gfortran.dg/g77/cabs.f  -O2  execution test
XPASS: gfortran.dg/g77/cabs.f  -O3 -fomit-frame-pointer  execution test
XPASS: gfortran.dg/g77/cabs.f  -O3 -fomit-frame-pointer -funroll-loops  execution test
XPASS: gfortran.dg/g77/cabs.f  -O3 -fomit-frame-pointer -funroll-all-loops -finline-functions  execution test
XPASS: gfortran.dg/g77/cabs.f  -O3 -g  execution test
XPASS: gfortran.dg/g77/cabs.f  -Os  execution test
FAIL: gfortran.fortran-torture/execute/intrinsic_abs.f90 execution,  -O0 
FAIL: gfortran.fortran-torture/execute/intrinsic_dotprod.f90 execution,  -O2 -fomit-frame-pointer -finline-functions -funroll-loops 
FAIL: gfortran.fortran-torture/execute/intrinsic_nearest.f90 execution,  -O0 
FAIL: gfortran.fortran-torture/execute/intrinsic_nearest.f90 execution,  -O1 
FAIL: gfortran.fortran-torture/execute/intrinsic_nearest.f90 execution,  -O2 
FAIL: gfortran.fortran-torture/execute/intrinsic_nearest.f90 execution,  -O2 -fomit-frame-pointer -finline-functions 
FAIL: gfortran.fortran-torture/execute/intrinsic_nearest.f90 execution,  -O2 -fomit-frame-pointer -finline-functions -funroll-loops 
FAIL: gfortran.fortran-torture/execute/intrinsic_nearest.f90 execution,  -O2 -fbounds-check 
FAIL: gfortran.fortran-torture/execute/intrinsic_nearest.f90 execution,  -O3 -g 
FAIL: gfortran.fortran-torture/execute/intrinsic_nearest.f90 execution,  -Os 
FAIL: gfortran.fortran-torture/execute/specifics.f90 execution,  -O0 
FAIL: gfortran.fortran-torture/execute/specifics.f90 execution,  -O1 
FAIL: gfortran.fortran-torture/execute/specifics.f90 execution,  -O2 
FAIL: gfortran.fortran-torture/execute/specifics.f90 execution,  -O2 -fomit-frame-pointer -finline-functions 
FAIL: gfortran.fortran-torture/execute/specifics.f90 execution,  -O2 -fomit-frame-pointer -finline-functions -funroll-loops 
FAIL: gfortran.fortran-torture/execute/specifics.f90 execution,  -O2 -fbounds-check 
FAIL: gfortran.fortran-torture/execute/specifics.f90 execution,  -O3 -g 
FAIL: gfortran.fortran-torture/execute/specifics.f90 execution,  -Os 

		=== gfortran Summary for unix ===

# of expected passes		25740
# of unexpected failures	116
# of unexpected successes	7
# of expected failures		9
# of unsupported tests		44

Running target unix/-mabi=32
FAIL: gfortran.dg/automatic_char_len_2.f90  -O0  execution test
FAIL: gfortran.dg/automatic_char_len_2.f90  -O1  execution test
FAIL: gfortran.dg/automatic_char_len_2.f90  -O2  execution test
FAIL: gfortran.dg/automatic_char_len_2.f90  -O3 -fomit-frame-pointer  execution test
FAIL: gfortran.dg/automatic_char_len_2.f90  -O3 -fomit-frame-pointer -funroll-loops  execution test
FAIL: gfortran.dg/automatic_char_len_2.f90  -O3 -fomit-frame-pointer -funroll-all-loops -finline-functions  execution test
FAIL: gfortran.dg/automatic_char_len_2.f90  -O3 -g  execution test
FAIL: gfortran.dg/automatic_char_len_2.f90  -Os  execution test
FAIL: gfortran.dg/bessel_2.f90  -O  (test for excess errors)
FAIL: gfortran.dg/complex_write.f90  -O0  execution test
FAIL: gfortran.dg/complex_write.f90  -O1  execution test
FAIL: gfortran.dg/complex_write.f90  -O2  execution test
FAIL: gfortran.dg/complex_write.f90  -O3 -fomit-frame-pointer  execution test
FAIL: gfortran.dg/complex_write.f90  -O3 -fomit-frame-pointer -funroll-loops  execution test
FAIL: gfortran.dg/complex_write.f90  -O3 -fomit-frame-pointer -funroll-all-loops -finline-functions  execution test
FAIL: gfortran.dg/complex_write.f90  -O3 -g  execution test
FAIL: gfortran.dg/complex_write.f90  -Os  execution test
FAIL: gfortran.dg/cray_pointers_2.f90  -O0  (test for excess errors)
FAIL: gfortran.dg/default_format_1.f90  -O0  execution test
FAIL: gfortran.dg/default_format_1.f90  -O1  execution test
FAIL: gfortran.dg/default_format_1.f90  -O2  execution test
FAIL: gfortran.dg/default_format_1.f90  -O3 -fomit-frame-pointer  execution test
FAIL: gfortran.dg/default_format_1.f90  -O3 -fomit-frame-pointer -funroll-loops  execution test
FAIL: gfortran.dg/default_format_1.f90  -O3 -fomit-frame-pointer -funroll-all-loops -finline-functions  execution test
FAIL: gfortran.dg/default_format_1.f90  -O3 -g  execution test
FAIL: gfortran.dg/default_format_1.f90  -Os  execution test
FAIL: gfortran.dg/default_format_denormal_1.f90  -O0  execution test
FAIL: gfortran.dg/default_format_denormal_1.f90  -O1  execution test
FAIL: gfortran.dg/default_format_denormal_1.f90  -O2  execution test
FAIL: gfortran.dg/default_format_denormal_1.f90  -O3 -fomit-frame-pointer  execution test
FAIL: gfortran.dg/default_format_denormal_1.f90  -O3 -fomit-frame-pointer -funroll-loops  execution test
FAIL: gfortran.dg/default_format_denormal_1.f90  -O3 -fomit-frame-pointer -funroll-all-loops -finline-functions  execution test
FAIL: gfortran.dg/default_format_denormal_1.f90  -O3 -g  execution test
FAIL: gfortran.dg/default_format_denormal_1.f90  -Os  execution test
FAIL: gfortran.dg/e_d_fmt.f90  -O0  execution test
FAIL: gfortran.dg/e_d_fmt.f90  -O1  execution test
FAIL: gfortran.dg/e_d_fmt.f90  -O2  execution test
FAIL: gfortran.dg/e_d_fmt.f90  -O3 -fomit-frame-pointer  execution test
FAIL: gfortran.dg/e_d_fmt.f90  -O3 -fomit-frame-pointer -funroll-loops  execution test
FAIL: gfortran.dg/e_d_fmt.f90  -O3 -fomit-frame-pointer -funroll-all-loops -finline-functions  execution test
FAIL: gfortran.dg/e_d_fmt.f90  -O3 -g  execution test
FAIL: gfortran.dg/e_d_fmt.f90  -Os  execution test
FAIL: gfortran.dg/edit_real_1.f90  -O0  execution test
FAIL: gfortran.dg/edit_real_1.f90  -O1  execution test
FAIL: gfortran.dg/edit_real_1.f90  -O2  execution test
FAIL: gfortran.dg/edit_real_1.f90  -O3 -fomit-frame-pointer  execution test
FAIL: gfortran.dg/edit_real_1.f90  -O3 -fomit-frame-pointer -funroll-loops  execution test
FAIL: gfortran.dg/edit_real_1.f90  -O3 -fomit-frame-pointer -funroll-all-loops -finline-functions  execution test
FAIL: gfortran.dg/edit_real_1.f90  -O3 -g  execution test
FAIL: gfortran.dg/edit_real_1.f90  -Os  execution test
FAIL: gfortran.dg/f2003_io_1.f03  -O0  execution test
FAIL: gfortran.dg/f2003_io_1.f03  -O1  execution test
FAIL: gfortran.dg/f2003_io_1.f03  -O2  execution test
FAIL: gfortran.dg/f2003_io_1.f03  -O3 -fomit-frame-pointer  execution test
FAIL: gfortran.dg/f2003_io_1.f03  -O3 -fomit-frame-pointer -funroll-loops  execution test
FAIL: gfortran.dg/f2003_io_1.f03  -O3 -fomit-frame-pointer -funroll-all-loops -finline-functions  execution test
FAIL: gfortran.dg/f2003_io_1.f03  -O3 -g  execution test
FAIL: gfortran.dg/f2003_io_1.f03  -Os  execution test
FAIL: gfortran.dg/f2003_io_4.f03  -O0  execution test
FAIL: gfortran.dg/f2003_io_4.f03  -O1  execution test
FAIL: gfortran.dg/f2003_io_4.f03  -O2  execution test
FAIL: gfortran.dg/f2003_io_4.f03  -O3 -fomit-frame-pointer  execution test
FAIL: gfortran.dg/f2003_io_4.f03  -O3 -fomit-frame-pointer -funroll-loops  execution test
FAIL: gfortran.dg/f2003_io_4.f03  -O3 -fomit-frame-pointer -funroll-all-loops -finline-functions  execution test
FAIL: gfortran.dg/f2003_io_4.f03  -O3 -g  execution test
FAIL: gfortran.dg/f2003_io_4.f03  -Os  execution test
FAIL: gfortran.dg/f2003_io_5.f03  -O0  execution test
FAIL: gfortran.dg/f2003_io_5.f03  -O1  execution test
FAIL: gfortran.dg/f2003_io_5.f03  -O2  execution test
FAIL: gfortran.dg/f2003_io_5.f03  -O3 -fomit-frame-pointer  execution test
FAIL: gfortran.dg/f2003_io_5.f03  -O3 -fomit-frame-pointer -funroll-loops  execution test
FAIL: gfortran.dg/f2003_io_5.f03  -O3 -fomit-frame-pointer -funroll-all-loops -finline-functions  execution test
FAIL: gfortran.dg/f2003_io_5.f03  -O3 -g  execution test
FAIL: gfortran.dg/f2003_io_5.f03  -Os  execution test
FAIL: gfortran.dg/f2003_io_7.f03  -O0  execution test
FAIL: gfortran.dg/f2003_io_7.f03  -O1  execution test
FAIL: gfortran.dg/f2003_io_7.f03  -O2  execution test
FAIL: gfortran.dg/f2003_io_7.f03  -O3 -fomit-frame-pointer  execution test
FAIL: gfortran.dg/f2003_io_7.f03  -O3 -fomit-frame-pointer -funroll-loops  execution test
FAIL: gfortran.dg/f2003_io_7.f03  -O3 -fomit-frame-pointer -funroll-all-loops -finline-functions  execution test
FAIL: gfortran.dg/f2003_io_7.f03  -O3 -g  execution test
FAIL: gfortran.dg/f2003_io_7.f03  -Os  execution test
FAIL: gfortran.dg/fmt_float.f90  -O0  execution test
FAIL: gfortran.dg/fmt_float.f90  -O1  execution test
FAIL: gfortran.dg/fmt_float.f90  -O2  execution test
FAIL: gfortran.dg/fmt_float.f90  -O3 -fomit-frame-pointer  execution test
FAIL: gfortran.dg/fmt_float.f90  -O3 -fomit-frame-pointer -funroll-loops  execution test
FAIL: gfortran.dg/fmt_float.f90  -O3 -fomit-frame-pointer -funroll-all-loops -finline-functions  execution test
FAIL: gfortran.dg/fmt_float.f90  -O3 -g  execution test
FAIL: gfortran.dg/fmt_float.f90  -Os  execution test
FAIL: gfortran.dg/fmt_g0_1.f08  -O0  execution test
FAIL: gfortran.dg/fmt_g0_1.f08  -O1  execution test
FAIL: gfortran.dg/fmt_g0_1.f08  -O2  execution test
FAIL: gfortran.dg/fmt_g0_1.f08  -O3 -fomit-frame-pointer  execution test
FAIL: gfortran.dg/fmt_g0_1.f08  -O3 -fomit-frame-pointer -funroll-loops  execution test
FAIL: gfortran.dg/fmt_g0_1.f08  -O3 -fomit-frame-pointer -funroll-all-loops -finline-functions  execution test
FAIL: gfortran.dg/fmt_g0_1.f08  -O3 -g  execution test
FAIL: gfortran.dg/fmt_g0_1.f08  -Os  execution test
FAIL: gfortran.dg/fmt_huge.f90  -O0  execution test
FAIL: gfortran.dg/fmt_huge.f90  -O1  execution test
FAIL: gfortran.dg/fmt_huge.f90  -O2  execution test
FAIL: gfortran.dg/fmt_huge.f90  -O3 -fomit-frame-pointer  execution test
FAIL: gfortran.dg/fmt_huge.f90  -O3 -fomit-frame-pointer -funroll-loops  execution test
FAIL: gfortran.dg/fmt_huge.f90  -O3 -fomit-frame-pointer -funroll-all-loops -finline-functions  execution test
FAIL: gfortran.dg/fmt_huge.f90  -O3 -g  execution test
FAIL: gfortran.dg/fmt_huge.f90  -Os  execution test
FAIL: gfortran.dg/fmt_p_1.f90  -O0  execution test
FAIL: gfortran.dg/fmt_p_1.f90  -O1  execution test
FAIL: gfortran.dg/fmt_p_1.f90  -O2  execution test
FAIL: gfortran.dg/fmt_p_1.f90  -O3 -fomit-frame-pointer  execution test
FAIL: gfortran.dg/fmt_p_1.f90  -O3 -fomit-frame-pointer -funroll-loops  execution test
FAIL: gfortran.dg/fmt_p_1.f90  -O3 -fomit-frame-pointer -funroll-all-loops -finline-functions  execution test
FAIL: gfortran.dg/fmt_p_1.f90  -O3 -g  execution test
FAIL: gfortran.dg/fmt_p_1.f90  -Os  execution test
FAIL: gfortran.dg/fmt_read.f90  -O0  execution test
FAIL: gfortran.dg/fmt_read.f90  -O1  execution test
FAIL: gfortran.dg/fmt_read.f90  -O2  execution test
FAIL: gfortran.dg/fmt_read.f90  -O3 -fomit-frame-pointer  execution test
FAIL: gfortran.dg/fmt_read.f90  -O3 -fomit-frame-pointer -funroll-loops  execution test
FAIL: gfortran.dg/fmt_read.f90  -O3 -fomit-frame-pointer -funroll-all-loops -finline-functions  execution test
FAIL: gfortran.dg/fmt_read.f90  -O3 -g  execution test
FAIL: gfortran.dg/fmt_read.f90  -Os  execution test
FAIL: gfortran.dg/fmt_read_bz_bn.f90  -O0  execution test
FAIL: gfortran.dg/fmt_read_bz_bn.f90  -O1  execution test
FAIL: gfortran.dg/fmt_read_bz_bn.f90  -O2  execution test
FAIL: gfortran.dg/fmt_read_bz_bn.f90  -O3 -fomit-frame-pointer  execution test
FAIL: gfortran.dg/fmt_read_bz_bn.f90  -O3 -fomit-frame-pointer -funroll-loops  execution test
FAIL: gfortran.dg/fmt_read_bz_bn.f90  -O3 -fomit-frame-pointer -funroll-all-loops -finline-functions  execution test
FAIL: gfortran.dg/fmt_read_bz_bn.f90  -O3 -g  execution test
FAIL: gfortran.dg/fmt_read_bz_bn.f90  -Os  execution test
FAIL: gfortran.dg/fmt_tl.f  -O0  execution test
FAIL: gfortran.dg/fmt_tl.f  -O1  execution test
FAIL: gfortran.dg/fmt_tl.f  -O2  execution test
FAIL: gfortran.dg/fmt_tl.f  -O3 -fomit-frame-pointer  execution test
FAIL: gfortran.dg/fmt_tl.f  -O3 -fomit-frame-pointer -funroll-loops  execution test
FAIL: gfortran.dg/fmt_tl.f  -O3 -fomit-frame-pointer -funroll-all-loops -finline-functions  execution test
FAIL: gfortran.dg/fmt_tl.f  -O3 -g  execution test
FAIL: gfortran.dg/fmt_tl.f  -Os  execution test
FAIL: gfortran.dg/fmt_white.f  -O0  execution test
FAIL: gfortran.dg/fmt_white.f  -O1  execution test
FAIL: gfortran.dg/fmt_white.f  -O2  execution test
FAIL: gfortran.dg/fmt_white.f  -O3 -fomit-frame-pointer  execution test
FAIL: gfortran.dg/fmt_white.f  -O3 -fomit-frame-pointer -funroll-loops  execution test
FAIL: gfortran.dg/fmt_white.f  -O3 -fomit-frame-pointer -funroll-all-loops -finline-functions  execution test
FAIL: gfortran.dg/fmt_white.f  -O3 -g  execution test
FAIL: gfortran.dg/fmt_white.f  -Os  execution test
FAIL: gfortran.dg/fmt_zero_digits.f90  -O0  execution test
FAIL: gfortran.dg/fmt_zero_digits.f90  -O1  execution test
FAIL: gfortran.dg/fmt_zero_digits.f90  -O2  execution test
FAIL: gfortran.dg/fmt_zero_digits.f90  -O3 -fomit-frame-pointer  execution test
FAIL: gfortran.dg/fmt_zero_digits.f90  -O3 -fomit-frame-pointer -funroll-loops  execution test
FAIL: gfortran.dg/fmt_zero_digits.f90  -O3 -fomit-frame-pointer -funroll-all-loops -finline-functions  execution test
FAIL: gfortran.dg/fmt_zero_digits.f90  -O3 -g  execution test
FAIL: gfortran.dg/fmt_zero_digits.f90  -Os  execution test
FAIL: gfortran.dg/fmt_zero_precision.f90  -O0  execution test
FAIL: gfortran.dg/fmt_zero_precision.f90  -O1  execution test
FAIL: gfortran.dg/fmt_zero_precision.f90  -O2  execution test
FAIL: gfortran.dg/fmt_zero_precision.f90  -O3 -fomit-frame-pointer  execution test
FAIL: gfortran.dg/fmt_zero_precision.f90  -O3 -fomit-frame-pointer -funroll-loops  execution test
FAIL: gfortran.dg/fmt_zero_precision.f90  -O3 -fomit-frame-pointer -funroll-all-loops -finline-functions  execution test
FAIL: gfortran.dg/fmt_zero_precision.f90  -O3 -g  execution test
FAIL: gfortran.dg/fmt_zero_precision.f90  -Os  execution test
FAIL: gfortran.dg/integer_exponentiation_2.f90  -O0  execution test
FAIL: gfortran.dg/integer_exponentiation_2.f90  -O1  execution test
FAIL: gfortran.dg/integer_exponentiation_2.f90  -O2  execution test
FAIL: gfortran.dg/integer_exponentiation_2.f90  -O3 -fomit-frame-pointer  execution test
FAIL: gfortran.dg/integer_exponentiation_2.f90  -O3 -fomit-frame-pointer -funroll-loops  execution test
FAIL: gfortran.dg/integer_exponentiation_2.f90  -O3 -fomit-frame-pointer -funroll-all-loops -finline-functions  execution test
FAIL: gfortran.dg/integer_exponentiation_2.f90  -O3 -g  execution test
FAIL: gfortran.dg/integer_exponentiation_2.f90  -Os  execution test
FAIL: gfortran.dg/interface_19.f90  -O0  execution test
FAIL: gfortran.dg/interface_19.f90  -O1  execution test
FAIL: gfortran.dg/interface_19.f90  -O2  execution test
FAIL: gfortran.dg/interface_19.f90  -O3 -fomit-frame-pointer  execution test
FAIL: gfortran.dg/interface_19.f90  -O3 -fomit-frame-pointer -funroll-loops  execution test
FAIL: gfortran.dg/interface_19.f90  -O3 -fomit-frame-pointer -funroll-all-loops -finline-functions  execution test
FAIL: gfortran.dg/interface_19.f90  -O3 -g  execution test
FAIL: gfortran.dg/interface_19.f90  -Os  execution test
FAIL: gfortran.dg/intrinsic_spread_1.f90  -O0  execution test
FAIL: gfortran.dg/intrinsic_spread_1.f90  -O1  execution test
FAIL: gfortran.dg/intrinsic_spread_1.f90  -O2  execution test
FAIL: gfortran.dg/intrinsic_spread_1.f90  -O3 -fomit-frame-pointer  execution test
FAIL: gfortran.dg/intrinsic_spread_1.f90  -O3 -fomit-frame-pointer -funroll-loops  execution test
FAIL: gfortran.dg/intrinsic_spread_1.f90  -O3 -fomit-frame-pointer -funroll-all-loops -finline-functions  execution test
FAIL: gfortran.dg/intrinsic_spread_1.f90  -O3 -g  execution test
FAIL: gfortran.dg/intrinsic_spread_1.f90  -Os  execution test
FAIL: gfortran.dg/intrinsic_unpack_1.f90  -O0  execution test
FAIL: gfortran.dg/intrinsic_unpack_1.f90  -O1  execution test
FAIL: gfortran.dg/intrinsic_unpack_1.f90  -O2  execution test
FAIL: gfortran.dg/intrinsic_unpack_1.f90  -O3 -fomit-frame-pointer  execution test
FAIL: gfortran.dg/intrinsic_unpack_1.f90  -O3 -fomit-frame-pointer -funroll-loops  execution test
FAIL: gfortran.dg/intrinsic_unpack_1.f90  -O3 -fomit-frame-pointer -funroll-all-loops -finline-functions  execution test
FAIL: gfortran.dg/intrinsic_unpack_1.f90  -O3 -g  execution test
FAIL: gfortran.dg/intrinsic_unpack_1.f90  -Os  execution test
FAIL: gfortran.dg/module_nan.f90  -O0  execution test
FAIL: gfortran.dg/module_nan.f90  -O1  execution test
FAIL: gfortran.dg/module_nan.f90  -O2  execution test
FAIL: gfortran.dg/module_nan.f90  -O3 -fomit-frame-pointer  execution test
FAIL: gfortran.dg/module_nan.f90  -O3 -fomit-frame-pointer -funroll-loops  execution test
FAIL: gfortran.dg/module_nan.f90  -O3 -fomit-frame-pointer -funroll-all-loops -finline-functions  execution test
FAIL: gfortran.dg/module_nan.f90  -O3 -g  execution test
FAIL: gfortran.dg/module_nan.f90  -Os  execution test
FAIL: gfortran.dg/namelist_11.f  -O0  execution test
FAIL: gfortran.dg/namelist_11.f  -O1  execution test
FAIL: gfortran.dg/namelist_11.f  -O2  execution test
FAIL: gfortran.dg/namelist_11.f  -O3 -fomit-frame-pointer  execution test
FAIL: gfortran.dg/namelist_11.f  -O3 -fomit-frame-pointer -funroll-loops  execution test
FAIL: gfortran.dg/namelist_11.f  -O3 -fomit-frame-pointer -funroll-all-loops -finline-functions  execution test
FAIL: gfortran.dg/namelist_11.f  -O3 -g  execution test
FAIL: gfortran.dg/namelist_11.f  -Os  execution test
FAIL: gfortran.dg/namelist_13.f90  -O0  execution test
FAIL: gfortran.dg/namelist_13.f90  -O1  execution test
FAIL: gfortran.dg/namelist_13.f90  -O2  execution test
FAIL: gfortran.dg/namelist_13.f90  -O3 -fomit-frame-pointer  execution test
FAIL: gfortran.dg/namelist_13.f90  -O3 -fomit-frame-pointer -funroll-loops  execution test
FAIL: gfortran.dg/namelist_13.f90  -O3 -fomit-frame-pointer -funroll-all-loops -finline-functions  execution test
FAIL: gfortran.dg/namelist_13.f90  -O3 -g  execution test
FAIL: gfortran.dg/namelist_13.f90  -Os  execution test
FAIL: gfortran.dg/namelist_14.f90  -O0  execution test
FAIL: gfortran.dg/namelist_14.f90  -O1  execution test
FAIL: gfortran.dg/namelist_14.f90  -O2  execution test
FAIL: gfortran.dg/namelist_14.f90  -O3 -fomit-frame-pointer  execution test
FAIL: gfortran.dg/namelist_14.f90  -O3 -fomit-frame-pointer -funroll-loops  execution test
FAIL: gfortran.dg/namelist_14.f90  -O3 -fomit-frame-pointer -funroll-all-loops -finline-functions  execution test
FAIL: gfortran.dg/namelist_14.f90  -O3 -g  execution test
FAIL: gfortran.dg/namelist_14.f90  -Os  execution test
FAIL: gfortran.dg/namelist_16.f90  -O0  execution test
FAIL: gfortran.dg/namelist_16.f90  -O1  execution test
FAIL: gfortran.dg/namelist_16.f90  -O2  execution test
FAIL: gfortran.dg/namelist_16.f90  -O3 -fomit-frame-pointer  execution test
FAIL: gfortran.dg/namelist_16.f90  -O3 -fomit-frame-pointer -funroll-loops  execution test
FAIL: gfortran.dg/namelist_16.f90  -O3 -fomit-frame-pointer -funroll-all-loops -finline-functions  execution test
FAIL: gfortran.dg/namelist_16.f90  -O3 -g  execution test
FAIL: gfortran.dg/namelist_16.f90  -Os  execution test
FAIL: gfortran.dg/namelist_42.f90  -O0  execution test
FAIL: gfortran.dg/namelist_42.f90  -O1  execution test
FAIL: gfortran.dg/namelist_42.f90  -O2  execution test
FAIL: gfortran.dg/namelist_42.f90  -O3 -fomit-frame-pointer  execution test
FAIL: gfortran.dg/namelist_42.f90  -O3 -fomit-frame-pointer -funroll-loops  execution test
FAIL: gfortran.dg/namelist_42.f90  -O3 -fomit-frame-pointer -funroll-all-loops -finline-functions  execution test
FAIL: gfortran.dg/namelist_42.f90  -O3 -g  execution test
FAIL: gfortran.dg/namelist_42.f90  -Os  execution test
FAIL: gfortran.dg/namelist_43.f90  -O0  execution test
FAIL: gfortran.dg/namelist_43.f90  -O1  execution test
FAIL: gfortran.dg/namelist_43.f90  -O2  execution test
FAIL: gfortran.dg/namelist_43.f90  -O3 -fomit-frame-pointer  execution test
FAIL: gfortran.dg/namelist_43.f90  -O3 -fomit-frame-pointer -funroll-loops  execution test
FAIL: gfortran.dg/namelist_43.f90  -O3 -fomit-frame-pointer -funroll-all-loops -finline-functions  execution test
FAIL: gfortran.dg/namelist_43.f90  -O3 -g  execution test
FAIL: gfortran.dg/namelist_43.f90  -Os  execution test
FAIL: gfortran.dg/namelist_internal.f90  -O0  execution test
FAIL: gfortran.dg/namelist_internal.f90  -O1  execution test
FAIL: gfortran.dg/namelist_internal.f90  -O2  execution test
FAIL: gfortran.dg/namelist_internal.f90  -O3 -fomit-frame-pointer  execution test
FAIL: gfortran.dg/namelist_internal.f90  -O3 -fomit-frame-pointer -funroll-loops  execution test
FAIL: gfortran.dg/namelist_internal.f90  -O3 -fomit-frame-pointer -funroll-all-loops -finline-functions  execution test
FAIL: gfortran.dg/namelist_internal.f90  -O3 -g  execution test
FAIL: gfortran.dg/namelist_internal.f90  -Os  execution test
FAIL: gfortran.dg/namelist_print_1.f  -O0  execution test
FAIL: gfortran.dg/namelist_print_1.f  -O1  execution test
FAIL: gfortran.dg/namelist_print_1.f  -O2  execution test
FAIL: gfortran.dg/namelist_print_1.f  -O3 -fomit-frame-pointer  execution test
FAIL: gfortran.dg/namelist_print_1.f  -O3 -fomit-frame-pointer -funroll-loops  execution test
FAIL: gfortran.dg/namelist_print_1.f  -O3 -fomit-frame-pointer -funroll-all-loops -finline-functions  execution test
FAIL: gfortran.dg/namelist_print_1.f  -O3 -g  execution test
FAIL: gfortran.dg/namelist_print_1.f  -Os  execution test
FAIL: gfortran.dg/nan_3.f90  -O0  execution test
FAIL: gfortran.dg/nan_3.f90  -O1  execution test
FAIL: gfortran.dg/nan_3.f90  -O2  execution test
FAIL: gfortran.dg/nan_3.f90  -O3 -fomit-frame-pointer  execution test
FAIL: gfortran.dg/nan_3.f90  -O3 -fomit-frame-pointer -funroll-loops  execution test
FAIL: gfortran.dg/nan_3.f90  -O3 -fomit-frame-pointer -funroll-all-loops -finline-functions  execution test
FAIL: gfortran.dg/nan_3.f90  -O3 -g  execution test
FAIL: gfortran.dg/nan_3.f90  -Os  execution test
FAIL: gfortran.dg/nint_2.f90  -O0  execution test
FAIL: gfortran.dg/optional_dim_3.f90  -O0  execution test
FAIL: gfortran.dg/optional_dim_3.f90  -O1  execution test
FAIL: gfortran.dg/optional_dim_3.f90  -O2  execution test
FAIL: gfortran.dg/optional_dim_3.f90  -O3 -fomit-frame-pointer  execution test
FAIL: gfortran.dg/optional_dim_3.f90  -O3 -fomit-frame-pointer -funroll-loops  execution test
FAIL: gfortran.dg/optional_dim_3.f90  -O3 -fomit-frame-pointer -funroll-all-loops -finline-functions  execution test
FAIL: gfortran.dg/optional_dim_3.f90  -O3 -g  execution test
FAIL: gfortran.dg/optional_dim_3.f90  -Os  execution test
FAIL: gfortran.dg/output_exponents_1.f90  -O0  execution test
FAIL: gfortran.dg/output_exponents_1.f90  -O1  execution test
FAIL: gfortran.dg/output_exponents_1.f90  -O2  execution test
FAIL: gfortran.dg/output_exponents_1.f90  -O3 -fomit-frame-pointer  execution test
FAIL: gfortran.dg/output_exponents_1.f90  -O3 -fomit-frame-pointer -funroll-loops  execution test
FAIL: gfortran.dg/output_exponents_1.f90  -O3 -fomit-frame-pointer -funroll-all-loops -finline-functions  execution test
FAIL: gfortran.dg/output_exponents_1.f90  -O3 -g  execution test
FAIL: gfortran.dg/output_exponents_1.f90  -Os  execution test
FAIL: gfortran.dg/parameter_array_init_4.f90  -O0  (test for excess errors)
FAIL: gfortran.dg/parameter_array_init_4.f90  -O1  (test for excess errors)
FAIL: gfortran.dg/parameter_array_init_4.f90  -O2  (test for excess errors)
FAIL: gfortran.dg/parameter_array_init_4.f90  -O3 -fomit-frame-pointer  (test for excess errors)
FAIL: gfortran.dg/parameter_array_init_4.f90  -O3 -fomit-frame-pointer -funroll-loops  (test for excess errors)
FAIL: gfortran.dg/parameter_array_init_4.f90  -O3 -fomit-frame-pointer -funroll-all-loops -finline-functions  (test for excess errors)
FAIL: gfortran.dg/parameter_array_init_4.f90  -O3 -g  (test for excess errors)
FAIL: gfortran.dg/parameter_array_init_4.f90  -Os  (test for excess errors)
FAIL: gfortran.dg/pr17090.f90  -O0  execution test
FAIL: gfortran.dg/pr17090.f90  -O1  execution test
FAIL: gfortran.dg/pr17090.f90  -O2  execution test
FAIL: gfortran.dg/pr17090.f90  -O3 -fomit-frame-pointer  execution test
FAIL: gfortran.dg/pr17090.f90  -O3 -fomit-frame-pointer -funroll-loops  execution test
FAIL: gfortran.dg/pr17090.f90  -O3 -fomit-frame-pointer -funroll-all-loops -finline-functions  execution test
FAIL: gfortran.dg/pr17090.f90  -O3 -g  execution test
FAIL: gfortran.dg/pr17090.f90  -Os  execution test
FAIL: gfortran.dg/pr17706.f90  -O0  execution test
FAIL: gfortran.dg/pr17706.f90  -O1  execution test
FAIL: gfortran.dg/pr17706.f90  -O2  execution test
FAIL: gfortran.dg/pr17706.f90  -O3 -fomit-frame-pointer  execution test
FAIL: gfortran.dg/pr17706.f90  -O3 -fomit-frame-pointer -funroll-loops  execution test
FAIL: gfortran.dg/pr17706.f90  -O3 -fomit-frame-pointer -funroll-all-loops -finline-functions  execution test
FAIL: gfortran.dg/pr17706.f90  -O3 -g  execution test
FAIL: gfortran.dg/pr17706.f90  -Os  execution test
FAIL: gfortran.dg/pr18025.f90  -O0  execution test
FAIL: gfortran.dg/pr18025.f90  -O1  execution test
FAIL: gfortran.dg/pr18025.f90  -O2  execution test
FAIL: gfortran.dg/pr18025.f90  -O3 -fomit-frame-pointer  execution test
FAIL: gfortran.dg/pr18025.f90  -O3 -fomit-frame-pointer -funroll-loops  execution test
FAIL: gfortran.dg/pr18025.f90  -O3 -fomit-frame-pointer -funroll-all-loops -finline-functions  execution test
FAIL: gfortran.dg/pr18025.f90  -O3 -g  execution test
FAIL: gfortran.dg/pr18025.f90  -Os  execution test
FAIL: gfortran.dg/pr18210.f90  -O0  execution test
FAIL: gfortran.dg/pr18210.f90  -O1  execution test
FAIL: gfortran.dg/pr18210.f90  -O2  execution test
FAIL: gfortran.dg/pr18210.f90  -O3 -fomit-frame-pointer  execution test
FAIL: gfortran.dg/pr18210.f90  -O3 -fomit-frame-pointer -funroll-loops  execution test
FAIL: gfortran.dg/pr18210.f90  -O3 -fomit-frame-pointer -funroll-all-loops -finline-functions  execution test
FAIL: gfortran.dg/pr18210.f90  -O3 -g  execution test
FAIL: gfortran.dg/pr18210.f90  -Os  execution test
FAIL: gfortran.dg/pr20124.f90  -O0  execution test
FAIL: gfortran.dg/pr20124.f90  -O1  execution test
FAIL: gfortran.dg/pr20124.f90  -O2  execution test
FAIL: gfortran.dg/pr20124.f90  -O3 -fomit-frame-pointer  execution test
FAIL: gfortran.dg/pr20124.f90  -O3 -fomit-frame-pointer -funroll-loops  execution test
FAIL: gfortran.dg/pr20124.f90  -O3 -fomit-frame-pointer -funroll-all-loops -finline-functions  execution test
FAIL: gfortran.dg/pr20124.f90  -O3 -g  execution test
FAIL: gfortran.dg/pr20124.f90  -Os  execution test
FAIL: gfortran.dg/pr20257.f90  -O0  execution test
FAIL: gfortran.dg/pr20257.f90  -O1  execution test
FAIL: gfortran.dg/pr20257.f90  -O2  execution test
FAIL: gfortran.dg/pr20257.f90  -O3 -fomit-frame-pointer  execution test
FAIL: gfortran.dg/pr20257.f90  -O3 -fomit-frame-pointer -funroll-loops  execution test
FAIL: gfortran.dg/pr20257.f90  -O3 -fomit-frame-pointer -funroll-all-loops -finline-functions  execution test
FAIL: gfortran.dg/pr20257.f90  -O3 -g  execution test
FAIL: gfortran.dg/pr20257.f90  -Os  execution test
FAIL: gfortran.dg/pr20480.f90  -O0  execution test
FAIL: gfortran.dg/pr20480.f90  -O1  execution test
FAIL: gfortran.dg/pr20480.f90  -O2  execution test
FAIL: gfortran.dg/pr20480.f90  -O3 -fomit-frame-pointer  execution test
FAIL: gfortran.dg/pr20480.f90  -O3 -fomit-frame-pointer -funroll-loops  execution test
FAIL: gfortran.dg/pr20480.f90  -O3 -fomit-frame-pointer -funroll-all-loops -finline-functions  execution test
FAIL: gfortran.dg/pr20480.f90  -O3 -g  execution test
FAIL: gfortran.dg/pr20480.f90  -Os  execution test
FAIL: gfortran.dg/pr20755.f  -O0  execution test
FAIL: gfortran.dg/pr20755.f  -O1  execution test
FAIL: gfortran.dg/pr20755.f  -O2  execution test
FAIL: gfortran.dg/pr20755.f  -O3 -fomit-frame-pointer  execution test
FAIL: gfortran.dg/pr20755.f  -O3 -fomit-frame-pointer -funroll-loops  execution test
FAIL: gfortran.dg/pr20755.f  -O3 -fomit-frame-pointer -funroll-all-loops -finline-functions  execution test
FAIL: gfortran.dg/pr20755.f  -O3 -g  execution test
FAIL: gfortran.dg/pr20755.f  -Os  execution test
FAIL: gfortran.dg/real_const_3.f90  -O0  execution test
FAIL: gfortran.dg/real_const_3.f90  -O1  execution test
FAIL: gfortran.dg/real_const_3.f90  -O2  execution test
FAIL: gfortran.dg/real_const_3.f90  -O3 -fomit-frame-pointer  execution test
FAIL: gfortran.dg/real_const_3.f90  -O3 -fomit-frame-pointer -funroll-loops  execution test
FAIL: gfortran.dg/real_const_3.f90  -O3 -fomit-frame-pointer -funroll-all-loops -finline-functions  execution test
FAIL: gfortran.dg/real_const_3.f90  -O3 -g  execution test
FAIL: gfortran.dg/real_const_3.f90  -Os  execution test
FAIL: gfortran.dg/reshape.f90  -O0  execution test
FAIL: gfortran.dg/reshape.f90  -O1  execution test
FAIL: gfortran.dg/reshape.f90  -O2  execution test
FAIL: gfortran.dg/reshape.f90  -O3 -fomit-frame-pointer  execution test
FAIL: gfortran.dg/reshape.f90  -O3 -fomit-frame-pointer -funroll-loops  execution test
FAIL: gfortran.dg/reshape.f90  -O3 -fomit-frame-pointer -funroll-all-loops -finline-functions  execution test
FAIL: gfortran.dg/reshape.f90  -O3 -g  execution test
FAIL: gfortran.dg/reshape.f90  -Os  execution test
FAIL: gfortran.dg/save_2.f90  -O0  execution test
FAIL: gfortran.dg/save_2.f90  -O1  execution test
FAIL: gfortran.dg/save_2.f90  -O2  execution test
FAIL: gfortran.dg/save_2.f90  -O3 -fomit-frame-pointer  execution test
FAIL: gfortran.dg/save_2.f90  -O3 -fomit-frame-pointer -funroll-loops  execution test
FAIL: gfortran.dg/save_2.f90  -O3 -fomit-frame-pointer -funroll-all-loops -finline-functions  execution test
FAIL: gfortran.dg/save_2.f90  -O3 -g  execution test
FAIL: gfortran.dg/save_2.f90  -Os  execution test
FAIL: gfortran.dg/specifics_1.f90  -O0  execution test
FAIL: gfortran.dg/specifics_1.f90  -O1  execution test
FAIL: gfortran.dg/specifics_1.f90  -O2  execution test
FAIL: gfortran.dg/specifics_1.f90  -O3 -fomit-frame-pointer  execution test
FAIL: gfortran.dg/specifics_1.f90  -O3 -fomit-frame-pointer -funroll-loops  execution test
FAIL: gfortran.dg/specifics_1.f90  -O3 -fomit-frame-pointer -funroll-all-loops -finline-functions  execution test
FAIL: gfortran.dg/specifics_1.f90  -O3 -g  execution test
FAIL: gfortran.dg/specifics_1.f90  -Os  execution test
FAIL: gfortran.dg/stat_1.f90  -O0  execution test
FAIL: gfortran.dg/stat_1.f90  -O1  execution test
FAIL: gfortran.dg/stat_1.f90  -O2  execution test
FAIL: gfortran.dg/stat_1.f90  -O3 -fomit-frame-pointer  execution test
FAIL: gfortran.dg/stat_1.f90  -O3 -fomit-frame-pointer -funroll-loops  execution test
FAIL: gfortran.dg/stat_1.f90  -O3 -fomit-frame-pointer -funroll-all-loops -finline-functions  execution test
FAIL: gfortran.dg/stat_1.f90  -O3 -g  execution test
FAIL: gfortran.dg/stat_1.f90  -Os  execution test
FAIL: gfortran.dg/stat_2.f90  -O0  execution test
FAIL: gfortran.dg/stat_2.f90  -O1  execution test
FAIL: gfortran.dg/stat_2.f90  -O2  execution test
FAIL: gfortran.dg/stat_2.f90  -O3 -fomit-frame-pointer  execution test
FAIL: gfortran.dg/stat_2.f90  -O3 -fomit-frame-pointer -funroll-loops  execution test
FAIL: gfortran.dg/stat_2.f90  -O3 -fomit-frame-pointer -funroll-all-loops -finline-functions  execution test
FAIL: gfortran.dg/stat_2.f90  -O3 -g  execution test
FAIL: gfortran.dg/stat_2.f90  -Os  execution test
FAIL: gfortran.dg/transfer_simplify_1.f90  -O0  execution test
FAIL: gfortran.dg/transfer_simplify_1.f90  -O1  execution test
FAIL: gfortran.dg/transfer_simplify_1.f90  -O2  execution test
FAIL: gfortran.dg/transfer_simplify_1.f90  -O3 -fomit-frame-pointer  execution test
FAIL: gfortran.dg/transfer_simplify_1.f90  -O3 -fomit-frame-pointer -funroll-loops  execution test
FAIL: gfortran.dg/transfer_simplify_1.f90  -O3 -fomit-frame-pointer -funroll-all-loops -finline-functions  execution test
FAIL: gfortran.dg/transfer_simplify_1.f90  -O3 -g  execution test
FAIL: gfortran.dg/transfer_simplify_1.f90  -Os  execution test
FAIL: gfortran.dg/write_0_pe_format.f90  -O0  execution test
FAIL: gfortran.dg/write_0_pe_format.f90  -O1  execution test
FAIL: gfortran.dg/write_0_pe_format.f90  -O2  execution test
FAIL: gfortran.dg/write_0_pe_format.f90  -O3 -fomit-frame-pointer  execution test
FAIL: gfortran.dg/write_0_pe_format.f90  -O3 -fomit-frame-pointer -funroll-loops  execution test
FAIL: gfortran.dg/write_0_pe_format.f90  -O3 -fomit-frame-pointer -funroll-all-loops -finline-functions  execution test
FAIL: gfortran.dg/write_0_pe_format.f90  -O3 -g  execution test
FAIL: gfortran.dg/write_0_pe_format.f90  -Os  execution test
FAIL: gfortran.dg/g77/20001111.f  -O0  execution test
FAIL: gfortran.dg/g77/20001111.f  -O1  execution test
FAIL: gfortran.dg/g77/20001111.f  -O2  execution test
FAIL: gfortran.dg/g77/20001111.f  -O3 -fomit-frame-pointer  execution test
FAIL: gfortran.dg/g77/20001111.f  -O3 -fomit-frame-pointer -funroll-loops  execution test
FAIL: gfortran.dg/g77/20001111.f  -O3 -fomit-frame-pointer -funroll-all-loops -finline-functions  execution test
FAIL: gfortran.dg/g77/20001111.f  -O3 -g  execution test
FAIL: gfortran.dg/g77/20001111.f  -Os  execution test
FAIL: gfortran.dg/g77/20010426-1.f  -O0  execution test
FAIL: gfortran.dg/g77/20010426-1.f  -O1  execution test
FAIL: gfortran.dg/g77/20010426-1.f  -O2  execution test
FAIL: gfortran.dg/g77/20010426-1.f  -O3 -fomit-frame-pointer  execution test
FAIL: gfortran.dg/g77/20010426-1.f  -O3 -fomit-frame-pointer -funroll-loops  execution test
FAIL: gfortran.dg/g77/20010426-1.f  -O3 -fomit-frame-pointer -funroll-all-loops -finline-functions  execution test
FAIL: gfortran.dg/g77/20010426-1.f  -O3 -g  execution test
FAIL: gfortran.dg/g77/20010426-1.f  -Os  execution test
FAIL: gfortran.dg/g77/970816-3.f  -O0  execution test
FAIL: gfortran.dg/g77/970816-3.f  -O1  execution test
FAIL: gfortran.dg/g77/970816-3.f  -O2  execution test
FAIL: gfortran.dg/g77/970816-3.f  -O3 -fomit-frame-pointer  execution test
FAIL: gfortran.dg/g77/970816-3.f  -O3 -fomit-frame-pointer -funroll-loops  execution test
FAIL: gfortran.dg/g77/970816-3.f  -O3 -fomit-frame-pointer -funroll-all-loops -finline-functions  execution test
FAIL: gfortran.dg/g77/970816-3.f  -O3 -g  execution test
FAIL: gfortran.dg/g77/970816-3.f  -Os  execution test
XPASS: gfortran.dg/g77/cabs.f  -O0  execution test
XPASS: gfortran.dg/g77/cabs.f  -O1  execution test
XPASS: gfortran.dg/g77/cabs.f  -O2  execution test
XPASS: gfortran.dg/g77/cabs.f  -O3 -fomit-frame-pointer  execution test
XPASS: gfortran.dg/g77/cabs.f  -O3 -fomit-frame-pointer -funroll-loops  execution test
XPASS: gfortran.dg/g77/cabs.f  -O3 -fomit-frame-pointer -funroll-all-loops -finline-functions  execution test
XPASS: gfortran.dg/g77/cabs.f  -O3 -g  execution test
XPASS: gfortran.dg/g77/cabs.f  -Os  execution test
FAIL: gfortran.fortran-torture/execute/equiv_5.f execution,  -O0 
FAIL: gfortran.fortran-torture/execute/equiv_5.f execution,  -O1 
FAIL: gfortran.fortran-torture/execute/equiv_5.f execution,  -O2 
FAIL: gfortran.fortran-torture/execute/equiv_5.f execution,  -O2 -fomit-frame-pointer -finline-functions 
FAIL: gfortran.fortran-torture/execute/equiv_5.f execution,  -O2 -fomit-frame-pointer -finline-functions -funroll-loops 
FAIL: gfortran.fortran-torture/execute/equiv_5.f execution,  -O2 -fbounds-check 
FAIL: gfortran.fortran-torture/execute/equiv_5.f execution,  -O3 -g 
FAIL: gfortran.fortran-torture/execute/equiv_5.f execution,  -Os 
FAIL: gfortran.fortran-torture/execute/der_io.f90 execution,  -O0 
FAIL: gfortran.fortran-torture/execute/der_io.f90 execution,  -O1 
FAIL: gfortran.fortran-torture/execute/der_io.f90 execution,  -O2 
FAIL: gfortran.fortran-torture/execute/der_io.f90 execution,  -O2 -fomit-frame-pointer -finline-functions 
FAIL: gfortran.fortran-torture/execute/der_io.f90 execution,  -O2 -fomit-frame-pointer -finline-functions -funroll-loops 
FAIL: gfortran.fortran-torture/execute/der_io.f90 execution,  -O2 -fbounds-check 
FAIL: gfortran.fortran-torture/execute/der_io.f90 execution,  -O3 -g 
FAIL: gfortran.fortran-torture/execute/der_io.f90 execution,  -Os 
FAIL: gfortran.fortran-torture/execute/f2_edit_1.f90 execution,  -O0 
FAIL: gfortran.fortran-torture/execute/f2_edit_1.f90 execution,  -O1 
FAIL: gfortran.fortran-torture/execute/f2_edit_1.f90 execution,  -O2 
FAIL: gfortran.fortran-torture/execute/f2_edit_1.f90 execution,  -O2 -fomit-frame-pointer -finline-functions 
FAIL: gfortran.fortran-torture/execute/f2_edit_1.f90 execution,  -O2 -fomit-frame-pointer -finline-functions -funroll-loops 
FAIL: gfortran.fortran-torture/execute/f2_edit_1.f90 execution,  -O2 -fbounds-check 
FAIL: gfortran.fortran-torture/execute/f2_edit_1.f90 execution,  -O3 -g 
FAIL: gfortran.fortran-torture/execute/f2_edit_1.f90 execution,  -Os 
FAIL: gfortran.fortran-torture/execute/list_read_1.f90 execution,  -O0 
FAIL: gfortran.fortran-torture/execute/list_read_1.f90 execution,  -O1 
FAIL: gfortran.fortran-torture/execute/list_read_1.f90 execution,  -O2 
FAIL: gfortran.fortran-torture/execute/list_read_1.f90 execution,  -O2 -fomit-frame-pointer -finline-functions 
FAIL: gfortran.fortran-torture/execute/list_read_1.f90 execution,  -O2 -fomit-frame-pointer -finline-functions -funroll-loops 
FAIL: gfortran.fortran-torture/execute/list_read_1.f90 execution,  -O2 -fbounds-check 
FAIL: gfortran.fortran-torture/execute/list_read_1.f90 execution,  -O3 -g 
FAIL: gfortran.fortran-torture/execute/list_read_1.f90 execution,  -Os 
FAIL: gfortran.fortran-torture/execute/nan_inf_fmt.f90 execution,  -O0 
FAIL: gfortran.fortran-torture/execute/nan_inf_fmt.f90 execution,  -O1 
FAIL: gfortran.fortran-torture/execute/nan_inf_fmt.f90 execution,  -O2 
FAIL: gfortran.fortran-torture/execute/nan_inf_fmt.f90 execution,  -O2 -fomit-frame-pointer -finline-functions 
FAIL: gfortran.fortran-torture/execute/nan_inf_fmt.f90 execution,  -O2 -fomit-frame-pointer -finline-functions -funroll-loops 
FAIL: gfortran.fortran-torture/execute/nan_inf_fmt.f90 execution,  -O2 -fbounds-check 
FAIL: gfortran.fortran-torture/execute/nan_inf_fmt.f90 execution,  -O3 -g 
FAIL: gfortran.fortran-torture/execute/nan_inf_fmt.f90 execution,  -Os 
FAIL: gfortran.fortran-torture/execute/power.f90 execution,  -O0 
FAIL: gfortran.fortran-torture/execute/power.f90 execution,  -O1 
FAIL: gfortran.fortran-torture/execute/power.f90 execution,  -O2 
FAIL: gfortran.fortran-torture/execute/power.f90 execution,  -O2 -fomit-frame-pointer -finline-functions 
FAIL: gfortran.fortran-torture/execute/power.f90 execution,  -O2 -fomit-frame-pointer -finline-functions -funroll-loops 
FAIL: gfortran.fortran-torture/execute/power.f90 execution,  -O2 -fbounds-check 
FAIL: gfortran.fortran-torture/execute/power.f90 execution,  -O3 -g 
FAIL: gfortran.fortran-torture/execute/power.f90 execution,  -Os 
FAIL: gfortran.fortran-torture/execute/pr32604.f90 execution,  -O0 
FAIL: gfortran.fortran-torture/execute/pr32604.f90 execution,  -O1 
FAIL: gfortran.fortran-torture/execute/pr32604.f90 execution,  -O2 
FAIL: gfortran.fortran-torture/execute/pr32604.f90 execution,  -O2 -fomit-frame-pointer -finline-functions 
FAIL: gfortran.fortran-torture/execute/pr32604.f90 execution,  -O2 -fomit-frame-pointer -finline-functions -funroll-loops 
FAIL: gfortran.fortran-torture/execute/pr32604.f90 execution,  -O2 -fbounds-check 
FAIL: gfortran.fortran-torture/execute/pr32604.f90 execution,  -O3 -g 
FAIL: gfortran.fortran-torture/execute/pr32604.f90 execution,  -Os 
FAIL: gfortran.fortran-torture/execute/specifics.f90 execution,  -O0 
FAIL: gfortran.fortran-torture/execute/specifics.f90 execution,  -O1 
FAIL: gfortran.fortran-torture/execute/specifics.f90 execution,  -O2 
FAIL: gfortran.fortran-torture/execute/specifics.f90 execution,  -O2 -fomit-frame-pointer -finline-functions 
FAIL: gfortran.fortran-torture/execute/specifics.f90 execution,  -O2 -fomit-frame-pointer -finline-functions -funroll-loops 
FAIL: gfortran.fortran-torture/execute/specifics.f90 execution,  -O2 -fbounds-check 
FAIL: gfortran.fortran-torture/execute/specifics.f90 execution,  -O3 -g 
FAIL: gfortran.fortran-torture/execute/specifics.f90 execution,  -Os 

		=== gfortran Summary for unix/-mabi=32 ===

# of expected passes		24883
# of unexpected failures	515
# of unexpected successes	8
# of expected failures		8
# of unsupported tests		254

Running target unix/-mabi=64
FAIL: gfortran.dg/debug/pr35154-dwarf2.f -gdwarf-2 scan-assembler DW_AT_name: "__BLNK__"
FAIL: gfortran.dg/debug/pr35154-dwarf2.f -gdwarf-2 scan-assembler DW_AT_name: "label"
FAIL: gfortran.dg/array_constructor_23.f  -O0  (test for excess errors)
FAIL: gfortran.dg/bessel_2.f90  -O  (test for excess errors)
FAIL: gfortran.dg/default_format_1.f90  -O0  execution test
FAIL: gfortran.dg/default_format_1.f90  -O1  execution test
FAIL: gfortran.dg/default_format_1.f90  -O2  execution test
FAIL: gfortran.dg/default_format_1.f90  -O3 -fomit-frame-pointer  execution test
FAIL: gfortran.dg/default_format_1.f90  -O3 -fomit-frame-pointer -funroll-loops  execution test
FAIL: gfortran.dg/default_format_1.f90  -O3 -fomit-frame-pointer -funroll-all-loops -finline-functions  execution test
FAIL: gfortran.dg/default_format_1.f90  -O3 -g  execution test
FAIL: gfortran.dg/default_format_1.f90  -Os  execution test
FAIL: gfortran.dg/default_format_2.f90  -O0  (test for excess errors)
FAIL: gfortran.dg/default_format_denormal_1.f90  -O0  execution test
FAIL: gfortran.dg/default_format_denormal_1.f90  -O1  execution test
FAIL: gfortran.dg/default_format_denormal_1.f90  -O2  execution test
FAIL: gfortran.dg/default_format_denormal_1.f90  -O3 -fomit-frame-pointer  execution test
FAIL: gfortran.dg/default_format_denormal_1.f90  -O3 -fomit-frame-pointer -funroll-loops  execution test
FAIL: gfortran.dg/default_format_denormal_1.f90  -O3 -fomit-frame-pointer -funroll-all-loops -finline-functions  execution test
FAIL: gfortran.dg/default_format_denormal_1.f90  -O3 -g  execution test
FAIL: gfortran.dg/default_format_denormal_1.f90  -Os  execution test
FAIL: gfortran.dg/default_format_denormal_2.f90  -O0  (test for excess errors)
FAIL: gfortran.dg/gamma_4.f90  -O0  (test for excess errors)
FAIL: gfortran.dg/integer_exponentiation_2.f90  -O0  execution test
FAIL: gfortran.dg/integer_exponentiation_2.f90  -O1  execution test
FAIL: gfortran.dg/integer_exponentiation_2.f90  -O2  execution test
FAIL: gfortran.dg/integer_exponentiation_2.f90  -O3 -fomit-frame-pointer  execution test
FAIL: gfortran.dg/integer_exponentiation_2.f90  -O3 -fomit-frame-pointer -funroll-loops  execution test
FAIL: gfortran.dg/integer_exponentiation_2.f90  -O3 -fomit-frame-pointer -funroll-all-loops -finline-functions  execution test
FAIL: gfortran.dg/integer_exponentiation_2.f90  -O3 -g  execution test
FAIL: gfortran.dg/integer_exponentiation_2.f90  -Os  execution test
FAIL: gfortran.dg/intrinsic_spread_2.f90  -O0  (test for excess errors)
FAIL: gfortran.dg/large_real_kind_1.f90  -O0  (test for excess errors)
FAIL: gfortran.dg/large_real_kind_2.F90  -O0  (test for excess errors)
FAIL: gfortran.dg/large_real_kind_3.F90  -O0  (test for excess errors)
FAIL: gfortran.dg/large_real_kind_form_io_1.f90  -O0  (test for excess errors)
FAIL: gfortran.dg/large_real_kind_form_io_2.f90  -O0  execution test
FAIL: gfortran.dg/large_real_kind_form_io_2.f90  -O1  execution test
FAIL: gfortran.dg/large_real_kind_form_io_2.f90  -O2  execution test
FAIL: gfortran.dg/large_real_kind_form_io_2.f90  -O3 -fomit-frame-pointer  execution test
FAIL: gfortran.dg/large_real_kind_form_io_2.f90  -O3 -fomit-frame-pointer -funroll-loops  execution test
FAIL: gfortran.dg/large_real_kind_form_io_2.f90  -O3 -fomit-frame-pointer -funroll-all-loops -finline-functions  execution test
FAIL: gfortran.dg/large_real_kind_form_io_2.f90  -O3 -g  execution test
FAIL: gfortran.dg/large_real_kind_form_io_2.f90  -Os  execution test
FAIL: gfortran.dg/nan_3.f90  -O0  execution test
FAIL: gfortran.dg/nan_3.f90  -O1  execution test
FAIL: gfortran.dg/nan_3.f90  -O2  execution test
FAIL: gfortran.dg/nan_3.f90  -O3 -fomit-frame-pointer  execution test
FAIL: gfortran.dg/nan_3.f90  -O3 -fomit-frame-pointer -funroll-loops  execution test
FAIL: gfortran.dg/nan_3.f90  -O3 -fomit-frame-pointer -funroll-all-loops -finline-functions  execution test
FAIL: gfortran.dg/nan_3.f90  -O3 -g  execution test
FAIL: gfortran.dg/nan_3.f90  -Os  execution test
FAIL: gfortran.dg/nearest_1.f90  -O0  execution test
FAIL: gfortran.dg/nearest_1.f90  -O1  execution test
FAIL: gfortran.dg/nearest_1.f90  -O2  execution test
FAIL: gfortran.dg/nearest_1.f90  -O3 -fomit-frame-pointer  execution test
FAIL: gfortran.dg/nearest_1.f90  -O3 -fomit-frame-pointer -funroll-loops  execution test
FAIL: gfortran.dg/nearest_1.f90  -O3 -fomit-frame-pointer -funroll-all-loops -finline-functions  execution test
FAIL: gfortran.dg/nearest_1.f90  -O3 -g  execution test
FAIL: gfortran.dg/nearest_1.f90  -Os  execution test
FAIL: gfortran.dg/parameter_array_init_4.f90  -O0  (test for excess errors)
FAIL: gfortran.dg/parameter_array_init_4.f90  -O1  (test for excess errors)
FAIL: gfortran.dg/parameter_array_init_4.f90  -O2  (test for excess errors)
FAIL: gfortran.dg/parameter_array_init_4.f90  -O3 -fomit-frame-pointer  (test for excess errors)
FAIL: gfortran.dg/parameter_array_init_4.f90  -O3 -fomit-frame-pointer -funroll-loops  (test for excess errors)
FAIL: gfortran.dg/parameter_array_init_4.f90  -O3 -fomit-frame-pointer -funroll-all-loops -finline-functions  (test for excess errors)
FAIL: gfortran.dg/parameter_array_init_4.f90  -O3 -g  (test for excess errors)
FAIL: gfortran.dg/parameter_array_init_4.f90  -Os  (test for excess errors)
FAIL: gfortran.dg/pr35944-2.f90  -O0  (test for excess errors)
FAIL: gfortran.dg/random_3.f90  -O0  (test for excess errors)
FAIL: gfortran.dg/specifics_1.f90  -O0  execution test
FAIL: gfortran.dg/specifics_1.f90  -O1  execution test
FAIL: gfortran.dg/specifics_1.f90  -O2  execution test
FAIL: gfortran.dg/specifics_1.f90  -O3 -fomit-frame-pointer  execution test
FAIL: gfortran.dg/specifics_1.f90  -O3 -fomit-frame-pointer -funroll-loops  execution test
FAIL: gfortran.dg/specifics_1.f90  -O3 -fomit-frame-pointer -funroll-all-loops -finline-functions  execution test
FAIL: gfortran.dg/specifics_1.f90  -O3 -g  execution test
FAIL: gfortran.dg/specifics_1.f90  -Os  execution test
FAIL: gfortran.dg/stat_1.f90  -O0  execution test
FAIL: gfortran.dg/stat_1.f90  -O1  execution test
FAIL: gfortran.dg/stat_1.f90  -O2  execution test
FAIL: gfortran.dg/stat_1.f90  -O3 -fomit-frame-pointer  execution test
FAIL: gfortran.dg/stat_1.f90  -O3 -fomit-frame-pointer -funroll-loops  execution test
FAIL: gfortran.dg/stat_1.f90  -O3 -fomit-frame-pointer -funroll-all-loops -finline-functions  execution test
FAIL: gfortran.dg/stat_1.f90  -O3 -g  execution test
FAIL: gfortran.dg/stat_1.f90  -Os  execution test
FAIL: gfortran.dg/stat_2.f90  -O0  execution test
FAIL: gfortran.dg/stat_2.f90  -O1  execution test
FAIL: gfortran.dg/stat_2.f90  -O2  execution test
FAIL: gfortran.dg/stat_2.f90  -O3 -fomit-frame-pointer  execution test
FAIL: gfortran.dg/stat_2.f90  -O3 -fomit-frame-pointer -funroll-loops  execution test
FAIL: gfortran.dg/stat_2.f90  -O3 -fomit-frame-pointer -funroll-all-loops -finline-functions  execution test
FAIL: gfortran.dg/stat_2.f90  -O3 -g  execution test
FAIL: gfortran.dg/stat_2.f90  -Os  execution test
XPASS: gfortran.dg/g77/cabs.f  -O1  execution test
XPASS: gfortran.dg/g77/cabs.f  -O2  execution test
XPASS: gfortran.dg/g77/cabs.f  -O3 -fomit-frame-pointer  execution test
XPASS: gfortran.dg/g77/cabs.f  -O3 -fomit-frame-pointer -funroll-loops  execution test
XPASS: gfortran.dg/g77/cabs.f  -O3 -fomit-frame-pointer -funroll-all-loops -finline-functions  execution test
XPASS: gfortran.dg/g77/cabs.f  -O3 -g  execution test
XPASS: gfortran.dg/g77/cabs.f  -Os  execution test
FAIL: gfortran.fortran-torture/execute/intrinsic_abs.f90 execution,  -O0 
FAIL: gfortran.fortran-torture/execute/intrinsic_dotprod.f90 execution,  -O2 -fomit-frame-pointer -finline-functions -funroll-loops 
FAIL: gfortran.fortran-torture/execute/intrinsic_nearest.f90 execution,  -O0 
FAIL: gfortran.fortran-torture/execute/intrinsic_nearest.f90 execution,  -O1 
FAIL: gfortran.fortran-torture/execute/intrinsic_nearest.f90 execution,  -O2 
FAIL: gfortran.fortran-torture/execute/intrinsic_nearest.f90 execution,  -O2 -fomit-frame-pointer -finline-functions 
FAIL: gfortran.fortran-torture/execute/intrinsic_nearest.f90 execution,  -O2 -fomit-frame-pointer -finline-functions -funroll-loops 
FAIL: gfortran.fortran-torture/execute/intrinsic_nearest.f90 execution,  -O2 -fbounds-check 
FAIL: gfortran.fortran-torture/execute/intrinsic_nearest.f90 execution,  -O3 -g 
FAIL: gfortran.fortran-torture/execute/intrinsic_nearest.f90 execution,  -Os 
FAIL: gfortran.fortran-torture/execute/specifics.f90 execution,  -O0 
FAIL: gfortran.fortran-torture/execute/specifics.f90 execution,  -O1 
FAIL: gfortran.fortran-torture/execute/specifics.f90 execution,  -O2 
FAIL: gfortran.fortran-torture/execute/specifics.f90 execution,  -O2 -fomit-frame-pointer -finline-functions 
FAIL: gfortran.fortran-torture/execute/specifics.f90 execution,  -O2 -fomit-frame-pointer -finline-functions -funroll-loops 
FAIL: gfortran.fortran-torture/execute/specifics.f90 execution,  -O2 -fbounds-check 
FAIL: gfortran.fortran-torture/execute/specifics.f90 execution,  -O3 -g 
FAIL: gfortran.fortran-torture/execute/specifics.f90 execution,  -Os 

		=== gfortran Summary for unix/-mabi=64 ===

# of expected passes		25748
# of unexpected failures	112
# of unexpected successes	7
# of expected failures		9
# of unsupported tests		44

		=== gfortran Summary ===

# of expected passes		76371
# of unexpected failures	743
# of unexpected successes	22
# of expected failures		26
# of unsupported tests		342
/amnt/galeras/export/vol/gccsrc/obj/irix6/gcc-4.4.0-20080613/6.5-gcc/gcc/testsuite/gfortran/../../gfortran  version 4.4.0 20080613 (experimental) [trunk revision 136760] (GCC) 

		=== gnat tests ===


Running target unix
FAIL: gnat.dg/frame_overflow.adb  (test for errors, line 14)
FAIL: gnat.dg/frame_overflow.adb (test for excess errors)
FAIL: gnat.dg/test_fixed_io.adb (test for excess errors)
WARNING: program timed out.
FAIL: gnat.dg/test_prio.adb execution test

		=== gnat Summary for unix ===

# of expected passes		500
# of unexpected failures	4
# of expected failures		6

Running target unix/-mabi=32
FAIL: gnat.dg/abstract_with_anonymous_result.adb (test for excess errors)
WARNING: gnat.dg/abstract_with_anonymous_result.adb compilation failed to produce executable
FAIL: gnat.dg/access4.adb (test for excess errors)
WARNING: gnat.dg/access4.adb compilation failed to produce executable
FAIL: gnat.dg/access_test.adb (test for excess errors)
WARNING: gnat.dg/access_test.adb compilation failed to produce executable
FAIL: gnat.dg/addr2.adb (test for excess errors)
WARNING: gnat.dg/addr2.adb compilation failed to produce executable
FAIL: gnat.dg/address_conversion.adb (test for excess errors)
WARNING: gnat.dg/address_conversion.adb compilation failed to produce executable
FAIL: gnat.dg/aggr1.adb (test for excess errors)
WARNING: gnat.dg/aggr1.adb compilation failed to produce executable
FAIL: gnat.dg/aggr3.adb (test for excess errors)
WARNING: gnat.dg/aggr3.adb compilation failed to produce executable
FAIL: gnat.dg/aliased_prefix_accessibility.adb (test for excess errors)
WARNING: gnat.dg/aliased_prefix_accessibility.adb compilation failed to produce executable
FAIL: gnat.dg/align_check.adb (test for excess errors)
WARNING: gnat.dg/align_check.adb compilation failed to produce executable
FAIL: gnat.dg/alignment1.adb (test for excess errors)
WARNING: gnat.dg/alignment1.adb compilation failed to produce executable
FAIL: gnat.dg/alignment2.adb (test for excess errors)
WARNING: gnat.dg/alignment2.adb compilation failed to produce executable
FAIL: gnat.dg/array3.adb (test for excess errors)
WARNING: gnat.dg/array3.adb compilation failed to produce executable
FAIL: gnat.dg/array4.adb (test for excess errors)
WARNING: gnat.dg/array4.adb compilation failed to produce executable
FAIL: gnat.dg/assert1.adb (test for excess errors)
WARNING: gnat.dg/assert1.adb compilation failed to produce executable
FAIL: gnat.dg/assign_from_packed.adb (test for excess errors)
WARNING: gnat.dg/assign_from_packed.adb compilation failed to produce executable
FAIL: gnat.dg/biased_uc.adb (test for excess errors)
WARNING: gnat.dg/biased_uc.adb compilation failed to produce executable
FAIL: gnat.dg/bit_packed_array3.adb (test for excess errors)
WARNING: gnat.dg/bit_packed_array3.adb compilation failed to produce executable
FAIL: gnat.dg/blkextract_from_reg.adb (test for excess errors)
WARNING: gnat.dg/blkextract_from_reg.adb compilation failed to produce executable
FAIL: gnat.dg/bltins.adb (test for excess errors)
WARNING: gnat.dg/bltins.adb compilation failed to produce executable
FAIL: gnat.dg/capture_value.adb (test for excess errors)
WARNING: gnat.dg/capture_value.adb compilation failed to produce executable
FAIL: gnat.dg/check_displace_generation.adb (test for excess errors)
WARNING: gnat.dg/check_displace_generation.adb compilation failed to produce executable
FAIL: gnat.dg/check_elaboration_code.adb (test for excess errors)
WARNING: gnat.dg/check_elaboration_code.adb compilation failed to produce executable
FAIL: gnat.dg/compose.adb (test for excess errors)
WARNING: gnat.dg/compose.adb compilation failed to produce executable
FAIL: gnat.dg/concat_length.adb (test for excess errors)
WARNING: gnat.dg/concat_length.adb compilation failed to produce executable
FAIL: gnat.dg/conv_bug.adb (test for excess errors)
WARNING: gnat.dg/conv_bug.adb compilation failed to produce executable
FAIL: gnat.dg/conv_real.adb (test for excess errors)
WARNING: gnat.dg/conv_real.adb compilation failed to produce executable
FAIL: gnat.dg/curr_task.adb (test for excess errors)
WARNING: gnat.dg/curr_task.adb compilation failed to produce executable
FAIL: gnat.dg/derived_aggregate.adb (test for excess errors)
WARNING: gnat.dg/derived_aggregate.adb compilation failed to produce executable
FAIL: gnat.dg/discr4.adb (test for excess errors)
WARNING: gnat.dg/discr4.adb compilation failed to produce executable
FAIL: gnat.dg/dispatch1.adb (test for excess errors)
WARNING: gnat.dg/dispatch1.adb compilation failed to produce executable
FAIL: gnat.dg/dispatch2.adb (test for excess errors)
WARNING: gnat.dg/dispatch2.adb compilation failed to produce executable
FAIL: gnat.dg/elim2.adb (test for excess errors)
WARNING: gnat.dg/elim2.adb compilation failed to produce executable
FAIL: gnat.dg/empty_vector_length.adb (test for excess errors)
WARNING: gnat.dg/empty_vector_length.adb compilation failed to produce executable
FAIL: gnat.dg/entry_queues.adb (test for excess errors)
WARNING: gnat.dg/entry_queues.adb compilation failed to produce executable
FAIL: gnat.dg/expect1.adb (test for excess errors)
WARNING: gnat.dg/expect1.adb compilation failed to produce executable
FAIL: gnat.dg/fixce.adb (test for excess errors)
WARNING: gnat.dg/fixce.adb compilation failed to produce executable
FAIL: gnat.dg/fixedpnt.adb (test for excess errors)
WARNING: gnat.dg/fixedpnt.adb compilation failed to produce executable
FAIL: gnat.dg/frame_overflow.adb  (test for errors, line 14)
FAIL: gnat.dg/frame_overflow.adb (test for excess errors)
FAIL: gnat.dg/generic_dispatch.adb (test for excess errors)
WARNING: gnat.dg/generic_dispatch.adb compilation failed to produce executable
FAIL: gnat.dg/gnat_malloc.adb (test for excess errors)
WARNING: gnat.dg/gnat_malloc.adb compilation failed to produce executable
FAIL: gnat.dg/in_out_parameter.adb (test for excess errors)
WARNING: gnat.dg/in_out_parameter.adb compilation failed to produce executable
FAIL: gnat.dg/init_scalar1.adb (test for excess errors)
WARNING: gnat.dg/init_scalar1.adb compilation failed to produce executable
FAIL: gnat.dg/inline_tagged.adb (test for excess errors)
WARNING: gnat.dg/inline_tagged.adb compilation failed to produce executable
FAIL: gnat.dg/interface1.adb (test for excess errors)
WARNING: gnat.dg/interface1.adb compilation failed to produce executable
FAIL: gnat.dg/interface2.adb (test for excess errors)
WARNING: gnat.dg/interface2.adb compilation failed to produce executable
FAIL: gnat.dg/interface3.adb (test for excess errors)
WARNING: gnat.dg/interface3.adb compilation failed to produce executable
FAIL: gnat.dg/interface_conv.adb (test for excess errors)
WARNING: gnat.dg/interface_conv.adb compilation failed to produce executable
FAIL: gnat.dg/iprot_test.adb (test for excess errors)
WARNING: gnat.dg/iprot_test.adb compilation failed to produce executable
FAIL: gnat.dg/kill_value.adb (test for excess errors)
WARNING: gnat.dg/kill_value.adb compilation failed to produce executable
FAIL: gnat.dg/lhs_view_convert.adb (test for excess errors)
WARNING: gnat.dg/lhs_view_convert.adb compilation failed to produce executable
FAIL: gnat.dg/md5_test.adb (test for excess errors)
WARNING: gnat.dg/md5_test.adb compilation failed to produce executable
FAIL: gnat.dg/modular1.adb (test for excess errors)
WARNING: gnat.dg/modular1.adb compilation failed to produce executable
FAIL: gnat.dg/modular2.adb (test for excess errors)
WARNING: gnat.dg/modular2.adb compilation failed to produce executable
FAIL: gnat.dg/mutable1.adb (test for excess errors)
WARNING: gnat.dg/mutable1.adb compilation failed to produce executable
FAIL: gnat.dg/named_test.adb (test for excess errors)
WARNING: gnat.dg/named_test.adb compilation failed to produce executable
FAIL: gnat.dg/nat1r.adb (test for excess errors)
WARNING: gnat.dg/nat1r.adb compilation failed to produce executable
FAIL: gnat.dg/nested_controlled_alloc.adb (test for excess errors)
WARNING: gnat.dg/nested_controlled_alloc.adb compilation failed to produce executable
FAIL: gnat.dg/nested_return_test.adb (test for excess errors)
WARNING: gnat.dg/nested_return_test.adb compilation failed to produce executable
FAIL: gnat.dg/no_final.adb (test for excess errors)
WARNING: gnat.dg/no_final.adb compilation failed to produce executable
FAIL: gnat.dg/outer_agg_bitfield_constructor.adb (test for excess errors)
WARNING: gnat.dg/outer_agg_bitfield_constructor.adb compilation failed to produce executable
FAIL: gnat.dg/pack3.adb (test for excess errors)
WARNING: gnat.dg/pack3.adb compilation failed to produce executable
FAIL: gnat.dg/pack4.adb (test for excess errors)
WARNING: gnat.dg/pack4.adb compilation failed to produce executable
FAIL: gnat.dg/packed_subtype.adb (test for excess errors)
WARNING: gnat.dg/packed_subtype.adb compilation failed to produce executable
FAIL: gnat.dg/pointer_conversion.adb (test for excess errors)
WARNING: gnat.dg/pointer_conversion.adb compilation failed to produce executable
FAIL: gnat.dg/prot_def.adb (test for excess errors)
WARNING: gnat.dg/prot_def.adb compilation failed to produce executable
FAIL: gnat.dg/quote.adb (test for excess errors)
WARNING: gnat.dg/quote.adb compilation failed to produce executable
FAIL: gnat.dg/range_check.adb (test for excess errors)
WARNING: gnat.dg/range_check.adb compilation failed to produce executable
FAIL: gnat.dg/regpat1.adb (test for excess errors)
WARNING: gnat.dg/regpat1.adb compilation failed to produce executable
FAIL: gnat.dg/release_unc_maxalign.adb (test for excess errors)
WARNING: gnat.dg/release_unc_maxalign.adb compilation failed to produce executable
FAIL: gnat.dg/renaming2.adb (test for excess errors)
WARNING: gnat.dg/renaming2.adb compilation failed to produce executable
FAIL: gnat.dg/renaming3.adb (test for excess errors)
WARNING: gnat.dg/renaming3.adb compilation failed to produce executable
FAIL: gnat.dg/requeue1.adb (test for excess errors)
WARNING: gnat.dg/requeue1.adb compilation failed to produce executable
FAIL: gnat.dg/scalar_mode_agg_compare.adb (test for excess errors)
WARNING: gnat.dg/scalar_mode_agg_compare.adb compilation failed to produce executable
FAIL: gnat.dg/self_aggregate_with_array.adb (test for excess errors)
WARNING: gnat.dg/self_aggregate_with_array.adb compilation failed to produce executable
FAIL: gnat.dg/self_aggregate_with_call.adb (test for excess errors)
WARNING: gnat.dg/self_aggregate_with_call.adb compilation failed to produce executable
FAIL: gnat.dg/self_aggregate_with_pointer.adb (test for excess errors)
WARNING: gnat.dg/self_aggregate_with_pointer.adb compilation failed to produce executable
FAIL: gnat.dg/self_aggregate_with_zeros.adb (test for excess errors)
WARNING: gnat.dg/self_aggregate_with_zeros.adb compilation failed to produce executable
FAIL: gnat.dg/sizetype.adb (test for excess errors)
WARNING: gnat.dg/sizetype.adb compilation failed to produce executable
FAIL: gnat.dg/slice3.adb (test for excess errors)
WARNING: gnat.dg/slice3.adb compilation failed to produce executable
FAIL: gnat.dg/slice4.adb (test for excess errors)
WARNING: gnat.dg/slice4.adb compilation failed to produce executable
FAIL: gnat.dg/small_alignment.adb (test for excess errors)
WARNING: gnat.dg/small_alignment.adb compilation failed to produce executable
FAIL: gnat.dg/socket1.adb (test for excess errors)
WARNING: gnat.dg/socket1.adb compilation failed to produce executable
FAIL: gnat.dg/sort2.adb (test for excess errors)
WARNING: gnat.dg/sort2.adb compilation failed to produce executable
FAIL: gnat.dg/spipaterr.adb (test for excess errors)
WARNING: gnat.dg/spipaterr.adb compilation failed to produce executable
FAIL: gnat.dg/string_slice.adb (test for excess errors)
WARNING: gnat.dg/string_slice.adb compilation failed to produce executable
FAIL: gnat.dg/tag1.adb (test for excess errors)
WARNING: gnat.dg/tag1.adb compilation failed to produce executable
FAIL: gnat.dg/tail_call.adb (test for excess errors)
WARNING: gnat.dg/tail_call.adb compilation failed to produce executable
FAIL: gnat.dg/test_address_null_init.adb (test for excess errors)
WARNING: gnat.dg/test_address_null_init.adb compilation failed to produce executable
FAIL: gnat.dg/test_bounded.adb (test for excess errors)
WARNING: gnat.dg/test_bounded.adb compilation failed to produce executable
FAIL: gnat.dg/test_delay.adb (test for excess errors)
WARNING: gnat.dg/test_delay.adb compilation failed to produce executable
FAIL: gnat.dg/test_direct_io.adb (test for excess errors)
WARNING: gnat.dg/test_direct_io.adb compilation failed to produce executable
FAIL: gnat.dg/test_enum_io.adb (test for excess errors)
WARNING: gnat.dg/test_enum_io.adb compilation failed to produce executable
FAIL: gnat.dg/test_fixed_io.adb (test for excess errors)
WARNING: gnat.dg/test_fixed_io.adb compilation failed to produce executable
FAIL: gnat.dg/test_iface_aggr.adb (test for excess errors)
WARNING: gnat.dg/test_iface_aggr.adb compilation failed to produce executable
FAIL: gnat.dg/test_ifaces.adb (test for excess errors)
WARNING: gnat.dg/test_ifaces.adb compilation failed to produce executable
FAIL: gnat.dg/test_image.adb (test for excess errors)
WARNING: gnat.dg/test_image.adb compilation failed to produce executable
FAIL: gnat.dg/test_nested_subtype_byref.adb (test for excess errors)
WARNING: gnat.dg/test_nested_subtype_byref.adb compilation failed to produce executable
FAIL: gnat.dg/test_oalign.adb (test for excess errors)
WARNING: gnat.dg/test_oalign.adb compilation failed to produce executable
FAIL: gnat.dg/test_prefix1.adb (test for excess errors)
WARNING: gnat.dg/test_prefix1.adb compilation failed to produce executable
FAIL: gnat.dg/test_prio.adb (test for excess errors)
WARNING: gnat.dg/test_prio.adb compilation failed to produce executable
FAIL: gnat.dg/test_self.adb (test for excess errors)
WARNING: gnat.dg/test_self.adb compilation failed to produce executable
FAIL: gnat.dg/test_self_ref.adb (test for excess errors)
WARNING: gnat.dg/test_self_ref.adb compilation failed to produce executable
FAIL: gnat.dg/test_table1.adb (test for excess errors)
WARNING: gnat.dg/test_table1.adb compilation failed to produce executable
FAIL: gnat.dg/test_tamdt.adb (test for excess errors)
WARNING: gnat.dg/test_tamdt.adb compilation failed to produce executable
FAIL: gnat.dg/test_time_stamp.adb (test for excess errors)
WARNING: gnat.dg/test_time_stamp.adb compilation failed to produce executable
FAIL: gnat.dg/testint.adb (test for excess errors)
WARNING: gnat.dg/testint.adb compilation failed to produce executable
FAIL: gnat.dg/tfren.adb (test for excess errors)
WARNING: gnat.dg/tfren.adb compilation failed to produce executable
FAIL: gnat.dg/timing_events.adb (test for excess errors)
WARNING: gnat.dg/timing_events.adb compilation failed to produce executable
FAIL: gnat.dg/trampoline2.adb (test for excess errors)
WARNING: gnat.dg/trampoline2.adb compilation failed to produce executable
FAIL: gnat.dg/unc_memfree.adb (test for excess errors)
WARNING: gnat.dg/unc_memfree.adb compilation failed to produce executable
FAIL: gnat.dg/unchecked_convert1.adb (test for excess errors)
WARNING: gnat.dg/unchecked_convert1.adb compilation failed to produce executable
FAIL: gnat.dg/unchecked_union1.adb (test for excess errors)
WARNING: gnat.dg/unchecked_union1.adb compilation failed to produce executable
FAIL: gnat.dg/valid1.adb (test for excess errors)
WARNING: gnat.dg/valid1.adb compilation failed to produce executable
FAIL: gnat.dg/warn1.adb (test for excess errors)
WARNING: gnat.dg/warn1.adb compilation failed to produce executable
FAIL: gnat.dg/wide_test.adb (test for excess errors)
WARNING: gnat.dg/wide_test.adb compilation failed to produce executable

		=== gnat Summary for unix/-mabi=32 ===

# of expected passes		274
# of unexpected failures	116
# of expected failures		6

Running target unix/-mabi=64
FAIL: gnat.dg/abstract1.adb (test for excess errors)
FAIL: gnat.dg/abstract_with_anonymous_result.adb (test for excess errors)
WARNING: gnat.dg/abstract_with_anonymous_result.adb compilation failed to produce executable
FAIL: gnat.dg/access3.adb (test for excess errors)
FAIL: gnat.dg/access4.adb (test for excess errors)
WARNING: gnat.dg/access4.adb compilation failed to produce executable
FAIL: gnat.dg/access_discr.adb (test for excess errors)
FAIL: gnat.dg/access_test.adb (test for excess errors)
WARNING: gnat.dg/access_test.adb compilation failed to produce executable
FAIL: gnat.dg/addr2.adb (test for excess errors)
WARNING: gnat.dg/addr2.adb compilation failed to produce executable
FAIL: gnat.dg/address_conversion.adb (test for excess errors)
WARNING: gnat.dg/address_conversion.adb compilation failed to produce executable
FAIL: gnat.dg/aggr1.adb (test for excess errors)
WARNING: gnat.dg/aggr1.adb compilation failed to produce executable
FAIL: gnat.dg/aggr3.adb (test for excess errors)
WARNING: gnat.dg/aggr3.adb compilation failed to produce executable
FAIL: gnat.dg/aggr7.adb (test for excess errors)
FAIL: gnat.dg/aliased_prefix_accessibility.adb (test for excess errors)
WARNING: gnat.dg/aliased_prefix_accessibility.adb compilation failed to produce executable
FAIL: gnat.dg/align_check.adb (test for excess errors)
WARNING: gnat.dg/align_check.adb compilation failed to produce executable
FAIL: gnat.dg/alignment1.adb (test for excess errors)
WARNING: gnat.dg/alignment1.adb compilation failed to produce executable
FAIL: gnat.dg/alignment2.adb (test for excess errors)
WARNING: gnat.dg/alignment2.adb compilation failed to produce executable
FAIL: gnat.dg/alignment3.adb (test for excess errors)
FAIL: gnat.dg/array3.adb (test for excess errors)
WARNING: gnat.dg/array3.adb compilation failed to produce executable
FAIL: gnat.dg/array4.adb (test for excess errors)
WARNING: gnat.dg/array4.adb compilation failed to produce executable
FAIL: gnat.dg/assert1.adb (test for excess errors)
WARNING: gnat.dg/assert1.adb compilation failed to produce executable
FAIL: gnat.dg/assign_from_packed.adb (test for excess errors)
WARNING: gnat.dg/assign_from_packed.adb compilation failed to produce executable
FAIL: gnat.dg/asynch.adb (test for excess errors)
FAIL: gnat.dg/biased_uc.adb (test for excess errors)
WARNING: gnat.dg/biased_uc.adb compilation failed to produce executable
FAIL: gnat.dg/bip_prim_func.adb (test for excess errors)
FAIL: gnat.dg/bit_packed_array3.adb (test for excess errors)
WARNING: gnat.dg/bit_packed_array3.adb compilation failed to produce executable
FAIL: gnat.dg/blkextract_from_reg.adb (test for excess errors)
WARNING: gnat.dg/blkextract_from_reg.adb compilation failed to produce executable
FAIL: gnat.dg/bltins.adb (test for excess errors)
WARNING: gnat.dg/bltins.adb compilation failed to produce executable
FAIL: gnat.dg/c_words.adb (test for excess errors)
FAIL: gnat.dg/capture_value.adb (test for excess errors)
WARNING: gnat.dg/capture_value.adb compilation failed to produce executable
FAIL: gnat.dg/check_displace_generation.adb (test for excess errors)
WARNING: gnat.dg/check_displace_generation.adb compilation failed to produce executable
FAIL: gnat.dg/check_elaboration_code.adb (test for excess errors)
WARNING: gnat.dg/check_elaboration_code.adb compilation failed to produce executable
FAIL: gnat.dg/class_wide.adb (test for excess errors)
FAIL: gnat.dg/compose.adb (test for excess errors)
WARNING: gnat.dg/compose.adb compilation failed to produce executable
FAIL: gnat.dg/concat_length.adb (test for excess errors)
WARNING: gnat.dg/concat_length.adb compilation failed to produce executable
FAIL: gnat.dg/controlled_record.adb (test for excess errors)
FAIL: gnat.dg/conv_bug.adb (test for excess errors)
WARNING: gnat.dg/conv_bug.adb compilation failed to produce executable
FAIL: gnat.dg/conv_real.adb (test for excess errors)
WARNING: gnat.dg/conv_real.adb compilation failed to produce executable
FAIL: gnat.dg/curr_task.adb (test for excess errors)
WARNING: gnat.dg/curr_task.adb compilation failed to produce executable
FAIL: gnat.dg/derived_aggregate.adb (test for excess errors)
WARNING: gnat.dg/derived_aggregate.adb compilation failed to produce executable
FAIL: gnat.dg/discr4.adb (test for excess errors)
WARNING: gnat.dg/discr4.adb compilation failed to produce executable
FAIL: gnat.dg/dispatch1.adb (test for excess errors)
WARNING: gnat.dg/dispatch1.adb compilation failed to produce executable
FAIL: gnat.dg/dispatch2.adb (test for excess errors)
WARNING: gnat.dg/dispatch2.adb compilation failed to produce executable
FAIL: gnat.dg/dispatch2_p.adb (test for excess errors)
FAIL: gnat.dg/elim1.adb (test for excess errors)
FAIL: gnat.dg/elim2.adb (test for excess errors)
WARNING: gnat.dg/elim2.adb compilation failed to produce executable
FAIL: gnat.dg/empty_vector_length.adb (test for excess errors)
WARNING: gnat.dg/empty_vector_length.adb compilation failed to produce executable
FAIL: gnat.dg/entry_queues.adb (test for excess errors)
WARNING: gnat.dg/entry_queues.adb compilation failed to produce executable
FAIL: gnat.dg/expect1.adb (test for excess errors)
WARNING: gnat.dg/expect1.adb compilation failed to produce executable
FAIL: gnat.dg/finalized.adb (test for excess errors)
FAIL: gnat.dg/fixce.adb (test for excess errors)
WARNING: gnat.dg/fixce.adb compilation failed to produce executable
FAIL: gnat.dg/fixedpnt.adb (test for excess errors)
WARNING: gnat.dg/fixedpnt.adb compilation failed to produce executable
FAIL: gnat.dg/gen_disp.adb (test for excess errors)
FAIL: gnat.dg/generic_dispatch.adb (test for excess errors)
WARNING: gnat.dg/generic_dispatch.adb compilation failed to produce executable
FAIL: gnat.dg/generic_dispatch_p.adb (test for excess errors)
FAIL: gnat.dg/gnat_malloc.adb (test for excess errors)
WARNING: gnat.dg/gnat_malloc.adb compilation failed to produce executable
FAIL: gnat.dg/gnatg.adb (test for excess errors)
FAIL: gnat.dg/graphic.adb (test for excess errors)
FAIL: gnat.dg/ifaces.adb (test for excess errors)
FAIL: gnat.dg/in_out_parameter.adb (test for excess errors)
WARNING: gnat.dg/in_out_parameter.adb compilation failed to produce executable
FAIL: gnat.dg/init_scalar1.adb (test for excess errors)
WARNING: gnat.dg/init_scalar1.adb compilation failed to produce executable
FAIL: gnat.dg/inline_tagged.adb (test for excess errors)
WARNING: gnat.dg/inline_tagged.adb compilation failed to produce executable
FAIL: gnat.dg/interface1.adb (test for excess errors)
WARNING: gnat.dg/interface1.adb compilation failed to produce executable
FAIL: gnat.dg/interface2.adb (test for excess errors)
WARNING: gnat.dg/interface2.adb compilation failed to produce executable
FAIL: gnat.dg/interface3.adb (test for excess errors)
WARNING: gnat.dg/interface3.adb compilation failed to produce executable
FAIL: gnat.dg/interface5.adb (test for excess errors)
FAIL: gnat.dg/interface_conv.adb (test for excess errors)
WARNING: gnat.dg/interface_conv.adb compilation failed to produce executable
FAIL: gnat.dg/iprot_test.adb (test for excess errors)
WARNING: gnat.dg/iprot_test.adb compilation failed to produce executable
FAIL: gnat.dg/kill_value.adb (test for excess errors)
WARNING: gnat.dg/kill_value.adb compilation failed to produce executable
FAIL: gnat.dg/late_overriding.adb (test for excess errors)
FAIL: gnat.dg/lhs_view_convert.adb (test for excess errors)
WARNING: gnat.dg/lhs_view_convert.adb compilation failed to produce executable
FAIL: gnat.dg/loop_address2.adb (test for excess errors)
FAIL: gnat.dg/loop_optimization2.adb (test for excess errors)
FAIL: gnat.dg/md5_test.adb (test for excess errors)
WARNING: gnat.dg/md5_test.adb compilation failed to produce executable
FAIL: gnat.dg/modular1.adb (test for excess errors)
WARNING: gnat.dg/modular1.adb compilation failed to produce executable
FAIL: gnat.dg/modular2.adb (test for excess errors)
WARNING: gnat.dg/modular2.adb compilation failed to produce executable
FAIL: gnat.dg/mutable1.adb (test for excess errors)
WARNING: gnat.dg/mutable1.adb compilation failed to produce executable
FAIL: gnat.dg/named_test.adb (test for excess errors)
WARNING: gnat.dg/named_test.adb compilation failed to produce executable
FAIL: gnat.dg/nat1r.adb (test for excess errors)
WARNING: gnat.dg/nat1r.adb compilation failed to produce executable
FAIL: gnat.dg/nested_controlled_alloc.adb (test for excess errors)
WARNING: gnat.dg/nested_controlled_alloc.adb compilation failed to produce executable
FAIL: gnat.dg/nested_return_test.adb (test for excess errors)
WARNING: gnat.dg/nested_return_test.adb compilation failed to produce executable
FAIL: gnat.dg/no_final.adb (test for excess errors)
WARNING: gnat.dg/no_final.adb compilation failed to produce executable
FAIL: gnat.dg/outer_agg_bitfield_constructor.adb (test for excess errors)
WARNING: gnat.dg/outer_agg_bitfield_constructor.adb compilation failed to produce executable
FAIL: gnat.dg/overriding_ops.adb (test for excess errors)
FAIL: gnat.dg/pack3.adb (test for excess errors)
WARNING: gnat.dg/pack3.adb compilation failed to produce executable
FAIL: gnat.dg/pack4.adb (test for excess errors)
WARNING: gnat.dg/pack4.adb compilation failed to produce executable
FAIL: gnat.dg/packed_subtype.adb (test for excess errors)
WARNING: gnat.dg/packed_subtype.adb compilation failed to produce executable
FAIL: gnat.dg/pak.adb (test for excess errors)
FAIL: gnat.dg/parent_ltd_with-child_full_view.adb (test for excess errors)
FAIL: gnat.dg/pointer_conversion.adb (test for excess errors)
WARNING: gnat.dg/pointer_conversion.adb compilation failed to produce executable
FAIL: gnat.dg/prefix1.adb (test for excess errors)
FAIL: gnat.dg/prefix2.adb (test for excess errors)
FAIL: gnat.dg/prot_def.adb (test for excess errors)
WARNING: gnat.dg/prot_def.adb compilation failed to produce executable
FAIL: gnat.dg/quote.adb (test for excess errors)
WARNING: gnat.dg/quote.adb compilation failed to produce executable
FAIL: gnat.dg/range_check.adb (test for excess errors)
WARNING: gnat.dg/range_check.adb compilation failed to produce executable
FAIL: gnat.dg/ref_type.adb (test for excess errors)
FAIL: gnat.dg/regpat1.adb (test for excess errors)
WARNING: gnat.dg/regpat1.adb compilation failed to produce executable
FAIL: gnat.dg/release_unc_maxalign.adb (test for excess errors)
WARNING: gnat.dg/release_unc_maxalign.adb compilation failed to produce executable
FAIL: gnat.dg/renaming2.adb (test for excess errors)
WARNING: gnat.dg/renaming2.adb compilation failed to produce executable
FAIL: gnat.dg/renaming3.adb (test for excess errors)
WARNING: gnat.dg/renaming3.adb compilation failed to produce executable
FAIL: gnat.dg/requeue1.adb (test for excess errors)
WARNING: gnat.dg/requeue1.adb compilation failed to produce executable
FAIL: gnat.dg/return1.adb (test for excess errors)
FAIL: gnat.dg/scalar_mode_agg_compare.adb (test for excess errors)
WARNING: gnat.dg/scalar_mode_agg_compare.adb compilation failed to produce executable
FAIL: gnat.dg/self1.adb (test for excess errors)
FAIL: gnat.dg/self_aggregate_with_array.adb (test for excess errors)
WARNING: gnat.dg/self_aggregate_with_array.adb compilation failed to produce executable
FAIL: gnat.dg/self_aggregate_with_call.adb (test for excess errors)
WARNING: gnat.dg/self_aggregate_with_call.adb compilation failed to produce executable
FAIL: gnat.dg/self_aggregate_with_pointer.adb (test for excess errors)
WARNING: gnat.dg/self_aggregate_with_pointer.adb compilation failed to produce executable
FAIL: gnat.dg/self_aggregate_with_zeros.adb (test for excess errors)
WARNING: gnat.dg/self_aggregate_with_zeros.adb compilation failed to produce executable
FAIL: gnat.dg/set_in_pproc.adb (test for excess errors)
FAIL: gnat.dg/sizetype.adb (test for excess errors)
WARNING: gnat.dg/sizetype.adb compilation failed to produce executable
FAIL: gnat.dg/slice3.adb (test for excess errors)
WARNING: gnat.dg/slice3.adb compilation failed to produce executable
FAIL: gnat.dg/slice4.adb (test for excess errors)
WARNING: gnat.dg/slice4.adb compilation failed to produce executable
FAIL: gnat.dg/small_alignment.adb (test for excess errors)
WARNING: gnat.dg/small_alignment.adb compilation failed to produce executable
FAIL: gnat.dg/socket1.adb (test for excess errors)
WARNING: gnat.dg/socket1.adb compilation failed to produce executable
FAIL: gnat.dg/sort2.adb (test for excess errors)
WARNING: gnat.dg/sort2.adb compilation failed to produce executable
FAIL: gnat.dg/spipaterr.adb (test for excess errors)
WARNING: gnat.dg/spipaterr.adb compilation failed to produce executable
FAIL: gnat.dg/string_slice.adb (test for excess errors)
WARNING: gnat.dg/string_slice.adb compilation failed to produce executable
FAIL: gnat.dg/sync1.adb (test for excess errors)
FAIL: gnat.dg/tag1.adb (test for excess errors)
WARNING: gnat.dg/tag1.adb compilation failed to produce executable
FAIL: gnat.dg/tagged_type_pkg.adb (test for excess errors)
FAIL: gnat.dg/tail_call.adb (test for excess errors)
WARNING: gnat.dg/tail_call.adb compilation failed to produce executable
FAIL: gnat.dg/task_name.adb (test for excess errors)
FAIL: gnat.dg/test_address_null_init.adb (test for excess errors)
WARNING: gnat.dg/test_address_null_init.adb compilation failed to produce executable
FAIL: gnat.dg/test_bounded.adb (test for excess errors)
WARNING: gnat.dg/test_bounded.adb compilation failed to produce executable
FAIL: gnat.dg/test_delay.adb (test for excess errors)
WARNING: gnat.dg/test_delay.adb compilation failed to produce executable
FAIL: gnat.dg/test_direct_io.adb (test for excess errors)
WARNING: gnat.dg/test_direct_io.adb compilation failed to produce executable
FAIL: gnat.dg/test_enum_io.adb (test for excess errors)
WARNING: gnat.dg/test_enum_io.adb compilation failed to produce executable
FAIL: gnat.dg/test_fixed_io.adb (test for excess errors)
WARNING: gnat.dg/test_fixed_io.adb compilation failed to produce executable
FAIL: gnat.dg/test_iface_aggr.adb (test for excess errors)
WARNING: gnat.dg/test_iface_aggr.adb compilation failed to produce executable
FAIL: gnat.dg/test_ifaces.adb (test for excess errors)
WARNING: gnat.dg/test_ifaces.adb compilation failed to produce executable
FAIL: gnat.dg/test_image.adb (test for excess errors)
WARNING: gnat.dg/test_image.adb compilation failed to produce executable
FAIL: gnat.dg/test_image_p.adb (test for excess errors)
FAIL: gnat.dg/test_nested_subtype_byref.adb (test for excess errors)
WARNING: gnat.dg/test_nested_subtype_byref.adb compilation failed to produce executable
FAIL: gnat.dg/test_oalign.adb (test for excess errors)
WARNING: gnat.dg/test_oalign.adb compilation failed to produce executable
FAIL: gnat.dg/test_prefix1.adb (test for excess errors)
WARNING: gnat.dg/test_prefix1.adb compilation failed to produce executable
FAIL: gnat.dg/test_prio.adb (test for excess errors)
WARNING: gnat.dg/test_prio.adb compilation failed to produce executable
FAIL: gnat.dg/test_self.adb (test for excess errors)
WARNING: gnat.dg/test_self.adb compilation failed to produce executable
FAIL: gnat.dg/test_self_ref.adb (test for excess errors)
WARNING: gnat.dg/test_self_ref.adb compilation failed to produce executable
FAIL: gnat.dg/test_table1.adb (test for excess errors)
WARNING: gnat.dg/test_table1.adb compilation failed to produce executable
FAIL: gnat.dg/test_tamdt.adb (test for excess errors)
WARNING: gnat.dg/test_tamdt.adb compilation failed to produce executable
FAIL: gnat.dg/test_time_stamp.adb (test for excess errors)
WARNING: gnat.dg/test_time_stamp.adb compilation failed to produce executable
FAIL: gnat.dg/testint.adb (test for excess errors)
WARNING: gnat.dg/testint.adb compilation failed to produce executable
FAIL: gnat.dg/tf_interface_1.adb (test for excess errors)
FAIL: gnat.dg/tfren.adb (test for excess errors)
WARNING: gnat.dg/tfren.adb compilation failed to produce executable
FAIL: gnat.dg/timing_events.adb (test for excess errors)
WARNING: gnat.dg/timing_events.adb compilation failed to produce executable
FAIL: gnat.dg/trampoline2.adb (test for excess errors)
WARNING: gnat.dg/trampoline2.adb compilation failed to produce executable
FAIL: gnat.dg/unc_memfree.adb (test for excess errors)
WARNING: gnat.dg/unc_memfree.adb compilation failed to produce executable
FAIL: gnat.dg/unchecked_convert1.adb (test for excess errors)
WARNING: gnat.dg/unchecked_convert1.adb compilation failed to produce executable
FAIL: gnat.dg/unchecked_union1.adb (test for excess errors)
WARNING: gnat.dg/unchecked_union1.adb compilation failed to produce executable
FAIL: gnat.dg/valid1.adb (test for excess errors)
WARNING: gnat.dg/valid1.adb compilation failed to produce executable
FAIL: gnat.dg/warn1.adb (test for excess errors)
WARNING: gnat.dg/warn1.adb compilation failed to produce executable
FAIL: gnat.dg/wide_test.adb (test for excess errors)
WARNING: gnat.dg/wide_test.adb compilation failed to produce executable
FAIL: gnat.dg/specs/abstract_limited.ads (test for excess errors)
FAIL: gnat.dg/specs/ai_116.ads (test for excess errors)
FAIL: gnat.dg/specs/box1.ads (test for excess errors)
FAIL: gnat.dg/specs/controller.ads (test for excess errors)
FAIL: gnat.dg/specs/cpp1.ads (test for excess errors)
FAIL: gnat.dg/specs/cpp_assignment.ads (test for excess errors)
FAIL: gnat.dg/specs/double_record_extension1.ads (test for excess errors)
FAIL: gnat.dg/specs/double_record_extension2.ads (test for excess errors)
FAIL: gnat.dg/specs/elab1.ads (test for excess errors)
FAIL: gnat.dg/specs/gen_interface.ads (test for excess errors)
FAIL: gnat.dg/specs/limited1.ads (test for excess errors)
FAIL: gnat.dg/specs/preelab.ads (test for excess errors)
FAIL: gnat.dg/specs/private_with.ads (test for excess errors)
FAIL: gnat.dg/specs/self_class.ads (test for excess errors)
FAIL: gnat.dg/specs/tag1.ads (test for excess errors)

		=== gnat Summary for unix/-mabi=64 ===

# of expected passes		225
# of unexpected failures	165
# of expected failures		6

		=== gnat Summary ===

# of expected passes		999
# of unexpected failures	285
# of expected failures		18
		=== objc tests ===


Running target unix
FAIL: objc.dg/stabs-1.m scan-assembler (.SUBSPA.*[\$]CODE[\$]|.text"?)\\n\\t.stabs.*100,0,0,([.\$])?L?L[\$]?etext[0-9]*\\n([.\$])?L?L[\$]?etext
WARNING: Could not compile objc.dg/gnu-encoding/struct-layout-encoding-1 generator

		=== objc Summary for unix ===

# of expected passes		1758
# of unexpected failures	1
# of unsupported tests		24

Running target unix/-mabi=32
FAIL: objc.dg/stabs-1.m scan-assembler (.SUBSPA.*[\$]CODE[\$]|.text"?)\\n\\t.stabs.*100,0,0,([.\$])?L?L[\$]?etext[0-9]*\\n([.\$])?L?L[\$]?etext
WARNING: Could not compile objc.dg/gnu-encoding/struct-layout-encoding-1 generator

		=== objc Summary for unix/-mabi=32 ===

# of expected passes		1758
# of unexpected failures	1
# of unsupported tests		24

Running target unix/-mabi=64
FAIL: objc.dg/stabs-1.m scan-assembler (.SUBSPA.*[\$]CODE[\$]|.text"?)\\n\\t.stabs.*100,0,0,([.\$])?L?L[\$]?etext[0-9]*\\n([.\$])?L?L[\$]?etext
WARNING: Could not compile objc.dg/gnu-encoding/struct-layout-encoding-1 generator

		=== objc Summary for unix/-mabi=64 ===

# of expected passes		1758
# of unexpected failures	1
# of unsupported tests		24

		=== objc Summary ===

# of expected passes		5274
# of unexpected failures	3
# of unsupported tests		72
/amnt/galeras/export/vol/gccsrc/obj/irix6/gcc-4.4.0-20080613/6.5-gcc/gcc/xgcc  version 4.4.0 20080613 (experimental) [trunk revision 136760] (GCC) 

		=== libffi tests ===


Running target unix
FAIL: libffi.call/cls_align_longdouble.c -O0 -W -Wall (test for excess errors)
FAIL: libffi.call/float2.c -O0 -W -Wall (test for excess errors)
FAIL: libffi.call/nested_struct5.c -O0 -W -Wall (test for excess errors)
FAIL: libffi.call/return_ldl.c -O0 -W -Wall (test for excess errors)

		=== libffi Summary for unix ===

# of expected passes		1385
# of unexpected failures	4
# of unsupported tests		10

Running target unix/-mabi=32

		=== libffi Summary for unix/-mabi=32 ===

# of expected passes		1389
# of unsupported tests		10

Running target unix/-mabi=64
FAIL: libffi.call/cls_align_longdouble.c -O0 -W -Wall (test for excess errors)
FAIL: libffi.call/float2.c -O0 -W -Wall (test for excess errors)
FAIL: libffi.call/nested_struct5.c -O0 -W -Wall (test for excess errors)
FAIL: libffi.call/return_ldl.c -O0 -W -Wall (test for excess errors)

		=== libffi Summary for unix/-mabi=64 ===

# of expected passes		1385
# of unexpected failures	4
# of unsupported tests		10

		=== libffi Summary ===

# of expected passes		4159
# of unexpected failures	8
# of unsupported tests		30
		=== libgomp tests ===


Running target unix
WARNING: program timed out.
FAIL: libgomp.c/appendix-a/a.18.1.c execution test
WARNING: program timed out.
FAIL: libgomp.fortran/appendix-a/a.18.1.f90  -O3 -fomit-frame-pointer -funroll-loops  execution test
FAIL: libgomp.fortran/condinc2.f  -O  execution test
FAIL: libgomp.fortran/condinc4.f90  -O  execution test
FAIL: libgomp.fortran/crayptr2.f90  -O0  (test for excess errors)
WARNING: libgomp.fortran/crayptr2.f90  -O0  compilation failed to produce executable
FAIL: libgomp.fortran/crayptr2.f90  -O1  (test for excess errors)
WARNING: libgomp.fortran/crayptr2.f90  -O1  compilation failed to produce executable
FAIL: libgomp.fortran/crayptr2.f90  -O2  (test for excess errors)
WARNING: libgomp.fortran/crayptr2.f90  -O2  compilation failed to produce executable
FAIL: libgomp.fortran/crayptr2.f90  -O3 -fomit-frame-pointer  (test for excess errors)
WARNING: libgomp.fortran/crayptr2.f90  -O3 -fomit-frame-pointer  compilation failed to produce executable
FAIL: libgomp.fortran/crayptr2.f90  -O3 -fomit-frame-pointer -funroll-loops  (test for excess errors)
WARNING: libgomp.fortran/crayptr2.f90  -O3 -fomit-frame-pointer -funroll-loops  compilation failed to produce executable
FAIL: libgomp.fortran/crayptr2.f90  -O3 -fomit-frame-pointer -funroll-all-loops -finline-functions  (test for excess errors)
WARNING: libgomp.fortran/crayptr2.f90  -O3 -fomit-frame-pointer -funroll-all-loops -finline-functions  compilation failed to produce executable
FAIL: libgomp.fortran/crayptr2.f90  -O3 -g  (test for excess errors)
WARNING: libgomp.fortran/crayptr2.f90  -O3 -g  compilation failed to produce executable
FAIL: libgomp.fortran/crayptr2.f90  -Os  (test for excess errors)
WARNING: libgomp.fortran/crayptr2.f90  -Os  compilation failed to produce executable
FAIL: libgomp.fortran/omp_cond2.f  -O  execution test
FAIL: libgomp.fortran/omp_cond4.F90  -O  execution test
FAIL: libgomp.fortran/pr32550.f90  -O0  (test for excess errors)
WARNING: libgomp.fortran/pr32550.f90  -O0  compilation failed to produce executable
FAIL: libgomp.fortran/pr32550.f90  -O1  (test for excess errors)
WARNING: libgomp.fortran/pr32550.f90  -O1  compilation failed to produce executable
FAIL: libgomp.fortran/pr32550.f90  -O2  (test for excess errors)
WARNING: libgomp.fortran/pr32550.f90  -O2  compilation failed to produce executable
FAIL: libgomp.fortran/pr32550.f90  -O3 -fomit-frame-pointer  (test for excess errors)
WARNING: libgomp.fortran/pr32550.f90  -O3 -fomit-frame-pointer  compilation failed to produce executable
FAIL: libgomp.fortran/pr32550.f90  -O3 -fomit-frame-pointer -funroll-loops  (test for excess errors)
WARNING: libgomp.fortran/pr32550.f90  -O3 -fomit-frame-pointer -funroll-loops  compilation failed to produce executable
FAIL: libgomp.fortran/pr32550.f90  -O3 -fomit-frame-pointer -funroll-all-loops -finline-functions  (test for excess errors)
WARNING: libgomp.fortran/pr32550.f90  -O3 -fomit-frame-pointer -funroll-all-loops -finline-functions  compilation failed to produce executable
FAIL: libgomp.fortran/pr32550.f90  -O3 -g  (test for excess errors)
WARNING: libgomp.fortran/pr32550.f90  -O3 -g  compilation failed to produce executable
FAIL: libgomp.fortran/pr32550.f90  -Os  (test for excess errors)
WARNING: libgomp.fortran/pr32550.f90  -Os  compilation failed to produce executable
FAIL: libgomp.fortran/reference1.f90  -O1  execution test
FAIL: libgomp.fortran/reference1.f90  -Os  execution test

		=== libgomp Summary for unix ===

# of expected passes		1973
# of unexpected failures	24
# of unsupported tests		127

Running target unix/-mabi=32
WARNING: program timed out.
FAIL: libgomp.c/appendix-a/a.18.1.c execution test
FAIL: libgomp.fortran/appendix-a/a.16.1.f90  -O0  execution test
FAIL: libgomp.fortran/appendix-a/a.16.1.f90  -O1  execution test
FAIL: libgomp.fortran/appendix-a/a.16.1.f90  -O2  execution test
FAIL: libgomp.fortran/appendix-a/a.16.1.f90  -O3 -fomit-frame-pointer  execution test
FAIL: libgomp.fortran/appendix-a/a.16.1.f90  -O3 -fomit-frame-pointer -funroll-loops  execution test
FAIL: libgomp.fortran/appendix-a/a.16.1.f90  -O3 -fomit-frame-pointer -funroll-all-loops -finline-functions  execution test
FAIL: libgomp.fortran/appendix-a/a.16.1.f90  -O3 -g  execution test
FAIL: libgomp.fortran/appendix-a/a.16.1.f90  -Os  execution test
WARNING: program timed out.
FAIL: libgomp.fortran/appendix-a/a.18.1.f90  -O3 -fomit-frame-pointer -funroll-loops  execution test
FAIL: libgomp.fortran/appendix-a/a.28.1.f90  -O0  execution test
FAIL: libgomp.fortran/appendix-a/a.28.1.f90  -O1  execution test
FAIL: libgomp.fortran/appendix-a/a.28.1.f90  -O2  execution test
FAIL: libgomp.fortran/appendix-a/a.28.1.f90  -O3 -fomit-frame-pointer  execution test
FAIL: libgomp.fortran/appendix-a/a.28.1.f90  -O3 -fomit-frame-pointer -funroll-loops  execution test
FAIL: libgomp.fortran/appendix-a/a.28.1.f90  -O3 -fomit-frame-pointer -funroll-all-loops -finline-functions  execution test
FAIL: libgomp.fortran/appendix-a/a.28.1.f90  -O3 -g  execution test
FAIL: libgomp.fortran/appendix-a/a.28.1.f90  -Os  execution test
FAIL: libgomp.fortran/appendix-a/a.28.2.f90  -O0  execution test
FAIL: libgomp.fortran/appendix-a/a.28.2.f90  -O1  execution test
FAIL: libgomp.fortran/appendix-a/a.28.2.f90  -O2  execution test
FAIL: libgomp.fortran/appendix-a/a.28.2.f90  -O3 -fomit-frame-pointer  execution test
FAIL: libgomp.fortran/appendix-a/a.28.2.f90  -O3 -fomit-frame-pointer -funroll-loops  execution test
FAIL: libgomp.fortran/appendix-a/a.28.2.f90  -O3 -fomit-frame-pointer -funroll-all-loops -finline-functions  execution test
FAIL: libgomp.fortran/appendix-a/a.28.2.f90  -O3 -g  execution test
FAIL: libgomp.fortran/appendix-a/a.28.2.f90  -Os  execution test
FAIL: libgomp.fortran/appendix-a/a.28.3.f90  -O0  execution test
FAIL: libgomp.fortran/appendix-a/a.28.3.f90  -O1  execution test
FAIL: libgomp.fortran/appendix-a/a.28.3.f90  -O2  execution test
FAIL: libgomp.fortran/appendix-a/a.28.3.f90  -O3 -fomit-frame-pointer  execution test
FAIL: libgomp.fortran/appendix-a/a.28.3.f90  -O3 -fomit-frame-pointer -funroll-loops  execution test
FAIL: libgomp.fortran/appendix-a/a.28.3.f90  -O3 -fomit-frame-pointer -funroll-all-loops -finline-functions  execution test
FAIL: libgomp.fortran/appendix-a/a.28.3.f90  -O3 -g  execution test
FAIL: libgomp.fortran/appendix-a/a.28.3.f90  -Os  execution test
FAIL: libgomp.fortran/appendix-a/a.31.5.f90  -O0  execution test
FAIL: libgomp.fortran/appendix-a/a.31.5.f90  -O1  execution test
FAIL: libgomp.fortran/appendix-a/a.31.5.f90  -O2  execution test
FAIL: libgomp.fortran/appendix-a/a.31.5.f90  -O3 -fomit-frame-pointer  execution test
FAIL: libgomp.fortran/appendix-a/a.31.5.f90  -O3 -fomit-frame-pointer -funroll-loops  execution test
FAIL: libgomp.fortran/appendix-a/a.31.5.f90  -O3 -fomit-frame-pointer -funroll-all-loops -finline-functions  execution test
FAIL: libgomp.fortran/appendix-a/a.31.5.f90  -O3 -g  execution test
FAIL: libgomp.fortran/appendix-a/a.31.5.f90  -Os  execution test
FAIL: libgomp.fortran/condinc2.f  -O  execution test
FAIL: libgomp.fortran/condinc4.f90  -O  execution test
FAIL: libgomp.fortran/crayptr2.f90  -O0  (test for excess errors)
WARNING: libgomp.fortran/crayptr2.f90  -O0  compilation failed to produce executable
FAIL: libgomp.fortran/crayptr2.f90  -O1  (test for excess errors)
WARNING: libgomp.fortran/crayptr2.f90  -O1  compilation failed to produce executable
FAIL: libgomp.fortran/crayptr2.f90  -O2  (test for excess errors)
WARNING: libgomp.fortran/crayptr2.f90  -O2  compilation failed to produce executable
FAIL: libgomp.fortran/crayptr2.f90  -O3 -fomit-frame-pointer  (test for excess errors)
WARNING: libgomp.fortran/crayptr2.f90  -O3 -fomit-frame-pointer  compilation failed to produce executable
FAIL: libgomp.fortran/crayptr2.f90  -O3 -fomit-frame-pointer -funroll-loops  (test for excess errors)
WARNING: libgomp.fortran/crayptr2.f90  -O3 -fomit-frame-pointer -funroll-loops  compilation failed to produce executable
FAIL: libgomp.fortran/crayptr2.f90  -O3 -fomit-frame-pointer -funroll-all-loops -finline-functions  (test for excess errors)
WARNING: libgomp.fortran/crayptr2.f90  -O3 -fomit-frame-pointer -funroll-all-loops -finline-functions  compilation failed to produce executable
FAIL: libgomp.fortran/crayptr2.f90  -O3 -g  (test for excess errors)
WARNING: libgomp.fortran/crayptr2.f90  -O3 -g  compilation failed to produce executable
FAIL: libgomp.fortran/crayptr2.f90  -Os  (test for excess errors)
WARNING: libgomp.fortran/crayptr2.f90  -Os  compilation failed to produce executable
FAIL: libgomp.fortran/jacobi.f  -O0  execution test
FAIL: libgomp.fortran/jacobi.f  -O1  execution test
FAIL: libgomp.fortran/jacobi.f  -O2  execution test
FAIL: libgomp.fortran/jacobi.f  -O3 -fomit-frame-pointer  execution test
FAIL: libgomp.fortran/jacobi.f  -O3 -fomit-frame-pointer -funroll-loops  execution test
FAIL: libgomp.fortran/jacobi.f  -O3 -fomit-frame-pointer -funroll-all-loops -finline-functions  execution test
FAIL: libgomp.fortran/jacobi.f  -O3 -g  execution test
FAIL: libgomp.fortran/jacobi.f  -Os  execution test
FAIL: libgomp.fortran/omp_cond2.f  -O  execution test
FAIL: libgomp.fortran/omp_cond4.F90  -O  execution test
FAIL: libgomp.fortran/omp_orphan.f  -O  execution test
FAIL: libgomp.fortran/omp_reduction.f  -O  execution test
FAIL: libgomp.fortran/omp_workshare1.f  -O  execution test
FAIL: libgomp.fortran/omp_workshare2.f  -O  execution test
FAIL: libgomp.fortran/pr32550.f90  -O0  (test for excess errors)
WARNING: libgomp.fortran/pr32550.f90  -O0  compilation failed to produce executable
FAIL: libgomp.fortran/pr32550.f90  -O1  (test for excess errors)
WARNING: libgomp.fortran/pr32550.f90  -O1  compilation failed to produce executable
FAIL: libgomp.fortran/pr32550.f90  -O2  (test for excess errors)
WARNING: libgomp.fortran/pr32550.f90  -O2  compilation failed to produce executable
FAIL: libgomp.fortran/pr32550.f90  -O3 -fomit-frame-pointer  (test for excess errors)
WARNING: libgomp.fortran/pr32550.f90  -O3 -fomit-frame-pointer  compilation failed to produce executable
FAIL: libgomp.fortran/pr32550.f90  -O3 -fomit-frame-pointer -funroll-loops  (test for excess errors)
WARNING: libgomp.fortran/pr32550.f90  -O3 -fomit-frame-pointer -funroll-loops  compilation failed to produce executable
FAIL: libgomp.fortran/pr32550.f90  -O3 -fomit-frame-pointer -funroll-all-loops -finline-functions  (test for excess errors)
WARNING: libgomp.fortran/pr32550.f90  -O3 -fomit-frame-pointer -funroll-all-loops -finline-functions  compilation failed to produce executable
FAIL: libgomp.fortran/pr32550.f90  -O3 -g  (test for excess errors)
WARNING: libgomp.fortran/pr32550.f90  -O3 -g  compilation failed to produce executable
FAIL: libgomp.fortran/pr32550.f90  -Os  (test for excess errors)
WARNING: libgomp.fortran/pr32550.f90  -Os  compilation failed to produce executable
FAIL: libgomp.fortran/reference1.f90  -O1  execution test
FAIL: libgomp.fortran/reference1.f90  -Os  execution test
FAIL: libgomp.fortran/strassen.f90  -O  execution test

		=== libgomp Summary for unix/-mabi=32 ===

# of expected passes		1920
# of unexpected failures	77
# of unsupported tests		127

Running target unix/-mabi=64
WARNING: program timed out.
FAIL: libgomp.c/appendix-a/a.18.1.c execution test
WARNING: program timed out.
FAIL: libgomp.fortran/appendix-a/a.18.1.f90  -O3 -fomit-frame-pointer -funroll-loops  execution test
FAIL: libgomp.fortran/condinc2.f  -O  execution test
FAIL: libgomp.fortran/condinc4.f90  -O  execution test
FAIL: libgomp.fortran/crayptr2.f90  -O0  (test for excess errors)
WARNING: libgomp.fortran/crayptr2.f90  -O0  compilation failed to produce executable
FAIL: libgomp.fortran/crayptr2.f90  -O1  (test for excess errors)
WARNING: libgomp.fortran/crayptr2.f90  -O1  compilation failed to produce executable
FAIL: libgomp.fortran/crayptr2.f90  -O2  (test for excess errors)
WARNING: libgomp.fortran/crayptr2.f90  -O2  compilation failed to produce executable
FAIL: libgomp.fortran/crayptr2.f90  -O3 -fomit-frame-pointer  (test for excess errors)
WARNING: libgomp.fortran/crayptr2.f90  -O3 -fomit-frame-pointer  compilation failed to produce executable
FAIL: libgomp.fortran/crayptr2.f90  -O3 -fomit-frame-pointer -funroll-loops  (test for excess errors)
WARNING: libgomp.fortran/crayptr2.f90  -O3 -fomit-frame-pointer -funroll-loops  compilation failed to produce executable
FAIL: libgomp.fortran/crayptr2.f90  -O3 -fomit-frame-pointer -funroll-all-loops -finline-functions  (test for excess errors)
WARNING: libgomp.fortran/crayptr2.f90  -O3 -fomit-frame-pointer -funroll-all-loops -finline-functions  compilation failed to produce executable
FAIL: libgomp.fortran/crayptr2.f90  -O3 -g  (test for excess errors)
WARNING: libgomp.fortran/crayptr2.f90  -O3 -g  compilation failed to produce executable
FAIL: libgomp.fortran/crayptr2.f90  -Os  (test for excess errors)
WARNING: libgomp.fortran/crayptr2.f90  -Os  compilation failed to produce executable
FAIL: libgomp.fortran/nested1.f90  -O1  execution test
FAIL: libgomp.fortran/nested1.f90  -Os  execution test
FAIL: libgomp.fortran/omp_cond2.f  -O  execution test
FAIL: libgomp.fortran/omp_cond4.F90  -O  execution test
FAIL: libgomp.fortran/pr32550.f90  -O0  (test for excess errors)
WARNING: libgomp.fortran/pr32550.f90  -O0  compilation failed to produce executable
FAIL: libgomp.fortran/pr32550.f90  -O1  (test for excess errors)
WARNING: libgomp.fortran/pr32550.f90  -O1  compilation failed to produce executable
FAIL: libgomp.fortran/pr32550.f90  -O2  (test for excess errors)
WARNING: libgomp.fortran/pr32550.f90  -O2  compilation failed to produce executable
FAIL: libgomp.fortran/pr32550.f90  -O3 -fomit-frame-pointer  (test for excess errors)
WARNING: libgomp.fortran/pr32550.f90  -O3 -fomit-frame-pointer  compilation failed to produce executable
FAIL: libgomp.fortran/pr32550.f90  -O3 -fomit-frame-pointer -funroll-loops  (test for excess errors)
WARNING: libgomp.fortran/pr32550.f90  -O3 -fomit-frame-pointer -funroll-loops  compilation failed to produce executable
FAIL: libgomp.fortran/pr32550.f90  -O3 -fomit-frame-pointer -funroll-all-loops -finline-functions  (test for excess errors)
WARNING: libgomp.fortran/pr32550.f90  -O3 -fomit-frame-pointer -funroll-all-loops -finline-functions  compilation failed to produce executable
FAIL: libgomp.fortran/pr32550.f90  -O3 -g  (test for excess errors)
WARNING: libgomp.fortran/pr32550.f90  -O3 -g  compilation failed to produce executable
FAIL: libgomp.fortran/pr32550.f90  -Os  (test for excess errors)
WARNING: libgomp.fortran/pr32550.f90  -Os  compilation failed to produce executable
FAIL: libgomp.fortran/reference1.f90  -O1  execution test
FAIL: libgomp.fortran/reference1.f90  -Os  execution test

		=== libgomp Summary for unix/-mabi=64 ===

# of expected passes		1971
# of unexpected failures	26
# of unsupported tests		127

		=== libgomp Summary ===

# of expected passes		5864
# of unexpected failures	127
# of unsupported tests		381
		=== libjava tests ===


Running target unix
WARNING: program timed out.
FAIL: getstacktrace run
WARNING: program timed out.
FAIL: getallthreads run
FAIL: FileHandleGcTest execution - source compiled test
FAIL: FileHandleGcTest -findirect-dispatch execution - source compiled test
FAIL: FileHandleGcTest -O3 execution - source compiled test
FAIL: FileHandleGcTest -O3 -findirect-dispatch execution - source compiled test
FAIL: Thread_Interrupt output - source compiled test
FAIL: Thread_Interrupt -findirect-dispatch output - source compiled test
FAIL: Thread_Interrupt -O3 output - source compiled test
FAIL: Thread_Interrupt -O3 -findirect-dispatch output - source compiled test
FAIL: Throw_2 execution - source compiled test
FAIL: Throw_2 -findirect-dispatch execution - source compiled test
FAIL: Throw_2 -O3 execution - source compiled test
FAIL: Throw_2 -O3 -findirect-dispatch execution - source compiled test

		=== libjava Summary for unix ===

# of expected passes		2552
# of unexpected failures	14
# of untested testcases		10

Running target unix/-mabi=32
WARNING: program timed out.
FAIL: getstacktrace run
WARNING: program timed out.
FAIL: getallthreads run
FAIL: FileHandleGcTest execution - source compiled test
FAIL: FileHandleGcTest -findirect-dispatch execution - source compiled test
FAIL: FileHandleGcTest -O3 execution - source compiled test
FAIL: FileHandleGcTest -O3 -findirect-dispatch execution - source compiled test
FAIL: LargeFile execution - source compiled test
FAIL: LargeFile -findirect-dispatch execution - source compiled test
FAIL: LargeFile -O3 execution - source compiled test
FAIL: LargeFile -O3 -findirect-dispatch execution - source compiled test
FAIL: Thread_Interrupt output - source compiled test
FAIL: Thread_Interrupt -findirect-dispatch output - source compiled test
FAIL: Thread_Interrupt -O3 output - source compiled test
FAIL: Thread_Interrupt -O3 -findirect-dispatch output - source compiled test
FAIL: Throw_2 execution - source compiled test
FAIL: Throw_2 -findirect-dispatch execution - source compiled test
FAIL: Throw_2 -O3 execution - source compiled test
FAIL: Throw_2 -O3 -findirect-dispatch execution - source compiled test

		=== libjava Summary for unix/-mabi=32 ===

# of expected passes		2544
# of unexpected failures	18
# of untested testcases		14

Running target unix/-mabi=64
WARNING: program timed out.
FAIL: getstacktrace run
WARNING: program timed out.
FAIL: getallthreads run
FAIL: FileHandleGcTest execution - source compiled test
FAIL: FileHandleGcTest -findirect-dispatch execution - source compiled test
FAIL: FileHandleGcTest -O3 execution - source compiled test
FAIL: FileHandleGcTest -O3 -findirect-dispatch execution - source compiled test
FAIL: Thread_Interrupt output - source compiled test
FAIL: Thread_Interrupt -findirect-dispatch output - source compiled test
FAIL: Thread_Interrupt -O3 output - source compiled test
FAIL: Thread_Interrupt -O3 -findirect-dispatch output - source compiled test
FAIL: Throw_2 execution - source compiled test
FAIL: Throw_2 -findirect-dispatch execution - source compiled test
FAIL: Throw_2 -O3 execution - source compiled test
FAIL: Throw_2 -O3 -findirect-dispatch execution - source compiled test

		=== libjava Summary for unix/-mabi=64 ===

# of expected passes		2552
# of unexpected failures	14
# of untested testcases		10

		=== libjava Summary ===

# of expected passes		7648
# of unexpected failures	46
# of untested testcases		34
		=== libstdc++ tests ===


Running target unix
FAIL: 18_support/numeric_limits/epsilon.cc execution test
FAIL: 21_strings/basic_string/inserters_extractors/wchar_t/1.cc execution test
FAIL: 21_strings/basic_string/inserters_extractors/wchar_t/11.cc execution test
FAIL: 21_strings/basic_string/inserters_extractors/wchar_t/5.cc execution test
FAIL: 22_locale/ctype/cons/char/1.cc execution test
FAIL: 22_locale/ctype/is/wchar_t/1.cc execution test
FAIL: 22_locale/ctype/scan/wchar_t/1.cc execution test
FAIL: 22_locale/money_get/get/wchar_t/19.cc execution test
FAIL: 22_locale/money_get/get/wchar_t/8.cc execution test
FAIL: 26_numerics/complex/inserters_extractors/wchar_t/1.cc execution test
FAIL: 27_io/basic_istream/extractors_arithmetic/char/12.cc execution test
FAIL: 27_io/basic_istream/extractors_arithmetic/wchar_t/01.cc execution test
FAIL: 27_io/basic_istream/extractors_arithmetic/wchar_t/07.cc execution test
FAIL: 27_io/basic_istream/extractors_arithmetic/wchar_t/08.cc execution test
FAIL: 27_io/basic_istream/extractors_arithmetic/wchar_t/10.cc execution test
FAIL: 27_io/basic_istream/extractors_arithmetic/wchar_t/12.cc execution test
FAIL: 27_io/basic_istream/extractors_arithmetic/wchar_t/13.cc execution test
FAIL: 27_io/basic_istream/extractors_character/wchar_t/1.cc execution test
FAIL: 27_io/basic_istream/extractors_character/wchar_t/11095-i.cc execution test
FAIL: 27_io/basic_istream/extractors_character/wchar_t/2.cc execution test
FAIL: 27_io/basic_istream/extractors_character/wchar_t/3.cc execution test
FAIL: 27_io/basic_istream/extractors_character/wchar_t/4.cc execution test
FAIL: 27_io/basic_istream/sentry/wchar_t/2.cc execution test
FAIL: 27_io/basic_istream/ws/wchar_t/1.cc execution test
FAIL: ext/mt_allocator/deallocate_global-2.cc execution test
FAIL: ext/mt_allocator/deallocate_global-4.cc execution test
FAIL: ext/mt_allocator/deallocate_global_thread-1.cc execution test
FAIL: ext/mt_allocator/deallocate_global_thread-3.cc execution test
FAIL: ext/mt_allocator/deallocate_local-2.cc execution test
FAIL: ext/mt_allocator/deallocate_local-4.cc execution test
FAIL: ext/mt_allocator/deallocate_local_thread-1.cc execution test
FAIL: ext/mt_allocator/deallocate_local_thread-3.cc execution test
WARNING: program timed out.
FAIL: ext/pb_ds/regression/hash_data_map_rand.cc (test for excess errors)
WARNING: ext/pb_ds/regression/hash_data_map_rand.cc compilation failed to produce executable
WARNING: program timed out.
FAIL: ext/pb_ds/regression/hash_no_data_map_rand.cc (test for excess errors)
WARNING: ext/pb_ds/regression/hash_no_data_map_rand.cc compilation failed to produce executable
WARNING: program timed out.
FAIL: ext/pb_ds/regression/tree_data_map_rand.cc (test for excess errors)
WARNING: ext/pb_ds/regression/tree_data_map_rand.cc compilation failed to produce executable
WARNING: program timed out.
FAIL: ext/pb_ds/regression/tree_no_data_map_rand.cc (test for excess errors)
WARNING: ext/pb_ds/regression/tree_no_data_map_rand.cc compilation failed to produce executable
WARNING: program timed out.
FAIL: ext/pb_ds/regression/trie_data_map_rand.cc (test for excess errors)
WARNING: ext/pb_ds/regression/trie_data_map_rand.cc compilation failed to produce executable
WARNING: program timed out.
FAIL: ext/pb_ds/regression/trie_no_data_map_rand.cc (test for excess errors)
WARNING: ext/pb_ds/regression/trie_no_data_map_rand.cc compilation failed to produce executable

		=== libstdc++ Summary for unix ===

# of expected passes		5043
# of unexpected failures	38
# of expected failures		75
# of unsupported tests		343

Running target unix/-mabi=32
FAIL: 18_support/exception/what.cc (test for excess errors)
WARNING: 18_support/exception/what.cc compilation failed to produce executable
FAIL: 22_locale/ctype/cons/char/1.cc execution test
FAIL: 22_locale/num_get/get/char/10.cc execution test
FAIL: 26_numerics/headers/cmath/25913.cc (test for excess errors)
FAIL: 26_numerics/headers/cmath/c99_classification_macros_c++.cc (test for excess errors)
FAIL: 26_numerics/headers/cmath/c99_classification_macros_c.cc (test for excess errors)
FAIL: ext/mt_allocator/deallocate_global-2.cc execution test
FAIL: ext/mt_allocator/deallocate_global-4.cc execution test
FAIL: ext/mt_allocator/deallocate_global_thread-1.cc execution test
FAIL: ext/mt_allocator/deallocate_global_thread-3.cc execution test
FAIL: ext/mt_allocator/deallocate_local-2.cc execution test
FAIL: ext/mt_allocator/deallocate_local-4.cc execution test
FAIL: ext/mt_allocator/deallocate_local_thread-1.cc execution test
FAIL: ext/mt_allocator/deallocate_local_thread-3.cc execution test
WARNING: program timed out.
FAIL: ext/pb_ds/regression/tree_data_map_rand.cc (test for excess errors)
WARNING: ext/pb_ds/regression/tree_data_map_rand.cc compilation failed to produce executable
WARNING: program timed out.
FAIL: ext/pb_ds/regression/tree_no_data_map_rand.cc (test for excess errors)
WARNING: ext/pb_ds/regression/tree_no_data_map_rand.cc compilation failed to produce executable
WARNING: program timed out.
FAIL: ext/pb_ds/regression/trie_data_map_rand.cc (test for excess errors)
WARNING: ext/pb_ds/regression/trie_data_map_rand.cc compilation failed to produce executable
WARNING: program timed out.
FAIL: ext/pb_ds/regression/trie_no_data_map_rand.cc (test for excess errors)
WARNING: ext/pb_ds/regression/trie_no_data_map_rand.cc compilation failed to produce executable
FAIL: tr1/5_numerical_facilities/special_functions/07_conf_hyperg/check_value.cc (test for excess errors)
WARNING: tr1/5_numerical_facilities/special_functions/07_conf_hyperg/check_value.cc compilation failed to produce executable
FAIL: tr1/5_numerical_facilities/special_functions/08_cyl_bessel_i/check_value.cc (test for excess errors)
WARNING: tr1/5_numerical_facilities/special_functions/08_cyl_bessel_i/check_value.cc compilation failed to produce executable
FAIL: tr1/5_numerical_facilities/special_functions/09_cyl_bessel_j/check_value.cc (test for excess errors)
WARNING: tr1/5_numerical_facilities/special_functions/09_cyl_bessel_j/check_value.cc compilation failed to produce executable
FAIL: tr1/5_numerical_facilities/special_functions/10_cyl_bessel_k/check_value.cc (test for excess errors)
WARNING: tr1/5_numerical_facilities/special_functions/10_cyl_bessel_k/check_value.cc compilation failed to produce executable
FAIL: tr1/5_numerical_facilities/special_functions/11_cyl_neumann/check_value.cc (test for excess errors)
WARNING: tr1/5_numerical_facilities/special_functions/11_cyl_neumann/check_value.cc compilation failed to produce executable
FAIL: tr1/5_numerical_facilities/special_functions/17_hyperg/check_value.cc (test for excess errors)
WARNING: tr1/5_numerical_facilities/special_functions/17_hyperg/check_value.cc compilation failed to produce executable
FAIL: tr1/5_numerical_facilities/special_functions/21_sph_bessel/check_value.cc (test for excess errors)
WARNING: tr1/5_numerical_facilities/special_functions/21_sph_bessel/check_value.cc compilation failed to produce executable
FAIL: tr1/5_numerical_facilities/special_functions/23_sph_neumann/check_value.cc (test for excess errors)
WARNING: tr1/5_numerical_facilities/special_functions/23_sph_neumann/check_value.cc compilation failed to produce executable

		=== libstdc++ Summary for unix/-mabi=32 ===

# of expected passes		4167
# of unexpected failures	26
# of expected failures		73
# of unsupported tests		208

Running target unix/-mabi=64
FAIL: 18_support/numeric_limits/epsilon.cc execution test
FAIL: 21_strings/basic_string/inserters_extractors/wchar_t/1.cc execution test
FAIL: 21_strings/basic_string/inserters_extractors/wchar_t/11.cc execution test
FAIL: 21_strings/basic_string/inserters_extractors/wchar_t/5.cc execution test
FAIL: 22_locale/ctype/cons/char/1.cc execution test
FAIL: 22_locale/ctype/is/wchar_t/1.cc execution test
FAIL: 22_locale/ctype/scan/wchar_t/1.cc execution test
FAIL: 22_locale/money_get/get/wchar_t/19.cc execution test
FAIL: 22_locale/money_get/get/wchar_t/8.cc execution test
FAIL: 26_numerics/complex/inserters_extractors/wchar_t/1.cc execution test
FAIL: 27_io/basic_istream/extractors_arithmetic/char/12.cc execution test
FAIL: 27_io/basic_istream/extractors_arithmetic/wchar_t/01.cc execution test
FAIL: 27_io/basic_istream/extractors_arithmetic/wchar_t/07.cc execution test
FAIL: 27_io/basic_istream/extractors_arithmetic/wchar_t/08.cc execution test
FAIL: 27_io/basic_istream/extractors_arithmetic/wchar_t/10.cc execution test
FAIL: 27_io/basic_istream/extractors_arithmetic/wchar_t/12.cc execution test
FAIL: 27_io/basic_istream/extractors_arithmetic/wchar_t/13.cc execution test
FAIL: 27_io/basic_istream/extractors_character/wchar_t/1.cc execution test
FAIL: 27_io/basic_istream/extractors_character/wchar_t/11095-i.cc execution test
FAIL: 27_io/basic_istream/extractors_character/wchar_t/2.cc execution test
FAIL: 27_io/basic_istream/extractors_character/wchar_t/3.cc execution test
FAIL: 27_io/basic_istream/extractors_character/wchar_t/4.cc execution test
FAIL: 27_io/basic_istream/sentry/wchar_t/2.cc execution test
FAIL: 27_io/basic_istream/ws/wchar_t/1.cc execution test
FAIL: ext/mt_allocator/deallocate_global-2.cc execution test
FAIL: ext/mt_allocator/deallocate_global-4.cc execution test
FAIL: ext/mt_allocator/deallocate_global_thread-1.cc execution test
FAIL: ext/mt_allocator/deallocate_global_thread-3.cc execution test
FAIL: ext/mt_allocator/deallocate_local-2.cc execution test
FAIL: ext/mt_allocator/deallocate_local-4.cc execution test
FAIL: ext/mt_allocator/deallocate_local_thread-1.cc execution test
FAIL: ext/mt_allocator/deallocate_local_thread-3.cc execution test
WARNING: program timed out.
FAIL: ext/pb_ds/regression/tree_data_map_rand.cc (test for excess errors)
WARNING: ext/pb_ds/regression/tree_data_map_rand.cc compilation failed to produce executable
WARNING: program timed out.
FAIL: ext/pb_ds/regression/tree_no_data_map_rand.cc (test for excess errors)
WARNING: ext/pb_ds/regression/tree_no_data_map_rand.cc compilation failed to produce executable
WARNING: program timed out.
FAIL: ext/pb_ds/regression/trie_data_map_rand.cc (test for excess errors)
WARNING: ext/pb_ds/regression/trie_data_map_rand.cc compilation failed to produce executable
WARNING: program timed out.
FAIL: ext/pb_ds/regression/trie_no_data_map_rand.cc (test for excess errors)
WARNING: ext/pb_ds/regression/trie_no_data_map_rand.cc compilation failed to produce executable

		=== libstdc++ Summary for unix/-mabi=64 ===

# of expected passes		5047
# of unexpected failures	36
# of expected failures		75
# of unsupported tests		343

		=== libstdc++ Summary ===

# of expected passes		14257
# of unexpected failures	100
# of expected failures		223
# of unsupported tests		894

Compiler version: 4.4.0 20080613 (experimental) [trunk revision 136760] (GCC) 
Platform: mips-sgi-irix6.5
configure flags: --prefix=/vol/gcc --with-local-prefix=/vol/gcc --disable-nls --with-gnu-as --with-as=/vol/gcc/lib/gas-2.17 --enable-libgcj --with-gmp=/vol/gcc --with-mpfr=/vol/gcc --enable-languages=c,c++,fortran,objc,java,ada --disable-libmudflap
BOOT_CFLAGS=-g -O2
-----------------------------------------------------------------------------
Rainer Orth, Faculty of Technology, Bielefeld University


Index Nav: [Date Index] [Subject Index] [Author Index] [Thread Index]
Message Nav: [Date Prev] [Date Next] [Thread Prev] [Thread Next]