This is the mail archive of the gcc-testresults@gcc.gnu.org mailing list for the GCC project.


Index Nav: [Date Index] [Subject Index] [Author Index] [Thread Index]
Message Nav: [Date Prev] [Date Next] [Thread Prev] [Thread Next]
Other format: [Raw text]

Results for 4.4.0 20080614 (experimental) (GCC) objc testsuite on x86_64-pc-mingw32


Target is x86_64-pc-mingw32
Host   is x86_64-unknown-linux-gnu

                === objc tests ===


Running target mingw
UNRESOLVED: objc/execute/bf-2.m execution,  -O2 -fgnu-runtime
FAIL: objc.dg/bitfield-3.m (test for excess errors)
FAIL: objc.dg/bitfield-5.m (test for excess errors)
FAIL: objc.dg/layout-1.m (test for excess errors)
FAIL: objc.dg/proto-lossage-4.m (test for excess errors)
WARNING: Could not compile
objc.dg/gnu-encoding/struct-layout-encoding-1 generator

                === objc Summary ===

# of expected passes            1754
# of unexpected failures        4
# of unresolved testcases       1
# of unsupported tests          24
/var/tmp/build/gcc-svn/build-x86_64-pc-linux/gcc/xgcc  version 4.4.0
20080614 (experimental) (GCC)


Compiler version: 4.4.0 20080614 (experimental) (GCC) objc
Platform: x86_64-pc-mingw32
configure flags: --prefix=/var/tmp/root-x86_64-pc-linux
--with-sysroot=/var/tmp/root-x86_64-pc-linux
--target=x86_64-pc-mingw32


Index Nav: [Date Index] [Subject Index] [Author Index] [Thread Index]
Message Nav: [Date Prev] [Date Next] [Thread Prev] [Thread Next]