This is the mail archive of the gcc-testresults@gcc.gnu.org mailing list for the GCC project.


Index Nav: [Date Index] [Subject Index] [Author Index] [Thread Index]
Message Nav: [Date Prev] [Date Next] [Thread Prev] [Thread Next]
Other format: [Raw text]

Results for 4.4.0 20080608 (experimental) [trunk revision 136567] (GCC) testsuite on sparc-sun-solaris2.10


LAST_UPDATED: Sun Jun  8 17:26:53 UTC 2008 (revision 136567)

Native configuration is sparc-sun-solaris2.10

		=== g++ tests ===


Running target unix/-m64
FAIL: g++.dg/cdce3.C (test for excess errors)
WARNING: g++.dg/cdce3.C compilation failed to produce executable
FAIL: g++.dg/cdce3.C scan-tree-dump cdce "cdce3.C:68: note: function call is shrink-wrapped into error conditions.": dump file does not exist
FAIL: g++.dg/cdce3.C scan-tree-dump cdce "cdce3.C:69: note: function call is shrink-wrapped into error conditions.": dump file does not exist
FAIL: g++.dg/cdce3.C scan-tree-dump cdce "cdce3.C:70: note: function call is shrink-wrapped into error conditions.": dump file does not exist
FAIL: g++.dg/cdce3.C scan-tree-dump cdce "cdce3.C:71: note: function call is shrink-wrapped into error conditions.": dump file does not exist
FAIL: g++.dg/cdce3.C scan-tree-dump cdce "cdce3.C:72: note: function call is shrink-wrapped into error conditions.": dump file does not exist
FAIL: g++.dg/cdce3.C scan-tree-dump cdce "cdce3.C:73: note: function call is shrink-wrapped into error conditions.": dump file does not exist
FAIL: g++.dg/cdce3.C scan-tree-dump cdce "cdce3.C:74: note: function call is shrink-wrapped into error conditions.": dump file does not exist
FAIL: g++.dg/cdce3.C scan-tree-dump cdce "cdce3.C:75: note: function call is shrink-wrapped into error conditions.": dump file does not exist
FAIL: g++.dg/cdce3.C scan-tree-dump cdce "cdce3.C:76: note: function call is shrink-wrapped into error conditions.": dump file does not exist
FAIL: g++.dg/cdce3.C scan-tree-dump cdce "cdce3.C:77: note: function call is shrink-wrapped into error conditions.": dump file does not exist
FAIL: g++.dg/cdce3.C scan-tree-dump cdce "cdce3.C:78: note: function call is shrink-wrapped into error conditions.": dump file does not exist
FAIL: g++.dg/cdce3.C scan-tree-dump cdce "cdce3.C:79: note: function call is shrink-wrapped into error conditions.": dump file does not exist
FAIL: g++.dg/cdce3.C scan-tree-dump cdce "cdce3.C:80: note: function call is shrink-wrapped into error conditions.": dump file does not exist
FAIL: g++.dg/cdce3.C scan-tree-dump cdce "cdce3.C:81: note: function call is shrink-wrapped into error conditions.": dump file does not exist
FAIL: g++.dg/cdce3.C scan-tree-dump cdce "cdce3.C:82: note: function call is shrink-wrapped into error conditions.": dump file does not exist
FAIL: g++.dg/cdce3.C scan-tree-dump cdce "cdce3.C:83: note: function call is shrink-wrapped into error conditions.": dump file does not exist
FAIL: g++.dg/opt/anchor1.C execution test
FAIL: g++.dg/other/anon5.C undefined (test for errors, line )
FAIL: g++.dg/other/anon5.C (test for excess errors)
WARNING: g++.dg/other/ucnid-1.C compilation failed to produce executable
FAIL: g++.dg/tree-ssa/pr19637.C scan-tree-dump-times dom1 "return 1;" 3
XPASS: g++.old-deja/g++.other/init19.C execution test

		=== g++ Summary for unix/-m64 ===

# of expected passes		17333
# of unexpected failures	21
# of unexpected successes	1
# of expected failures		84
# of unsupported tests		228

Running target unix
FAIL: g++.dg/cdce3.C (test for excess errors)
WARNING: g++.dg/cdce3.C compilation failed to produce executable
FAIL: g++.dg/cdce3.C scan-tree-dump cdce "cdce3.C:68: note: function call is shrink-wrapped into error conditions.": dump file does not exist
FAIL: g++.dg/cdce3.C scan-tree-dump cdce "cdce3.C:69: note: function call is shrink-wrapped into error conditions.": dump file does not exist
FAIL: g++.dg/cdce3.C scan-tree-dump cdce "cdce3.C:70: note: function call is shrink-wrapped into error conditions.": dump file does not exist
FAIL: g++.dg/cdce3.C scan-tree-dump cdce "cdce3.C:71: note: function call is shrink-wrapped into error conditions.": dump file does not exist
FAIL: g++.dg/cdce3.C scan-tree-dump cdce "cdce3.C:72: note: function call is shrink-wrapped into error conditions.": dump file does not exist
FAIL: g++.dg/cdce3.C scan-tree-dump cdce "cdce3.C:73: note: function call is shrink-wrapped into error conditions.": dump file does not exist
FAIL: g++.dg/cdce3.C scan-tree-dump cdce "cdce3.C:74: note: function call is shrink-wrapped into error conditions.": dump file does not exist
FAIL: g++.dg/cdce3.C scan-tree-dump cdce "cdce3.C:75: note: function call is shrink-wrapped into error conditions.": dump file does not exist
FAIL: g++.dg/cdce3.C scan-tree-dump cdce "cdce3.C:76: note: function call is shrink-wrapped into error conditions.": dump file does not exist
FAIL: g++.dg/cdce3.C scan-tree-dump cdce "cdce3.C:77: note: function call is shrink-wrapped into error conditions.": dump file does not exist
FAIL: g++.dg/cdce3.C scan-tree-dump cdce "cdce3.C:78: note: function call is shrink-wrapped into error conditions.": dump file does not exist
FAIL: g++.dg/cdce3.C scan-tree-dump cdce "cdce3.C:79: note: function call is shrink-wrapped into error conditions.": dump file does not exist
FAIL: g++.dg/cdce3.C scan-tree-dump cdce "cdce3.C:80: note: function call is shrink-wrapped into error conditions.": dump file does not exist
FAIL: g++.dg/cdce3.C scan-tree-dump cdce "cdce3.C:81: note: function call is shrink-wrapped into error conditions.": dump file does not exist
FAIL: g++.dg/cdce3.C scan-tree-dump cdce "cdce3.C:82: note: function call is shrink-wrapped into error conditions.": dump file does not exist
FAIL: g++.dg/cdce3.C scan-tree-dump cdce "cdce3.C:83: note: function call is shrink-wrapped into error conditions.": dump file does not exist
FAIL: g++.dg/opt/anchor1.C execution test
FAIL: g++.dg/other/anon5.C undefined (test for errors, line )
FAIL: g++.dg/other/anon5.C (test for excess errors)
WARNING: g++.dg/other/ucnid-1.C compilation failed to produce executable
FAIL: g++.dg/tree-ssa/pr19637.C scan-tree-dump-times dom1 "return 1;" 3
XPASS: g++.old-deja/g++.other/init19.C execution test

		=== g++ Summary for unix ===

# of expected passes		17367
# of unexpected failures	21
# of unexpected successes	1
# of expected failures		84
# of unsupported tests		226

		=== g++ Summary ===

# of expected passes		34700
# of unexpected failures	42
# of unexpected successes	2
# of expected failures		168
# of unsupported tests		454
/export/data/tobleran/gcc-test/head/objdir/gcc/testsuite/g++/../../g++  version 4.4.0 20080608 (experimental) [trunk revision 136567] (GCC) 

		=== gcc tests ===


Running target unix/-m64
FAIL: gcc.c-torture/compile/pr11832.c  -O0  (internal compiler error)
FAIL: gcc.c-torture/compile/pr11832.c  -O1  (internal compiler error)
FAIL: gcc.c-torture/compile/pr11832.c  -O2  (internal compiler error)
FAIL: gcc.c-torture/compile/pr11832.c  -O3 -fomit-frame-pointer  (internal compiler error)
FAIL: gcc.c-torture/compile/pr11832.c  -O3 -fomit-frame-pointer -funroll-loops  (internal compiler error)
FAIL: gcc.c-torture/compile/pr11832.c  -O3 -fomit-frame-pointer -funroll-all-loops -finline-functions  (internal compiler error)
FAIL: gcc.c-torture/compile/pr11832.c  -O3 -g  (internal compiler error)
FAIL: gcc.c-torture/compile/pr11832.c  -Os  (internal compiler error)
FAIL: gcc.c-torture/compile/pr33009.c  -O0  (internal compiler error)
FAIL: gcc.c-torture/compile/pr33009.c  -O1  (internal compiler error)
FAIL: gcc.c-torture/compile/pr33009.c  -O2  (internal compiler error)
FAIL: gcc.c-torture/compile/pr33009.c  -O3 -fomit-frame-pointer  (internal compiler error)
FAIL: gcc.c-torture/compile/pr33009.c  -O3 -fomit-frame-pointer -funroll-loops  (internal compiler error)
FAIL: gcc.c-torture/compile/pr33009.c  -O3 -fomit-frame-pointer -funroll-all-loops -finline-functions  (internal compiler error)
FAIL: gcc.c-torture/compile/pr33009.c  -O3 -g  (internal compiler error)
FAIL: gcc.c-torture/compile/pr33009.c  -Os  (internal compiler error)
FAIL: gcc.c-torture/execute/20040709-2.c execution,  -O1 
FAIL: gcc.c-torture/execute/20040709-2.c execution,  -O2 
FAIL: gcc.c-torture/execute/20040709-2.c execution,  -O3 -fomit-frame-pointer 
FAIL: gcc.c-torture/execute/20040709-2.c execution,  -O3 -fomit-frame-pointer -funroll-loops 
FAIL: gcc.c-torture/execute/20040709-2.c execution,  -O3 -fomit-frame-pointer -funroll-all-loops -finline-functions 
FAIL: gcc.c-torture/execute/20040709-2.c execution,  -O3 -g 
FAIL: gcc.dg/cpp/cmdlne-dU-16.c (internal compiler error)
FAIL: gcc.dg/cpp/cmdlne-dU-16.c (test for excess errors)
ERROR: gcc.dg/cpp/cmdlne-dU-16.c: error executing dg-final: couldn't open "cmdlne-dU-16.i": no such file or directory
UNRESOLVED: gcc.dg/cpp/cmdlne-dU-16.c: error executing dg-final: couldn't open "cmdlne-dU-16.i": no such file or directory
FAIL: gcc.dg/cpp/cmdlne-dU-17.c (internal compiler error)
FAIL: gcc.dg/cpp/cmdlne-dU-17.c (test for excess errors)
ERROR: gcc.dg/cpp/cmdlne-dU-17.c: error executing dg-final: couldn't open "cmdlne-dU-17.i": no such file or directory
UNRESOLVED: gcc.dg/cpp/cmdlne-dU-17.c: error executing dg-final: couldn't open "cmdlne-dU-17.i": no such file or directory
FAIL: gcc.dg/cpp/trad/include.c (internal compiler error)
FAIL: gcc.dg/cpp/trad/include.c (test for excess errors)
FAIL: gcc.dg/pr35729.c scan-rtl-dump-times loop2_invariant "Decided to move invariant" 0
FAIL: gcc.dg/pragma-align-2.c  (test for errors, line 22)
FAIL: gcc.dg/pragma-align-2.c  (test for errors, line 23)
FAIL: gcc.dg/pragma-align-2.c  (test for errors, line 24)
FAIL: gcc.dg/pragma-align-2.c  (test for errors, line 25)
FAIL: gcc.dg/pragma-align-2.c  (test for errors, line 26)
FAIL: gcc.dg/pragma-align-2.c  (test for errors, line 30)
FAIL: gcc.dg/pragma-align-2.c (test for excess errors)
FAIL: gcc.dg/pragma-init-fini.c  (test for errors, line 7)
FAIL: gcc.dg/pragma-init-fini.c  (test for errors, line 8)
FAIL: gcc.dg/pragma-init-fini.c  (test for errors, line 9)
FAIL: gcc.dg/pragma-init-fini.c  (test for errors, line 11)
FAIL: gcc.dg/pragma-init-fini.c  (test for errors, line 12)
FAIL: gcc.dg/pragma-init-fini.c  (test for errors, line 13)
FAIL: gcc.dg/pragma-init-fini.c (test for excess errors)
WARNING: gcc.dg/ucnid-2.c compilation failed to produce executable
WARNING: gcc.dg/ucnid-3.c compilation failed to produce executable
WARNING: gcc.dg/ucnid-4.c compilation failed to produce executable
FAIL: gcc.dg/format/cmn-err-1.c    (test for errors, line 31)
FAIL: gcc.dg/format/cmn-err-1.c    (test for errors, line 32)
FAIL: gcc.dg/format/cmn-err-1.c    (test for errors, line 33)
FAIL: gcc.dg/format/cmn-err-1.c    (test for errors, line 34)
FAIL: gcc.dg/format/cmn-err-1.c    (test for errors, line 35)
FAIL: gcc.dg/format/cmn-err-1.c    (test for errors, line 36)
FAIL: gcc.dg/format/cmn-err-1.c   (test for excess errors)
FAIL: gcc.dg/format/cmn-err-1.c  -DWIDE   (test for errors, line 31)
FAIL: gcc.dg/format/cmn-err-1.c  -DWIDE   (test for errors, line 32)
FAIL: gcc.dg/format/cmn-err-1.c  -DWIDE   (test for errors, line 33)
FAIL: gcc.dg/format/cmn-err-1.c  -DWIDE   (test for errors, line 34)
FAIL: gcc.dg/format/cmn-err-1.c  -DWIDE   (test for errors, line 35)
FAIL: gcc.dg/format/cmn-err-1.c  -DWIDE   (test for errors, line 36)
FAIL: gcc.dg/format/cmn-err-1.c  -DWIDE  (test for excess errors)
XPASS: gcc.dg/tree-ssa/loadpre1.c scan-tree-dump-times pre "Eliminated: 1" 1
XPASS: gcc.dg/tree-ssa/ltrans-3.c scan-tree-dump-times ltrans "transformed loop" 1
FAIL: gcc.dg/vect/vect-outer-5.c scan-tree-dump-times vect "OUTER LOOP VECTORIZED" 1
FAIL: gcc.dg/vect/vect-outer-6.c scan-tree-dump-times vect "OUTER LOOP VECTORIZED" 1
FAIL: gcc.dg/vect/vect-outer-6.c scan-tree-dump-times vect "zero step in outer loop." 1
FAIL: gcc.dg/vect/no-vfa-pr29145.c scan-tree-dump-times vect "vectorized 0 loops" 2
FAIL: gcc.dg/vect/no-vfa-pr29145.c scan-tree-dump-times vect "vectorized 1 loops" 1
FAIL: gcc.dg/vect/O3-vect-pr34223.c scan-tree-dump-times vect "vectorized 1 loops" 1

		=== gcc Summary for unix/-m64 ===

# of expected passes		47241
# of unexpected failures	63
# of unexpected successes	2
# of expected failures		208
# of unresolved testcases	2
# of unsupported tests		671

Running target unix
FAIL: gcc.c-torture/compile/pr11832.c  -O0  (internal compiler error)
FAIL: gcc.c-torture/compile/pr11832.c  -O1  (internal compiler error)
FAIL: gcc.c-torture/compile/pr11832.c  -O2  (internal compiler error)
FAIL: gcc.c-torture/compile/pr11832.c  -O3 -fomit-frame-pointer  (internal compiler error)
FAIL: gcc.c-torture/compile/pr11832.c  -O3 -fomit-frame-pointer -funroll-loops  (internal compiler error)
FAIL: gcc.c-torture/compile/pr11832.c  -O3 -fomit-frame-pointer -funroll-all-loops -finline-functions  (internal compiler error)
FAIL: gcc.c-torture/compile/pr11832.c  -O3 -g  (internal compiler error)
FAIL: gcc.c-torture/compile/pr11832.c  -Os  (internal compiler error)
FAIL: gcc.c-torture/compile/pr33009.c  -O0  (internal compiler error)
FAIL: gcc.c-torture/compile/pr33009.c  -O1  (internal compiler error)
FAIL: gcc.c-torture/compile/pr33009.c  -O2  (internal compiler error)
FAIL: gcc.c-torture/compile/pr33009.c  -O3 -fomit-frame-pointer  (internal compiler error)
FAIL: gcc.c-torture/compile/pr33009.c  -O3 -fomit-frame-pointer -funroll-loops  (internal compiler error)
FAIL: gcc.c-torture/compile/pr33009.c  -O3 -fomit-frame-pointer -funroll-all-loops -finline-functions  (internal compiler error)
FAIL: gcc.c-torture/compile/pr33009.c  -O3 -g  (internal compiler error)
FAIL: gcc.c-torture/compile/pr33009.c  -Os  (internal compiler error)
FAIL: gcc.c-torture/execute/20040709-2.c execution,  -O1 
FAIL: gcc.c-torture/execute/20040709-2.c execution,  -O2 
FAIL: gcc.c-torture/execute/20040709-2.c execution,  -O3 -fomit-frame-pointer 
FAIL: gcc.c-torture/execute/20040709-2.c execution,  -O3 -fomit-frame-pointer -funroll-loops 
FAIL: gcc.c-torture/execute/20040709-2.c execution,  -O3 -fomit-frame-pointer -funroll-all-loops -finline-functions 
FAIL: gcc.c-torture/execute/20040709-2.c execution,  -O3 -g 
FAIL: gcc.dg/cpp/cmdlne-dU-16.c (internal compiler error)
FAIL: gcc.dg/cpp/cmdlne-dU-16.c (test for excess errors)
ERROR: gcc.dg/cpp/cmdlne-dU-16.c: error executing dg-final: couldn't open "cmdlne-dU-16.i": no such file or directory
UNRESOLVED: gcc.dg/cpp/cmdlne-dU-16.c: error executing dg-final: couldn't open "cmdlne-dU-16.i": no such file or directory
FAIL: gcc.dg/cpp/cmdlne-dU-17.c (internal compiler error)
FAIL: gcc.dg/cpp/cmdlne-dU-17.c (test for excess errors)
ERROR: gcc.dg/cpp/cmdlne-dU-17.c: error executing dg-final: couldn't open "cmdlne-dU-17.i": no such file or directory
UNRESOLVED: gcc.dg/cpp/cmdlne-dU-17.c: error executing dg-final: couldn't open "cmdlne-dU-17.i": no such file or directory
FAIL: gcc.dg/pr35729.c scan-rtl-dump-times loop2_invariant "Decided to move invariant" 0
FAIL: gcc.dg/pragma-align-2.c  (test for errors, line 22)
FAIL: gcc.dg/pragma-align-2.c  (test for errors, line 23)
FAIL: gcc.dg/pragma-align-2.c  (test for errors, line 24)
FAIL: gcc.dg/pragma-align-2.c  (test for errors, line 25)
FAIL: gcc.dg/pragma-align-2.c  (test for errors, line 26)
FAIL: gcc.dg/pragma-align-2.c  (test for errors, line 30)
FAIL: gcc.dg/pragma-align-2.c (test for excess errors)
FAIL: gcc.dg/pragma-init-fini.c  (test for errors, line 7)
FAIL: gcc.dg/pragma-init-fini.c  (test for errors, line 8)
FAIL: gcc.dg/pragma-init-fini.c  (test for errors, line 9)
FAIL: gcc.dg/pragma-init-fini.c  (test for errors, line 11)
FAIL: gcc.dg/pragma-init-fini.c  (test for errors, line 12)
FAIL: gcc.dg/pragma-init-fini.c  (test for errors, line 13)
FAIL: gcc.dg/pragma-init-fini.c (test for excess errors)
WARNING: gcc.dg/ucnid-2.c compilation failed to produce executable
WARNING: gcc.dg/ucnid-3.c compilation failed to produce executable
WARNING: gcc.dg/ucnid-4.c compilation failed to produce executable
FAIL: gcc.dg/format/cmn-err-1.c    (test for errors, line 31)
FAIL: gcc.dg/format/cmn-err-1.c    (test for errors, line 32)
FAIL: gcc.dg/format/cmn-err-1.c    (test for errors, line 33)
FAIL: gcc.dg/format/cmn-err-1.c    (test for errors, line 34)
FAIL: gcc.dg/format/cmn-err-1.c    (test for errors, line 35)
FAIL: gcc.dg/format/cmn-err-1.c    (test for errors, line 36)
FAIL: gcc.dg/format/cmn-err-1.c   (test for excess errors)
FAIL: gcc.dg/format/cmn-err-1.c  -DWIDE   (test for errors, line 31)
FAIL: gcc.dg/format/cmn-err-1.c  -DWIDE   (test for errors, line 32)
FAIL: gcc.dg/format/cmn-err-1.c  -DWIDE   (test for errors, line 33)
FAIL: gcc.dg/format/cmn-err-1.c  -DWIDE   (test for errors, line 34)
FAIL: gcc.dg/format/cmn-err-1.c  -DWIDE   (test for errors, line 35)
FAIL: gcc.dg/format/cmn-err-1.c  -DWIDE   (test for errors, line 36)
FAIL: gcc.dg/format/cmn-err-1.c  -DWIDE  (test for excess errors)
XPASS: gcc.dg/tree-ssa/loadpre1.c scan-tree-dump-times pre "Eliminated: 1" 1
XPASS: gcc.dg/tree-ssa/ltrans-3.c scan-tree-dump-times ltrans "transformed loop" 1
FAIL: gcc.dg/vect/vect-35.c scan-tree-dump-times vect "vectorized 1 loops" 1
FAIL: gcc.dg/vect/vect-multitypes-5.c scan-tree-dump-times vect "vectorized 1 loops" 1
FAIL: gcc.dg/vect/vect-multitypes-6.c scan-tree-dump-times vect "vectorized 1 loops" 1
FAIL: gcc.dg/vect/vect-outer-5.c scan-tree-dump-times vect "OUTER LOOP VECTORIZED" 1
FAIL: gcc.dg/vect/vect-outer-6.c scan-tree-dump-times vect "OUTER LOOP VECTORIZED" 1
FAIL: gcc.dg/vect/vect-outer-6.c scan-tree-dump-times vect "zero step in outer loop." 1
FAIL: gcc.dg/vect/no-vfa-pr29145.c scan-tree-dump-times vect "vectorized 0 loops" 2
FAIL: gcc.dg/vect/no-vfa-pr29145.c scan-tree-dump-times vect "vectorized 1 loops" 1
FAIL: gcc.dg/vect/O3-vect-pr34223.c scan-tree-dump-times vect "vectorized 1 loops" 1
FAIL: gcc.target/sparc/pdist-3.c (internal compiler error)
FAIL: gcc.target/sparc/pdist-3.c (test for excess errors)
WARNING: gcc.target/sparc/pdist-3.c compilation failed to produce executable

		=== gcc Summary for unix ===

# of expected passes		47261
# of unexpected failures	66
# of unexpected successes	2
# of expected failures		207
# of unresolved testcases	2
# of unsupported tests		661

		=== gcc Summary ===

# of expected passes		94502
# of unexpected failures	129
# of unexpected successes	4
# of expected failures		415
# of unresolved testcases	4
# of unsupported tests		1332
/export/data/tobleran/gcc-test/head/objdir/gcc/xgcc  version 4.4.0 20080608 (experimental) [trunk revision 136567] (GCC) 

		=== gfortran tests ===


Running target unix/-m64
FAIL: gfortran.dg/deallocate_stat.f90  -O1  (internal compiler error)
FAIL: gfortran.dg/deallocate_stat.f90  -O1  (test for excess errors)
WARNING: gfortran.dg/deallocate_stat.f90  -O1  compilation failed to produce executable

		=== gfortran Summary for unix/-m64 ===

# of expected passes		26256
# of unexpected failures	2
# of expected failures		10
# of unsupported tests		67

Running target unix
FAIL: gfortran.dg/ldist-1.f90  -O  scan-tree-dump-times ldist "distributed: split to 4 loops" 1

		=== gfortran Summary for unix ===

# of expected passes		26108
# of unexpected failures	1
# of expected failures		10
# of unsupported tests		140

		=== gfortran Summary ===

# of expected passes		52364
# of unexpected failures	3
# of expected failures		20
# of unsupported tests		207
/export/data/tobleran/gcc-test/head/objdir/gcc/testsuite/gfortran/../../gfortran  version 4.4.0 20080608 (experimental) [trunk revision 136567] (GCC) 

		=== objc tests ===


Running target unix/-m64
FAIL: objc/execute/exceptions/foward-1.m execution,  -O3 -fomit-frame-pointer -funroll-loops -fgnu-runtime
FAIL: objc/execute/exceptions/foward-1.m execution,  -O3 -fomit-frame-pointer -funroll-all-loops -finline-functions -fgnu-runtime

		=== objc Summary for unix/-m64 ===

# of expected passes		1812
# of unexpected failures	2
# of expected failures		7
# of unsupported tests		24

Running target unix
FAIL: objc/execute/exceptions/foward-1.m execution,  -O3 -fomit-frame-pointer -funroll-loops -fgnu-runtime
FAIL: objc/execute/exceptions/foward-1.m execution,  -O3 -fomit-frame-pointer -funroll-all-loops -finline-functions -fgnu-runtime

		=== objc Summary for unix ===

# of expected passes		1812
# of unexpected failures	2
# of expected failures		7
# of unsupported tests		24

		=== objc Summary ===

# of expected passes		3624
# of unexpected failures	4
# of expected failures		14
# of unsupported tests		48
/export/data/tobleran/gcc-test/head/objdir/gcc/xgcc  version 4.4.0 20080608 (experimental) [trunk revision 136567] (GCC) 

		=== libffi tests ===


Running target unix/-m64

		=== libffi Summary for unix/-m64 ===

# of expected passes		1389
# of unsupported tests		10

Running target unix
FAIL: libffi.call/return_sc.c -O0 -W -Wall execution test

		=== libffi Summary for unix ===

# of expected passes		1388
# of unexpected failures	1
# of unsupported tests		10

		=== libffi Summary ===

# of expected passes		2777
# of unexpected failures	1
# of unsupported tests		20
		=== libgomp tests ===


Running target unix/-m64
FAIL: libgomp.c++/ctor-10.C  -O2  execution test
FAIL: libgomp.c++/ctor-10.C  -O3 -fomit-frame-pointer -funroll-loops  execution test
FAIL: libgomp.c++/ctor-10.C  -O3 -fomit-frame-pointer -funroll-all-loops -finline-functions  execution test
FAIL: libgomp.c++/ctor-10.C  -O3 -g  execution test
FAIL: libgomp.c++/ctor-8.C  -O3 -fomit-frame-pointer  execution test
FAIL: libgomp.c++/ctor-8.C  -O3 -fomit-frame-pointer -funroll-all-loops -finline-functions  execution test
FAIL: libgomp.c++/ctor-8.C  -O3 -g  execution test
FAIL: libgomp.c++/ctor-9.C  -O2  execution test
FAIL: libgomp.c++/ctor-9.C  -O3 -fomit-frame-pointer -funroll-loops  execution test
FAIL: libgomp.fortran/crayptr2.f90  -O0  execution test
FAIL: libgomp.fortran/crayptr2.f90  -O3 -fomit-frame-pointer -funroll-loops  execution test
FAIL: libgomp.fortran/crayptr2.f90  -O3 -fomit-frame-pointer -funroll-all-loops -finline-functions  execution test
FAIL: libgomp.fortran/pr25162.f  -O0  execution test
FAIL: libgomp.fortran/pr25162.f  -O1  execution test
FAIL: libgomp.fortran/pr25162.f  -O2  execution test
FAIL: libgomp.fortran/pr25162.f  -O3 -fomit-frame-pointer  execution test
FAIL: libgomp.fortran/pr25162.f  -O3 -fomit-frame-pointer -funroll-loops  execution test
FAIL: libgomp.fortran/pr25162.f  -O3 -fomit-frame-pointer -funroll-all-loops -finline-functions  execution test
FAIL: libgomp.fortran/pr25162.f  -O3 -g  execution test
FAIL: libgomp.fortran/pr25162.f  -Os  execution test
FAIL: libgomp.fortran/threadprivate1.f90  -O0  execution test
FAIL: libgomp.fortran/threadprivate2.f90  -O0  execution test
FAIL: libgomp.fortran/threadprivate2.f90  -O1  execution test
FAIL: libgomp.fortran/threadprivate2.f90  -O2  execution test
FAIL: libgomp.fortran/threadprivate2.f90  -O3 -fomit-frame-pointer  execution test
FAIL: libgomp.fortran/threadprivate2.f90  -O3 -fomit-frame-pointer -funroll-loops  execution test
FAIL: libgomp.fortran/threadprivate2.f90  -O3 -fomit-frame-pointer -funroll-all-loops -finline-functions  execution test
FAIL: libgomp.fortran/threadprivate2.f90  -O3 -g  execution test
FAIL: libgomp.fortran/threadprivate2.f90  -Os  execution test
FAIL: libgomp.fortran/threadprivate3.f90  -O0  execution test
FAIL: libgomp.fortran/threadprivate3.f90  -O1  execution test
FAIL: libgomp.fortran/threadprivate3.f90  -O2  execution test
FAIL: libgomp.fortran/threadprivate3.f90  -O3 -fomit-frame-pointer  execution test
FAIL: libgomp.fortran/threadprivate3.f90  -O3 -fomit-frame-pointer -funroll-loops  execution test
FAIL: libgomp.fortran/threadprivate3.f90  -O3 -fomit-frame-pointer -funroll-all-loops -finline-functions  execution test
FAIL: libgomp.fortran/threadprivate3.f90  -O3 -g  execution test
FAIL: libgomp.fortran/threadprivate3.f90  -Os  execution test

		=== libgomp Summary for unix/-m64 ===

# of expected passes		2210
# of unexpected failures	37
# of unsupported tests		9

Running target unix
FAIL: libgomp.c++/ctor-10.C  -O3 -fomit-frame-pointer  execution test
FAIL: libgomp.c++/ctor-8.C  -O2  execution test
FAIL: libgomp.c++/ctor-8.C  -O3 -fomit-frame-pointer -funroll-loops  execution test
FAIL: libgomp.c++/ctor-9.C  -O3 -g  execution test
FAIL: libgomp.fortran/omp_parse3.f90  -O0  execution test
FAIL: libgomp.fortran/omp_parse3.f90  -O1  execution test
FAIL: libgomp.fortran/omp_parse3.f90  -O2  execution test
FAIL: libgomp.fortran/omp_parse3.f90  -O3 -fomit-frame-pointer  execution test
FAIL: libgomp.fortran/omp_parse3.f90  -O3 -fomit-frame-pointer -funroll-loops  execution test
FAIL: libgomp.fortran/omp_parse3.f90  -O3 -fomit-frame-pointer -funroll-all-loops -finline-functions  execution test
FAIL: libgomp.fortran/omp_parse3.f90  -O3 -g  execution test
FAIL: libgomp.fortran/omp_parse3.f90  -Os  execution test
FAIL: libgomp.fortran/pr25162.f  -O0  execution test
FAIL: libgomp.fortran/pr25162.f  -O1  execution test
FAIL: libgomp.fortran/pr25162.f  -O2  execution test
FAIL: libgomp.fortran/pr25162.f  -O3 -fomit-frame-pointer  execution test
FAIL: libgomp.fortran/pr25162.f  -O3 -fomit-frame-pointer -funroll-loops  execution test
FAIL: libgomp.fortran/pr25162.f  -O3 -fomit-frame-pointer -funroll-all-loops -finline-functions  execution test
FAIL: libgomp.fortran/pr25162.f  -O3 -g  execution test
FAIL: libgomp.fortran/pr25162.f  -Os  execution test
FAIL: libgomp.fortran/threadprivate1.f90  -O0  execution test
FAIL: libgomp.fortran/threadprivate1.f90  -O1  execution test
FAIL: libgomp.fortran/threadprivate2.f90  -O0  execution test
FAIL: libgomp.fortran/threadprivate2.f90  -O1  execution test
FAIL: libgomp.fortran/threadprivate2.f90  -O2  execution test
FAIL: libgomp.fortran/threadprivate2.f90  -O3 -fomit-frame-pointer  execution test
FAIL: libgomp.fortran/threadprivate2.f90  -O3 -fomit-frame-pointer -funroll-loops  execution test
FAIL: libgomp.fortran/threadprivate2.f90  -O3 -fomit-frame-pointer -funroll-all-loops -finline-functions  execution test
FAIL: libgomp.fortran/threadprivate2.f90  -O3 -g  execution test
FAIL: libgomp.fortran/threadprivate2.f90  -Os  execution test
FAIL: libgomp.fortran/threadprivate3.f90  -O0  execution test
FAIL: libgomp.fortran/threadprivate3.f90  -O1  execution test
FAIL: libgomp.fortran/threadprivate3.f90  -O2  execution test
FAIL: libgomp.fortran/threadprivate3.f90  -O3 -fomit-frame-pointer  execution test
FAIL: libgomp.fortran/threadprivate3.f90  -O3 -fomit-frame-pointer -funroll-loops  execution test
FAIL: libgomp.fortran/threadprivate3.f90  -O3 -fomit-frame-pointer -funroll-all-loops -finline-functions  execution test
FAIL: libgomp.fortran/threadprivate3.f90  -O3 -g  execution test
FAIL: libgomp.fortran/threadprivate3.f90  -Os  execution test

		=== libgomp Summary for unix ===

# of expected passes		2209
# of unexpected failures	38
# of unsupported tests		9

		=== libgomp Summary ===

# of expected passes		4419
# of unexpected failures	75
# of unsupported tests		18
		=== libjava tests ===


Running target unix/-m64
FAIL: InvokeInterface execution - source compiled test
FAIL: InvokeInterface -O3 execution - source compiled test

		=== libjava Summary for unix/-m64 ===

# of expected passes		2570
# of unexpected failures	2
# of untested testcases		2

Running target unix
FAIL: events output
FAIL: InvokeInterface execution - source compiled test
FAIL: InvokeInterface -O3 execution - source compiled test

		=== libjava Summary for unix ===

# of expected passes		2569
# of unexpected failures	3
# of untested testcases		2

		=== libjava Summary ===

# of expected passes		5139
# of unexpected failures	5
# of untested testcases		4
		=== libstdc++ tests ===


Running target unix/-m64
XPASS: 27_io/basic_istream/extractors_arithmetic/char/12.cc execution test
XPASS: 27_io/basic_istream/extractors_arithmetic/wchar_t/12.cc execution test
FAIL: ext/enc_filebuf/char/13598.cc execution test

		=== libstdc++ Summary for unix/-m64 ===

# of expected passes		5050
# of unexpected failures	1
# of unexpected successes	2
# of expected failures		75
# of unsupported tests		361

Running target unix
XPASS: 27_io/basic_istream/extractors_arithmetic/char/12.cc execution test
XPASS: 27_io/basic_istream/extractors_arithmetic/wchar_t/12.cc execution test
FAIL: ext/enc_filebuf/char/13598.cc execution test

		=== libstdc++ Summary for unix ===

# of expected passes		5050
# of unexpected failures	1
# of unexpected successes	2
# of expected failures		75
# of unsupported tests		361

		=== libstdc++ Summary ===

# of expected passes		10100
# of unexpected failures	2
# of unexpected successes	4
# of expected failures		150
# of unsupported tests		722

Compiler version: 4.4.0 20080608 (experimental) [trunk revision 136567] (GCC) 
Platform: sparc-sun-solaris2.10
configure flags: --with-as=/usr/ccs/bin/as --with-ld=/usr/ccs/bin/ld --prefix=/export/data/tobleran/gcc-test/head/testbin --disable-static --with-gmp=/export/data/tobleran/install --with-mpfr=/export/data/tobleran/install --enable-languages=c,c++,java,fortran,objc --disable-nls --disable-tls

Index Nav: [Date Index] [Subject Index] [Author Index] [Thread Index]
Message Nav: [Date Prev] [Date Next] [Thread Prev] [Thread Next]