This is the mail archive of the
gcc-testresults@gcc.gnu.org
mailing list for the GCC project.
Results for 4.4.0 20080610 (experimental) [trunk revision 136640] (GCC) gcc testsuite on avr-unknown-none
- From: Mike Stein <mstein dot lists at googlemail dot com>
- To: gcc-testresults at gcc dot gnu dot org
- Date: Wed, 11 Jun 2008 23:55:03 +0200
- Subject: Results for 4.4.0 20080610 (experimental) [trunk revision 136640] (GCC) gcc testsuite on avr-unknown-none
- Reply-to: gcc at gcc dot gnu dot org
Debian 4 on x86_64
cross tool versions:
GNU assembler (GNU Binutils) 2.18.50.20080607
GNU gdb 6.4
GNU ld (GNU Binutils) 2.18.50.20080607
GNU Make 3.81
expect version 5.43.0
host gcc version: gcc (GCC) 4.4.0 20080610 (experimental) [trunk revision 136640]
LAST_UPDATED: Tue Jun 10 22:03:14 UTC 2008 (revision 136640)
Target is avr-unknown-none
Host is x86_64-unknown-linux-gnu
=== gcc tests ===
Running target avrtest-m128-sim
FAIL: gcc.c-torture/compile/980408-1.c -O2 (internal compiler error)
FAIL: gcc.c-torture/compile/980408-1.c -O2 (test for excess errors)
FAIL: gcc.c-torture/compile/980408-1.c -O3 -fomit-frame-pointer (internal compiler error)
FAIL: gcc.c-torture/compile/980408-1.c -O3 -fomit-frame-pointer (test for excess errors)
FAIL: gcc.c-torture/compile/980408-1.c -O3 -fomit-frame-pointer -funroll-loops (internal compiler error)
FAIL: gcc.c-torture/compile/980408-1.c -O3 -fomit-frame-pointer -funroll-loops (test for excess errors)
FAIL: gcc.c-torture/compile/980408-1.c -O3 -fomit-frame-pointer -funroll-all-loops -finline-functions (internal compiler error)
FAIL: gcc.c-torture/compile/980408-1.c -O3 -fomit-frame-pointer -funroll-all-loops -finline-functions (test for excess errors)
FAIL: gcc.c-torture/compile/980408-1.c -O3 -g (internal compiler error)
FAIL: gcc.c-torture/compile/980408-1.c -O3 -g (test for excess errors)
FAIL: gcc.c-torture/compile/limits-fndefn.c -O1 (internal compiler error)
FAIL: gcc.c-torture/compile/limits-fndefn.c -O1 (test for excess errors)
FAIL: gcc.c-torture/compile/limits-fndefn.c -O2 (internal compiler error)
FAIL: gcc.c-torture/compile/limits-fndefn.c -O2 (test for excess errors)
FAIL: gcc.c-torture/compile/limits-fndefn.c -O3 -fomit-frame-pointer (internal compiler error)
FAIL: gcc.c-torture/compile/limits-fndefn.c -O3 -fomit-frame-pointer (test for excess errors)
FAIL: gcc.c-torture/compile/limits-fndefn.c -O3 -g (internal compiler error)
FAIL: gcc.c-torture/compile/limits-fndefn.c -O3 -g (test for excess errors)
FAIL: gcc.c-torture/compile/limits-fndefn.c -Os (internal compiler error)
FAIL: gcc.c-torture/compile/limits-fndefn.c -Os (test for excess errors)
FAIL: gcc.c-torture/execute/builtins/memcpy-chk.c compilation, -O1 (internal compiler error)
UNRESOLVED: gcc.c-torture/execute/builtins/memcpy-chk.c execution, -O1
FAIL: gcc.c-torture/execute/builtins/memmove-chk.c compilation, -O1 (internal compiler error)
UNRESOLVED: gcc.c-torture/execute/builtins/memmove-chk.c execution, -O1
FAIL: gcc.c-torture/execute/builtins/mempcpy-chk.c compilation, -O1 (internal compiler error)
UNRESOLVED: gcc.c-torture/execute/builtins/mempcpy-chk.c execution, -O1
FAIL: gcc.c-torture/execute/builtins/memset-chk.c compilation, -O1 (internal compiler error)
UNRESOLVED: gcc.c-torture/execute/builtins/memset-chk.c execution, -O1
FAIL: gcc.c-torture/execute/builtins/snprintf-chk.c compilation, -O1 (internal compiler error)
UNRESOLVED: gcc.c-torture/execute/builtins/snprintf-chk.c execution, -O1
FAIL: gcc.c-torture/execute/builtins/sprintf-chk.c compilation, -O1 (internal compiler error)
UNRESOLVED: gcc.c-torture/execute/builtins/sprintf-chk.c execution, -O1
FAIL: gcc.c-torture/execute/builtins/stpcpy-chk.c compilation, -O1 (internal compiler error)
UNRESOLVED: gcc.c-torture/execute/builtins/stpcpy-chk.c execution, -O1
FAIL: gcc.c-torture/execute/builtins/strcat-chk.c compilation, -O1 (internal compiler error)
UNRESOLVED: gcc.c-torture/execute/builtins/strcat-chk.c execution, -O1
FAIL: gcc.c-torture/execute/builtins/strcpy-chk.c compilation, -O1 (internal compiler error)
UNRESOLVED: gcc.c-torture/execute/builtins/strcpy-chk.c execution, -O1
FAIL: gcc.c-torture/execute/builtins/strncat-chk.c compilation, -O1 (internal compiler error)
UNRESOLVED: gcc.c-torture/execute/builtins/strncat-chk.c execution, -O1
FAIL: gcc.c-torture/execute/builtins/strncpy-chk.c compilation, -O1 (internal compiler error)
UNRESOLVED: gcc.c-torture/execute/builtins/strncpy-chk.c execution, -O1
FAIL: gcc.c-torture/execute/builtins/vsnprintf-chk.c compilation, -O1 (internal compiler error)
UNRESOLVED: gcc.c-torture/execute/builtins/vsnprintf-chk.c execution, -O1
FAIL: gcc.c-torture/execute/builtins/vsprintf-chk.c compilation, -O1 (internal compiler error)
UNRESOLVED: gcc.c-torture/execute/builtins/vsprintf-chk.c execution, -O1
FAIL: gcc.c-torture/execute/20010122-1.c execution, -O0
FAIL: gcc.c-torture/execute/20010122-1.c execution, -O1
FAIL: gcc.c-torture/execute/20010122-1.c execution, -O2
FAIL: gcc.c-torture/execute/20010122-1.c execution, -O3 -g
FAIL: gcc.c-torture/execute/20010122-1.c execution, -Os
FAIL: gcc.c-torture/execute/20021127-1.c compilation, -O0
UNRESOLVED: gcc.c-torture/execute/20021127-1.c execution, -O0
FAIL: gcc.c-torture/execute/20021127-1.c compilation, -O1
UNRESOLVED: gcc.c-torture/execute/20021127-1.c execution, -O1
FAIL: gcc.c-torture/execute/20021127-1.c compilation, -O2
UNRESOLVED: gcc.c-torture/execute/20021127-1.c execution, -O2
FAIL: gcc.c-torture/execute/20021127-1.c compilation, -O3 -fomit-frame-pointer
UNRESOLVED: gcc.c-torture/execute/20021127-1.c execution, -O3 -fomit-frame-pointer
FAIL: gcc.c-torture/execute/20021127-1.c compilation, -O3 -g
UNRESOLVED: gcc.c-torture/execute/20021127-1.c execution, -O3 -g
FAIL: gcc.c-torture/execute/20021127-1.c compilation, -Os
UNRESOLVED: gcc.c-torture/execute/20021127-1.c execution, -Os
FAIL: gcc.c-torture/execute/pr17377.c execution, -O0
FAIL: gcc.c-torture/execute/pr17377.c execution, -O1
FAIL: gcc.c-torture/execute/pr17377.c execution, -O2
FAIL: gcc.c-torture/execute/pr17377.c execution, -O3 -fomit-frame-pointer
FAIL: gcc.c-torture/execute/pr17377.c execution, -O3 -g
FAIL: gcc.c-torture/execute/pr17377.c execution, -Os
FAIL: gcc.c-torture/execute/pr22493-1.c execution, -O1
FAIL: gcc.c-torture/execute/pr22493-1.c execution, -O2
FAIL: gcc.c-torture/execute/pr22493-1.c execution, -Os
FAIL: gcc.c-torture/execute/ieee/unsafe-fp-assoc-1.c execution, -O0
FAIL: gcc.c-torture/execute/ieee/unsafe-fp-assoc-1.c execution, -O1
FAIL: gcc.c-torture/execute/ieee/unsafe-fp-assoc-1.c execution, -O2
FAIL: gcc.c-torture/execute/ieee/unsafe-fp-assoc-1.c execution, -O3 -fomit-frame-pointer
FAIL: gcc.c-torture/execute/ieee/unsafe-fp-assoc-1.c execution, -O3 -g
FAIL: gcc.c-torture/execute/ieee/unsafe-fp-assoc-1.c execution, -Os
FAIL: gcc.dg/compat/struct-by-value-16 c_compat_x_tst.o-c_compat_y_tst.o link
UNRESOLVED: gcc.dg/compat/struct-by-value-16 c_compat_x_tst.o-c_compat_y_tst.o execute "-Os -mcall-prologues","-Os -mcall-prologues"
FAIL: gcc.dg/compat/struct-by-value-17 c_compat_x_tst.o-c_compat_y_tst.o link
UNRESOLVED: gcc.dg/compat/struct-by-value-17 c_compat_x_tst.o-c_compat_y_tst.o execute "-Os -mcall-prologues","-Os -mcall-prologues"
FAIL: gcc.dg/compat/struct-by-value-18 c_compat_x_tst.o-c_compat_y_tst.o link
UNRESOLVED: gcc.dg/compat/struct-by-value-18 c_compat_x_tst.o-c_compat_y_tst.o execute "-Os -mcall-prologues","-Os -mcall-prologues"
FAIL: gcc.dg/compat/struct-by-value-1 c_compat_x_tst.o-c_compat_y_tst.o execute "-Os -mcall-prologues","-Os -mcall-prologues"
FAIL: gcc.dg/compat/struct-by-value-2 c_compat_x_tst.o-c_compat_y_tst.o execute "-Os -mcall-prologues","-Os -mcall-prologues"
ERROR: tcl error sourcing /home/mstein/svn/trunk/gcc/testsuite/gcc.dg/compat/compat.exp.
ERROR: child killed: kill signal
WARNING: Could not compile gcc.dg/compat/struct-layout-1 generator
FAIL: gcc.dg/cpp/19990407-1.c (test for excess errors)
UNRESOLVED: gcc.dg/cpp/19990407-1.c compilation failed to produce executable
FAIL: gcc.dg/cpp/digraphs.c (test for excess errors)
UNRESOLVED: gcc.dg/cpp/digraphs.c compilation failed to produce executable
FAIL: gcc.dg/cpp/macro1.c (test for excess errors)
UNRESOLVED: gcc.dg/cpp/macro1.c compilation failed to produce executable
FAIL: gcc.dg/cpp/macro3.c (test for excess errors)
UNRESOLVED: gcc.dg/cpp/macro3.c compilation failed to produce executable
FAIL: gcc.dg/cpp/macro6.c (test for excess errors)
UNRESOLVED: gcc.dg/cpp/macro6.c compilation failed to produce executable
FAIL: gcc.dg/cpp/paste2.c (test for excess errors)
UNRESOLVED: gcc.dg/cpp/paste2.c compilation failed to produce executable
FAIL: gcc.dg/cpp/paste7.c (test for excess errors)
UNRESOLVED: gcc.dg/cpp/paste7.c compilation failed to produce executable
FAIL: gcc.dg/cpp/strify2.c (test for excess errors)
UNRESOLVED: gcc.dg/cpp/strify2.c compilation failed to produce executable
FAIL: gcc.dg/cpp/strify3.c (test for excess errors)
UNRESOLVED: gcc.dg/cpp/strify3.c compilation failed to produce executable
FAIL: gcc.dg/cpp/strify4.c (test for excess errors)
UNRESOLVED: gcc.dg/cpp/strify4.c compilation failed to produce executable
FAIL: gcc.dg/cpp/strp1.c (test for excess errors)
UNRESOLVED: gcc.dg/cpp/strp1.c compilation failed to produce executable
FAIL: gcc.dg/cpp/strp2.c (test for excess errors)
UNRESOLVED: gcc.dg/cpp/strp2.c compilation failed to produce executable
FAIL: gcc.dg/cpp/trigraphs.c (test for excess errors)
UNRESOLVED: gcc.dg/cpp/trigraphs.c compilation failed to produce executable
FAIL: gcc.dg/cpp/ucnid-1.c (test for excess errors)
UNRESOLVED: gcc.dg/cpp/ucnid-1.c compilation failed to produce executable
FAIL: gcc.dg/cpp/ucnid-2.c (test for excess errors)
UNRESOLVED: gcc.dg/cpp/ucnid-2.c compilation failed to produce executable
FAIL: gcc.dg/20000906-1.c (test for excess errors)
UNRESOLVED: gcc.dg/20000906-1.c compilation failed to produce executable
FAIL: gcc.dg/20011214-1.c (test for excess errors)
UNRESOLVED: gcc.dg/20011214-1.c compilation failed to produce executable
FAIL: gcc.dg/20020607-1.c (test for excess errors)
UNRESOLVED: gcc.dg/20020607-1.c compilation failed to produce executable
FAIL: gcc.dg/20030323-1.c (test for excess errors)
UNRESOLVED: gcc.dg/20030323-1.c compilation failed to produce executable
FAIL: gcc.dg/20040305-2.c (test for excess errors)
UNRESOLVED: gcc.dg/20040305-2.c compilation failed to produce executable
FAIL: gcc.dg/20040309-1.c (test for excess errors)
UNRESOLVED: gcc.dg/20040309-1.c compilation failed to produce executable
FAIL: gcc.dg/20041219-1.c (test for excess errors)
UNRESOLVED: gcc.dg/20041219-1.c compilation failed to produce executable
FAIL: gcc.dg/20050922-1.c (test for excess errors)
UNRESOLVED: gcc.dg/20050922-1.c compilation failed to produce executable
FAIL: gcc.dg/20050922-2.c (test for excess errors)
UNRESOLVED: gcc.dg/20050922-2.c compilation failed to produce executable
FAIL: gcc.dg/Wconversion-5.c (test for warnings, line 22)
FAIL: gcc.dg/Wconversion-real-integer.c (test for warnings, line 34)
FAIL: gcc.dg/Wconversion-real-integer.c (test for warnings, line 35)
FAIL: gcc.dg/Wconversion-real-integer.c (test for warnings, line 38)
FAIL: gcc.dg/Wconversion-real-integer.c (test for warnings, line 39)
FAIL: gcc.dg/Wconversion-real-integer.c (test for warnings, line 40)
FAIL: gcc.dg/Wconversion-real-integer.c (test for warnings, line 41)
FAIL: gcc.dg/Wconversion-real-integer.c (test for excess errors)
FAIL: gcc.dg/Wconversion-real.c (test for warnings, line 20)
FAIL: gcc.dg/Wconversion-real.c (test for warnings, line 21)
FAIL: gcc.dg/Wconversion-real.c (test for warnings, line 22)
FAIL: gcc.dg/Wconversion-real.c (test for warnings, line 23)
FAIL: gcc.dg/Wconversion-real.c (test for warnings, line 26)
FAIL: gcc.dg/Wconversion-real.c (test for warnings, line 27)
FAIL: gcc.dg/Wconversion-real.c (test for warnings, line 28)
FAIL: gcc.dg/Wconversion-real.c (test for warnings, line 29)
FAIL: gcc.dg/Wdeclaration-after-statement-2.c (test for excess errors)
UNRESOLVED: gcc.dg/Wdeclaration-after-statement-2.c compilation failed to produce executable
FAIL: gcc.dg/Wtype-limits-Wextra.c (test for warnings, line 25)
FAIL: gcc.dg/Wtype-limits-Wextra.c (test for warnings, line 26)
FAIL: gcc.dg/Wtype-limits-Wextra.c (test for warnings, line 27)
FAIL: gcc.dg/Wtype-limits-Wextra.c (test for warnings, line 28)
FAIL: gcc.dg/Wtype-limits-Wextra.c (test for excess errors)
FAIL: gcc.dg/Wtype-limits.c (test for warnings, line 25)
FAIL: gcc.dg/Wtype-limits.c (test for warnings, line 26)
FAIL: gcc.dg/Wtype-limits.c (test for warnings, line 27)
FAIL: gcc.dg/Wtype-limits.c (test for warnings, line 28)
FAIL: gcc.dg/Wtype-limits.c (test for excess errors)
FAIL: gcc.dg/alias-11.c (test for excess errors)
UNRESOLVED: gcc.dg/alias-11.c compilation failed to produce executable
FAIL: gcc.dg/builtin-apply2.c (test for excess errors)
UNRESOLVED: gcc.dg/builtin-apply2.c compilation failed to produce executable
FAIL: gcc.dg/builtin-apply3.c (test for excess errors)
UNRESOLVED: gcc.dg/builtin-apply3.c compilation failed to produce executable
FAIL: gcc.dg/builtin-prefetch-1.c (test for excess errors)
UNRESOLVED: gcc.dg/builtin-prefetch-1.c compilation failed to produce executable
FAIL: gcc.dg/builtin-return-1.c (test for excess errors)
UNRESOLVED: gcc.dg/builtin-return-1.c compilation failed to produce executable
FAIL: gcc.dg/builtins-13.c (test for excess errors)
FAIL: gcc.dg/builtins-57.c (test for excess errors)
FAIL: gcc.dg/builtins-58.c (test for excess errors)
ERROR: gcc.dg/builtins-58.c: error executing dg-final: couldn't open "builtins-58.s": no such file or directory
UNRESOLVED: gcc.dg/builtins-58.c: error executing dg-final: couldn't open "builtins-58.s": no such file or directory
FAIL: gcc.dg/builtins-64.c (test for excess errors)
UNRESOLVED: gcc.dg/builtins-64.c compilation failed to produce executable
FAIL: gcc.dg/builtins-8.c (test for excess errors)
UNRESOLVED: gcc.dg/builtins-8.c compilation failed to produce executable
FAIL: gcc.dg/c90-digraph-1.c (test for excess errors)
UNRESOLVED: gcc.dg/c90-digraph-1.c compilation failed to produce executable
FAIL: gcc.dg/c90-hexfloat-2.c (test for excess errors)
UNRESOLVED: gcc.dg/c90-hexfloat-2.c compilation failed to produce executable
FAIL: gcc.dg/c90-scope-1.c (test for excess errors)
UNRESOLVED: gcc.dg/c90-scope-1.c compilation failed to produce executable
FAIL: gcc.dg/c94-digraph-1.c (test for excess errors)
UNRESOLVED: gcc.dg/c94-digraph-1.c compilation failed to produce executable
FAIL: gcc.dg/c99-bool-1.c (test for excess errors)
UNRESOLVED: gcc.dg/c99-bool-1.c compilation failed to produce executable
FAIL: gcc.dg/c99-bool-3.c (test for excess errors)
UNRESOLVED: gcc.dg/c99-bool-3.c compilation failed to produce executable
FAIL: gcc.dg/c99-complit-1.c (test for excess errors)
UNRESOLVED: gcc.dg/c99-complit-1.c compilation failed to produce executable
FAIL: gcc.dg/c99-digraph-1.c (test for excess errors)
UNRESOLVED: gcc.dg/c99-digraph-1.c compilation failed to produce executable
FAIL: gcc.dg/c99-fordecl-1.c (test for excess errors)
UNRESOLVED: gcc.dg/c99-fordecl-1.c compilation failed to produce executable
FAIL: gcc.dg/c99-func-1.c (test for excess errors)
UNRESOLVED: gcc.dg/c99-func-1.c compilation failed to produce executable
FAIL: gcc.dg/c99-func-3.c (test for excess errors)
UNRESOLVED: gcc.dg/c99-func-3.c compilation failed to produce executable
FAIL: gcc.dg/c99-hexfloat-2.c (test for excess errors)
UNRESOLVED: gcc.dg/c99-hexfloat-2.c compilation failed to produce executable
FAIL: gcc.dg/c99-init-1.c (test for excess errors)
UNRESOLVED: gcc.dg/c99-init-1.c compilation failed to produce executable
FAIL: gcc.dg/c99-main-1.c (test for excess errors)
UNRESOLVED: gcc.dg/c99-main-1.c compilation failed to produce executable
FAIL: gcc.dg/c99-mixdecl-1.c (test for excess errors)
UNRESOLVED: gcc.dg/c99-mixdecl-1.c compilation failed to produce executable
FAIL: gcc.dg/c99-scope-1.c (test for excess errors)
UNRESOLVED: gcc.dg/c99-scope-1.c compilation failed to produce executable
FAIL: gcc.dg/c99-scope-2.c (test for excess errors)
UNRESOLVED: gcc.dg/c99-scope-2.c compilation failed to produce executable
FAIL: gcc.dg/cdce1.c (test for excess errors)
FAIL: gcc.dg/cdce1.c scan-tree-dump cdce "cdce1.c:16: note: function call is shrink-wrapped into error conditions."
FAIL: gcc.dg/cdce2.c scan-tree-dump cdce "cdce2.c:16: note: function call is shrink-wrapped into error conditions."
FAIL: gcc.dg/cleanup-12.c (test for excess errors)
UNRESOLVED: gcc.dg/cleanup-12.c compilation failed to produce executable
FAIL: gcc.dg/cleanup-5.c (test for excess errors)
UNRESOLVED: gcc.dg/cleanup-5.c compilation failed to produce executable
FAIL: gcc.dg/complete-port.c (test for excess errors)
FAIL: gcc.dg/div-compare-1.c (test for excess errors)
UNRESOLVED: gcc.dg/div-compare-1.c compilation failed to produce executable
FAIL: gcc.dg/fixuns-trunc-1.c (test for excess errors)
UNRESOLVED: gcc.dg/fixuns-trunc-1.c compilation failed to produce executable
FAIL: gcc.dg/fold-bitand-1.c (test for excess errors)
FAIL: gcc.dg/fold-eqandshift-3.c scan-tree-dump-times original "\\(a & 1073741824\\) != 0" 1
FAIL: gcc.dg/fold-eqandshift-3.c scan-tree-dump-times original "\\(b & 1073741824\\) != 0" 1
FAIL: gcc.dg/fold-overflow-1.c scan-assembler-times 2139095040 2
FAIL: gcc.dg/gcc-have-sync-compare-and-swap.c (test for excess errors)
FAIL: gcc.dg/initpri1.c (test for excess errors)
UNRESOLVED: gcc.dg/initpri1.c compilation failed to produce executable
FAIL: gcc.dg/inline-16.c (test for excess errors)
FAIL: gcc.dg/loop-2.c (test for excess errors)
UNRESOLVED: gcc.dg/loop-2.c compilation failed to produce executable
FAIL: gcc.dg/memcpy-1.c scan-tree-dump-times optimized "nasty_local" 0
FAIL: gcc.dg/multiple-overflow-warn-3.c (test for warnings, line 8)
FAIL: gcc.dg/multiple-overflow-warn-3.c (test for excess errors)
FAIL: gcc.dg/nested-calls-1.c (test for excess errors)
UNRESOLVED: gcc.dg/nested-calls-1.c compilation failed to produce executable
FAIL: gcc.dg/nrv1.c (test for excess errors)
UNRESOLVED: gcc.dg/nrv1.c compilation failed to produce executable
FAIL: gcc.dg/pack-test-5.c (test for excess errors)
UNRESOLVED: gcc.dg/pack-test-5.c compilation failed to produce executable
FAIL: gcc.dg/postincr-1.c (test for excess errors)
UNRESOLVED: gcc.dg/postincr-1.c compilation failed to produce executable
FAIL: gcc.dg/pr15785-1.c (test for excess errors)
FAIL: gcc.dg/pr26719.c execution test
FAIL: gcc.dg/pr26983.c (test for excess errors)
FAIL: gcc.dg/pr30951.c (test for excess errors)
FAIL: gcc.dg/pr33676.c (test for excess errors)
UNRESOLVED: gcc.dg/pr33676.c compilation failed to produce executable
FAIL: gcc.dg/pr36227.c (test for excess errors)
FAIL: gcc.dg/pragma-pack-4.c (test for warnings, line 4)
FAIL: gcc.dg/pragma-pack-4.c (test for warnings, line 5)
FAIL: gcc.dg/pragma-pack-4.c (test for warnings, line 6)
FAIL: gcc.dg/pragma-pack-4.c (test for excess errors)
FAIL: gcc.dg/smod-1.c (test for excess errors)
UNRESOLVED: gcc.dg/smod-1.c compilation failed to produce executable
FAIL: gcc.dg/struct-by-value-1.c execution test
FAIL: gcc.dg/struct-ret-libc.c (test for excess errors)
UNRESOLVED: gcc.dg/struct-ret-libc.c compilation failed to produce executable
FAIL: gcc.dg/switch-8.c (test for excess errors)
FAIL: gcc.dg/titype-1.c (test for excess errors)
UNRESOLVED: gcc.dg/titype-1.c compilation failed to produce executable
FAIL: gcc.dg/ucnid-1.c (test for excess errors)
UNRESOLVED: gcc.dg/ucnid-1.c compilation failed to produce executable
FAIL: gcc.dg/ucnid-2.c (test for excess errors)
UNRESOLVED: gcc.dg/ucnid-2.c compilation failed to produce executable
FAIL: gcc.dg/ucnid-3.c (test for excess errors)
UNRESOLVED: gcc.dg/ucnid-3.c compilation failed to produce executable
FAIL: gcc.dg/ucnid-4.c (test for excess errors)
UNRESOLVED: gcc.dg/ucnid-4.c compilation failed to produce executable
FAIL: gcc.dg/ucnid-5.c (test for excess errors)
UNRESOLVED: gcc.dg/ucnid-5.c compilation failed to produce executable
FAIL: gcc.dg/unaligned-1.c (test for excess errors)
UNRESOLVED: gcc.dg/unaligned-1.c compilation failed to produce executable
FAIL: gcc.dg/union-2.c (test for excess errors)
UNRESOLVED: gcc.dg/union-2.c compilation failed to produce executable
FAIL: gcc.dg/unordered-2.c (test for excess errors)
FAIL: gcc.dg/utf-cvt.c (test for warnings, line 46)
FAIL: gcc.dg/utf-cvt.c (test for warnings, line 47)
FAIL: gcc.dg/utf-cvt.c (test for warnings, line 48)
FAIL: gcc.dg/utf-cvt.c (test for excess errors)
FAIL: gcc.dg/utf32-1.c execution test
FAIL: gcc.dg/utf32-2.c execution test
FAIL: gcc.dg/utf32-3.c execution test
FAIL: gcc.dg/vla-4.c (test for excess errors)
UNRESOLVED: gcc.dg/vla-4.c compilation failed to produce executable
FAIL: gcc.dg/wtr-conversion-1.c (test for excess errors)
FAIL: gcc.dg/pch/struct-1.c -O0 -g assembly comparison
FAIL: gcc.dg/pch/struct-1.c -O0 assembly comparison
FAIL: gcc.dg/pch/struct-1.c -O1 assembly comparison
FAIL: gcc.dg/pch/struct-1.c -O2 assembly comparison
FAIL: gcc.dg/pch/struct-1.c -O3 -fomit-frame-pointer assembly comparison
FAIL: gcc.dg/pch/struct-1.c -O3 -g assembly comparison
FAIL: gcc.dg/pch/struct-1.c -Os assembly comparison
FAIL: gcc.dg/struct/wo_prof_array_field.c scan-ipa-dump ipa_struct_reorg "Number of structures to transform is 1"
FAIL: gcc.dg/struct/wo_prof_array_through_pointer.c execution test
XPASS: gcc.dg/struct/wo_prof_array_through_pointer.c scan-ipa-dump ipa_struct_reorg "Number of structures to transform is 1"
FAIL: gcc.dg/struct/wo_prof_double_malloc.c scan-ipa-dump ipa_struct_reorg "Number of structures to transform is 1"
ERROR: tcl error sourcing /home/mstein/svn/trunk/gcc/testsuite/gcc.dg/struct/struct-reorg.exp.
ERROR: child killed: kill signal
FAIL: gcc.dg/tls/alias-1.c (test for excess errors)
FAIL: gcc.dg/tls/opt-11.c (test for excess errors)
UNRESOLVED: gcc.dg/tls/opt-11.c compilation failed to produce executable
FAIL: gcc.dg/torture/complex-alias-1.c -O0 (test for excess errors)
UNRESOLVED: gcc.dg/torture/complex-alias-1.c -O0 compilation failed to produce executable
FAIL: gcc.dg/torture/complex-alias-1.c -O1 (test for excess errors)
UNRESOLVED: gcc.dg/torture/complex-alias-1.c -O1 compilation failed to produce executable
FAIL: gcc.dg/torture/complex-alias-1.c -O2 (test for excess errors)
UNRESOLVED: gcc.dg/torture/complex-alias-1.c -O2 compilation failed to produce executable
FAIL: gcc.dg/torture/complex-alias-1.c -O3 -fomit-frame-pointer (test for excess errors)
UNRESOLVED: gcc.dg/torture/complex-alias-1.c -O3 -fomit-frame-pointer compilation failed to produce executable
FAIL: gcc.dg/torture/complex-alias-1.c -O3 -g (test for excess errors)
UNRESOLVED: gcc.dg/torture/complex-alias-1.c -O3 -g compilation failed to produce executable
FAIL: gcc.dg/torture/complex-alias-1.c -Os (test for excess errors)
UNRESOLVED: gcc.dg/torture/complex-alias-1.c -Os compilation failed to produce executable
FAIL: gcc.dg/tree-ssa/20030730-1.c scan-tree-dump-times dom3 "if " 0
FAIL: gcc.dg/tree-ssa/20030730-2.c scan-tree-dump-times dom3 "if " 0
XPASS: gcc.dg/tree-ssa/20040204-1.c scan-tree-dump-times optimized "link_error" 0
FAIL: gcc.dg/tree-ssa/forwprop-6.c scan-tree-dump-times forwprop1 "VIEW_CONVERT_EXPR" 1
FAIL: gcc.dg/tree-ssa/gen-vect-11.c scan-tree-dump-times vect "vectorized 1 loops" 1
FAIL: gcc.dg/tree-ssa/gen-vect-11a.c scan-tree-dump-times vect "vectorized 1 loops" 1
FAIL: gcc.dg/tree-ssa/gen-vect-2.c scan-tree-dump-times vect "vectorized 1 loops" 1
FAIL: gcc.dg/tree-ssa/gen-vect-25.c scan-tree-dump-times vect "vectorized 2 loops" 1
FAIL: gcc.dg/tree-ssa/gen-vect-26.c scan-tree-dump-times vect "vectorized 1 loops" 1
FAIL: gcc.dg/tree-ssa/gen-vect-26.c scan-tree-dump-times vect "Alignment of access forced using peeling" 1
FAIL: gcc.dg/tree-ssa/gen-vect-28.c scan-tree-dump-times vect "vectorized 1 loops" 1
FAIL: gcc.dg/tree-ssa/gen-vect-28.c scan-tree-dump-times vect "Alignment of access forced using peeling" 1
FAIL: gcc.dg/tree-ssa/gen-vect-32.c scan-tree-dump-times vect "vectorized 1 loops" 1
XPASS: gcc.dg/tree-ssa/loadpre1.c scan-tree-dump-times pre "Eliminated: 1" 1
FAIL: gcc.dg/tree-ssa/loop-35.c scan-tree-dump-times lim "Executing store motion of" 8
FAIL: gcc.dg/tree-ssa/pr15791-1.c (test for excess errors)
FAIL: gcc.dg/tree-ssa/pr20701.c scan-tree-dump-times vrp2 "Folding predicate.*to 0" 1
FAIL: gcc.dg/tree-ssa/pr20702.c scan-tree-dump-times vrp1 "Folding predicate" 1
FAIL: gcc.dg/tree-ssa/pr21086.c scan-tree-dump-times vrp1 "Folding predicate " 1
FAIL: gcc.dg/tree-ssa/pr21086.c scan-tree-dump-not vrp1 "b_. ="
FAIL: gcc.dg/tree-ssa/pr33920.c (test for excess errors)
FAIL: gcc.dg/tree-ssa/predcom-2.c execution test
FAIL: gcc.dg/tree-ssa/predcom-4.c execution test
FAIL: gcc.dg/tree-ssa/predcom-5.c execution test
FAIL: gcc.dg/tree-ssa/ssa-fre-7.c scan-tree-dump-times fre "Inserted pretmp" 1
FAIL: gcc.dg/tree-ssa/ssa-fre-7.c scan-tree-dump-times fre "Replaced a.u.f with pretmp" 3
FAIL: gcc.dg/tree-ssa/ssa-fre-7.c scan-tree-dump fre "= VIEW_CONVERT_EXPR<float>\\(j_"
FAIL: gcc.dg/tree-ssa/ssa-fre-8.c scan-tree-dump-times fre "Replaced u.f with pretmp" 2
FAIL: gcc.dg/tree-ssa/ssa-fre-8.c scan-tree-dump-times fre "Inserted pretmp" 2
FAIL: gcc.dg/tree-ssa/vrp02.c scan-tree-dump-times vrp1 "Folding predicate p_.*to 1" 1
FAIL: gcc.dg/tree-ssa/vrp07.c scan-tree-dump-times vrp1 "Folding predicate p_.*to 0" 1
FAIL: gcc.dg/tree-ssa/vrp07.c scan-tree-dump-times vrp1 "PREDICATE: p_[0-9]" 2
FAIL: gcc.dg/tree-ssa/vrp08.c scan-tree-dump-times vrp1 "Folding predicate p_.*to 1" 1
FAIL: gcc.dg/tree-ssa/vrp08.c scan-tree-dump-times vrp1 "PREDICATE: p_.* ne_expr 0" 1
FAIL: compiler driver --coverage option(s) (linker options)
FAIL: gcc.target/avr/trivial.c (test for excess errors)
UNRESOLVED: gcc.target/avr/trivial.c compilation failed to produce executable
FAIL: gcc.target/avr/torture/trivial.c -O0 (test for excess errors)
UNRESOLVED: gcc.target/avr/torture/trivial.c -O0 compilation failed to produce executable
FAIL: gcc.target/avr/torture/trivial.c -O1 (test for excess errors)
UNRESOLVED: gcc.target/avr/torture/trivial.c -O1 compilation failed to produce executable
FAIL: gcc.target/avr/torture/trivial.c -O2 (test for excess errors)
UNRESOLVED: gcc.target/avr/torture/trivial.c -O2 compilation failed to produce executable
FAIL: gcc.target/avr/torture/trivial.c -O2 -mcall-prologues (test for excess errors)
UNRESOLVED: gcc.target/avr/torture/trivial.c -O2 -mcall-prologues compilation failed to produce executable
FAIL: gcc.target/avr/torture/trivial.c -Os -fomit-frame-pointer (test for excess errors)
UNRESOLVED: gcc.target/avr/torture/trivial.c -Os -fomit-frame-pointer compilation failed to produce executable
FAIL: gcc.target/avr/torture/trivial.c -Os -fomit-frame-pointer -finline-functions (test for excess errors)
UNRESOLVED: gcc.target/avr/torture/trivial.c -Os -fomit-frame-pointer -finline-functions compilation failed to produce executable
FAIL: gcc.target/avr/torture/trivial.c -O3 -g (test for excess errors)
UNRESOLVED: gcc.target/avr/torture/trivial.c -O3 -g compilation failed to produce executable
FAIL: gcc.target/avr/torture/trivial.c -Os -mcall-prologues (test for excess errors)
UNRESOLVED: gcc.target/avr/torture/trivial.c -Os -mcall-prologues compilation failed to produce executable
=== gcc Summary ===
# of expected passes 43691
# of unexpected failures 257
# of unexpected successes 3
# of expected failures 95
# of unresolved testcases 110
# of unsupported tests 1579
/home/mstein/sim/trunk/avr/build/gcc/xgcc version 4.4.0 20080610 (experimental) [trunk revision 136640] (GCC)
Compiler version: 4.4.0 20080610 (experimental) [trunk revision 136640] (GCC) gcc
Platform: avr-unknown-none
configure flags: --target=avr --prefix=/home/mstein/cross-local/avr --enable-languages=c --disable-nls --disable-build-warnings --with-sysroot=/home/mstein/cross-local/avr --with-build-sysroot=/home/mstein/cross-local/avr --with-ld=/home/mstein/cross-local/avr/usr/bin/ld --with-as=/home/mstein/cross-local/avr/usr/bin/as --disable-libssp --with-mpfr=/opt/cfarm/mpfr-2.3.1