This is the mail archive of the
gcc-testresults@gcc.gnu.org
mailing list for the GCC project.
Results for 4.3.1 20080605 (prerelease) (GCC) gcc testsuite on sparc-sun-solaris2.10
- From: rkiesling <rkiesling at earthlink dot net>
- To: gcc-testresults at gcc dot gnu dot org
- Date: Sat, 7 Jun 2008 04:47:28 -0400 (EDT)
- Subject: Results for 4.3.1 20080605 (prerelease) (GCC) gcc testsuite on sparc-sun-solaris2.10
- Reply-to: ctalk at ctalklang dot org
Tests conducted by Robert Kiesling <ctalk@ctalklang.org>
Sat Jun 7 04:37:28 EDT 2008
Output of uname -a: SunOS holly 5.10 Generic_127127-11 sun4u sparc SUNW,Sun-Blade-100
NOTE:
This build generated the following warnings.
The build is entirely with the SunOS build tools, so YMMV.
../../gcc-4.3-20080605/gcc/expr.c: In function 'expand_expr_real_1':
../../gcc-4.3-20080605/gcc/expr.c:8024: warning: unknown conversion type character 'K' in format
../../gcc-4.3-20080605/gcc/expr.c:8024: warning: too many arguments for format
../../gcc-4.3-20080605/gcc/expr.c:8033: warning: unknown conversion type character 'K' in format
../../gcc-4.3-20080605/gcc/expr.c:8033: warning: format '%qs' expects type 'char *', but argument 2 has type 'tree'
../../gcc-4.3-20080605/gcc/expr.c:8033: warning: too many arguments for format
../../gcc-4.3-20080605/gcc/expr.c:8039: warning: unknown conversion type character 'K' in format
../../gcc-4.3-20080605/gcc/expr.c:8039: warning: format '%qs' expects type 'char *', but argument 3 has type 'tree'
../../gcc-4.3-20080605/gcc/expr.c:8039: warning: too many arguments for format
LAST_UPDATED: Obtained from SVN: branches/gcc-4_3-branch revision 136415
Native configuration is sparc-sun-solaris2.10
=== gcc tests ===
Running target unix
WARNING: program timed out.
FAIL: gcc.c-torture/compile/20001226-1.c -O2 (test for excess errors)
WARNING: program timed out.
FAIL: gcc.c-torture/compile/20001226-1.c -O3 -fomit-frame-pointer (test for excess errors)
WARNING: program timed out.
FAIL: gcc.c-torture/compile/20001226-1.c -O3 -g (test for excess errors)
WARNING: program timed out.
FAIL: gcc.c-torture/compile/20001226-1.c -Os (test for excess errors)
WARNING: program timed out.
FAIL: gcc.c-torture/compile/limits-fnargs.c -O2 (test for excess errors)
WARNING: program timed out.
FAIL: gcc.c-torture/compile/limits-fnargs.c -O3 -fomit-frame-pointer (test for excess errors)
WARNING: program timed out.
FAIL: gcc.c-torture/compile/limits-fnargs.c -O3 -g (test for excess errors)
WARNING: program timed out.
FAIL: gcc.c-torture/compile/limits-fnargs.c -Os (test for excess errors)
FAIL: gcc.c-torture/compile/limits-structnest.c -O2 (test for excess errors)
FAIL: gcc.c-torture/compile/limits-structnest.c -O3 -fomit-frame-pointer (test for excess errors)
FAIL: gcc.c-torture/compile/limits-structnest.c -O3 -g (test for excess errors)
FAIL: gcc.c-torture/compile/limits-structnest.c -Os (test for excess errors)
FAIL: gcc.dg/debug/redecl-2.c -gdwarf-21 (internal compiler error)
FAIL: gcc.dg/debug/redecl-2.c -gdwarf-21 (test for excess errors)
FAIL: gcc.dg/debug/redecl-2.c -gdwarf-21 -O (internal compiler error)
FAIL: gcc.dg/debug/redecl-2.c -gdwarf-21 -O (test for excess errors)
FAIL: gcc.dg/debug/redecl-2.c -gdwarf-21 -O3 (internal compiler error)
FAIL: gcc.dg/debug/redecl-2.c -gdwarf-21 -O3 (test for excess errors)
FAIL: gcc.dg/debug/redecl-2.c -gdwarf-2 (internal compiler error)
FAIL: gcc.dg/debug/redecl-2.c -gdwarf-2 (test for excess errors)
FAIL: gcc.dg/debug/redecl-2.c -gdwarf-2 -O (internal compiler error)
FAIL: gcc.dg/debug/redecl-2.c -gdwarf-2 -O (test for excess errors)
FAIL: gcc.dg/debug/redecl-2.c -gdwarf-2 -O3 (internal compiler error)
FAIL: gcc.dg/debug/redecl-2.c -gdwarf-2 -O3 (test for excess errors)
FAIL: gcc.dg/debug/redecl-2.c -gdwarf-23 (internal compiler error)
FAIL: gcc.dg/debug/redecl-2.c -gdwarf-23 (test for excess errors)
FAIL: gcc.dg/debug/redecl-2.c -gdwarf-23 -O (internal compiler error)
FAIL: gcc.dg/debug/redecl-2.c -gdwarf-23 -O (test for excess errors)
FAIL: gcc.dg/debug/redecl-2.c -gdwarf-23 -O3 (internal compiler error)
FAIL: gcc.dg/debug/redecl-2.c -gdwarf-23 -O3 (test for excess errors)
FAIL: gcc.dg/debug/redecl-2.c -gstabs1 (internal compiler error)
FAIL: gcc.dg/debug/redecl-2.c -gstabs1 (test for excess errors)
FAIL: gcc.dg/debug/redecl-2.c -gstabs1 -O (internal compiler error)
FAIL: gcc.dg/debug/redecl-2.c -gstabs1 -O (test for excess errors)
FAIL: gcc.dg/debug/redecl-2.c -gstabs1 -O3 (internal compiler error)
FAIL: gcc.dg/debug/redecl-2.c -gstabs1 -O3 (test for excess errors)
FAIL: gcc.dg/debug/redecl-2.c -gstabs (internal compiler error)
FAIL: gcc.dg/debug/redecl-2.c -gstabs (test for excess errors)
FAIL: gcc.dg/debug/redecl-2.c -gstabs -O (internal compiler error)
FAIL: gcc.dg/debug/redecl-2.c -gstabs -O (test for excess errors)
FAIL: gcc.dg/debug/redecl-2.c -gstabs -O3 (internal compiler error)
FAIL: gcc.dg/debug/redecl-2.c -gstabs -O3 (test for excess errors)
FAIL: gcc.dg/debug/redecl-2.c -gstabs3 (internal compiler error)
FAIL: gcc.dg/debug/redecl-2.c -gstabs3 (test for excess errors)
FAIL: gcc.dg/debug/redecl-2.c -gstabs3 -O (internal compiler error)
FAIL: gcc.dg/debug/redecl-2.c -gstabs3 -O (test for excess errors)
FAIL: gcc.dg/debug/redecl-2.c -gstabs3 -O3 (internal compiler error)
FAIL: gcc.dg/debug/redecl-2.c -gstabs3 -O3 (test for excess errors)
FAIL: gcc.dg/debug/redecl-2.c -gstabs+1 (internal compiler error)
FAIL: gcc.dg/debug/redecl-2.c -gstabs+1 (test for excess errors)
FAIL: gcc.dg/debug/redecl-2.c -gstabs+1 -O (internal compiler error)
FAIL: gcc.dg/debug/redecl-2.c -gstabs+1 -O (test for excess errors)
FAIL: gcc.dg/debug/redecl-2.c -gstabs+1 -O3 (internal compiler error)
FAIL: gcc.dg/debug/redecl-2.c -gstabs+1 -O3 (test for excess errors)
FAIL: gcc.dg/debug/redecl-2.c -gstabs+ (internal compiler error)
FAIL: gcc.dg/debug/redecl-2.c -gstabs+ (test for excess errors)
FAIL: gcc.dg/debug/redecl-2.c -gstabs+ -O (internal compiler error)
FAIL: gcc.dg/debug/redecl-2.c -gstabs+ -O (test for excess errors)
FAIL: gcc.dg/debug/redecl-2.c -gstabs+ -O3 (internal compiler error)
FAIL: gcc.dg/debug/redecl-2.c -gstabs+ -O3 (test for excess errors)
FAIL: gcc.dg/debug/redecl-2.c -gstabs+3 (internal compiler error)
FAIL: gcc.dg/debug/redecl-2.c -gstabs+3 (test for excess errors)
FAIL: gcc.dg/debug/redecl-2.c -gstabs+3 -O (internal compiler error)
FAIL: gcc.dg/debug/redecl-2.c -gstabs+3 -O (test for excess errors)
FAIL: gcc.dg/debug/redecl-2.c -gstabs+3 -O3 (internal compiler error)
FAIL: gcc.dg/debug/redecl-2.c -gstabs+3 -O3 (test for excess errors)
FAIL: gcc.dg/pragma-align-2.c (test for errors, line 22)
FAIL: gcc.dg/pragma-align-2.c (test for errors, line 23)
FAIL: gcc.dg/pragma-align-2.c (test for errors, line 24)
FAIL: gcc.dg/pragma-align-2.c (test for errors, line 25)
FAIL: gcc.dg/pragma-align-2.c (test for errors, line 26)
FAIL: gcc.dg/pragma-align-2.c (test for errors, line 30)
FAIL: gcc.dg/pragma-align-2.c (test for excess errors)
FAIL: gcc.dg/pragma-init-fini.c (test for errors, line 7)
FAIL: gcc.dg/pragma-init-fini.c (test for errors, line 8)
FAIL: gcc.dg/pragma-init-fini.c (test for errors, line 9)
FAIL: gcc.dg/pragma-init-fini.c (test for errors, line 11)
FAIL: gcc.dg/pragma-init-fini.c (test for errors, line 12)
FAIL: gcc.dg/pragma-init-fini.c (test for errors, line 13)
FAIL: gcc.dg/pragma-init-fini.c (test for excess errors)
FAIL: gcc.dg/redecl-6.c (internal compiler error)
FAIL: gcc.dg/redecl-6.c (test for excess errors)
WARNING: gcc.dg/ucnid-2.c compilation failed to produce executable
WARNING: gcc.dg/ucnid-3.c compilation failed to produce executable
WARNING: gcc.dg/ucnid-4.c compilation failed to produce executable
FAIL: gcc.dg/format/cmn-err-1.c (test for errors, line 31)
FAIL: gcc.dg/format/cmn-err-1.c (test for errors, line 32)
FAIL: gcc.dg/format/cmn-err-1.c (test for errors, line 33)
FAIL: gcc.dg/format/cmn-err-1.c (test for errors, line 34)
FAIL: gcc.dg/format/cmn-err-1.c (test for errors, line 35)
FAIL: gcc.dg/format/cmn-err-1.c (test for errors, line 36)
FAIL: gcc.dg/format/cmn-err-1.c (test for excess errors)
FAIL: gcc.dg/format/cmn-err-1.c -DWIDE (test for errors, line 31)
FAIL: gcc.dg/format/cmn-err-1.c -DWIDE (test for errors, line 32)
FAIL: gcc.dg/format/cmn-err-1.c -DWIDE (test for errors, line 33)
FAIL: gcc.dg/format/cmn-err-1.c -DWIDE (test for errors, line 34)
FAIL: gcc.dg/format/cmn-err-1.c -DWIDE (test for errors, line 35)
FAIL: gcc.dg/format/cmn-err-1.c -DWIDE (test for errors, line 36)
FAIL: gcc.dg/format/cmn-err-1.c -DWIDE (test for excess errors)
FAIL: gcc.dg/vect/pr33804.c scan-tree-dump-times vect "vectorized 1 loops" 1
FAIL: gcc.dg/vect/pr33804.c scan-tree-dump-times vect "vectorizing stmts using SLP" 1
FAIL: gcc.dg/vect/pr33953.c scan-tree-dump-times vect "vectorized 1 loops" 1
FAIL: gcc.dg/vect/pr33953.c scan-tree-dump-times vect "vectorizing stmts using SLP" 1
FAIL: gcc.dg/vect/vect-35.c scan-tree-dump-times vect "vectorized 1 loops" 1
FAIL: gcc.dg/vect/vect-iv-6.c scan-tree-dump-times vect "vectorized 1 loops" 1
FAIL: gcc.dg/vect/vect-multitypes-5.c scan-tree-dump-times vect "vectorized 1 loops" 1
FAIL: gcc.dg/vect/vect-multitypes-6.c scan-tree-dump-times vect "vectorized 1 loops" 1
FAIL: gcc.dg/vect/vect-outer-5.c scan-tree-dump-times vect "OUTER LOOP VECTORIZED" 1
FAIL: gcc.dg/vect/vect-outer-5.c scan-tree-dump-times vect "zero step in outer loop." 1
FAIL: gcc.dg/vect/vect-outer-6.c scan-tree-dump-times vect "OUTER LOOP VECTORIZED" 1
FAIL: gcc.dg/vect/vect-outer-6.c scan-tree-dump-times vect "zero step in outer loop." 1
FAIL: gcc.dg/vect/vect-vfa-slp.c scan-tree-dump-times vect "vectorized 1 loops" 1
FAIL: gcc.dg/vect/slp-15.c scan-tree-dump-times vect "vectorizing stmts using SLP" 2
FAIL: gcc.dg/vect/slp-25.c scan-tree-dump-times vect "Alignment of access forced using peeling" 2
FAIL: gcc.dg/vect/slp-3.c scan-tree-dump-times vect "vectorized 3 loops" 1
FAIL: gcc.dg/vect/slp-3.c scan-tree-dump-times vect "vectorizing stmts using SLP" 3
FAIL: gcc.dg/vect/no-vfa-pr29145.c scan-tree-dump-times vect "vectorized 0 loops" 2
FAIL: gcc.dg/vect/no-vfa-pr29145.c scan-tree-dump-times vect "vectorized 1 loops" 1
FAIL: gcc.dg/vect/no-vfa-vect-depend-1.c scan-tree-dump-times vect "vectorized 1 loops" 1
FAIL: gcc.target/sparc/pdist-3.c (internal compiler error)
FAIL: gcc.target/sparc/pdist-3.c (test for excess errors)
WARNING: gcc.target/sparc/pdist-3.c compilation failed to produce executable
=== gcc Summary ===
# of expected passes 46628
# of unexpected failures 118
# of expected failures 194
# of untested testcases 35
# of unsupported tests 480
/export/home/gccb/gcc-build/gcc/xgcc version 4.3.1 20080605 (prerelease) (GCC)
Compiler version: 4.3.1 20080605 (prerelease) (GCC) gcc
Platform: sparc-sun-solaris2.10
configure flags: --prefix=/usr/local/gcc-4.3-20080605 --enable-languages=c,c++ --disable-multilib
--
Ctalk Home Page: http://www.ctalklang.org