This is the mail archive of the
gcc-testresults@gcc.gnu.org
mailing list for the GCC project.
Results for 4.2.5 20080601 (prerelease) testsuite on alphaev56-unknown-linux-gnu
- From: ghazi at sarah dot lri dot fr (Kaveh R. Ghazi)
- To: gcc-testresults at gcc dot gnu dot org
- Date: Wed, 4 Jun 2008 01:27:42 +0200 (CEST)
- Subject: Results for 4.2.5 20080601 (prerelease) testsuite on alphaev56-unknown-linux-gnu
LAST_UPDATED:
Native configuration is alphaev56-unknown-linux-gnu
=== libgomp tests ===
Running target unix/-fPIC
FAIL: libgomp.c/copyin-1.c execution test
FAIL: libgomp.c/copyin-2.c execution test
FAIL: libgomp.c/copyin-3.c execution test
FAIL: libgomp.c++/copyin-1.C -O0 execution test
FAIL: libgomp.c++/copyin-1.C -O1 execution test
FAIL: libgomp.c++/copyin-1.C -O2 execution test
FAIL: libgomp.c++/copyin-1.C -O3 -fomit-frame-pointer execution test
FAIL: libgomp.c++/copyin-1.C -O3 -fomit-frame-pointer -funroll-loops execution test
FAIL: libgomp.c++/copyin-1.C -O3 -fomit-frame-pointer -funroll-all-loops -finline-functions execution test
FAIL: libgomp.c++/copyin-1.C -O3 -g execution test
FAIL: libgomp.c++/copyin-1.C -Os execution test
FAIL: libgomp.c++/copyin-2.C -O0 execution test
FAIL: libgomp.c++/copyin-2.C -O1 execution test
FAIL: libgomp.c++/copyin-2.C -O2 execution test
FAIL: libgomp.c++/copyin-2.C -O3 -fomit-frame-pointer execution test
FAIL: libgomp.c++/copyin-2.C -O3 -fomit-frame-pointer -funroll-loops execution test
FAIL: libgomp.c++/copyin-2.C -O3 -fomit-frame-pointer -funroll-all-loops -finline-functions execution test
FAIL: libgomp.c++/copyin-2.C -O3 -g execution test
FAIL: libgomp.c++/copyin-2.C -Os execution test
FAIL: libgomp.fortran/appendix-a/a.22.8.f90 -O3 -fomit-frame-pointer -funroll-all-loops -finline-functions (test for excess errors)
UNRESOLVED: libgomp.fortran/appendix-a/a.22.8.f90 -O3 -fomit-frame-pointer -funroll-all-loops -finline-functions compilation failed to produce executable
FAIL: libgomp.fortran/threadprivate2.f90 -O0 execution test
FAIL: libgomp.fortran/threadprivate2.f90 -O1 execution test
FAIL: libgomp.fortran/threadprivate2.f90 -O2 execution test
FAIL: libgomp.fortran/threadprivate2.f90 -O3 -fomit-frame-pointer execution test
FAIL: libgomp.fortran/threadprivate2.f90 -O3 -fomit-frame-pointer -funroll-loops execution test
FAIL: libgomp.fortran/threadprivate2.f90 -O3 -fomit-frame-pointer -funroll-all-loops -finline-functions execution test
FAIL: libgomp.fortran/threadprivate2.f90 -O3 -g execution test
FAIL: libgomp.fortran/threadprivate2.f90 -Os execution test
FAIL: libgomp.fortran/threadprivate3.f90 -O0 execution test
FAIL: libgomp.fortran/threadprivate3.f90 -O1 execution test
FAIL: libgomp.fortran/threadprivate3.f90 -O2 execution test
FAIL: libgomp.fortran/threadprivate3.f90 -O3 -fomit-frame-pointer execution test
FAIL: libgomp.fortran/threadprivate3.f90 -O3 -fomit-frame-pointer -funroll-loops execution test
FAIL: libgomp.fortran/threadprivate3.f90 -O3 -fomit-frame-pointer -funroll-all-loops -finline-functions execution test
FAIL: libgomp.fortran/threadprivate3.f90 -O3 -g execution test
FAIL: libgomp.fortran/threadprivate3.f90 -Os execution test
=== libgomp Summary for unix/-fPIC ===
# of expected passes 1537
# of unexpected failures 36
# of unresolved testcases 1
Running target unix/-fpic
FAIL: libgomp.c/copyin-1.c execution test
FAIL: libgomp.c/copyin-2.c execution test
FAIL: libgomp.c/copyin-3.c execution test
FAIL: libgomp.c++/copyin-1.C -O0 execution test
FAIL: libgomp.c++/copyin-1.C -O1 execution test
FAIL: libgomp.c++/copyin-1.C -O2 execution test
FAIL: libgomp.c++/copyin-1.C -O3 -fomit-frame-pointer execution test
FAIL: libgomp.c++/copyin-1.C -O3 -fomit-frame-pointer -funroll-loops execution test
FAIL: libgomp.c++/copyin-1.C -O3 -fomit-frame-pointer -funroll-all-loops -finline-functions execution test
FAIL: libgomp.c++/copyin-1.C -O3 -g execution test
FAIL: libgomp.c++/copyin-1.C -Os execution test
FAIL: libgomp.c++/copyin-2.C -O0 execution test
FAIL: libgomp.c++/copyin-2.C -O1 execution test
FAIL: libgomp.c++/copyin-2.C -O2 execution test
FAIL: libgomp.c++/copyin-2.C -O3 -fomit-frame-pointer execution test
FAIL: libgomp.c++/copyin-2.C -O3 -fomit-frame-pointer -funroll-loops execution test
FAIL: libgomp.c++/copyin-2.C -O3 -fomit-frame-pointer -funroll-all-loops -finline-functions execution test
FAIL: libgomp.c++/copyin-2.C -O3 -g execution test
FAIL: libgomp.c++/copyin-2.C -Os execution test
FAIL: libgomp.fortran/appendix-a/a.22.8.f90 -O3 -fomit-frame-pointer -funroll-all-loops -finline-functions (test for excess errors)
UNRESOLVED: libgomp.fortran/appendix-a/a.22.8.f90 -O3 -fomit-frame-pointer -funroll-all-loops -finline-functions compilation failed to produce executable
FAIL: libgomp.fortran/threadprivate2.f90 -O0 execution test
FAIL: libgomp.fortran/threadprivate2.f90 -O1 execution test
FAIL: libgomp.fortran/threadprivate2.f90 -O2 execution test
FAIL: libgomp.fortran/threadprivate2.f90 -O3 -fomit-frame-pointer execution test
FAIL: libgomp.fortran/threadprivate2.f90 -O3 -fomit-frame-pointer -funroll-loops execution test
FAIL: libgomp.fortran/threadprivate2.f90 -O3 -fomit-frame-pointer -funroll-all-loops -finline-functions execution test
FAIL: libgomp.fortran/threadprivate2.f90 -O3 -g execution test
FAIL: libgomp.fortran/threadprivate2.f90 -Os execution test
FAIL: libgomp.fortran/threadprivate3.f90 -O0 execution test
FAIL: libgomp.fortran/threadprivate3.f90 -O1 execution test
FAIL: libgomp.fortran/threadprivate3.f90 -O2 execution test
FAIL: libgomp.fortran/threadprivate3.f90 -O3 -fomit-frame-pointer execution test
FAIL: libgomp.fortran/threadprivate3.f90 -O3 -fomit-frame-pointer -funroll-loops execution test
FAIL: libgomp.fortran/threadprivate3.f90 -O3 -fomit-frame-pointer -funroll-all-loops -finline-functions execution test
FAIL: libgomp.fortran/threadprivate3.f90 -O3 -g execution test
FAIL: libgomp.fortran/threadprivate3.f90 -Os execution test
=== libgomp Summary for unix/-fpic ===
# of expected passes 1537
# of unexpected failures 36
# of unresolved testcases 1
Running target unix
FAIL: libgomp.c/copyin-1.c execution test
FAIL: libgomp.c/copyin-2.c execution test
FAIL: libgomp.c/copyin-3.c execution test
FAIL: libgomp.c++/copyin-1.C -O0 execution test
FAIL: libgomp.c++/copyin-1.C -O1 execution test
FAIL: libgomp.c++/copyin-1.C -O2 execution test
FAIL: libgomp.c++/copyin-1.C -O3 -fomit-frame-pointer execution test
FAIL: libgomp.c++/copyin-1.C -O3 -fomit-frame-pointer -funroll-loops execution test
FAIL: libgomp.c++/copyin-1.C -O3 -fomit-frame-pointer -funroll-all-loops -finline-functions execution test
FAIL: libgomp.c++/copyin-1.C -O3 -g execution test
FAIL: libgomp.c++/copyin-1.C -Os execution test
FAIL: libgomp.c++/copyin-2.C -O0 execution test
FAIL: libgomp.c++/copyin-2.C -O1 execution test
FAIL: libgomp.c++/copyin-2.C -O2 execution test
FAIL: libgomp.c++/copyin-2.C -O3 -fomit-frame-pointer execution test
FAIL: libgomp.c++/copyin-2.C -O3 -fomit-frame-pointer -funroll-loops execution test
FAIL: libgomp.c++/copyin-2.C -O3 -fomit-frame-pointer -funroll-all-loops -finline-functions execution test
FAIL: libgomp.c++/copyin-2.C -O3 -g execution test
FAIL: libgomp.c++/copyin-2.C -Os execution test
FAIL: libgomp.fortran/threadprivate2.f90 -O0 execution test
FAIL: libgomp.fortran/threadprivate2.f90 -O1 execution test
FAIL: libgomp.fortran/threadprivate2.f90 -O2 execution test
FAIL: libgomp.fortran/threadprivate2.f90 -O3 -fomit-frame-pointer execution test
FAIL: libgomp.fortran/threadprivate2.f90 -O3 -fomit-frame-pointer -funroll-loops execution test
FAIL: libgomp.fortran/threadprivate2.f90 -O3 -fomit-frame-pointer -funroll-all-loops -finline-functions execution test
FAIL: libgomp.fortran/threadprivate2.f90 -O3 -g execution test
FAIL: libgomp.fortran/threadprivate2.f90 -Os execution test
FAIL: libgomp.fortran/threadprivate3.f90 -O0 execution test
FAIL: libgomp.fortran/threadprivate3.f90 -O1 execution test
FAIL: libgomp.fortran/threadprivate3.f90 -O2 execution test
FAIL: libgomp.fortran/threadprivate3.f90 -O3 -fomit-frame-pointer execution test
FAIL: libgomp.fortran/threadprivate3.f90 -O3 -fomit-frame-pointer -funroll-loops execution test
FAIL: libgomp.fortran/threadprivate3.f90 -O3 -fomit-frame-pointer -funroll-all-loops -finline-functions execution test
FAIL: libgomp.fortran/threadprivate3.f90 -O3 -g execution test
FAIL: libgomp.fortran/threadprivate3.f90 -Os execution test
=== libgomp Summary for unix ===
# of expected passes 1539
# of unexpected failures 35
=== libgomp Summary ===
# of expected passes 4613
# of unexpected failures 107
# of unresolved testcases 2
=== libjava tests ===
Running target unix/-fPIC
=== libstdc++ tests ===
Running target unix/-fPIC
FAIL: abi_check
FAIL: ext/pb_ds/regression/hash_data_map_rand.cc execution test
WARNING: program timed out.
FAIL: ext/pb_ds/regression/tree_no_data_map_rand.cc (test for excess errors)
FAIL: ext/pb_ds/regression/tree_no_data_map_rand.cc execution test
=== libstdc++ Summary for unix/-fPIC ===
# of expected passes 3849
# of unexpected failures 4
# of expected failures 15
# of unsupported tests 316
Running target unix/-fpic
FAIL: abi_check
FAIL: ext/pb_ds/regression/hash_data_map_rand.cc execution test
WARNING: program timed out.
FAIL: ext/pb_ds/regression/tree_no_data_map_rand.cc (test for excess errors)
FAIL: ext/pb_ds/regression/tree_no_data_map_rand.cc execution test
=== g++ tests ===
Running target unix/-fPIC
FAIL: g++.dg/other/unused1.C scan-assembler (string|ascii?)z?\\t"printer("|\\\\\\\\000)
=== g++ Summary for unix/-fPIC ===
# of expected passes 13535
# of unexpected failures 1
# of expected failures 67
# of unsupported tests 122
Running target unix/-fpic
FAIL: g++.dg/inherit/conv2.C execution test
FAIL: g++.dg/init/addr-const1.C execution test
FAIL: g++.dg/other/unused1.C scan-assembler (string|ascii?)z?\\t"printer("|\\\\\\\\000)
FAIL: g++.old-deja/g++.jason/const3.C execution test
FAIL: g++.old-deja/g++.jason/init2.C execution test
=== g++ Summary for unix/-fpic ===
# of expected passes 13531
# of unexpected failures 5
# of expected failures 67
# of unsupported tests 122
Running target unix
FAIL: g++.dg/other/unused1.C scan-assembler (string|ascii?)z?\\t"printer("|\\\\\\\\000)
=== g++ Summary for unix ===
# of expected passes 13537
# of unexpected failures 1
# of expected failures 67
# of unsupported tests 121
=== g++ Summary ===
# of expected passes 40603
# of unexpected failures 7
# of expected failures 201
# of unsupported tests 365
/home/ghazi/gcc-testing/42/build/gcc/testsuite/g++/../../g++ version 4.2.5 20080601 (prerelease)
=== gcc tests ===
Running target unix/-fPIC
WARNING: program timed out.
FAIL: gcc.c-torture/compile/20001226-1.c -O2 (test for excess errors)
WARNING: program timed out.
FAIL: gcc.c-torture/compile/20001226-1.c -O3 -fomit-frame-pointer (test for excess errors)
WARNING: program timed out.
FAIL: gcc.c-torture/compile/20001226-1.c -O3 -g (test for excess errors)
WARNING: program timed out.
FAIL: gcc.c-torture/compile/20001226-1.c -Os (test for excess errors)
FAIL: gcc.c-torture/compile/20061005-1.c -O0 (internal compiler error)
FAIL: gcc.c-torture/compile/20061005-1.c -O0 (test for excess errors)
FAIL: gcc.c-torture/compile/20061005-1.c -O1 (internal compiler error)
FAIL: gcc.c-torture/compile/20061005-1.c -O1 (test for excess errors)
FAIL: gcc.c-torture/compile/20061005-1.c -O2 (internal compiler error)
FAIL: gcc.c-torture/compile/20061005-1.c -O2 (test for excess errors)
FAIL: gcc.c-torture/compile/20061005-1.c -O3 -fomit-frame-pointer (internal compiler error)
FAIL: gcc.c-torture/compile/20061005-1.c -O3 -fomit-frame-pointer (test for excess errors)
FAIL: gcc.c-torture/compile/20061005-1.c -O3 -g (internal compiler error)
FAIL: gcc.c-torture/compile/20061005-1.c -O3 -g (test for excess errors)
FAIL: gcc.c-torture/compile/20061005-1.c -Os (internal compiler error)
FAIL: gcc.c-torture/compile/20061005-1.c -Os (test for excess errors)
UNRESOLVED: gcc.c-torture/execute/mayalias-2.c execution, -O3 -g
FAIL: gcc.dg/cleanup-10.c execution test
FAIL: gcc.dg/cleanup-11.c execution test
FAIL: gcc.dg/cleanup-8.c execution test
FAIL: gcc.dg/cleanup-9.c execution test
FAIL: gcc.dg/pr27095.c scan-assembler-not (?n)strlen(.*\\n)+.*strlen
FAIL: gcc.dg/pr28796-2.c execution test
FAIL: gcc.dg/struct-ret-3.c execution test
FAIL: gcc.dg/vect/pr21591.c scan-tree-dump-times vectorized 1 loops 1
=== gcc Summary for unix/-fPIC ===
# of expected passes 41478
# of unexpected failures 24
# of expected failures 116
# of unresolved testcases 1
# of untested testcases 28
# of unsupported tests 454
Running target unix/-fpic
WARNING: program timed out.
FAIL: gcc.c-torture/compile/20001226-1.c -O2 (test for excess errors)
WARNING: program timed out.
FAIL: gcc.c-torture/compile/20001226-1.c -O3 -fomit-frame-pointer (test for excess errors)
WARNING: program timed out.
FAIL: gcc.c-torture/compile/20001226-1.c -O3 -g (test for excess errors)
WARNING: program timed out.
FAIL: gcc.c-torture/compile/20001226-1.c -Os (test for excess errors)
FAIL: gcc.c-torture/compile/20061005-1.c -O0 (internal compiler error)
FAIL: gcc.c-torture/compile/20061005-1.c -O0 (test for excess errors)
FAIL: gcc.c-torture/compile/20061005-1.c -O1 (internal compiler error)
FAIL: gcc.c-torture/compile/20061005-1.c -O1 (test for excess errors)
FAIL: gcc.c-torture/compile/20061005-1.c -O2 (internal compiler error)
FAIL: gcc.c-torture/compile/20061005-1.c -O2 (test for excess errors)
FAIL: gcc.c-torture/compile/20061005-1.c -O3 -fomit-frame-pointer (internal compiler error)
FAIL: gcc.c-torture/compile/20061005-1.c -O3 -fomit-frame-pointer (test for excess errors)
FAIL: gcc.c-torture/compile/20061005-1.c -O3 -g (internal compiler error)
FAIL: gcc.c-torture/compile/20061005-1.c -O3 -g (test for excess errors)
FAIL: gcc.c-torture/compile/20061005-1.c -Os (internal compiler error)
FAIL: gcc.c-torture/compile/20061005-1.c -Os (test for excess errors)
UNRESOLVED: gcc.c-torture/execute/mayalias-2.c execution, -O3 -g
FAIL: gcc.dg/cleanup-10.c execution test
FAIL: gcc.dg/cleanup-11.c execution test
FAIL: gcc.dg/cleanup-8.c execution test
FAIL: gcc.dg/cleanup-9.c execution test
FAIL: gcc.dg/pr27095.c scan-assembler-not (?n)strlen(.*\\n)+.*strlen
FAIL: gcc.dg/pr28796-2.c execution test
FAIL: gcc.dg/struct-ret-3.c execution test
FAIL: gcc.dg/vect/pr21591.c scan-tree-dump-times vectorized 1 loops 1
=== gcc Summary for unix/-fpic ===
# of expected passes 41478
# of unexpected failures 24
# of expected failures 116
# of unresolved testcases 1
# of untested testcases 28
# of unsupported tests 454
Running target unix
WARNING: program timed out.
FAIL: gcc.c-torture/compile/20001226-1.c -O2 (test for excess errors)
WARNING: program timed out.
FAIL: gcc.c-torture/compile/20001226-1.c -O3 -fomit-frame-pointer (test for excess errors)
WARNING: program timed out.
FAIL: gcc.c-torture/compile/20001226-1.c -O3 -g (test for excess errors)
WARNING: program timed out.
FAIL: gcc.c-torture/compile/20001226-1.c -Os (test for excess errors)
FAIL: gcc.c-torture/compile/20061005-1.c -O0 (internal compiler error)
FAIL: gcc.c-torture/compile/20061005-1.c -O0 (test for excess errors)
FAIL: gcc.c-torture/compile/20061005-1.c -O1 (internal compiler error)
FAIL: gcc.c-torture/compile/20061005-1.c -O1 (test for excess errors)
FAIL: gcc.c-torture/compile/20061005-1.c -O2 (internal compiler error)
FAIL: gcc.c-torture/compile/20061005-1.c -O2 (test for excess errors)
FAIL: gcc.c-torture/compile/20061005-1.c -O3 -fomit-frame-pointer (internal compiler error)
FAIL: gcc.c-torture/compile/20061005-1.c -O3 -fomit-frame-pointer (test for excess errors)
FAIL: gcc.c-torture/compile/20061005-1.c -O3 -g (internal compiler error)
FAIL: gcc.c-torture/compile/20061005-1.c -O3 -g (test for excess errors)
FAIL: gcc.c-torture/compile/20061005-1.c -Os (internal compiler error)
FAIL: gcc.c-torture/compile/20061005-1.c -Os (test for excess errors)
UNRESOLVED: gcc.c-torture/execute/mayalias-2.c execution, -O3 -g
FAIL: gcc.dg/cleanup-10.c execution test
FAIL: gcc.dg/cleanup-11.c execution test
FAIL: gcc.dg/cleanup-8.c execution test
FAIL: gcc.dg/cleanup-9.c execution test
FAIL: gcc.dg/pr27095.c scan-assembler-not (?n)strlen(.*\\n)+.*strlen
FAIL: gcc.dg/pr28796-2.c execution test
FAIL: gcc.dg/struct-ret-3.c execution test
FAIL: gcc.dg/vect/pr21591.c scan-tree-dump-times vectorized 1 loops 1
=== gcc Summary for unix ===
# of expected passes 41508
# of unexpected failures 24
# of expected failures 116
# of unresolved testcases 1
# of untested testcases 28
# of unsupported tests 442
=== gcc Summary ===
# of expected passes 124464
# of unexpected failures 72
# of expected failures 348
# of unresolved testcases 3
# of untested testcases 84
# of unsupported tests 1350
/home/ghazi/gcc-testing/42/build/gcc/xgcc version 4.2.5 20080601 (prerelease)
=== gfortran tests ===
Running target unix/-fPIC
FAIL: gfortran.dg/c_by_val_1.f -O0 execution test
FAIL: gfortran.dg/c_by_val_1.f -O1 execution test
FAIL: gfortran.dg/c_by_val_1.f -O2 execution test
FAIL: gfortran.dg/c_by_val_1.f -O3 -fomit-frame-pointer execution test
FAIL: gfortran.dg/c_by_val_1.f -O3 -fomit-frame-pointer -funroll-loops execution test
FAIL: gfortran.dg/c_by_val_1.f -O3 -fomit-frame-pointer -funroll-all-loops -finline-functions execution test
FAIL: gfortran.dg/c_by_val_1.f -O3 -g execution test
FAIL: gfortran.dg/c_by_val_1.f -Os execution test
XPASS: gfortran.dg/csqrt_2.f -O0 execution test
XPASS: gfortran.dg/csqrt_2.f -O1 execution test
XPASS: gfortran.dg/csqrt_2.f -O2 execution test
XPASS: gfortran.dg/csqrt_2.f -O3 -fomit-frame-pointer execution test
XPASS: gfortran.dg/csqrt_2.f -O3 -fomit-frame-pointer -funroll-loops execution test
XPASS: gfortran.dg/csqrt_2.f -O3 -fomit-frame-pointer -funroll-all-loops -finline-functions execution test
XPASS: gfortran.dg/csqrt_2.f -O3 -g execution test
XPASS: gfortran.dg/csqrt_2.f -Os execution test
FAIL: gfortran.dg/nearest_1.f90 -O0 execution test
FAIL: gfortran.dg/nearest_1.f90 -O1 execution test
FAIL: gfortran.dg/nearest_1.f90 -O2 execution test
FAIL: gfortran.dg/nearest_1.f90 -O3 -fomit-frame-pointer execution test
FAIL: gfortran.dg/nearest_1.f90 -O3 -fomit-frame-pointer -funroll-loops execution test
FAIL: gfortran.dg/nearest_1.f90 -O3 -fomit-frame-pointer -funroll-all-loops -finline-functions execution test
FAIL: gfortran.dg/nearest_1.f90 -O3 -g execution test
FAIL: gfortran.dg/nearest_1.f90 -Os execution test
FAIL: gfortran.fortran-torture/execute/intrinsic_len.f90 execution, -O3 -fomit-frame-pointer -funroll-loops
FAIL: gfortran.fortran-torture/execute/intrinsic_len.f90 execution, -O3 -fomit-frame-pointer -funroll-all-loops -finline-functions
=== gfortran Summary for unix/-fPIC ===
# of expected passes 16121
# of unexpected failures 18
# of unexpected successes 8
# of expected failures 6
# of unsupported tests 80
Running target unix/-fpic
FAIL: gfortran.dg/c_by_val_1.f -O0 execution test
FAIL: gfortran.dg/c_by_val_1.f -O1 execution test
FAIL: gfortran.dg/c_by_val_1.f -O2 execution test
FAIL: gfortran.dg/c_by_val_1.f -O3 -fomit-frame-pointer execution test
FAIL: gfortran.dg/c_by_val_1.f -O3 -fomit-frame-pointer -funroll-loops execution test
FAIL: gfortran.dg/c_by_val_1.f -O3 -fomit-frame-pointer -funroll-all-loops -finline-functions execution test
FAIL: gfortran.dg/c_by_val_1.f -O3 -g execution test
FAIL: gfortran.dg/c_by_val_1.f -Os execution test
XPASS: gfortran.dg/csqrt_2.f -O0 execution test
XPASS: gfortran.dg/csqrt_2.f -O1 execution test
XPASS: gfortran.dg/csqrt_2.f -O2 execution test
XPASS: gfortran.dg/csqrt_2.f -O3 -fomit-frame-pointer execution test
XPASS: gfortran.dg/csqrt_2.f -O3 -fomit-frame-pointer -funroll-loops execution test
XPASS: gfortran.dg/csqrt_2.f -O3 -fomit-frame-pointer -funroll-all-loops -finline-functions execution test
XPASS: gfortran.dg/csqrt_2.f -O3 -g execution test
XPASS: gfortran.dg/csqrt_2.f -Os execution test
FAIL: gfortran.dg/nearest_1.f90 -O0 execution test
FAIL: gfortran.dg/nearest_1.f90 -O1 execution test
FAIL: gfortran.dg/nearest_1.f90 -O2 execution test
FAIL: gfortran.dg/nearest_1.f90 -O3 -fomit-frame-pointer execution test
FAIL: gfortran.dg/nearest_1.f90 -O3 -fomit-frame-pointer -funroll-loops execution test
FAIL: gfortran.dg/nearest_1.f90 -O3 -fomit-frame-pointer -funroll-all-loops -finline-functions execution test
FAIL: gfortran.dg/nearest_1.f90 -O3 -g execution test
FAIL: gfortran.dg/nearest_1.f90 -Os execution test
FAIL: gfortran.fortran-torture/execute/intrinsic_len.f90 execution, -O3 -fomit-frame-pointer -funroll-loops
FAIL: gfortran.fortran-torture/execute/intrinsic_len.f90 execution, -O3 -fomit-frame-pointer -funroll-all-loops -finline-functions
=== gfortran Summary for unix/-fpic ===
# of expected passes 16121
# of unexpected failures 18
# of unexpected successes 8
# of expected failures 6
# of unsupported tests 80
Running target unix
FAIL: gfortran.dg/c_by_val_1.f -O0 execution test
FAIL: gfortran.dg/c_by_val_1.f -O1 execution test
FAIL: gfortran.dg/c_by_val_1.f -O2 execution test
FAIL: gfortran.dg/c_by_val_1.f -O3 -fomit-frame-pointer execution test
FAIL: gfortran.dg/c_by_val_1.f -O3 -fomit-frame-pointer -funroll-loops execution test
FAIL: gfortran.dg/c_by_val_1.f -O3 -fomit-frame-pointer -funroll-all-loops -finline-functions execution test
FAIL: gfortran.dg/c_by_val_1.f -O3 -g execution test
FAIL: gfortran.dg/c_by_val_1.f -Os execution test
XPASS: gfortran.dg/csqrt_2.f -O0 execution test
XPASS: gfortran.dg/csqrt_2.f -O1 execution test
XPASS: gfortran.dg/csqrt_2.f -O2 execution test
XPASS: gfortran.dg/csqrt_2.f -O3 -fomit-frame-pointer execution test
XPASS: gfortran.dg/csqrt_2.f -O3 -fomit-frame-pointer -funroll-loops execution test
XPASS: gfortran.dg/csqrt_2.f -O3 -fomit-frame-pointer -funroll-all-loops -finline-functions execution test
XPASS: gfortran.dg/csqrt_2.f -O3 -g execution test
XPASS: gfortran.dg/csqrt_2.f -Os execution test
FAIL: gfortran.dg/nearest_1.f90 -O0 execution test
FAIL: gfortran.dg/nearest_1.f90 -O1 execution test
FAIL: gfortran.dg/nearest_1.f90 -O2 execution test
FAIL: gfortran.dg/nearest_1.f90 -O3 -fomit-frame-pointer execution test
FAIL: gfortran.dg/nearest_1.f90 -O3 -fomit-frame-pointer -funroll-loops execution test
FAIL: gfortran.dg/nearest_1.f90 -O3 -fomit-frame-pointer -funroll-all-loops -finline-functions execution test
FAIL: gfortran.dg/nearest_1.f90 -O3 -g execution test
FAIL: gfortran.dg/nearest_1.f90 -Os execution test
FAIL: gfortran.fortran-torture/execute/intrinsic_len.f90 execution, -O3 -fomit-frame-pointer -funroll-loops
FAIL: gfortran.fortran-torture/execute/intrinsic_len.f90 execution, -O3 -fomit-frame-pointer -funroll-all-loops -finline-functions
=== gfortran Summary for unix ===
# of expected passes 16121
# of unexpected failures 18
# of unexpected successes 8
# of expected failures 6
# of unsupported tests 80
=== gfortran Summary ===
# of expected passes 48363
# of unexpected failures 54
# of unexpected successes 24
# of expected failures 18
# of unsupported tests 240
/home/ghazi/gcc-testing/42/build/gcc/testsuite/gfortran/../../gfortran version 4.2.5 20080601 (prerelease)
=== obj-c++ tests ===
Running target unix/-fPIC
UNRESOLVED: obj-c++.dg/lookup-2.mm compilation failed to produce executable
UNRESOLVED: obj-c++.dg/try-catch-2.mm compilation failed to produce executable
UNRESOLVED: obj-c++.dg/try-catch-9.mm compilation failed to produce executable
=== obj-c++ Summary for unix/-fPIC ===
# of expected passes 429
# of expected failures 20
# of unresolved testcases 3
# of unsupported tests 13
Running target unix/-fpic
UNRESOLVED: obj-c++.dg/lookup-2.mm compilation failed to produce executable
UNRESOLVED: obj-c++.dg/try-catch-2.mm compilation failed to produce executable
UNRESOLVED: obj-c++.dg/try-catch-9.mm compilation failed to produce executable
=== obj-c++ Summary for unix/-fpic ===
# of expected passes 429
# of expected failures 20
# of unresolved testcases 3
# of unsupported tests 13
Running target unix
UNRESOLVED: obj-c++.dg/lookup-2.mm compilation failed to produce executable
UNRESOLVED: obj-c++.dg/try-catch-2.mm compilation failed to produce executable
UNRESOLVED: obj-c++.dg/try-catch-9.mm compilation failed to produce executable
=== obj-c++ Summary for unix ===
# of expected passes 429
# of expected failures 20
# of unresolved testcases 3
# of unsupported tests 13
=== obj-c++ Summary ===
# of expected passes 1287
# of expected failures 60
# of unresolved testcases 9
# of unsupported tests 39
/home/ghazi/gcc-testing/42/build/gcc/testsuite/obj-c++/../../g++ version 4.2.5 20080601 (prerelease)
=== objc tests ===
Running target unix/-fPIC
=== objc Summary for unix/-fPIC ===
# of expected passes 1804
# of expected failures 7
# of unsupported tests 25
Running target unix/-fpic
FAIL: objc/execute/initialize.m execution, -O0
FAIL: objc/execute/load-2.m execution, -O0
FAIL: objc/execute/load.m execution, -O0
=== objc Summary for unix/-fpic ===
# of expected passes 1801
# of unexpected failures 3
# of expected failures 7
# of unsupported tests 25
Running target unix
=== objc Summary for unix ===
# of expected passes 1804
# of expected failures 7
# of unsupported tests 25
=== objc Summary ===
# of expected passes 5409
# of unexpected failures 3
# of expected failures 21
# of unsupported tests 75
/home/ghazi/gcc-testing/42/build/gcc/xgcc version 4.2.5 20080601 (prerelease)
=== treelang tests ===
Running target unix/-fPIC
FAIL: treelang/execute/funccall.tree (test for excess errors)
UNRESOLVED: treelang/execute/funccall.tree compilation failed to produce executable
FAIL: treelang/execute/initial.tree (test for excess errors)
UNRESOLVED: treelang/execute/initial.tree compilation failed to produce executable
FAIL: treelang/execute/static.tree (test for excess errors)
UNRESOLVED: treelang/execute/static.tree compilation failed to produce executable
=== treelang Summary for unix/-fPIC ===
# of expected passes 46
# of unexpected failures 3
# of unresolved testcases 3
Running target unix/-fpic
FAIL: treelang/execute/funccall.tree (test for excess errors)
UNRESOLVED: treelang/execute/funccall.tree compilation failed to produce executable
FAIL: treelang/execute/initial.tree (test for excess errors)
UNRESOLVED: treelang/execute/initial.tree compilation failed to produce executable
FAIL: treelang/execute/static.tree (test for excess errors)
UNRESOLVED: treelang/execute/static.tree compilation failed to produce executable
=== treelang Summary for unix/-fpic ===
# of expected passes 46
# of unexpected failures 3
# of unresolved testcases 3
Running target unix
FAIL: treelang/execute/funccall.tree (test for excess errors)
UNRESOLVED: treelang/execute/funccall.tree compilation failed to produce executable
FAIL: treelang/execute/initial.tree (test for excess errors)
UNRESOLVED: treelang/execute/initial.tree compilation failed to produce executable
FAIL: treelang/execute/static.tree (test for excess errors)
UNRESOLVED: treelang/execute/static.tree compilation failed to produce executable
=== treelang Summary for unix ===
# of expected passes 46
# of unexpected failures 3
# of unresolved testcases 3
=== treelang Summary ===
# of expected passes 138
# of unexpected failures 9
# of unresolved testcases 9
Compiler version: 4.2.5 20080601 (prerelease)
Platform: alphaev56-unknown-linux-gnu
configure flags: --with-mpfr=/opt/cfarm/mpfr-2.3.1 --enable-languages=c,c++,fortran,java,objc,obj-c++,treelang