This is the mail archive of the gcc-testresults@gcc.gnu.org mailing list for the GCC project.


Index Nav: [Date Index] [Subject Index] [Author Index] [Thread Index]
Message Nav: [Date Prev] [Date Next] [Thread Prev] [Thread Next]
Other format: [Raw text]

Results for 4.4.0 20080603 (experimental) [trunk revision 136328] (GCC) testsuite on i686-pc-linux-gnu


LAST_UPDATED: Tue Jun  3 17:02:31 UTC 2008 (revision 136328)

Native configuration is i686-pc-linux-gnu

		=== g++ tests ===


Running target unix
FAIL: g++.dg/tree-ssa/pr19637.C scan-tree-dump-times dom1 "return 1;" 3

		=== g++ Summary ===

# of expected passes		17737
# of unexpected failures	1
# of expected failures		82
# of unsupported tests		90
/home/jye2/gcc/build-daily/gcc/testsuite/g++/../../g++  version 4.4.0 20080603 (experimental) [trunk revision 136328] (GCC) 

		=== gcc tests ===


Running target unix
FAIL: gcc.dg/pr30286.c execution test
XPASS: gcc.dg/tree-ssa/ltrans-3.c scan-tree-dump-times ltrans "transformed loop" 1

		=== gcc Summary ===

# of expected passes		50133
# of unexpected failures	1
# of unexpected successes	1
# of expected failures		171
# of unsupported tests		432
/home/jye2/gcc/build-daily/gcc/xgcc  version 4.4.0 20080603 (experimental) [trunk revision 136328] (GCC) 

		=== gfortran tests ===


Running target unix

		=== gfortran Summary ===

# of expected passes		26151
# of expected failures		7
# of unsupported tests		89
/home/jye2/gcc/build-daily/gcc/testsuite/gfortran/../../gfortran  version 4.4.0 20080603 (experimental) [trunk revision 136328] (GCC) 

		=== objc tests ===


Running target unix

		=== objc Summary ===

# of expected passes		1814
# of expected failures		7
# of unsupported tests		24
/home/jye2/gcc/build-daily/gcc/xgcc  version 4.4.0 20080603 (experimental) [trunk revision 136328] (GCC) 

		=== libffi tests ===


Running target unix

		=== libffi Summary ===

# of expected passes		1389
# of unsupported tests		10
		=== libgomp tests ===


Running target unix

		=== libgomp Summary ===

# of expected passes		1761
		=== libjava tests ===


Running target unix

		=== libjava Summary ===

# of expected passes		2574
		=== libmudflap tests ===


Running target unix

		=== libmudflap Summary ===

# of expected passes		1865
		=== libstdc++ tests ===


Running target unix
XPASS: 26_numerics/headers/cmath/c99_classification_macros_c.cc (test for excess errors)

		=== libstdc++ Summary ===

# of expected passes		5749
# of unexpected successes	1
# of expected failures		75
# of unsupported tests		10

Compiler version: 4.4.0 20080603 (experimental) [trunk revision 136328] (GCC) 
Platform: i686-pc-linux-gnu
configure flags: --enable-clocale=gnu --with-system-zlib --enable-decimal-float=bid --with-demangler-in-ld --enable-shared --enable-threads=posix --enable-haifa --enable-checking=assert


Index Nav: [Date Index] [Subject Index] [Author Index] [Thread Index]
Message Nav: [Date Prev] [Date Next] [Thread Prev] [Thread Next]