This is the mail archive of the gcc-testresults@gcc.gnu.org mailing list for the GCC project.


Index Nav: [Date Index] [Subject Index] [Author Index] [Thread Index]
Message Nav: [Date Prev] [Date Next] [Thread Prev] [Thread Next]
Other format: [Raw text]

Results for 4.4.0 20080526 (experimental) [gimple-tuples-branch revision 136241] (gimple-tuples-branch merged with rev 135951) gcc testsuite on m32c-unknown-elf


Debian 4 on x86_64
cross tool versions:
GNU assembler (GNU Binutils) 2.18.50.20080419
GNU gdb 6.8.50.20080419-cvs
GNU ld (GNU Binutils) 2.18.50.20080419

GNU Make 3.81
expect version 5.43.0
host gcc version: gcc (GCC) 4.4.0 20080531 (experimental) [trunk revision 136241]
LAST_UPDATED: Sat May 31 22:17:41 UTC 2008 (revision 136241)

Target is m32c-unknown-elf
Host   is x86_64-unknown-linux-gnu

		=== gcc tests ===


Running target m32c-sim
FAIL: gcc.c-torture/compile/20010605-1.c  -O0  (internal compiler error)
FAIL: gcc.c-torture/compile/20010605-1.c  -O0  (test for excess errors)
FAIL: gcc.c-torture/compile/20010605-1.c  -O1  (internal compiler error)
FAIL: gcc.c-torture/compile/20010605-1.c  -O1  (test for excess errors)
FAIL: gcc.c-torture/compile/20010605-1.c  -O2  (internal compiler error)
FAIL: gcc.c-torture/compile/20010605-1.c  -O2  (test for excess errors)
FAIL: gcc.c-torture/compile/20010605-1.c  -O3 -fomit-frame-pointer  (internal compiler error)
FAIL: gcc.c-torture/compile/20010605-1.c  -O3 -fomit-frame-pointer  (test for excess errors)
FAIL: gcc.c-torture/compile/20010605-1.c  -O3 -g  (internal compiler error)
FAIL: gcc.c-torture/compile/20010605-1.c  -O3 -g  (test for excess errors)
FAIL: gcc.c-torture/compile/20010605-1.c  -Os  (internal compiler error)
FAIL: gcc.c-torture/compile/20010605-1.c  -Os  (test for excess errors)
FAIL: gcc.c-torture/compile/limits-stringlit.c  -O0  (test for excess errors)
FAIL: gcc.c-torture/compile/limits-stringlit.c  -O1  (test for excess errors)
FAIL: gcc.c-torture/compile/limits-stringlit.c  -O2  (test for excess errors)
FAIL: gcc.c-torture/compile/limits-stringlit.c  -O3 -fomit-frame-pointer  (test for excess errors)
FAIL: gcc.c-torture/compile/limits-stringlit.c  -O3 -g  (test for excess errors)
FAIL: gcc.c-torture/compile/limits-stringlit.c  -Os  (test for excess errors)
FAIL: gcc.c-torture/execute/builtins/strcat-chk.c execution,  -O3 -fomit-frame-pointer -funroll-all-loops -finline-functions 
FAIL: gcc.c-torture/execute/builtins/strncat-chk.c execution,  -O3 -fomit-frame-pointer -funroll-all-loops -finline-functions 
FAIL: gcc.c-torture/execute/20011109-1.c compilation,  -O3 -fomit-frame-pointer  (internal compiler error)
UNRESOLVED: gcc.c-torture/execute/20011109-1.c execution,  -O3 -fomit-frame-pointer 
FAIL: gcc.c-torture/execute/20011109-1.c compilation,  -O3 -g  (internal compiler error)
UNRESOLVED: gcc.c-torture/execute/20011109-1.c execution,  -O3 -g 
FAIL: gcc.c-torture/execute/20020720-1.c compilation,  -O1 
UNRESOLVED: gcc.c-torture/execute/20020720-1.c execution,  -O1 
FAIL: gcc.c-torture/execute/20020720-1.c compilation,  -O2 
UNRESOLVED: gcc.c-torture/execute/20020720-1.c execution,  -O2 
FAIL: gcc.c-torture/execute/20020720-1.c compilation,  -O3 -fomit-frame-pointer 
UNRESOLVED: gcc.c-torture/execute/20020720-1.c execution,  -O3 -fomit-frame-pointer 
FAIL: gcc.c-torture/execute/20020720-1.c compilation,  -O3 -g 
UNRESOLVED: gcc.c-torture/execute/20020720-1.c execution,  -O3 -g 
FAIL: gcc.c-torture/execute/20020720-1.c compilation,  -Os 
UNRESOLVED: gcc.c-torture/execute/20020720-1.c execution,  -Os 
FAIL: gcc.c-torture/execute/20060420-1.c execution,  -O1 
FAIL: gcc.c-torture/execute/20060420-1.c execution,  -O2 
FAIL: gcc.c-torture/execute/20060420-1.c execution,  -O3 -fomit-frame-pointer 
FAIL: gcc.c-torture/execute/20060420-1.c execution,  -O3 -g 
FAIL: gcc.c-torture/execute/20060420-1.c execution,  -Os 
FAIL: gcc.c-torture/execute/20071219-1.c execution,  -O3 -fomit-frame-pointer -funroll-loops 
FAIL: gcc.c-torture/execute/20071219-1.c execution,  -O3 -fomit-frame-pointer -funroll-all-loops -finline-functions 
FAIL: gcc.c-torture/execute/builtin-bitops-1.c compilation,  -O0 
UNRESOLVED: gcc.c-torture/execute/builtin-bitops-1.c execution,  -O0 
FAIL: gcc.c-torture/execute/builtin-bitops-1.c compilation,  -O1 
UNRESOLVED: gcc.c-torture/execute/builtin-bitops-1.c execution,  -O1 
FAIL: gcc.c-torture/execute/builtin-bitops-1.c compilation,  -O2 
UNRESOLVED: gcc.c-torture/execute/builtin-bitops-1.c execution,  -O2 
FAIL: gcc.c-torture/execute/builtin-bitops-1.c compilation,  -O3 -fomit-frame-pointer 
UNRESOLVED: gcc.c-torture/execute/builtin-bitops-1.c execution,  -O3 -fomit-frame-pointer 
FAIL: gcc.c-torture/execute/builtin-bitops-1.c compilation,  -O3 -fomit-frame-pointer -funroll-loops 
UNRESOLVED: gcc.c-torture/execute/builtin-bitops-1.c execution,  -O3 -fomit-frame-pointer -funroll-loops 
FAIL: gcc.c-torture/execute/builtin-bitops-1.c compilation,  -O3 -fomit-frame-pointer -funroll-all-loops -finline-functions 
UNRESOLVED: gcc.c-torture/execute/builtin-bitops-1.c execution,  -O3 -fomit-frame-pointer -funroll-all-loops -finline-functions 
FAIL: gcc.c-torture/execute/builtin-bitops-1.c compilation,  -O3 -g 
UNRESOLVED: gcc.c-torture/execute/builtin-bitops-1.c execution,  -O3 -g 
FAIL: gcc.c-torture/execute/builtin-bitops-1.c compilation,  -Os 
UNRESOLVED: gcc.c-torture/execute/builtin-bitops-1.c execution,  -Os 
FAIL: gcc.c-torture/execute/ffs-1.c compilation,  -O0 
UNRESOLVED: gcc.c-torture/execute/ffs-1.c execution,  -O0 
FAIL: gcc.c-torture/execute/ffs-1.c compilation,  -O1 
UNRESOLVED: gcc.c-torture/execute/ffs-1.c execution,  -O1 
FAIL: gcc.c-torture/execute/ffs-1.c compilation,  -O2 
UNRESOLVED: gcc.c-torture/execute/ffs-1.c execution,  -O2 
FAIL: gcc.c-torture/execute/ffs-1.c compilation,  -O3 -fomit-frame-pointer 
UNRESOLVED: gcc.c-torture/execute/ffs-1.c execution,  -O3 -fomit-frame-pointer 
FAIL: gcc.c-torture/execute/ffs-1.c compilation,  -O3 -g 
UNRESOLVED: gcc.c-torture/execute/ffs-1.c execution,  -O3 -g 
FAIL: gcc.c-torture/execute/ffs-1.c compilation,  -Os 
UNRESOLVED: gcc.c-torture/execute/ffs-1.c execution,  -Os 
FAIL: gcc.c-torture/execute/ffs-2.c compilation,  -O0 
UNRESOLVED: gcc.c-torture/execute/ffs-2.c execution,  -O0 
FAIL: gcc.c-torture/execute/ffs-2.c compilation,  -O1 
UNRESOLVED: gcc.c-torture/execute/ffs-2.c execution,  -O1 
FAIL: gcc.c-torture/execute/ffs-2.c compilation,  -O2 
UNRESOLVED: gcc.c-torture/execute/ffs-2.c execution,  -O2 
FAIL: gcc.c-torture/execute/ffs-2.c compilation,  -O3 -fomit-frame-pointer 
UNRESOLVED: gcc.c-torture/execute/ffs-2.c execution,  -O3 -fomit-frame-pointer 
FAIL: gcc.c-torture/execute/ffs-2.c compilation,  -O3 -fomit-frame-pointer -funroll-loops 
UNRESOLVED: gcc.c-torture/execute/ffs-2.c execution,  -O3 -fomit-frame-pointer -funroll-loops 
FAIL: gcc.c-torture/execute/ffs-2.c compilation,  -O3 -fomit-frame-pointer -funroll-all-loops -finline-functions 
UNRESOLVED: gcc.c-torture/execute/ffs-2.c execution,  -O3 -fomit-frame-pointer -funroll-all-loops -finline-functions 
FAIL: gcc.c-torture/execute/ffs-2.c compilation,  -O3 -g 
UNRESOLVED: gcc.c-torture/execute/ffs-2.c execution,  -O3 -g 
FAIL: gcc.c-torture/execute/ffs-2.c compilation,  -Os 
UNRESOLVED: gcc.c-torture/execute/ffs-2.c execution,  -Os 
FAIL: gcc.c-torture/execute/pr36321.c execution,  -O0 
FAIL: gcc.c-torture/execute/pr36321.c execution,  -O1 
FAIL: gcc.c-torture/execute/pr36321.c execution,  -O2 
FAIL: gcc.c-torture/execute/pr36321.c execution,  -O3 -fomit-frame-pointer 
FAIL: gcc.c-torture/execute/pr36321.c execution,  -O3 -g 
FAIL: gcc.c-torture/execute/pr36321.c execution,  -Os 
FAIL: gcc.c-torture/execute/simd-6.c compilation,  -O1  (internal compiler error)
UNRESOLVED: gcc.c-torture/execute/simd-6.c execution,  -O1 
FAIL: gcc.dg/compat/struct-layout-1 c_compat_x_tst.o compile
FAIL: gcc.dg/compat/struct-layout-1 c_compat_y_tst.o compile
UNRESOLVED: gcc.dg/compat/struct-layout-1 c_compat_x_tst.o-c_compat_y_tst.o link 
UNRESOLVED: gcc.dg/compat/struct-layout-1 c_compat_x_tst.o-c_compat_y_tst.o execute 
WARNING: Could not compile gcc.dg/compat/struct-layout-1 generator
FAIL: gcc.dg/cpp/_Pragma6.c (test for excess errors)
FAIL: gcc.dg/debug/debug-1.c -gdwarf-2 scan-assembler xyzzy
FAIL: gcc.dg/debug/debug-1.c -gdwarf-2 -O scan-assembler xyzzy
FAIL: gcc.dg/debug/debug-1.c -gdwarf-2 -O3 scan-assembler xyzzy
FAIL: gcc.dg/debug/debug-1.c -gdwarf-23 scan-assembler xyzzy
FAIL: gcc.dg/debug/debug-1.c -gdwarf-23 -O scan-assembler xyzzy
FAIL: gcc.dg/debug/debug-1.c -gdwarf-23 -O3 scan-assembler xyzzy
FAIL: gcc.dg/debug/debug-1.c -gstabs scan-assembler xyzzy
FAIL: gcc.dg/debug/debug-1.c -gstabs3 scan-assembler xyzzy
FAIL: gcc.dg/debug/debug-1.c -gstabs+ scan-assembler xyzzy
FAIL: gcc.dg/debug/debug-1.c -gstabs+3 scan-assembler xyzzy
FAIL: gcc.dg/debug/debug-2.c -gdwarf-2 scan-assembler xyzzy
FAIL: gcc.dg/debug/debug-2.c -gdwarf-2 -O scan-assembler xyzzy
FAIL: gcc.dg/debug/debug-2.c -gdwarf-2 -O3 scan-assembler xyzzy
FAIL: gcc.dg/debug/debug-2.c -gdwarf-23 scan-assembler xyzzy
FAIL: gcc.dg/debug/debug-2.c -gdwarf-23 -O scan-assembler xyzzy
FAIL: gcc.dg/debug/debug-2.c -gdwarf-23 -O3 scan-assembler xyzzy
FAIL: gcc.dg/debug/debug-2.c -gstabs scan-assembler xyzzy
FAIL: gcc.dg/debug/debug-2.c -gstabs3 scan-assembler xyzzy
FAIL: gcc.dg/debug/debug-2.c -gstabs+ scan-assembler xyzzy
FAIL: gcc.dg/debug/debug-2.c -gstabs+3 scan-assembler xyzzy
FAIL: gcc.dg/debug/debug-6.c -gdwarf-2 scan-assembler xyzzy
FAIL: gcc.dg/debug/debug-6.c -gdwarf-2 -O scan-assembler xyzzy
FAIL: gcc.dg/debug/debug-6.c -gdwarf-2 -O3 scan-assembler xyzzy
FAIL: gcc.dg/debug/debug-6.c -gdwarf-23 scan-assembler xyzzy
FAIL: gcc.dg/debug/debug-6.c -gdwarf-23 -O scan-assembler xyzzy
FAIL: gcc.dg/debug/debug-6.c -gdwarf-23 -O3 scan-assembler xyzzy
FAIL: gcc.dg/debug/debug-6.c -gstabs scan-assembler xyzzy
FAIL: gcc.dg/debug/debug-6.c -gstabs -O scan-assembler xyzzy
FAIL: gcc.dg/debug/debug-6.c -gstabs -O3 scan-assembler xyzzy
FAIL: gcc.dg/debug/debug-6.c -gstabs3 scan-assembler xyzzy
FAIL: gcc.dg/debug/debug-6.c -gstabs3 -O scan-assembler xyzzy
FAIL: gcc.dg/debug/debug-6.c -gstabs3 -O3 scan-assembler xyzzy
FAIL: gcc.dg/debug/debug-6.c -gstabs+ scan-assembler xyzzy
FAIL: gcc.dg/debug/debug-6.c -gstabs+ -O scan-assembler xyzzy
FAIL: gcc.dg/debug/debug-6.c -gstabs+ -O3 scan-assembler xyzzy
FAIL: gcc.dg/debug/debug-6.c -gstabs+3 scan-assembler xyzzy
FAIL: gcc.dg/debug/debug-6.c -gstabs+3 -O scan-assembler xyzzy
FAIL: gcc.dg/debug/debug-6.c -gstabs+3 -O3 scan-assembler xyzzy
FAIL: gcc.dg/20010516-1.c (test for excess errors)
WARNING: program timed out.
FAIL: gcc.dg/20020425-1.c (test for excess errors)
FAIL: gcc.dg/Wconversion-5.c  (test for warnings, line 22)
FAIL: gcc.dg/Wconversion-real-integer.c  (test for warnings, line 34)
FAIL: gcc.dg/Wconversion-real-integer.c  (test for warnings, line 35)
FAIL: gcc.dg/Wconversion-real-integer.c  (test for warnings, line 38)
FAIL: gcc.dg/Wconversion-real-integer.c  (test for warnings, line 39)
FAIL: gcc.dg/Wconversion-real-integer.c  (test for warnings, line 40)
FAIL: gcc.dg/Wconversion-real-integer.c  (test for warnings, line 41)
FAIL: gcc.dg/Wconversion-real-integer.c (test for excess errors)
FAIL: gcc.dg/Wstrict-overflow-12.c correct warning (test for warnings, line 13)
FAIL: gcc.dg/Wstrict-overflow-13.c correct warning (test for warnings, line 14)
FAIL: gcc.dg/Wstrict-overflow-21.c correct warning (test for warnings, line 8)
FAIL: gcc.dg/Wtype-limits-Wextra.c  (test for warnings, line 25)
FAIL: gcc.dg/Wtype-limits-Wextra.c  (test for warnings, line 26)
FAIL: gcc.dg/Wtype-limits-Wextra.c  (test for warnings, line 27)
FAIL: gcc.dg/Wtype-limits-Wextra.c  (test for warnings, line 28)
FAIL: gcc.dg/Wtype-limits-Wextra.c (test for excess errors)
FAIL: gcc.dg/Wtype-limits.c  (test for warnings, line 25)
FAIL: gcc.dg/Wtype-limits.c  (test for warnings, line 26)
FAIL: gcc.dg/Wtype-limits.c  (test for warnings, line 27)
FAIL: gcc.dg/Wtype-limits.c  (test for warnings, line 28)
FAIL: gcc.dg/Wtype-limits.c (test for excess errors)
XPASS: gcc.dg/Wunreachable-8.c  (test for bogus messages, line 9)
FAIL: gcc.dg/alias-10.c scan-tree-dump-times unswitch "Unswitching" 1: dump file does not exist
FAIL: gcc.dg/asm-4.c (internal compiler error)
FAIL: gcc.dg/asm-4.c (test for excess errors)
FAIL: gcc.dg/asm-7.c (test for excess errors)
FAIL: gcc.dg/cleanup-12.c execution test
FAIL: gcc.dg/cleanup-5.c execution test
FAIL: gcc.dg/duff-1.c (internal compiler error)
FAIL: gcc.dg/duff-1.c (test for excess errors)
UNRESOLVED: gcc.dg/duff-1.c compilation failed to produce executable
FAIL: gcc.dg/duff-2.c (internal compiler error)
FAIL: gcc.dg/duff-2.c (test for excess errors)
UNRESOLVED: gcc.dg/duff-2.c compilation failed to produce executable
FAIL: gcc.dg/duff-3.c (internal compiler error)
FAIL: gcc.dg/duff-3.c (test for excess errors)
UNRESOLVED: gcc.dg/duff-3.c compilation failed to produce executable
FAIL: gcc.dg/duff-4.c (internal compiler error)
FAIL: gcc.dg/duff-4.c (test for excess errors)
UNRESOLVED: gcc.dg/duff-4.c compilation failed to produce executable
FAIL: gcc.dg/fold-alloca-1.c scan-tree-dump-times useless "link_error" 0
FAIL: gcc.dg/fold-compare-2.c scan-tree-dump-times vrp1 "Removing basic block" 2
FAIL: gcc.dg/fold-eqandshift-3.c scan-tree-dump-times original "\\(a & 1073741824\\) != 0" 1
FAIL: gcc.dg/fold-eqandshift-3.c scan-tree-dump-times original "\\(b & 1073741824\\) != 0" 1
FAIL: gcc.dg/ftrapv-1.c (test for excess errors)
UNRESOLVED: gcc.dg/ftrapv-1.c compilation failed to produce executable
FAIL: gcc.dg/ftrapv-2.c (test for excess errors)
UNRESOLVED: gcc.dg/ftrapv-2.c compilation failed to produce executable
FAIL: gcc.dg/initpri1.c execution test
FAIL: gcc.dg/memcpy-1.c scan-tree-dump-times optimized "nasty_local" 0
FAIL: gcc.dg/multiple-overflow-warn-3.c  (test for warnings, line 8)
FAIL: gcc.dg/multiple-overflow-warn-3.c (test for excess errors)
FAIL: gcc.dg/pr17506.c  (test for warnings, line 11)
FAIL: gcc.dg/pr17506.c  (test for warnings, line 21)
FAIL: gcc.dg/pr27639.c (test for excess errors)
FAIL: gcc.dg/pr27758.c (test for excess errors)
UNRESOLVED: gcc.dg/pr27758.c compilation failed to produce executable
FAIL: gcc.dg/pr28755.c (test for excess errors)
FAIL: gcc.dg/pr28755.c scan-assembler-times 2112543726|7deadbee 2
FAIL: gcc.dg/pr32912-2.c execution test
FAIL: gcc.dg/pr34225.c (test for excess errors)
FAIL: gcc.dg/pr35065.c (test for excess errors)
FAIL: gcc.dg/pr36194.c execution test
FAIL: gcc.dg/pr36227.c (test for excess errors)
FAIL: gcc.dg/pr36300-1.c (test for excess errors)
FAIL: gcc.dg/pr36300-2.c (test for excess errors)
FAIL: gcc.dg/setjmp-1.c spurious clobbered warning (test for bogus messages, line 16)
FAIL: gcc.dg/sibcall-3.c execution test
FAIL: gcc.dg/sibcall-4.c execution test
FAIL: gcc.dg/strict-overflow-5.c scan-tree-dump optimized "return 3"
FAIL: gcc.dg/uninit-11.c conditional (test for warnings, line 20)
FAIL: gcc.dg/uninit-13.c unconditional (test for warnings, line 8)
FAIL: gcc.dg/uninit-15.c  (test for warnings, line 6)
FAIL: gcc.dg/uninit-15.c  (test for warnings, line 14)
FAIL: gcc.dg/uninit-16.c  (test for warnings, line 21)
FAIL: gcc.dg/uninit-I.c  (test for warnings, line 6)
FAIL: gcc.dg/utf-cvt.c  (test for warnings, line 46)
FAIL: gcc.dg/utf-cvt.c  (test for warnings, line 47)
FAIL: gcc.dg/utf-cvt.c  (test for warnings, line 48)
FAIL: gcc.dg/utf-cvt.c (test for excess errors)
FAIL: gcc.dg/utf32-1.c execution test
FAIL: gcc.dg/utf32-2.c execution test
FAIL: gcc.dg/utf32-3.c execution test
FAIL: gcc.dg/utf32-4.c (test for excess errors)
FAIL: gcc.dg/va-arg-pack-1.c  (test for errors, line 10)
FAIL: gcc.dg/ipa/ipa-1.c scan-ipa-dump-times cp "versioned function" 2: dump file does not exist
FAIL: gcc.dg/ipa/ipa-1.c scan-ipa-dump-times cp "replacing param with const" 2: dump file does not exist
FAIL: gcc.dg/ipa/ipa-2.c scan-ipa-dump-times cp "versioned function" 2: dump file does not exist
FAIL: gcc.dg/ipa/ipa-2.c scan-ipa-dump-times cp "replacing param with const" 2: dump file does not exist
FAIL: gcc.dg/ipa/ipa-3.c scan-ipa-dump-times cp "versioned function" 2: dump file does not exist
FAIL: gcc.dg/ipa/ipa-3.c scan-ipa-dump-times cp "replacing param with const" 3: dump file does not exist
FAIL: gcc.dg/ipa/ipa-4.c scan-ipa-dump-times cp "versioned function" 1: dump file does not exist
FAIL: gcc.dg/ipa/ipa-4.c scan-ipa-dump-times cp "replacing param with const" 1: dump file does not exist
FAIL: gcc.dg/ipa/ipa-5.c scan-ipa-dump-times cp "versioned function" 2: dump file does not exist
FAIL: gcc.dg/ipa/ipa-5.c scan-ipa-dump-times cp "replacing param with const" 2: dump file does not exist
FAIL: gcc.dg/ipa/ipa-7.c scan-ipa-dump-times cp "versioned function" 1: dump file does not exist
FAIL: gcc.dg/ipa/ipa-7.c scan-ipa-dump-times cp "propagating const" 1: dump file does not exist
FAIL: gcc.dg/matrix/matrix-1.c scan-ipa-dump-times matrix-reorg "Flattened 3 dimensions" 1: dump file does not exist
FAIL: gcc.dg/matrix/matrix-2.c scan-ipa-dump-times matrix-reorg "Flattened 2 dimensions" 1: dump file does not exist
FAIL: gcc.dg/matrix/matrix-3.c scan-ipa-dump-times matrix-reorg "Flattened 2 dimensions" 1: dump file does not exist
FAIL: gcc.dg/matrix/matrix-4.c scan-ipa-dump-times matrix-reorg "Flattened" 0: dump file does not exist
FAIL: gcc.dg/matrix/matrix-5.c scan-ipa-dump-times matrix-reorg "Flattened" 0: dump file does not exist
FAIL: gcc.dg/matrix/matrix-6.c scan-ipa-dump-times matrix-reorg "Flattened 2 dimensions" 1: dump file does not exist
FAIL: gcc.dg/pch/struct-1.c -O0 -g assembly comparison
FAIL: gcc.dg/pch/struct-1.c  -O0  assembly comparison
FAIL: gcc.dg/pch/struct-1.c  -O1  assembly comparison
FAIL: gcc.dg/pch/struct-1.c  -O2  assembly comparison
FAIL: gcc.dg/pch/struct-1.c  -O3 -fomit-frame-pointer  assembly comparison
FAIL: gcc.dg/pch/struct-1.c  -O3 -g  assembly comparison
FAIL: gcc.dg/pch/struct-1.c  -Os  assembly comparison
FAIL: gcc.dg/special/gcsec-1.c (test for excess errors)
FAIL: gcc.dg/struct/wo_prof_array_field.c scan-ipa-dump ipa_struct_reorg "Number of structures to transform is 1": dump file does not exist
FAIL: gcc.dg/struct/wo_prof_double_malloc.c scan-ipa-dump ipa_struct_reorg "Number of structures to transform is 1": dump file does not exist
FAIL: gcc.dg/struct/wo_prof_escape_arg_to_local.c scan-ipa-dump ipa_struct_reorg "is passed to local function...Excluded.": dump file does not exist
FAIL: gcc.dg/struct/wo_prof_escape_return.c scan-ipa-dump ipa_struct_reorg "is return type of function...Excluded": dump file does not exist
FAIL: gcc.dg/struct/wo_prof_escape_str_init.c scan-ipa-dump ipa_struct_reorg "is initialized...Excluded": dump file does not exist
FAIL: gcc.dg/struct/wo_prof_escape_substr_array.c scan-ipa-dump ipa_struct_reorg "is a field in the structure": dump file does not exist
FAIL: gcc.dg/struct/wo_prof_escape_substr_pointer.c scan-ipa-dump ipa_struct_reorg "is a field in the structure": dump file does not exist
FAIL: gcc.dg/struct/wo_prof_escape_substr_value.c scan-ipa-dump ipa_struct_reorg "is a field in the structure": dump file does not exist
FAIL: gcc.dg/struct/wo_prof_global_array.c scan-ipa-dump ipa_struct_reorg "Number of structures to transform is 1": dump file does not exist
FAIL: gcc.dg/struct/wo_prof_global_var.c scan-ipa-dump ipa_struct_reorg "Number of structures to transform is 1": dump file does not exist
FAIL: gcc.dg/struct/wo_prof_local_array.c scan-ipa-dump ipa_struct_reorg "Number of structures to transform is 1": dump file does not exist
FAIL: gcc.dg/struct/wo_prof_local_var.c scan-ipa-dump ipa_struct_reorg "Number of structures to transform is 1": dump file does not exist
FAIL: gcc.dg/struct/wo_prof_malloc_size_var.c scan-ipa-dump ipa_struct_reorg "Number of structures to transform is 1": dump file does not exist
FAIL: gcc.dg/struct/wo_prof_single_str_global.c scan-ipa-dump ipa_struct_reorg "Number of structures to transform is 1": dump file does not exist
FAIL: gcc.dg/struct/wo_prof_single_str_local.c scan-ipa-dump ipa_struct_reorg "No structures to transform": dump file does not exist
FAIL: gcc.dg/struct/wo_prof_two_strs.c scan-ipa-dump ipa_struct_reorg "Number of structures to transform is 2": dump file does not exist
FAIL: gcc.dg/tls/asm-1.c (test for excess errors)
FAIL: gcc.dg/torture/builtin-frexp-1.c  -O0  (test for excess errors)
FAIL: gcc.dg/torture/builtin-frexp-1.c  -O1  (test for excess errors)
FAIL: gcc.dg/torture/builtin-frexp-1.c  -O2  (test for excess errors)
FAIL: gcc.dg/torture/builtin-frexp-1.c  -O3 -fomit-frame-pointer  (test for excess errors)
FAIL: gcc.dg/torture/builtin-frexp-1.c  -O3 -fomit-frame-pointer -funroll-loops  (test for excess errors)
FAIL: gcc.dg/torture/builtin-frexp-1.c  -O3 -fomit-frame-pointer -funroll-all-loops -finline-functions  (test for excess errors)
FAIL: gcc.dg/torture/builtin-frexp-1.c  -O3 -g  (test for excess errors)
FAIL: gcc.dg/torture/builtin-frexp-1.c  -Os  (test for excess errors)
FAIL: gcc.dg/torture/pr34330.c  -O0  (test for excess errors)
FAIL: gcc.dg/torture/pr34330.c  -O1  (test for excess errors)
FAIL: gcc.dg/torture/pr34330.c  -O2  (test for excess errors)
FAIL: gcc.dg/torture/pr34330.c  -O3 -fomit-frame-pointer  (test for excess errors)
FAIL: gcc.dg/torture/pr34330.c  -O3 -fomit-frame-pointer -funroll-loops  (test for excess errors)
FAIL: gcc.dg/torture/pr34330.c  -O3 -fomit-frame-pointer -funroll-all-loops -finline-functions  (test for excess errors)
FAIL: gcc.dg/torture/pr34330.c  -O3 -g  (test for excess errors)
FAIL: gcc.dg/torture/pr34330.c  -Os  (test for excess errors)
FAIL: gcc.dg/torture/pr36244.c  -O0  (test for excess errors)
FAIL: gcc.dg/torture/pr36244.c  -O1  (test for excess errors)
FAIL: gcc.dg/torture/pr36244.c  -O2  (test for excess errors)
FAIL: gcc.dg/torture/pr36244.c  -O3 -fomit-frame-pointer  (test for excess errors)
FAIL: gcc.dg/torture/pr36244.c  -O3 -fomit-frame-pointer -funroll-loops  (test for excess errors)
FAIL: gcc.dg/torture/pr36244.c  -O3 -fomit-frame-pointer -funroll-all-loops -finline-functions  (test for excess errors)
FAIL: gcc.dg/torture/pr36244.c  -O3 -g  (test for excess errors)
FAIL: gcc.dg/torture/pr36244.c  -Os  (test for excess errors)
FAIL: gcc.dg/tree-ssa/20030709-2.c scan-tree-dump-times cddce ".rtmem" 0
FAIL: gcc.dg/tree-ssa/20030709-2.c scan-tree-dump-times cddce "if " 1
FAIL: gcc.dg/tree-ssa/20030711-2.c scan-tree-dump-times dom3 "rtmem" 1
FAIL: gcc.dg/tree-ssa/20030714-2.c scan-tree-dump-times dom3 "if " 3
FAIL: gcc.dg/tree-ssa/20030730-1.c scan-tree-dump-times dom3 "if " 0
FAIL: gcc.dg/tree-ssa/20030730-2.c scan-tree-dump-times dom3 "if " 0
FAIL: gcc.dg/tree-ssa/20030807-2.c scan-tree-dump-times dom3 "if " 0
FAIL: gcc.dg/tree-ssa/20030807-6.c scan-tree-dump-times vrp1 "ABS_EXPR " 0
FAIL: gcc.dg/tree-ssa/20030807-7.c scan-tree-dump-times vrp1 "if " 1
FAIL: gcc.dg/tree-ssa/20030824-2.c scan-tree-dump-times optimized "return [xy] \\+ [xy]" 1
FAIL: gcc.dg/tree-ssa/20030922-1.c scan-tree-dump-times dom3 "if " 0
FAIL: gcc.dg/tree-ssa/20031106-4.c scan-tree-dump-times optimized "link_error" 0
FAIL: gcc.dg/tree-ssa/20031216-1.c scan-tree-dump-times optimized "link_error" 0
XPASS: gcc.dg/tree-ssa/20040204-1.c scan-tree-dump-times optimized "link_error" 0
FAIL: gcc.dg/tree-ssa/20040305-1.c scan-tree-dump-times forwprop1 "Replaced" 1: dump file does not exist
FAIL: gcc.dg/tree-ssa/20040305-1.c scan-tree-dump-times cddce "if " 2
FAIL: gcc.dg/tree-ssa/20040513-1.c scan-tree-dump-times forwprop1 "\\(_Bool\\)" 0: dump file does not exist
FAIL: gcc.dg/tree-ssa/20040513-2.c scan-tree-dump-times dom2 "link_error" 0
FAIL: gcc.dg/tree-ssa/20040517-1.c scan-tree-dump-times alias "VDEF" 2
FAIL: gcc.dg/tree-ssa/20050412-1.c scan-tree-dump-times optimized "a.* = 0;" 0
FAIL: gcc.dg/tree-ssa/alias-10.c scan-tree-dump optimized "return 3;"
FAIL: gcc.dg/tree-ssa/alias-11.c scan-tree-dump optimized "return \\*p\\.a \\+ a.0.;"
FAIL: gcc.dg/tree-ssa/alias-18.c scan-tree-dump fre "with 0": dump file does not exist
FAIL: gcc.dg/tree-ssa/alias-18.c scan-tree-dump fre "with 3": dump file does not exist
FAIL: gcc.dg/tree-ssa/alias-18.c scan-tree-dump fre "with 4": dump file does not exist
FAIL: gcc.dg/tree-ssa/alias-18.c scan-tree-dump fre "with 5": dump file does not exist
FAIL: gcc.dg/tree-ssa/alias-18.c scan-tree-dump fre "with 8": dump file does not exist
FAIL: gcc.dg/tree-ssa/alias-2.c scan-tree-dump-times optimized "link_error" 0
FAIL: gcc.dg/tree-ssa/alias-3.c scan-tree-dump optimized "return 1;"
FAIL: gcc.dg/tree-ssa/alias-4.c scan-tree-dump optimized "return 1;"
FAIL: gcc.dg/tree-ssa/alias-5.c scan-tree-dump optimized "return 1;"
FAIL: gcc.dg/tree-ssa/alias-6.c scan-tree-dump optimized "return \\*p\\.a \\+ a.0.;"
FAIL: gcc.dg/tree-ssa/asm-3.c scan-tree-dump-times optimized "bar [(]t[)]" 1
FAIL: gcc.dg/tree-ssa/builtin-expect-5.c scan-tree-dump-times forwprop1 " if " 2: dump file does not exist
FAIL: gcc.dg/tree-ssa/builtin-expect-5.c scan-tree-dump forwprop1 "builtin_expect[^\\n]*, 0\\);\\n[^\\n]*if": dump file does not exist
FAIL: gcc.dg/tree-ssa/builtin-expect-5.c scan-tree-dump forwprop1 "builtin_expect[^\\n]*, 1\\);\\n[^\\n]*if": dump file does not exist
FAIL: gcc.dg/tree-ssa/data-dep-1.c (test for excess errors)
FAIL: gcc.dg/tree-ssa/data-dep-1.c scan-tree-dump-times ltrans "4, \\+, 1" 0: dump file does not exist
FAIL: gcc.dg/tree-ssa/forwprop-1.c scan-tree-dump forwprop1 "t\\[i.*\\] = 1;": dump file does not exist
FAIL: gcc.dg/tree-ssa/forwprop-2.c scan-tree-dump forwprop1 "t\\[i.*\\] = 1;": dump file does not exist
FAIL: gcc.dg/tree-ssa/forwprop-3.c scan-tree-dump forwprop1 "Replaced .p_. < q_.. with .1.": dump file does not exist
FAIL: gcc.dg/tree-ssa/forwprop-4.c scan-tree-dump-not forwprop1 "link_error": dump file does not exist
FAIL: gcc.dg/tree-ssa/forwprop-5.c scan-tree-dump-times forwprop1 "VIEW_CONVERT_EXPR" 1: dump file does not exist
FAIL: gcc.dg/tree-ssa/forwprop-6.c scan-tree-dump-times forwprop1 "VIEW_CONVERT_EXPR" 1: dump file does not exist
FAIL: gcc.dg/tree-ssa/forwprop-7.c scan-tree-dump-times forwprop1 "VIEW_CONVERT_EXPR" 0: dump file does not exist
FAIL: gcc.dg/tree-ssa/forwprop-7.c scan-tree-dump-times forwprop1 "volatile int" 2: dump file does not exist
FAIL: gcc.dg/tree-ssa/forwprop-8.c scan-tree-dump-times forwprop1 "pointer" 0: dump file does not exist
FAIL: gcc.dg/tree-ssa/forwprop-8.c scan-tree-dump forwprop1 "->a\\[0\\]": dump file does not exist
FAIL: gcc.dg/tree-ssa/forwprop-9.c scan-tree-dump-times final_cleanup " = 1" 2
FAIL: gcc.dg/tree-ssa/gen-vect-11.c (internal compiler error)
FAIL: gcc.dg/tree-ssa/gen-vect-11.c (test for excess errors)
UNRESOLVED: gcc.dg/tree-ssa/gen-vect-11.c compilation failed to produce executable
FAIL: gcc.dg/tree-ssa/gen-vect-11.c scan-tree-dump-times vect "vectorized 1 loops" 1: dump file does not exist
FAIL: gcc.dg/tree-ssa/gen-vect-11a.c (internal compiler error)
FAIL: gcc.dg/tree-ssa/gen-vect-11a.c (test for excess errors)
UNRESOLVED: gcc.dg/tree-ssa/gen-vect-11a.c compilation failed to produce executable
FAIL: gcc.dg/tree-ssa/gen-vect-11a.c scan-tree-dump-times vect "vectorized 1 loops" 1: dump file does not exist
FAIL: gcc.dg/tree-ssa/gen-vect-11b.c (internal compiler error)
FAIL: gcc.dg/tree-ssa/gen-vect-11b.c (test for excess errors)
UNRESOLVED: gcc.dg/tree-ssa/gen-vect-11b.c compilation failed to produce executable
FAIL: gcc.dg/tree-ssa/gen-vect-11b.c scan-tree-dump-times vect "vectorized 0 loops" 1: dump file does not exist
FAIL: gcc.dg/tree-ssa/gen-vect-11c.c (internal compiler error)
FAIL: gcc.dg/tree-ssa/gen-vect-11c.c (test for excess errors)
UNRESOLVED: gcc.dg/tree-ssa/gen-vect-11c.c compilation failed to produce executable
FAIL: gcc.dg/tree-ssa/gen-vect-11c.c scan-tree-dump-times vect "vectorized 0 loops" 1: dump file does not exist
FAIL: gcc.dg/tree-ssa/gen-vect-2.c (internal compiler error)
FAIL: gcc.dg/tree-ssa/gen-vect-2.c (test for excess errors)
UNRESOLVED: gcc.dg/tree-ssa/gen-vect-2.c compilation failed to produce executable
FAIL: gcc.dg/tree-ssa/gen-vect-2.c scan-tree-dump-times vect "vectorized 1 loops" 1: dump file does not exist
FAIL: gcc.dg/tree-ssa/gen-vect-2.c scan-tree-dump-times vect "Vectorizing an unaligned access" 0: dump file does not exist
FAIL: gcc.dg/tree-ssa/gen-vect-25.c (internal compiler error)
FAIL: gcc.dg/tree-ssa/gen-vect-25.c (test for excess errors)
UNRESOLVED: gcc.dg/tree-ssa/gen-vect-25.c compilation failed to produce executable
FAIL: gcc.dg/tree-ssa/gen-vect-25.c scan-tree-dump-times vect "vectorized 2 loops" 1: dump file does not exist
FAIL: gcc.dg/tree-ssa/gen-vect-25.c scan-tree-dump-times vect "Vectorizing an unaligned access" 0: dump file does not exist
FAIL: gcc.dg/tree-ssa/gen-vect-26.c (internal compiler error)
FAIL: gcc.dg/tree-ssa/gen-vect-26.c (test for excess errors)
UNRESOLVED: gcc.dg/tree-ssa/gen-vect-26.c compilation failed to produce executable
FAIL: gcc.dg/tree-ssa/gen-vect-26.c scan-tree-dump-times vect "vectorized 1 loops" 1: dump file does not exist
FAIL: gcc.dg/tree-ssa/gen-vect-26.c scan-tree-dump-times vect "Vectorizing an unaligned access" 0: dump file does not exist
FAIL: gcc.dg/tree-ssa/gen-vect-26.c scan-tree-dump-times vect "Alignment of access forced using peeling" 1: dump file does not exist
FAIL: gcc.dg/tree-ssa/gen-vect-28.c (internal compiler error)
FAIL: gcc.dg/tree-ssa/gen-vect-28.c (test for excess errors)
UNRESOLVED: gcc.dg/tree-ssa/gen-vect-28.c compilation failed to produce executable
FAIL: gcc.dg/tree-ssa/gen-vect-28.c scan-tree-dump-times vect "vectorized 1 loops" 1: dump file does not exist
FAIL: gcc.dg/tree-ssa/gen-vect-28.c scan-tree-dump-times vect "Vectorizing an unaligned access" 0: dump file does not exist
FAIL: gcc.dg/tree-ssa/gen-vect-28.c scan-tree-dump-times vect "Alignment of access forced using peeling" 1: dump file does not exist
FAIL: gcc.dg/tree-ssa/gen-vect-32.c (internal compiler error)
FAIL: gcc.dg/tree-ssa/gen-vect-32.c (test for excess errors)
UNRESOLVED: gcc.dg/tree-ssa/gen-vect-32.c compilation failed to produce executable
FAIL: gcc.dg/tree-ssa/gen-vect-32.c scan-tree-dump-times vect "vectorized 1 loops" 1: dump file does not exist
FAIL: gcc.dg/tree-ssa/gen-vect-32.c scan-tree-dump-times vect "Vectorizing an unaligned access" 0: dump file does not exist
FAIL: gcc.dg/tree-ssa/ifc-20040816-1.c scan-tree-dump-times ifcvt "Applying if-conversion" 1
FAIL: gcc.dg/tree-ssa/ifc-20040816-2.c (test for excess errors)
FAIL: gcc.dg/tree-ssa/ifc-20040816-2.c scan-tree-dump-times ifcvt "Applying if-conversion" 1
FAIL: gcc.dg/tree-ssa/ldist-1.c scan-tree-dump-times ldist "distributed: split to 2 loops" 0: dump file does not exist
FAIL: gcc.dg/tree-ssa/ldist-10.c scan-tree-dump-times ldist "distributed: split to 2 loops" 0: dump file does not exist
FAIL: gcc.dg/tree-ssa/ldist-11.c scan-tree-dump-times ldist "distributed: split to 2 loops" 1: dump file does not exist
FAIL: gcc.dg/tree-ssa/ldist-11.c scan-tree-dump-times ldist "generated memset zero" 1: dump file does not exist
FAIL: gcc.dg/tree-ssa/ldist-12.c scan-tree-dump-times ldist "distributed: split to 2 loops" 1: dump file does not exist
FAIL: gcc.dg/tree-ssa/ldist-1a.c scan-tree-dump-times ldist "distributed: split to 2 loops" 0: dump file does not exist
FAIL: gcc.dg/tree-ssa/ldist-2.c scan-tree-dump-times ldist "distributed: split to 2 loops" 0: dump file does not exist
FAIL: gcc.dg/tree-ssa/ldist-3.c (test for excess errors)
FAIL: gcc.dg/tree-ssa/ldist-3.c scan-tree-dump-times ldist "distributed: split to 3 loops" 0: dump file does not exist
FAIL: gcc.dg/tree-ssa/ldist-5.c (test for excess errors)
FAIL: gcc.dg/tree-ssa/ldist-6.c scan-tree-dump-times ldist "distributed: split to 2 loops" 0: dump file does not exist
FAIL: gcc.dg/tree-ssa/ldist-7.c scan-tree-dump-times ldist "distributed" 0: dump file does not exist
FAIL: gcc.dg/tree-ssa/ldist-8.c scan-tree-dump-times ldist "distributed: split to 2 loops" 0: dump file does not exist
FAIL: gcc.dg/tree-ssa/ldist-9.c scan-tree-dump-times ldist "distributed: split to 2 loops" 0: dump file does not exist
FAIL: gcc.dg/tree-ssa/loadpre10.c scan-tree-dump-times pre "Eliminated: 1" 1
FAIL: gcc.dg/tree-ssa/loadpre11.c scan-tree-dump-times pre "Eliminated: 1" 1
FAIL: gcc.dg/tree-ssa/loadpre12.c scan-tree-dump-times pre "Eliminated: 1" 1
FAIL: gcc.dg/tree-ssa/loadpre13.c scan-tree-dump-times pre "Eliminated: 1" 1
FAIL: gcc.dg/tree-ssa/loadpre14.c scan-tree-dump-times pre "Eliminated: 1" 1
FAIL: gcc.dg/tree-ssa/loadpre15.c scan-tree-dump-times pre "Eliminated: 1" 1
FAIL: gcc.dg/tree-ssa/loadpre16.c scan-tree-dump-times pre "Eliminated: 1" 1
FAIL: gcc.dg/tree-ssa/loadpre17.c scan-tree-dump-times pre "Eliminated: 1" 1
FAIL: gcc.dg/tree-ssa/loadpre19.c scan-tree-dump-times pre "Eliminated: 1" 1
FAIL: gcc.dg/tree-ssa/loadpre2.c scan-tree-dump-times pre "Eliminated: 1" 1
FAIL: gcc.dg/tree-ssa/loadpre20.c scan-tree-dump-times pre "Eliminated: 1" 1
FAIL: gcc.dg/tree-ssa/loadpre21.c scan-tree-dump-times pre "Eliminated: 1" 1
FAIL: gcc.dg/tree-ssa/loadpre22.c scan-tree-dump-times pre "Eliminated: 1" 1
FAIL: gcc.dg/tree-ssa/loadpre23.c scan-tree-dump-times pre "Eliminated: 1" 1
FAIL: gcc.dg/tree-ssa/loadpre25.c scan-tree-dump-times pre "Eliminated: 1" 1
FAIL: gcc.dg/tree-ssa/loadpre3.c scan-tree-dump-times pre "Eliminated: 2" 1
FAIL: gcc.dg/tree-ssa/loadpre4.c scan-tree-dump-times pre "Eliminated: 1" 1
FAIL: gcc.dg/tree-ssa/loadpre5.c scan-tree-dump-times pre "Eliminated: 1" 1
FAIL: gcc.dg/tree-ssa/loadpre6.c scan-tree-dump-times pre "Eliminated: 2" 1
FAIL: gcc.dg/tree-ssa/loadpre8.c scan-tree-dump-times pre "Eliminated: 1" 1
FAIL: gcc.dg/tree-ssa/loop-1.c scan-tree-dump-times ivcanon "Added canonical iv to loop 1, 4 iterations" 1: dump file does not exist
FAIL: gcc.dg/tree-ssa/loop-1.c scan-tree-dump-times cunroll "Unrolled loop 1 completely" 1: dump file does not exist
FAIL: gcc.dg/tree-ssa/loop-1.c scan-tree-dump-times optimized "foo" 5
FAIL: gcc.dg/tree-ssa/loop-1.c scan-assembler-times foo 5
FAIL: gcc.dg/tree-ssa/loop-11.c scan-tree-dump-times optimized "if " 0
FAIL: gcc.dg/tree-ssa/loop-15.c scan-tree-dump-times optimized "\\+" 0
FAIL: gcc.dg/tree-ssa/loop-15.c scan-tree-dump-times optimized "n \\* n" 1
FAIL: gcc.dg/tree-ssa/loop-15.c scan-tree-dump-times optimized "if " 1
FAIL: gcc.dg/tree-ssa/loop-17.c scan-tree-dump sccp "set_nb_iterations_in_loop = 1"
FAIL: gcc.dg/tree-ssa/loop-23.c scan-tree-dump-times cunroll "Unrolled loop 1 completely" 1: dump file does not exist
FAIL: gcc.dg/tree-ssa/loop-24.c scan-tree-dump-times empty "Removing empty loop" 4
XPASS: gcc.dg/tree-ssa/loop-25.c scan-tree-dump-times profile "Found latch edge" 5
XPASS: gcc.dg/tree-ssa/loop-25.c scan-tree-dump-times profile "Merged latch edges" 2
XPASS: gcc.dg/tree-ssa/loop-25.c scan-tree-dump-times profile "4 loops found" 2
XPASS: gcc.dg/tree-ssa/loop-25.c scan-tree-dump-times profile "3 loops found" 2
XPASS: gcc.dg/tree-ssa/loop-25.c scan-tree-dump-times profile "2 loops found" 1
FAIL: gcc.dg/tree-ssa/loop-26.c scan-tree-dump-times empty "Removing empty loop" 2
FAIL: gcc.dg/tree-ssa/loop-29.c scan-tree-dump-times empty "Removing empty loop" 1
FAIL: gcc.dg/tree-ssa/loop-33.c scan-tree-dump-times lim "Executing store motion of" 4
FAIL: gcc.dg/tree-ssa/loop-35.c scan-tree-dump-times lim "Executing store motion of" 8
FAIL: gcc.dg/tree-ssa/loop-36.c scan-tree-dump-not dce2 "c.array"
FAIL: gcc.dg/tree-ssa/loop-37.c (test for excess errors)
FAIL: gcc.dg/tree-ssa/loop-37.c scan-tree-dump-not optimized "my_array"
FAIL: gcc.dg/tree-ssa/loop-5.c scan-tree-dump-times optimized "jter" 0
FAIL: gcc.dg/tree-ssa/loop-6.c scan-tree-dump-times unswitch "Unswitching loop" 1: dump file does not exist
FAIL: gcc.dg/tree-ssa/loop-6.c scan-tree-dump-times optimized "else" 3
FAIL: gcc.dg/tree-ssa/loop-7.c scan-tree-dump-times lim "Moving statement" 3
FAIL: gcc.dg/tree-ssa/ltrans-8.c scan-tree-dump-times ltrans "transformed loop" 1
FAIL: gcc.dg/tree-ssa/phi-opt-5.c scan-tree-dump phiopt1 "varx.*MIN_EXPR.*1\\.0"
FAIL: gcc.dg/tree-ssa/phi-opt-5.c scan-tree-dump phiopt1 "varx.*MAX_EXPR.*0\\.0"
FAIL: gcc.dg/tree-ssa/phi-opt-5.c scan-tree-dump phiopt1 "vary.*MAX_EXPR.*0\\.0"
FAIL: gcc.dg/tree-ssa/phi-opt-5.c scan-tree-dump phiopt1 "vary.*MIN_EXPR.*1\\.0"
FAIL: gcc.dg/tree-ssa/phi-opt-5.c scan-tree-dump phiopt1 "vara.*MAX_EXPR"
FAIL: gcc.dg/tree-ssa/pr14814.c scan-tree-dump-times forwprop2 "&" 0: dump file does not exist
FAIL: gcc.dg/tree-ssa/pr16721.c scan-tree-dump-times optimized "->addr" 1
FAIL: gcc.dg/tree-ssa/pr17141-1.c scan-tree-dump forwprop1 "locp.*->i =": dump file does not exist
FAIL: gcc.dg/tree-ssa/pr17141-2.c scan-tree-dump-times optimized "&" 0
FAIL: gcc.dg/tree-ssa/pr17141-2.c scan-tree-dump-times optimized "abort" 0
FAIL: gcc.dg/tree-ssa/pr18134.c scan-tree-dump-times optimized "return.*a != 0" 1
FAIL: gcc.dg/tree-ssa/pr19431.c scan-tree-dump optimized "i1 = j1"
FAIL: gcc.dg/tree-ssa/pr19431.c scan-tree-dump optimized "return i1;"
FAIL: gcc.dg/tree-ssa/pr20139.c scan-tree-dump-times final_cleanup "link_error" 0
FAIL: gcc.dg/tree-ssa/pr20657.c scan-tree-dump-times vrp1 "Folding predicate" 1
FAIL: gcc.dg/tree-ssa/pr20701.c scan-tree-dump-times vrp2 "Folding predicate.*to 0" 1
FAIL: gcc.dg/tree-ssa/pr20702.c scan-tree-dump-times vrp1 "Folding predicate" 1
FAIL: gcc.dg/tree-ssa/pr21001.c scan-tree-dump-times vrp1 "Folding predicate" 1
FAIL: gcc.dg/tree-ssa/pr21031.c scan-tree-dump-times forwprop1 "Replaced" 2: dump file does not exist
FAIL: gcc.dg/tree-ssa/pr21086.c scan-tree-dump-times vrp1 "Folding predicate " 1
FAIL: gcc.dg/tree-ssa/pr21090.c scan-tree-dump-times vrp1 "Folding predicate.*to 1" 1
FAIL: gcc.dg/tree-ssa/pr21294.c scan-tree-dump-times vrp1 "Folding predicate" 1
FAIL: gcc.dg/tree-ssa/pr21417.c scan-tree-dump-times dom3 "Threaded jump" 1
FAIL: gcc.dg/tree-ssa/pr21458.c scan-tree-dump-times vrp1 "Folding predicate.*to 1" 1
FAIL: gcc.dg/tree-ssa/pr21559.c scan-tree-dump-times vrp1 "Threaded jump" 3
FAIL: gcc.dg/tree-ssa/pr21563.c scan-tree-dump-times vrp1 "Folding predicate" 1
FAIL: gcc.dg/tree-ssa/pr21574.c scan-tree-dump fre "Replaced \\*p_.\\(D\\) with 0": dump file does not exist
FAIL: gcc.dg/tree-ssa/pr21582.c (test for excess errors)
FAIL: gcc.dg/tree-ssa/pr22051-1.c scan-tree-dump-times optimized "if \\(\\(void \\(\\*<.*>\\) \\(void\\)\\) p" 1
FAIL: gcc.dg/tree-ssa/pr22051-2.c scan-tree-dump-times optimized "if \\(\\(int\\).*q" 1
FAIL: gcc.dg/tree-ssa/pr22117.c scan-tree-dump-times vrp1 "Folding predicate r_.* != 0B to 0" 1
FAIL: gcc.dg/tree-ssa/pr23294.c scan-tree-dump-times optimized "\\) \\* 2" 3
FAIL: gcc.dg/tree-ssa/pr23744.c scan-tree-dump-times vrp1 "Folding predicate.*to 1" 1
FAIL: gcc.dg/tree-ssa/pr25382.c scan-tree-dump-times vrp1 "Folding predicate b_.* > 300 to 0" 1
FAIL: gcc.dg/tree-ssa/pr25485.c scan-tree-dump-times vrp1 "if" 1
FAIL: gcc.dg/tree-ssa/pr30978.c scan-tree-dump optimized "return a > 0;"
FAIL: gcc.dg/tree-ssa/pr32540-1.c (test for excess errors)
FAIL: gcc.dg/tree-ssa/pr32540-2.c (test for excess errors)
FAIL: gcc.dg/tree-ssa/pr32901.c scan-tree-dump-times gimple "thefoo.* = {}" 1
FAIL: gcc.dg/tree-ssa/pr33920.c (test for excess errors)
FAIL: gcc.dg/tree-ssa/pr36181.c (test for excess errors)
FAIL: gcc.dg/tree-ssa/predcom-1.c scan-tree-dump-times pcom "looparound ref" 1
FAIL: gcc.dg/tree-ssa/reassoc-1.c scan-tree-dump-times optimized "b \\+ a" 1
FAIL: gcc.dg/tree-ssa/reassoc-10.c scan-tree-dump-times optimized "\\& " 3
FAIL: gcc.dg/tree-ssa/reassoc-11.c scan-tree-dump-times reassoc1 "= 0" 1: dump file does not exist
FAIL: gcc.dg/tree-ssa/reassoc-12.c scan-tree-dump-times reassoc1 "Equivalence:" 1: dump file does not exist
FAIL: gcc.dg/tree-ssa/reassoc-13.c scan-tree-dump-not reassoc1 "\\+ 0.0": dump file does not exist
FAIL: gcc.dg/tree-ssa/reassoc-13.c scan-tree-dump optimized "return a;"
FAIL: gcc.dg/tree-ssa/reassoc-2.c scan-tree-dump-times optimized "return 0" 1
FAIL: gcc.dg/tree-ssa/reassoc-4.c scan-tree-dump-times optimized "\\+" 2
FAIL: gcc.dg/tree-ssa/reassoc-5.c scan-tree-dump-times optimized "a - i" 0
FAIL: gcc.dg/tree-ssa/reassoc-6.c scan-tree-dump-times reassoc1 "\\+ 8" 1: dump file does not exist
FAIL: gcc.dg/tree-ssa/reassoc-7.c scan-tree-dump-times reassoc1 "\\+ 15" 1: dump file does not exist
FAIL: gcc.dg/tree-ssa/reassoc-8.c scan-tree-dump-times reassoc1 "= 0" 1: dump file does not exist
FAIL: gcc.dg/tree-ssa/reassoc-9.c scan-tree-dump-times reassoc1 "= 20" 1: dump file does not exist
FAIL: gcc.dg/tree-ssa/recip-7.c scan-tree-dump-times recip " / " 1
FAIL: gcc.dg/tree-ssa/sra-4.c scan-tree-dump-times optimized "st" 0
FAIL: gcc.dg/tree-ssa/ssa-ccp-14.c scan-tree-dump-times optimized "if" 0
FAIL: gcc.dg/tree-ssa/ssa-ccp-19.c scan-tree-dump ccp1 "= a.i;"
FAIL: gcc.dg/tree-ssa/ssa-copyprop-1.c scan-tree-dump optimized "return i"
FAIL: gcc.dg/tree-ssa/ssa-dom-cse-1.c scan-tree-dump-times fre "Replaced.* t " 1: dump file does not exist
FAIL: gcc.dg/tree-ssa/ssa-fre-1.c scan-tree-dump fre "Replaced \\(int \\*\\) b_.*with a_": dump file does not exist
FAIL: gcc.dg/tree-ssa/ssa-fre-1.c scan-tree-dump fre "Replaced \\*c_.*with t_": dump file does not exist
FAIL: gcc.dg/tree-ssa/ssa-fre-11.c scan-tree-dump fre "Replaced S\\[5\\].x with 4": dump file does not exist
FAIL: gcc.dg/tree-ssa/ssa-fre-12.c scan-tree-dump fre "Replaced S\\[5\\].x with 4": dump file does not exist
FAIL: gcc.dg/tree-ssa/ssa-fre-13.c scan-tree-dump fre "Inserted .* &a": dump file does not exist
FAIL: gcc.dg/tree-ssa/ssa-fre-13.c scan-tree-dump fre "Replaced tmp1_.\\(D\\)->data": dump file does not exist
FAIL: gcc.dg/tree-ssa/ssa-fre-14.c scan-tree-dump fre "Inserted .* &a": dump file does not exist
FAIL: gcc.dg/tree-ssa/ssa-fre-14.c scan-tree-dump fre "Replaced tmp1.data": dump file does not exist
FAIL: gcc.dg/tree-ssa/ssa-fre-15.c scan-tree-dump fre "Replaced": dump file does not exist
FAIL: gcc.dg/tree-ssa/ssa-fre-16.c scan-tree-dump-not fre "link_error": dump file does not exist
FAIL: gcc.dg/tree-ssa/ssa-fre-17.c scan-tree-dump fre "Replaced f.doms\\[0\\].dom with i_": dump file does not exist
FAIL: gcc.dg/tree-ssa/ssa-fre-2.c scan-tree-dump fre "Replaced \\(short int\\) c_.*with b_": dump file does not exist
FAIL: gcc.dg/tree-ssa/ssa-fre-3.c scan-tree-dump fre "Replaced \\(int\\) aa_.*with a_": dump file does not exist
FAIL: gcc.dg/tree-ssa/ssa-fre-5.c scan-tree-dump fre "Replaced \\(unsigned int\\) a_.*with t_": dump file does not exist
FAIL: gcc.dg/tree-ssa/ssa-fre-6.c scan-tree-dump-times fre "Replaced " 5: dump file does not exist
FAIL: gcc.dg/tree-ssa/ssa-fre-7.c scan-tree-dump-times fre "Inserted pretmp" 1: dump file does not exist
FAIL: gcc.dg/tree-ssa/ssa-fre-7.c scan-tree-dump-times fre "Replaced a.u.f with pretmp" 3: dump file does not exist
FAIL: gcc.dg/tree-ssa/ssa-fre-7.c scan-tree-dump-times fre "Replaced a.u.k with j" 1: dump file does not exist
FAIL: gcc.dg/tree-ssa/ssa-fre-7.c scan-tree-dump fre "= VIEW_CONVERT_EXPR<float>\\(j_": dump file does not exist
FAIL: gcc.dg/tree-ssa/ssa-fre-7.c scan-tree-dump optimized "return j"
FAIL: gcc.dg/tree-ssa/ssa-fre-8.c scan-tree-dump-times fre "Replaced u.f with pretmp" 2: dump file does not exist
FAIL: gcc.dg/tree-ssa/ssa-fre-8.c scan-tree-dump-times fre "Inserted pretmp" 2: dump file does not exist
FAIL: gcc.dg/tree-ssa/ssa-fre-9.c scan-tree-dump-times fre "Eliminated: 1" 2: dump file does not exist
FAIL: gcc.dg/tree-ssa/ssa-fre-9.c scan-tree-dump-times fre "Insertions: 1" 2: dump file does not exist
FAIL: gcc.dg/tree-ssa/ssa-ifcombine-1.c scan-tree-dump optimized "\\|"
FAIL: gcc.dg/tree-ssa/ssa-ifcombine-2.c scan-tree-dump optimized "\\|"
FAIL: gcc.dg/tree-ssa/ssa-ifcombine-3.c scan-tree-dump optimized ">="
FAIL: gcc.dg/tree-ssa/ssa-ifcombine-5.c scan-tree-dump optimized ">="
FAIL: gcc.dg/tree-ssa/ssa-ifcombine-6.c (test for excess errors)
FAIL: gcc.dg/tree-ssa/ssa-ifcombine-6.c scan-tree-dump ifcombine "optimizing bits or bits test": dump file does not exist
FAIL: gcc.dg/tree-ssa/ssa-ifcombine-6.c scan-tree-dump ifcombine "optimizing double bit test": dump file does not exist
FAIL: gcc.dg/tree-ssa/ssa-lim-1.c scan-tree-dump-times lim "1 <<" 3
FAIL: gcc.dg/tree-ssa/ssa-lim-2.c scan-tree-dump-times lim "1 <<" 3
FAIL: gcc.dg/tree-ssa/ssa-lim-5.c (test for excess errors)
FAIL: gcc.dg/tree-ssa/ssa-pre-1.c scan-tree-dump-times pre "Eliminated: 1" 1
FAIL: gcc.dg/tree-ssa/ssa-pre-10.c scan-tree-dump-times fre "Eliminated: 1" 1: dump file does not exist
FAIL: gcc.dg/tree-ssa/ssa-pre-11.c scan-tree-dump-times pre "Eliminated: 1" 1
FAIL: gcc.dg/tree-ssa/ssa-pre-12.c scan-tree-dump-times pre "Eliminated: 1" 1
FAIL: gcc.dg/tree-ssa/ssa-pre-13.c scan-tree-dump-times pre "Eliminated: 1" 1
FAIL: gcc.dg/tree-ssa/ssa-pre-15.c scan-tree-dump optimized "= 0;"
FAIL: gcc.dg/tree-ssa/ssa-pre-16.c scan-tree-dump-times pre "Eliminated: 1" 1
FAIL: gcc.dg/tree-ssa/ssa-pre-17.c scan-tree-dump pre "Eliminated: 1"
FAIL: gcc.dg/tree-ssa/ssa-pre-2.c scan-tree-dump-times pre "Eliminated: 2" 1
FAIL: gcc.dg/tree-ssa/ssa-pre-3.c scan-tree-dump-times pre "Eliminated: 2" 1
FAIL: gcc.dg/tree-ssa/ssa-pre-4.c scan-tree-dump-times pre "Eliminated: 1" 1
FAIL: gcc.dg/tree-ssa/ssa-pre-5.c scan-tree-dump-times pre "Constified: 1" 1
FAIL: gcc.dg/tree-ssa/ssa-pre-6.c scan-tree-dump-times pre "Eliminated: 1" 1
FAIL: gcc.dg/tree-ssa/ssa-pre-7.c scan-tree-dump-times fre "Eliminated: 2" 1: dump file does not exist
FAIL: gcc.dg/tree-ssa/ssa-pre-8.c scan-tree-dump-times fre "Eliminated: 3" 1: dump file does not exist
FAIL: gcc.dg/tree-ssa/ssa-pre-9.c scan-tree-dump-times fre "return 0;" 0: dump file does not exist
FAIL: gcc.dg/tree-ssa/ssa-sccvn-1.c scan-tree-dump-times fre "Eliminated: 2" 1: dump file does not exist
FAIL: gcc.dg/tree-ssa/ssa-sccvn-2.c scan-tree-dump-times fre "Eliminated: 3" 1: dump file does not exist
FAIL: gcc.dg/tree-ssa/ssa-sccvn-3.c scan-tree-dump-times fre "Eliminated: 1" 1: dump file does not exist
FAIL: gcc.dg/tree-ssa/ssa-sccvn-4.c scan-tree-dump-times fre "Eliminated: 5" 1: dump file does not exist
FAIL: gcc.dg/tree-ssa/stdarg-1.c scan-tree-dump stdarg "f1: va_list escapes 0, needs to save 0 GPR units and 0 FPR units": dump file does not exist
FAIL: gcc.dg/tree-ssa/structopt-2.c scan-tree-dump-times optimized "a.e" 0
FAIL: gcc.dg/tree-ssa/structopt-2.c scan-tree-dump-times optimized "a.f" 0
FAIL: gcc.dg/tree-ssa/structopt-2.c scan-tree-dump-times optimized "a.g" 0
FAIL: gcc.dg/tree-ssa/structopt-3.c scan-tree-dump-times optimized "return 11" 1
FAIL: gcc.dg/tree-ssa/update-unswitch-1.c scan-tree-dump-not unswitch "Invalid sum": dump file does not exist
FAIL: gcc.dg/tree-ssa/update-unswitch-1.c scan-tree-dump-not unswitch "SUCC: 3 .100.0%": dump file does not exist
FAIL: gcc.dg/tree-ssa/useless-1.c scan-tree-dump-times useless "goto" 3
FAIL: gcc.dg/tree-ssa/vrp01.c scan-tree-dump-times vrp1 "Folding predicate p_.*to 1" 1
FAIL: gcc.dg/tree-ssa/vrp02.c scan-tree-dump-times vrp1 "Folding predicate p_.*to 1" 1
FAIL: gcc.dg/tree-ssa/vrp03.c scan-tree-dump-times vrp1 "Folding predicate q_.*to 1" 1
FAIL: gcc.dg/tree-ssa/vrp03.c scan-tree-dump-times vrp1 "Folding predicate r_.*to 1" 1
FAIL: gcc.dg/tree-ssa/vrp04.c scan-tree-dump-times vrp1 "Folding predicate a_.*to 1" 1
FAIL: gcc.dg/tree-ssa/vrp05.c scan-tree-dump-times vrp1 "Folding predicate j_.*to 1" 1
FAIL: gcc.dg/tree-ssa/vrp06.c scan-tree-dump-times vrp1 "Folding predicate i_.*to 0" 1
FAIL: gcc.dg/tree-ssa/vrp06.c scan-tree-dump-times vrp1 "Folding predicate j_.*to 1" 1
FAIL: gcc.dg/tree-ssa/vrp06.c scan-tree-dump-times vrp1 "Folding predicate i_.*to 0" 1
FAIL: gcc.dg/tree-ssa/vrp07.c scan-tree-dump-times vrp1 "Folding predicate p_.*to 1" 1
FAIL: gcc.dg/tree-ssa/vrp07.c scan-tree-dump-times vrp1 "Folding predicate p_.*to 0" 1
FAIL: gcc.dg/tree-ssa/vrp08.c scan-tree-dump-times vrp1 "Folding predicate p_.*to 1" 1
FAIL: gcc.dg/tree-ssa/vrp09.c scan-tree-dump-times vrp1 "Folding predicate p_.. != 0B to 1" 2
FAIL: gcc.dg/tree-ssa/vrp11.c scan-tree-dump-times vrp1 "Folding predicate.*to 1" 1
FAIL: gcc.dg/tree-ssa/vrp12.c (test for excess errors)
FAIL: gcc.dg/tree-ssa/vrp13.c (test for excess errors)
UNRESOLVED: gcc.dg/tree-ssa/vrp13.c compilation failed to produce executable
FAIL: gcc.dg/tree-ssa/vrp15.c scan-tree-dump-times vrp1 "tree_code_length.42." 1
FAIL: gcc.dg/tree-ssa/vrp16.c scan-tree-dump-times vrp1 "Folding predicate .*to 0" 1
FAIL: gcc.dg/tree-ssa/vrp17.c scan-tree-dump-times vrp1 "Simplified relational" 1
FAIL: gcc.dg/tree-ssa/vrp19.c scan-tree-dump vrp1 "Folding predicate a_. < 0 to 0"
FAIL: gcc.dg/tree-ssa/vrp19.c scan-tree-dump vrp1 "Folding predicate b_. >= 0 to 1"
FAIL: gcc.dg/tree-ssa/vrp20.c scan-tree-dump vrp1 "Folding predicate a_. == 0 to 0"
FAIL: gcc.dg/tree-ssa/vrp20.c scan-tree-dump vrp1 "Folding predicate b_. != 0 to 1"
FAIL: gcc.dg/tree-ssa/vrp25.c scan-tree-dump-times vrp1 "Folding predicate" 2
FAIL: gcc.dg/tree-ssa/vrp28.c scan-tree-dump-times vrp1 "if " 0
FAIL: gcc.dg/tree-ssa/vrp33.c scan-tree-dump vrp1 "Folding predicate.*== 1 to 0"
FAIL: gcc.dg/tree-ssa/vrp34.c scan-tree-dump vrp1 "Folding predicate a_. > 2 to 1"
FAIL: gcc.dg/tree-ssa/vrp34.c scan-tree-dump vrp1 "Folding predicate a_. <= 5 to 1"
FAIL: gcc.dg/tree-ssa/vrp35.c scan-tree-dump vrp1 "Folding predicate j_.* == 10 to 0"
FAIL: gcc.dg/tree-ssa/vrp36.c scan-tree-dump vrp1 "Folding predicate i_.* == 1 to 0"
FAIL: gcc.dg/tree-ssa/vrp39.c (test for excess errors)
FAIL: gcc.dg/tree-ssa/vrp44.c (test for excess errors)
FAIL: gcc.dg/tree-ssa/vrp45.c (test for excess errors)

		=== gcc Summary ===

# of expected passes		44315
# of unexpected failures	548
# of unexpected successes	7
# of expected failures		87
# of unresolved testcases	49
# of unsupported tests		674
/home/mstein/sim/gimple-tuples-branch/m32c-elf/build/gcc/xgcc  version 4.4.0 20080526 (experimental) [gimple-tuples-branch revision 136241] (gimple-tuples-branch merged with rev 135951) 


Compiler version: 4.4.0 20080526 (experimental) [gimple-tuples-branch revision 136241] (gimple-tuples-branch merged with rev 135951) gcc 
Platform: m32c-unknown-elf
configure flags: --target=m32c-elf --prefix=/home/mstein/cross-local/m32c-elf --enable-languages=c --disable-nls --disable-build-warnings --with-sysroot=/home/mstein/cross-local/m32c-elf --with-build-sysroot=/home/mstein/cross-local/m32c-elf --with-ld=/home/mstein/cross-local/m32c-elf/usr/bin/ld --with-as=/home/mstein/cross-local/m32c-elf/usr/bin/as --disable-libssp --with-mpfr=/opt/cfarm/mpfr-2.3.1


Index Nav: [Date Index] [Subject Index] [Author Index] [Thread Index]
Message Nav: [Date Prev] [Date Next] [Thread Prev] [Thread Next]