This is the mail archive of the gcc-testresults@gcc.gnu.org mailing list for the GCC project.


Index Nav: [Date Index] [Subject Index] [Author Index] [Thread Index]
Message Nav: [Date Prev] [Date Next] [Thread Prev] [Thread Next]
Other format: [Raw text]

Results for 4.4.0 20080531 (experimental) (GCC) testsuite on powerpc-unknown-linux-gnualtivec


LAST_UPDATED: 
Target is powerpc-unknown-linux-gnualtivec
Host   is x86_64-unknown-linux-gnu

		=== g++ tests ===


Running target reg_e600_ssh
UNRESOLVED: g++.dg/bprob/g++-bprob-1.C execution,    -g  -fprofile-arcs
UNRESOLVED: g++.dg/bprob/g++-bprob-1.C compilation,  -g  -fprofile-use
UNRESOLVED: g++.dg/bprob/g++-bprob-1.C execution,    -g  -fprofile-use
UNRESOLVED: g++.dg/bprob/g++-bprob-1.C execution,    -O0  -fprofile-arcs
UNRESOLVED: g++.dg/bprob/g++-bprob-1.C compilation,  -O0  -fprofile-use
UNRESOLVED: g++.dg/bprob/g++-bprob-1.C execution,    -O0  -fprofile-use
UNRESOLVED: g++.dg/bprob/g++-bprob-1.C execution,    -O1  -fprofile-arcs
UNRESOLVED: g++.dg/bprob/g++-bprob-1.C compilation,  -O1  -fprofile-use
UNRESOLVED: g++.dg/bprob/g++-bprob-1.C execution,    -O1  -fprofile-use
UNRESOLVED: g++.dg/bprob/g++-bprob-1.C execution,    -O2  -fprofile-arcs
UNRESOLVED: g++.dg/bprob/g++-bprob-1.C compilation,  -O2  -fprofile-use
UNRESOLVED: g++.dg/bprob/g++-bprob-1.C execution,    -O2  -fprofile-use
UNRESOLVED: g++.dg/bprob/g++-bprob-1.C execution,    -O3  -fprofile-arcs
UNRESOLVED: g++.dg/bprob/g++-bprob-1.C compilation,  -O3  -fprofile-use
UNRESOLVED: g++.dg/bprob/g++-bprob-1.C execution,    -O3  -fprofile-use
UNRESOLVED: g++.dg/bprob/g++-bprob-1.C execution,    -O3 -g  -fprofile-arcs
UNRESOLVED: g++.dg/bprob/g++-bprob-1.C compilation,  -O3 -g  -fprofile-use
UNRESOLVED: g++.dg/bprob/g++-bprob-1.C execution,    -O3 -g  -fprofile-use
UNRESOLVED: g++.dg/bprob/g++-bprob-1.C execution,    -Os  -fprofile-arcs
UNRESOLVED: g++.dg/bprob/g++-bprob-1.C compilation,  -Os  -fprofile-use
UNRESOLVED: g++.dg/bprob/g++-bprob-1.C execution,    -Os  -fprofile-use
UNRESOLVED: g++.dg/bprob/g++-bprob-2.C execution,    -g  -fprofile-arcs
UNRESOLVED: g++.dg/bprob/g++-bprob-2.C compilation,  -g  -fprofile-use
UNRESOLVED: g++.dg/bprob/g++-bprob-2.C execution,    -g  -fprofile-use
UNRESOLVED: g++.dg/bprob/g++-bprob-2.C execution,    -O0  -fprofile-arcs
UNRESOLVED: g++.dg/bprob/g++-bprob-2.C compilation,  -O0  -fprofile-use
UNRESOLVED: g++.dg/bprob/g++-bprob-2.C execution,    -O0  -fprofile-use
UNRESOLVED: g++.dg/bprob/g++-bprob-2.C execution,    -O1  -fprofile-arcs
UNRESOLVED: g++.dg/bprob/g++-bprob-2.C compilation,  -O1  -fprofile-use
UNRESOLVED: g++.dg/bprob/g++-bprob-2.C execution,    -O1  -fprofile-use
UNRESOLVED: g++.dg/bprob/g++-bprob-2.C execution,    -O2  -fprofile-arcs
UNRESOLVED: g++.dg/bprob/g++-bprob-2.C compilation,  -O2  -fprofile-use
UNRESOLVED: g++.dg/bprob/g++-bprob-2.C execution,    -O2  -fprofile-use
UNRESOLVED: g++.dg/bprob/g++-bprob-2.C execution,    -O3  -fprofile-arcs
UNRESOLVED: g++.dg/bprob/g++-bprob-2.C compilation,  -O3  -fprofile-use
UNRESOLVED: g++.dg/bprob/g++-bprob-2.C execution,    -O3  -fprofile-use
UNRESOLVED: g++.dg/bprob/g++-bprob-2.C execution,    -O3 -g  -fprofile-arcs
UNRESOLVED: g++.dg/bprob/g++-bprob-2.C compilation,  -O3 -g  -fprofile-use
UNRESOLVED: g++.dg/bprob/g++-bprob-2.C execution,    -O3 -g  -fprofile-use
UNRESOLVED: g++.dg/bprob/g++-bprob-2.C execution,    -Os  -fprofile-arcs
UNRESOLVED: g++.dg/bprob/g++-bprob-2.C compilation,  -Os  -fprofile-use
UNRESOLVED: g++.dg/bprob/g++-bprob-2.C execution,    -Os  -fprofile-use
UNRESOLVED: g++.dg/compat/abi/bitfield1 cp_compat_x_tst.o-cp_compat_y_tst.o execute 
UNRESOLVED: g++.dg/compat/abi/bitfield2 cp_compat_x_tst.o-cp_compat_y_tst.o execute 
UNRESOLVED: g++.dg/compat/abi/vbase8-10 cp_compat_x_tst.o-cp_compat_y_tst.o execute 
UNRESOLVED: g++.dg/compat/abi/vbase8-21 cp_compat_x_tst.o-cp_compat_y_tst.o execute 
UNRESOLVED: g++.dg/compat/abi/vbase8-22 cp_compat_x_tst.o-cp_compat_y_tst.o execute 
UNRESOLVED: g++.dg/compat/abi/vbase8-4 cp_compat_x_tst.o-cp_compat_y_tst.o execute 
UNRESOLVED: g++.dg/compat/break/bitfield5 cp_compat_x_tst.o-cp_compat_y_tst.o execute 
UNRESOLVED: g++.dg/compat/break/bitfield7 cp_compat_x_tst.o-cp_compat_y_tst.o execute 
UNRESOLVED: g++.dg/compat/break/empty6 cp_compat_x_tst.o-cp_compat_y_tst.o execute 
UNRESOLVED: g++.dg/compat/break/vbase10 cp_compat_x_tst.o-cp_compat_y_tst.o execute 
UNRESOLVED: g++.dg/compat/break/vbase11 cp_compat_x_tst.o-cp_compat_y_tst.o execute 
UNRESOLVED: g++.dg/compat/eh/ctor1 cp_compat_x_tst.o-cp_compat_y_tst.o execute 
UNRESOLVED: g++.dg/compat/eh/ctor2 cp_compat_x_tst.o-cp_compat_y_tst.o execute 
UNRESOLVED: g++.dg/compat/eh/dtor1 cp_compat_x_tst.o-cp_compat_y_tst.o execute 
UNRESOLVED: g++.dg/compat/eh/filter1 cp_compat_x_tst.o-cp_compat_y_tst.o execute 
UNRESOLVED: g++.dg/compat/eh/filter2 cp_compat_x_tst.o-cp_compat_y_tst.o execute 
UNRESOLVED: g++.dg/compat/eh/new1 cp_compat_x_tst.o-cp_compat_y_tst.o execute 
UNRESOLVED: g++.dg/compat/eh/nrv1 cp_compat_x_tst.o-cp_compat_y_tst.o execute 
UNRESOLVED: g++.dg/compat/eh/spec3 cp_compat_x_tst.o-cp_compat_y_tst.o execute 
UNRESOLVED: g++.dg/compat/eh/template1 cp_compat_x_tst.o-cp_compat_y_tst.o execute 
UNRESOLVED: g++.dg/compat/eh/unexpected1 cp_compat_x_tst.o-cp_compat_y_tst.o execute 
UNRESOLVED: g++.dg/compat/init/array5 cp_compat_x_tst.o-cp_compat_y_tst.o execute 
UNRESOLVED: g++.dg/compat/init/byval1 cp_compat_x_tst.o-cp_compat_y_tst.o execute 
UNRESOLVED: g++.dg/compat/init/dtor1 cp_compat_x_tst.o-cp_compat_y_tst.o execute 
UNRESOLVED: g++.dg/compat/init/elide1 cp_compat_x_tst.o-cp_compat_y_tst.o execute 
UNRESOLVED: g++.dg/compat/init/init-ref2 cp_compat_x_tst.o-cp_compat_y_tst.o execute 
UNRESOLVED: tmpdir-g++.dg-struct-layout-1/t001 cp_compat_x_tst.o-cp_compat_y_tst.o execute 
UNRESOLVED: tmpdir-g++.dg-struct-layout-1/t002 cp_compat_x_tst.o-cp_compat_y_tst.o execute 
UNRESOLVED: tmpdir-g++.dg-struct-layout-1/t003 cp_compat_x_tst.o-cp_compat_y_tst.o execute 
UNRESOLVED: tmpdir-g++.dg-struct-layout-1/t004 cp_compat_x_tst.o-cp_compat_y_tst.o execute 
UNRESOLVED: tmpdir-g++.dg-struct-layout-1/t005 cp_compat_x_tst.o-cp_compat_y_tst.o execute 
UNRESOLVED: tmpdir-g++.dg-struct-layout-1/t006 cp_compat_x_tst.o-cp_compat_y_tst.o execute 
UNRESOLVED: tmpdir-g++.dg-struct-layout-1/t007 cp_compat_x_tst.o-cp_compat_y_tst.o execute 
UNRESOLVED: tmpdir-g++.dg-struct-layout-1/t008 cp_compat_x_tst.o-cp_compat_y_tst.o execute 
UNRESOLVED: tmpdir-g++.dg-struct-layout-1/t009 cp_compat_x_tst.o-cp_compat_y_tst.o execute 
UNRESOLVED: tmpdir-g++.dg-struct-layout-1/t010 cp_compat_x_tst.o-cp_compat_y_tst.o execute 
UNRESOLVED: tmpdir-g++.dg-struct-layout-1/t011 cp_compat_x_tst.o-cp_compat_y_tst.o execute 
UNRESOLVED: tmpdir-g++.dg-struct-layout-1/t012 cp_compat_x_tst.o-cp_compat_y_tst.o execute 
UNRESOLVED: tmpdir-g++.dg-struct-layout-1/t013 cp_compat_x_tst.o-cp_compat_y_tst.o execute 
UNRESOLVED: tmpdir-g++.dg-struct-layout-1/t014 cp_compat_x_tst.o-cp_compat_y_tst.o execute 
UNRESOLVED: tmpdir-g++.dg-struct-layout-1/t015 cp_compat_x_tst.o-cp_compat_y_tst.o execute 
UNRESOLVED: tmpdir-g++.dg-struct-layout-1/t016 cp_compat_x_tst.o-cp_compat_y_tst.o execute 
UNRESOLVED: tmpdir-g++.dg-struct-layout-1/t017 cp_compat_x_tst.o-cp_compat_y_tst.o execute 
UNRESOLVED: tmpdir-g++.dg-struct-layout-1/t018 cp_compat_x_tst.o-cp_compat_y_tst.o execute 
UNRESOLVED: tmpdir-g++.dg-struct-layout-1/t019 cp_compat_x_tst.o-cp_compat_y_tst.o execute 
UNRESOLVED: tmpdir-g++.dg-struct-layout-1/t020 cp_compat_x_tst.o-cp_compat_y_tst.o execute 
UNRESOLVED: tmpdir-g++.dg-struct-layout-1/t021 cp_compat_x_tst.o-cp_compat_y_tst.o execute 
UNRESOLVED: tmpdir-g++.dg-struct-layout-1/t022 cp_compat_x_tst.o-cp_compat_y_tst.o execute 
UNRESOLVED: tmpdir-g++.dg-struct-layout-1/t023 cp_compat_x_tst.o-cp_compat_y_tst.o execute 
UNRESOLVED: tmpdir-g++.dg-struct-layout-1/t024 cp_compat_x_tst.o-cp_compat_y_tst.o execute 
UNRESOLVED: tmpdir-g++.dg-struct-layout-1/t025 cp_compat_x_tst.o-cp_compat_y_tst.o execute 
UNRESOLVED: tmpdir-g++.dg-struct-layout-1/t026 cp_compat_x_tst.o-cp_compat_y_tst.o execute 
UNRESOLVED: tmpdir-g++.dg-struct-layout-1/t027 cp_compat_x_tst.o-cp_compat_y_tst.o execute 
UNRESOLVED: tmpdir-g++.dg-struct-layout-1/t028 cp_compat_x_tst.o-cp_compat_y_tst.o execute 
UNRESOLVED: tmpdir-g++.dg-struct-layout-1/t029 cp_compat_x_tst.o-cp_compat_y_tst.o execute 
UNRESOLVED: tmpdir-g++.dg-struct-layout-1/t030 cp_compat_x_tst.o-cp_compat_y_tst.o execute 
UNRESOLVED: g++.dg/debug/trivial.C -gdwarf-21 execution test
UNRESOLVED: g++.dg/debug/trivial.C -gdwarf-21 -O2 execution test
UNRESOLVED: g++.dg/debug/trivial.C -gdwarf-21 -O3 execution test
UNRESOLVED: g++.dg/debug/trivial.C -gdwarf-2 execution test
UNRESOLVED: g++.dg/debug/trivial.C -gdwarf-2 -O2 execution test
UNRESOLVED: g++.dg/debug/trivial.C -gdwarf-2 -O3 execution test
UNRESOLVED: g++.dg/debug/trivial.C -gdwarf-23 execution test
UNRESOLVED: g++.dg/debug/trivial.C -gdwarf-23 -O2 execution test
UNRESOLVED: g++.dg/debug/trivial.C -gdwarf-23 -O3 execution test
UNRESOLVED: g++.dg/debug/trivial.C -gstabs1 execution test
UNRESOLVED: g++.dg/debug/trivial.C -gstabs1 -O2 execution test
UNRESOLVED: g++.dg/debug/trivial.C -gstabs1 -O3 execution test
UNRESOLVED: g++.dg/debug/trivial.C -gstabs execution test
UNRESOLVED: g++.dg/debug/trivial.C -gstabs -O2 execution test
UNRESOLVED: g++.dg/debug/trivial.C -gstabs -O3 execution test
UNRESOLVED: g++.dg/debug/trivial.C -gstabs3 execution test
UNRESOLVED: g++.dg/debug/trivial.C -gstabs3 -O2 execution test
UNRESOLVED: g++.dg/debug/trivial.C -gstabs3 -O3 execution test
UNRESOLVED: g++.dg/debug/trivial.C -gstabs+1 execution test
UNRESOLVED: g++.dg/debug/trivial.C -gstabs+1 -O2 execution test
UNRESOLVED: g++.dg/debug/trivial.C -gstabs+1 -O3 execution test
UNRESOLVED: g++.dg/debug/trivial.C -gstabs+ execution test
UNRESOLVED: g++.dg/debug/trivial.C -gstabs+ -O2 execution test
UNRESOLVED: g++.dg/debug/trivial.C -gstabs+ -O3 execution test
UNRESOLVED: g++.dg/debug/trivial.C -gstabs+3 execution test
UNRESOLVED: g++.dg/debug/trivial.C -gstabs+3 -O2 execution test
UNRESOLVED: g++.dg/debug/trivial.C -gstabs+3 -O3 execution test
UNRESOLVED: g++.dg/abi/align1.C execution test
UNRESOLVED: g++.dg/abi/bitfield1.C execution test
UNRESOLVED: g++.dg/abi/bitfield11.C execution test
UNRESOLVED: g++.dg/abi/bitfield2.C execution test
UNRESOLVED: g++.dg/abi/bitfield4.C execution test
UNRESOLVED: g++.dg/abi/bitfield6.C execution test
UNRESOLVED: g++.dg/abi/covariant3.C execution test
UNRESOLVED: g++.dg/abi/covariant4.C execution test
UNRESOLVED: g++.dg/abi/covariant5.C execution test
UNRESOLVED: g++.dg/abi/empty11.C execution test
UNRESOLVED: g++.dg/abi/empty4.C execution test
UNRESOLVED: g++.dg/abi/empty8.C execution test
UNRESOLVED: g++.dg/abi/enum1.C execution test
UNRESOLVED: g++.dg/abi/forced.C execution test
UNRESOLVED: g++.dg/abi/layout1.C execution test
UNRESOLVED: g++.dg/abi/layout2.C execution test
UNRESOLVED: g++.dg/abi/local1.C execution test
UNRESOLVED: g++.dg/abi/mangle2.C execution test
UNRESOLVED: g++.dg/abi/offsetof.C execution test
UNRESOLVED: g++.dg/abi/param1.C execution test
UNRESOLVED: g++.dg/abi/rtti2.C execution test
UNRESOLVED: g++.dg/abi/vbase12.C execution test
UNRESOLVED: g++.dg/abi/vbase13.C execution test
UNRESOLVED: g++.dg/abi/vbase8-10.C execution test
UNRESOLVED: g++.dg/abi/vbase8-21.C execution test
UNRESOLVED: g++.dg/abi/vbase8-22.C execution test
UNRESOLVED: g++.dg/abi/vbase8-4.C execution test
UNRESOLVED: g++.dg/abi/vcall1.C execution test
UNRESOLVED: g++.dg/conversion/bitfield1.C execution test
UNRESOLVED: g++.dg/conversion/bitfield3.C execution test
UNRESOLVED: g++.dg/conversion/enum1.C execution test
UNRESOLVED: g++.dg/conversion/ptrmem8.C execution test
FAIL: g++.dg/conversion/simd1.C  (test for warnings, line 8)
UNRESOLVED: g++.dg/cpp0x/not_special.C execution test
UNRESOLVED: g++.dg/cpp0x/rv-trivial-bug.C execution test
UNRESOLVED: g++.dg/cpp0x/rvo.C execution test
UNRESOLVED: g++.dg/cpp0x/variadic-bind.C execution test
UNRESOLVED: g++.dg/cpp0x/variadic-function.C execution test
UNRESOLVED: g++.dg/cpp0x/variadic-init.C execution test
UNRESOLVED: g++.dg/cpp0x/variadic-mem_fn.C execution test
UNRESOLVED: g++.dg/cpp0x/variadic-new.C execution test
UNRESOLVED: g++.dg/cpp0x/variadic-new2.C execution test
UNRESOLVED: g++.dg/cpp0x/variadic-tuple.C execution test
UNRESOLVED: g++.dg/cpp0x/variadic68.C execution test
UNRESOLVED: g++.dg/cpp0x/variadic70.C execution test
UNRESOLVED: g++.dg/cpp0x/variadic73.C execution test
UNRESOLVED: g++.dg/cpp0x/variadic80.C execution test
UNRESOLVED: g++.dg/eh/alias1.C execution test
UNRESOLVED: g++.dg/eh/cond1.C execution test
UNRESOLVED: g++.dg/eh/crossjump1.C execution test
UNRESOLVED: g++.dg/eh/ctor1.C execution test
UNRESOLVED: g++.dg/eh/ctor2.C execution test
UNRESOLVED: g++.dg/eh/delayslot1.C execution test
UNRESOLVED: g++.dg/eh/dtor1.C execution test
UNRESOLVED: g++.dg/eh/dtor2.C execution test
UNRESOLVED: g++.dg/eh/ehopt1.C execution test
UNRESOLVED: g++.dg/eh/elide1.C execution test
UNRESOLVED: g++.dg/eh/elide2.C execution test
UNRESOLVED: g++.dg/eh/filter1.C execution test
UNRESOLVED: g++.dg/eh/filter2.C execution test
UNRESOLVED: g++.dg/eh/forced1.C execution test
UNRESOLVED: g++.dg/eh/forced2.C execution test
UNRESOLVED: g++.dg/eh/forced3.C execution test
UNRESOLVED: g++.dg/eh/forced4.C execution test
UNRESOLVED: g++.dg/eh/fp-regs.C execution test
UNRESOLVED: g++.dg/eh/ia64-2.C execution test
UNRESOLVED: g++.dg/eh/loop1.C execution test
UNRESOLVED: g++.dg/eh/loop2.C execution test
UNRESOLVED: g++.dg/eh/new1.C execution test
UNRESOLVED: g++.dg/eh/omit-frame-pointer.C execution test
UNRESOLVED: g++.dg/eh/omit-frame-pointer2.C execution test
UNRESOLVED: g++.dg/eh/pr29166.C execution test
UNRESOLVED: g++.dg/eh/registers1.C execution test
UNRESOLVED: g++.dg/eh/scope1.C execution test
UNRESOLVED: g++.dg/eh/simd-1.C execution test
UNRESOLVED: g++.dg/eh/simd-2.C execution test
UNRESOLVED: g++.dg/eh/simd-3.C execution test
UNRESOLVED: g++.dg/eh/spbp.C execution test
UNRESOLVED: g++.dg/eh/spec3.C execution test
UNRESOLVED: g++.dg/eh/spec5.C execution test
UNRESOLVED: g++.dg/eh/spec7.C execution test
UNRESOLVED: g++.dg/eh/spec9.C execution test
UNRESOLVED: g++.dg/eh/synth2.C execution test
UNRESOLVED: g++.dg/eh/template1.C execution test
UNRESOLVED: g++.dg/eh/uncaught1.C execution test
UNRESOLVED: g++.dg/eh/unexpected1.C execution test
UNRESOLVED: g++.dg/eh/weak1.C execution test
UNRESOLVED: g++.dg/expr/anew1.C execution test
UNRESOLVED: g++.dg/expr/anew2.C execution test
UNRESOLVED: g++.dg/expr/anew3.C execution test
UNRESOLVED: g++.dg/expr/anew4.C execution test
UNRESOLVED: g++.dg/expr/assign1.C execution test
UNRESOLVED: g++.dg/expr/bitfield5.C execution test
UNRESOLVED: g++.dg/expr/bitfield8.C execution test
UNRESOLVED: g++.dg/expr/bitfield9.C execution test
UNRESOLVED: g++.dg/expr/bool1.C execution test
UNRESOLVED: g++.dg/expr/cast4.C execution test
UNRESOLVED: g++.dg/expr/comma1.C execution test
UNRESOLVED: g++.dg/expr/cond1.C execution test
UNRESOLVED: g++.dg/expr/cond6.C execution test
UNRESOLVED: g++.dg/expr/copy1.C execution test
UNRESOLVED: g++.dg/expr/enum1.C execution test
UNRESOLVED: g++.dg/expr/lval2.C execution test
UNRESOLVED: g++.dg/expr/pr29066.C execution test
UNRESOLVED: g++.dg/expr/ptrmem4.C execution test
UNRESOLVED: g++.dg/expr/ptrmem6.C execution test
UNRESOLVED: g++.dg/ext/alignof1.C execution test
UNRESOLVED: g++.dg/ext/alignof2.C execution test
UNRESOLVED: g++.dg/ext/altivec-3.C execution test
UNRESOLVED: g++.dg/ext/attrib3.C execution test
FAIL: g++.dg/ext/attribute-test-1.C  (test for warnings, line 10)
UNRESOLVED: g++.dg/ext/attribute-test-1.C execution test
FAIL: g++.dg/ext/attribute-test-2.C  (test for warnings, line 14)
UNRESOLVED: g++.dg/ext/attribute-test-2.C execution test
FAIL: g++.dg/ext/attribute-test-3.C  (test for warnings, line 26)
UNRESOLVED: g++.dg/ext/attribute-test-3.C execution test
FAIL: g++.dg/ext/attribute-test-4.C  (test for warnings, line 26)
UNRESOLVED: g++.dg/ext/attribute-test-4.C execution test
UNRESOLVED: g++.dg/ext/builtin7.C execution test
UNRESOLVED: g++.dg/ext/cleanup-10.C execution test
UNRESOLVED: g++.dg/ext/cleanup-11.C execution test
UNRESOLVED: g++.dg/ext/cleanup-2.C execution test
UNRESOLVED: g++.dg/ext/cleanup-3.C execution test
UNRESOLVED: g++.dg/ext/cleanup-4.C execution test
UNRESOLVED: g++.dg/ext/cleanup-5.C execution test
UNRESOLVED: g++.dg/ext/cleanup-8.C execution test
UNRESOLVED: g++.dg/ext/cleanup-9.C execution test
UNRESOLVED: g++.dg/ext/cleanup-dtor.C execution test
UNRESOLVED: g++.dg/ext/complex3.C execution test
UNRESOLVED: g++.dg/ext/complit4.C execution test
UNRESOLVED: g++.dg/ext/fnname1.C execution test
UNRESOLVED: g++.dg/ext/fnname2.C execution test
UNRESOLVED: g++.dg/ext/fnname3.C execution test
UNRESOLVED: g++.dg/ext/has_nothrow_assign.C execution test
UNRESOLVED: g++.dg/ext/has_nothrow_constructor.C execution test
UNRESOLVED: g++.dg/ext/has_nothrow_copy.C execution test
UNRESOLVED: g++.dg/ext/has_trivial_assign.C execution test
UNRESOLVED: g++.dg/ext/has_trivial_constructor.C execution test
UNRESOLVED: g++.dg/ext/has_trivial_copy.C execution test
UNRESOLVED: g++.dg/ext/has_trivial_destructor.C execution test
UNRESOLVED: g++.dg/ext/has_virtual_destructor.C execution test
UNRESOLVED: g++.dg/ext/is_abstract.C execution test
UNRESOLVED: g++.dg/ext/is_base_of.C execution test
UNRESOLVED: g++.dg/ext/is_class.C execution test
UNRESOLVED: g++.dg/ext/is_empty.C execution test
UNRESOLVED: g++.dg/ext/is_enum.C execution test
UNRESOLVED: g++.dg/ext/is_pod.C execution test
UNRESOLVED: g++.dg/ext/is_polymorphic.C execution test
UNRESOLVED: g++.dg/ext/is_union.C execution test
UNRESOLVED: g++.dg/ext/label3.C execution test
UNRESOLVED: g++.dg/ext/oper1.C execution test
UNRESOLVED: g++.dg/ext/packed4.C execution test
UNRESOLVED: g++.dg/ext/packed7.C execution test
UNRESOLVED: g++.dg/ext/pretty2.C execution test
UNRESOLVED: g++.dg/ext/stmtexpr1.C execution test
UNRESOLVED: g++.dg/ext/stmtexpr2.C execution test
UNRESOLVED: g++.dg/ext/stmtexpr6.C execution test
UNRESOLVED: g++.dg/ext/stmtexpr8.C execution test
UNRESOLVED: g++.dg/ext/tmplattr4.C execution test
UNRESOLVED: g++.dg/ext/tmplattr5.C execution test
UNRESOLVED: g++.dg/ext/utf16-1.C execution test
UNRESOLVED: g++.dg/ext/utf16-2.C execution test
UNRESOLVED: g++.dg/ext/utf16-3.C execution test
UNRESOLVED: g++.dg/ext/utf32-1.C execution test
UNRESOLVED: g++.dg/ext/utf32-2.C execution test
UNRESOLVED: g++.dg/ext/utf32-3.C execution test
UNRESOLVED: g++.dg/ext/va-arg-pack-1.C execution test
UNRESOLVED: g++.dg/ext/va-arg-pack-len-1.C execution test
UNRESOLVED: g++.dg/inherit/conv2.C execution test
UNRESOLVED: g++.dg/inherit/covariant1.C execution test
UNRESOLVED: g++.dg/inherit/covariant2.C execution test
UNRESOLVED: g++.dg/inherit/covariant3.C execution test
UNRESOLVED: g++.dg/inherit/covariant4.C execution test
UNRESOLVED: g++.dg/inherit/null1.C execution test
UNRESOLVED: g++.dg/inherit/operator1.C execution test
UNRESOLVED: g++.dg/inherit/thunk7.C execution test
UNRESOLVED: g++.dg/inherit/using2.C execution test
UNRESOLVED: g++.dg/init/addr-const1.C execution test
UNRESOLVED: g++.dg/init/aggr2.C execution test
UNRESOLVED: g++.dg/init/array1.C execution test
UNRESOLVED: g++.dg/init/array12.C execution test
UNRESOLVED: g++.dg/init/array14.C execution test
UNRESOLVED: g++.dg/init/array15.C execution test
UNRESOLVED: g++.dg/init/array16.C execution test
UNRESOLVED: g++.dg/init/array18.C execution test
UNRESOLVED: g++.dg/init/array5.C execution test
UNRESOLVED: g++.dg/init/assign1.C execution test
UNRESOLVED: g++.dg/init/attrib1.C execution test
UNRESOLVED: g++.dg/init/bitfield2.C execution test
UNRESOLVED: g++.dg/init/byval1.C execution test
UNRESOLVED: g++.dg/init/const3.C execution test
UNRESOLVED: g++.dg/init/copy3.C execution test
UNRESOLVED: g++.dg/init/ctor1.C execution test
UNRESOLVED: g++.dg/init/ctor2.C execution test
UNRESOLVED: g++.dg/init/ctor7.C execution test
UNRESOLVED: g++.dg/init/delete2.C execution test
UNRESOLVED: g++.dg/init/dtor1.C execution test
UNRESOLVED: g++.dg/init/dtor2.C execution test
UNRESOLVED: g++.dg/init/dtor3.C execution test
UNRESOLVED: g++.dg/init/elide1.C execution test
UNRESOLVED: g++.dg/init/elide2.C execution test
UNRESOLVED: g++.dg/init/empty1.C execution test
UNRESOLVED: g++.dg/init/float1.C execution test
UNRESOLVED: g++.dg/init/goto1.C execution test
UNRESOLVED: g++.dg/init/init-ref1.C execution test
UNRESOLVED: g++.dg/init/init-ref2.C execution test
UNRESOLVED: g++.dg/init/init-ref4.C execution test
UNRESOLVED: g++.dg/init/new11.C execution test
UNRESOLVED: g++.dg/init/new16.C execution test
UNRESOLVED: g++.dg/init/new23.C execution test
UNRESOLVED: g++.dg/init/new26.C execution test
UNRESOLVED: g++.dg/init/new27.C execution test
UNRESOLVED: g++.dg/init/new5.C execution test
UNRESOLVED: g++.dg/init/placement2.C execution test
UNRESOLVED: g++.dg/init/pm1.C execution test
UNRESOLVED: g++.dg/init/pm3.C execution test
UNRESOLVED: g++.dg/init/ptrmem2.C execution test
UNRESOLVED: g++.dg/init/ptrmem4.C execution test
UNRESOLVED: g++.dg/init/ref12.C execution test
UNRESOLVED: g++.dg/init/ref15.C execution test
UNRESOLVED: g++.dg/init/ref16.C execution test
UNRESOLVED: g++.dg/init/ref4.C execution test
UNRESOLVED: g++.dg/init/ref9.C execution test
UNRESOLVED: g++.dg/init/self1.C execution test
UNRESOLVED: g++.dg/init/static2.C execution test
UNRESOLVED: g++.dg/init/static3.C execution test
UNRESOLVED: g++.dg/init/value1.C execution test
UNRESOLVED: g++.dg/init/vector1.C execution test
UNRESOLVED: g++.dg/lookup/anon1.C execution test
UNRESOLVED: g++.dg/lookup/friend8.C execution test
UNRESOLVED: g++.dg/lookup/template1.C execution test
UNRESOLVED: g++.dg/lookup/two-stage1.C execution test
UNRESOLVED: g++.dg/lookup/two-stage5.C execution test
UNRESOLVED: g++.dg/opt/20050511-1.C execution test
UNRESOLVED: g++.dg/opt/alias1.C execution test
UNRESOLVED: g++.dg/opt/alias2.C execution test
UNRESOLVED: g++.dg/opt/alias4.C execution test
UNRESOLVED: g++.dg/opt/anchor1.C execution test
UNRESOLVED: g++.dg/opt/bitfield1.C execution test
UNRESOLVED: g++.dg/opt/bool1.C execution test
UNRESOLVED: g++.dg/opt/cleanup1.C execution test
UNRESOLVED: g++.dg/opt/cond1.C execution test
UNRESOLVED: g++.dg/opt/const1.C execution test
UNRESOLVED: g++.dg/opt/const2.C execution test
UNRESOLVED: g++.dg/opt/const3.C execution test
UNRESOLVED: g++.dg/opt/covariant1.C execution test
UNRESOLVED: g++.dg/opt/delay-slot-1.C execution test
UNRESOLVED: g++.dg/opt/dtor1.C execution test
UNRESOLVED: g++.dg/opt/eh2.C execution test
UNRESOLVED: g++.dg/opt/eh3.C execution test
UNRESOLVED: g++.dg/opt/enum1.C execution test
UNRESOLVED: g++.dg/opt/expect1.C execution test
UNRESOLVED: g++.dg/opt/fold2.C execution test
UNRESOLVED: g++.dg/opt/fold3.C execution test
UNRESOLVED: g++.dg/opt/inline9.C execution test
UNRESOLVED: g++.dg/opt/interface1.C execution test
UNRESOLVED: g++.dg/opt/loop1.C execution test
UNRESOLVED: g++.dg/opt/nrv1.C execution test
UNRESOLVED: g++.dg/opt/nrv10.C execution test
UNRESOLVED: g++.dg/opt/nrv11.C execution test
UNRESOLVED: g++.dg/opt/nrv13.C execution test
UNRESOLVED: g++.dg/opt/nrv14.C execution test
UNRESOLVED: g++.dg/opt/nrv2.C execution test
UNRESOLVED: g++.dg/opt/nrv3.C execution test
UNRESOLVED: g++.dg/opt/nrv4.C execution test
UNRESOLVED: g++.dg/opt/nrv5.C execution test
UNRESOLVED: g++.dg/opt/nrv6.C execution test
UNRESOLVED: g++.dg/opt/nrv8.C execution test
UNRESOLVED: g++.dg/opt/pr14029.C execution test
UNRESOLVED: g++.dg/opt/pr15054-2.C execution test
UNRESOLVED: g++.dg/opt/pr15054.C execution test
UNRESOLVED: g++.dg/opt/pr15551.C execution test
UNRESOLVED: g++.dg/opt/pr16372-1.C execution test
UNRESOLVED: g++.dg/opt/pr16693-1.C execution test
UNRESOLVED: g++.dg/opt/pr16693-2.C execution test
UNRESOLVED: g++.dg/opt/pr17697-1.C execution test
UNRESOLVED: g++.dg/opt/pr17697-2.C execution test
UNRESOLVED: g++.dg/opt/pr17697-3.C execution test
UNRESOLVED: g++.dg/opt/pr18084-1.C execution test
UNRESOLVED: g++.dg/opt/pr19317-1.C execution test
UNRESOLVED: g++.dg/opt/pr19317-2.C execution test
UNRESOLVED: g++.dg/opt/pr19317-3.C execution test
UNRESOLVED: g++.dg/opt/pr19650.C execution test
UNRESOLVED: g++.dg/opt/pr22167.C execution test
UNRESOLVED: g++.dg/opt/pr23299.C execution test
UNRESOLVED: g++.dg/opt/pr23478.C execution test
UNRESOLVED: g++.dg/opt/pr30590.C execution test
UNRESOLVED: g++.dg/opt/pr36185.C execution test
UNRESOLVED: g++.dg/opt/pr36187.C execution test
UNRESOLVED: g++.dg/opt/pr6713.C execution test
UNRESOLVED: g++.dg/opt/pr7503-1.C execution test
UNRESOLVED: g++.dg/opt/preinc1.C execution test
UNRESOLVED: g++.dg/opt/ptrintsum1.C execution test
UNRESOLVED: g++.dg/opt/range-test-1.C execution test
UNRESOLVED: g++.dg/opt/range-test-2.C execution test
UNRESOLVED: g++.dg/opt/reg-stack.C execution test
UNRESOLVED: g++.dg/opt/rtti1.C execution test
UNRESOLVED: g++.dg/opt/stack1.C execution test
UNRESOLVED: g++.dg/opt/static5.C execution test
UNRESOLVED: g++.dg/opt/static6.C execution test
UNRESOLVED: g++.dg/opt/strength-reduce.C execution test
UNRESOLVED: g++.dg/opt/temp1.C execution test
UNRESOLVED: g++.dg/opt/temp2.C execution test
UNRESOLVED: g++.dg/opt/thunk1.C execution test
UNRESOLVED: g++.dg/opt/thunk2.C execution test
UNRESOLVED: g++.dg/opt/tmp1.C execution test
UNRESOLVED: g++.dg/opt/unroll1.C execution test
UNRESOLVED: g++.dg/opt/vrp2.C execution test
UNRESOLVED: g++.dg/other/array4.C execution test
UNRESOLVED: g++.dg/other/complex1.C execution test
UNRESOLVED: g++.dg/other/copy1.C execution test
UNRESOLVED: g++.dg/other/copy2.C execution test
UNRESOLVED: g++.dg/other/default4.C execution test
UNRESOLVED: g++.dg/other/friend2.C execution test
UNRESOLVED: g++.dg/other/init2.C execution test
UNRESOLVED: g++.dg/other/nested-extern-1.C execution test
UNRESOLVED: g++.dg/other/nested-extern-2.C execution test
UNRESOLVED: g++.dg/other/offsetof2.C execution test
UNRESOLVED: g++.dg/other/packed1.C execution test
UNRESOLVED: g++.dg/other/profile1.C execution test
UNRESOLVED: g++.dg/other/ptrmem1.C execution test
UNRESOLVED: g++.dg/other/ptrmem3.C execution test
UNRESOLVED: g++.dg/other/stdarg1.C execution test
UNRESOLVED: g++.dg/other/ucnid-1.C execution test
UNRESOLVED: g++.dg/other/vthunk1.C execution test
UNRESOLVED: g++.dg/overload/addr1.C execution test
UNRESOLVED: g++.dg/overload/member2.C execution test
UNRESOLVED: g++.dg/parse/pragma3.C execution test
UNRESOLVED: g++.dg/rtti/cv1.C execution test
UNRESOLVED: g++.dg/rtti/dyncast2.C execution test
UNRESOLVED: g++.dg/rtti/typeid2.C execution test
UNRESOLVED: g++.dg/rtti/typeid4.C execution test
UNRESOLVED: g++.dg/tc1/dr128.C execution test
UNRESOLVED: g++.dg/tc1/dr185.C execution test
UNRESOLVED: g++.dg/tc1/dr193.C execution test
UNRESOLVED: g++.dg/tc1/dr20.C execution test
UNRESOLVED: g++.dg/template/anon3.C execution test
UNRESOLVED: g++.dg/template/arg6.C execution test
UNRESOLVED: g++.dg/template/array13.C execution test
UNRESOLVED: g++.dg/template/call1.C execution test
UNRESOLVED: g++.dg/template/const1.C execution test
UNRESOLVED: g++.dg/template/conv2.C execution test
UNRESOLVED: g++.dg/template/conv3.C execution test
UNRESOLVED: g++.dg/template/ctor2.C execution test
UNRESOLVED: g++.dg/template/deduce1.C execution test
UNRESOLVED: g++.dg/template/friend10.C execution test
UNRESOLVED: g++.dg/template/friend18.C execution test
UNRESOLVED: g++.dg/template/mem-partial2.C execution test
UNRESOLVED: g++.dg/template/new1.C execution test
UNRESOLVED: g++.dg/template/non-dependent1.C execution test
UNRESOLVED: g++.dg/template/overload7.C execution test
UNRESOLVED: g++.dg/template/partial1.C execution test
UNRESOLVED: g++.dg/template/pretty1.C execution test
UNRESOLVED: g++.dg/template/ptrmem18.C execution test
UNRESOLVED: g++.dg/template/qual2.C execution test
UNRESOLVED: g++.dg/template/qualttp16.C execution test
UNRESOLVED: g++.dg/template/spec10.C execution test
UNRESOLVED: g++.dg/template/spec21.C execution test
UNRESOLVED: g++.dg/template/spec29.C execution test
UNRESOLVED: g++.dg/template/union1.C execution test
UNRESOLVED: g++.dg/template/using1.C execution test
UNRESOLVED: g++.dg/template/using3.C execution test
UNRESOLVED: g++.dg/template/using4.C execution test
UNRESOLVED: g++.dg/template/vtable1.C execution test
UNRESOLVED: g++.dg/tree-ssa/20040317-1.C execution test
FAIL: g++.dg/tree-ssa/pr19637.C scan-tree-dump-times dom1 "return 1;" 3
UNRESOLVED: g++.dg/tree-ssa/pr19786.C execution test
UNRESOLVED: g++.dg/tree-ssa/pr20458.C execution test
UNRESOLVED: g++.dg/tree-ssa/pr21407.C execution test
UNRESOLVED: g++.dg/tree-ssa/pr26757.C execution test
UNRESOLVED: g++.dg/tree-ssa/pr28003.C execution test
UNRESOLVED: g++.dg/tree-ssa/pr33604.C execution test
UNRESOLVED: g++.dg/warn/pr33738.C execution test
UNRESOLVED: g++.dg/warn/weak1.C execution test
UNRESOLVED: g++.dg/special/conpr-1.C execution test
UNRESOLVED: g++.dg/special/conpr-2.C execution test
UNRESOLVED: g++.dg/special/conpr-3.C execution test
UNRESOLVED: g++.dg/special/conpr-4.C execution test
UNRESOLVED: g++.dg/special/initp1.C execution test
UNRESOLVED: g++.dg/special/initpri1.C execution test
UNRESOLVED: g++.dg/torture/pr30252.C  -O0  execution test
UNRESOLVED: g++.dg/torture/pr30252.C  -O1  execution test
UNRESOLVED: g++.dg/torture/pr30252.C  -O2  execution test
UNRESOLVED: g++.dg/torture/pr30252.C  -O3 -fomit-frame-pointer  execution test
UNRESOLVED: g++.dg/torture/pr30252.C  -O3 -g  execution test
UNRESOLVED: g++.dg/torture/pr30252.C  -Os  execution test
UNRESOLVED: g++.dg/torture/pr30567.C  -O0  execution test
UNRESOLVED: g++.dg/torture/pr30567.C  -O1  execution test
UNRESOLVED: g++.dg/torture/pr30567.C  -O2  execution test
UNRESOLVED: g++.dg/torture/pr30567.C  -O3 -fomit-frame-pointer  execution test
UNRESOLVED: g++.dg/torture/pr30567.C  -O3 -fomit-frame-pointer -funroll-loops  execution test
UNRESOLVED: g++.dg/torture/pr30567.C  -O3 -fomit-frame-pointer -funroll-all-loops -finline-functions  execution test
UNRESOLVED: g++.dg/torture/pr30567.C  -O3 -g  execution test
UNRESOLVED: g++.dg/torture/pr30567.C  -Os  execution test
UNRESOLVED: g++.dg/torture/pr33572.C  -O0  execution test
UNRESOLVED: g++.dg/torture/pr33572.C  -O1  execution test
UNRESOLVED: g++.dg/torture/pr33572.C  -O2  execution test
UNRESOLVED: g++.dg/torture/pr33572.C  -O3 -fomit-frame-pointer  execution test
UNRESOLVED: g++.dg/torture/pr33572.C  -O3 -g  execution test
UNRESOLVED: g++.dg/torture/pr33572.C  -Os  execution test
UNRESOLVED: g++.dg/torture/pr33819.C  -O0  execution test
UNRESOLVED: g++.dg/torture/pr33819.C  -O1  execution test
UNRESOLVED: g++.dg/torture/pr33819.C  -O2  execution test
UNRESOLVED: g++.dg/torture/pr33819.C  -O3 -fomit-frame-pointer  execution test
UNRESOLVED: g++.dg/torture/pr33819.C  -O3 -g  execution test
UNRESOLVED: g++.dg/torture/pr33819.C  -Os  execution test
UNRESOLVED: g++.dg/torture/pr33887-1.C  -O0  execution test
UNRESOLVED: g++.dg/torture/pr33887-1.C  -O1  execution test
UNRESOLVED: g++.dg/torture/pr33887-1.C  -O2  execution test
UNRESOLVED: g++.dg/torture/pr33887-1.C  -O3 -fomit-frame-pointer  execution test
UNRESOLVED: g++.dg/torture/pr33887-1.C  -O3 -g  execution test
UNRESOLVED: g++.dg/torture/pr33887-1.C  -Os  execution test
UNRESOLVED: g++.dg/torture/pr33887-2.C  -O0  execution test
UNRESOLVED: g++.dg/torture/pr33887-2.C  -O1  execution test
UNRESOLVED: g++.dg/torture/pr33887-2.C  -O2  execution test
UNRESOLVED: g++.dg/torture/pr33887-2.C  -O3 -fomit-frame-pointer  execution test
UNRESOLVED: g++.dg/torture/pr33887-2.C  -O3 -g  execution test
UNRESOLVED: g++.dg/torture/pr33887-2.C  -Os  execution test
UNRESOLVED: g++.dg/torture/pr33887-3.C  -O0  execution test
UNRESOLVED: g++.dg/torture/pr33887-3.C  -O1  execution test
UNRESOLVED: g++.dg/torture/pr33887-3.C  -O2  execution test
UNRESOLVED: g++.dg/torture/pr33887-3.C  -O3 -fomit-frame-pointer  execution test
UNRESOLVED: g++.dg/torture/pr33887-3.C  -O3 -g  execution test
UNRESOLVED: g++.dg/torture/pr33887-3.C  -Os  execution test
UNRESOLVED: g++.dg/torture/pr34099.C  -O0  execution test
UNRESOLVED: g++.dg/torture/pr34099.C  -O1  execution test
UNRESOLVED: g++.dg/torture/pr34099.C  -O2  execution test
UNRESOLVED: g++.dg/torture/pr34099.C  -O3 -fomit-frame-pointer  execution test
UNRESOLVED: g++.dg/torture/pr34099.C  -O3 -fomit-frame-pointer -funroll-loops  execution test
UNRESOLVED: g++.dg/torture/pr34099.C  -O3 -fomit-frame-pointer -funroll-all-loops -finline-functions  execution test
UNRESOLVED: g++.dg/torture/pr34099.C  -O3 -g  execution test
UNRESOLVED: g++.dg/torture/pr34099.C  -Os  execution test
UNRESOLVED: g++.dg/torture/pr34235.C  -O0  execution test
UNRESOLVED: g++.dg/torture/pr34235.C  -O1  execution test
UNRESOLVED: g++.dg/torture/pr34235.C  -O2  execution test
UNRESOLVED: g++.dg/torture/pr34235.C  -O3 -fomit-frame-pointer  execution test
UNRESOLVED: g++.dg/torture/pr34235.C  -O3 -g  execution test
UNRESOLVED: g++.dg/torture/pr34235.C  -Os  execution test
UNRESOLVED: g++.dg/torture/type-generic-1.C  -O0  execution test
UNRESOLVED: g++.dg/torture/type-generic-1.C  -O1  execution test
UNRESOLVED: g++.dg/torture/type-generic-1.C  -O2  execution test
UNRESOLVED: g++.dg/torture/type-generic-1.C  -O3 -fomit-frame-pointer  execution test
UNRESOLVED: g++.dg/torture/type-generic-1.C  -O3 -g  execution test
UNRESOLVED: g++.dg/torture/type-generic-1.C  -Os  execution test
UNRESOLVED: g++.dg/tree-prof/indir-call-prof.C execution,    -g  -fprofile-generate
UNRESOLVED: g++.dg/tree-prof/indir-call-prof.C compilation,  -g  -fprofile-use
UNRESOLVED: g++.dg/tree-prof/indir-call-prof.C execution,    -g  -fprofile-use
UNRESOLVED: g++.dg/tree-prof/indir-call-prof.C execution,    -O0  -fprofile-generate
UNRESOLVED: g++.dg/tree-prof/indir-call-prof.C compilation,  -O0  -fprofile-use
UNRESOLVED: g++.dg/tree-prof/indir-call-prof.C execution,    -O0  -fprofile-use
UNRESOLVED: g++.dg/tree-prof/indir-call-prof.C execution,    -O1  -fprofile-generate
UNRESOLVED: g++.dg/tree-prof/indir-call-prof.C compilation,  -O1  -fprofile-use
UNRESOLVED: g++.dg/tree-prof/indir-call-prof.C execution,    -O1  -fprofile-use
UNRESOLVED: g++.dg/tree-prof/indir-call-prof.C execution,    -O2  -fprofile-generate
UNRESOLVED: g++.dg/tree-prof/indir-call-prof.C compilation,  -O2  -fprofile-use
UNRESOLVED: g++.dg/tree-prof/indir-call-prof.C execution,    -O2  -fprofile-use
UNRESOLVED: g++.dg/tree-prof/indir-call-prof.C execution,    -O3  -fprofile-generate
UNRESOLVED: g++.dg/tree-prof/indir-call-prof.C compilation,  -O3  -fprofile-use
UNRESOLVED: g++.dg/tree-prof/indir-call-prof.C execution,    -O3  -fprofile-use
UNRESOLVED: g++.dg/tree-prof/indir-call-prof.C execution,    -O3 -g  -fprofile-generate
UNRESOLVED: g++.dg/tree-prof/indir-call-prof.C compilation,  -O3 -g  -fprofile-use
UNRESOLVED: g++.dg/tree-prof/indir-call-prof.C execution,    -O3 -g  -fprofile-use
UNRESOLVED: g++.dg/tree-prof/indir-call-prof.C execution,    -Os  -fprofile-generate
UNRESOLVED: g++.dg/tree-prof/indir-call-prof.C compilation,  -Os  -fprofile-use
UNRESOLVED: g++.dg/tree-prof/indir-call-prof.C execution,    -Os  -fprofile-use
UNRESOLVED: g++.old-deja/g++.abi/arraynew.C execution test
UNRESOLVED: g++.old-deja/g++.abi/cxa_vec.C execution test
UNRESOLVED: g++.old-deja/g++.abi/empty.C execution test
UNRESOLVED: g++.old-deja/g++.abi/layout1.C execution test
UNRESOLVED: g++.old-deja/g++.abi/primary.C execution test
UNRESOLVED: g++.old-deja/g++.abi/primary2.C execution test
UNRESOLVED: g++.old-deja/g++.abi/primary3.C execution test
UNRESOLVED: g++.old-deja/g++.abi/primary4.C execution test
UNRESOLVED: g++.old-deja/g++.abi/primary5.C execution test
UNRESOLVED: g++.old-deja/g++.abi/ptrflags.C execution test
UNRESOLVED: g++.old-deja/g++.abi/ptrmem.C execution test
UNRESOLVED: g++.old-deja/g++.abi/vbase1.C execution test
UNRESOLVED: g++.old-deja/g++.abi/vbase2.C execution test
UNRESOLVED: g++.old-deja/g++.abi/vbase3.C execution test
UNRESOLVED: g++.old-deja/g++.abi/vbase4.C execution test
UNRESOLVED: g++.old-deja/g++.abi/vbase7.C execution test
UNRESOLVED: g++.old-deja/g++.abi/vbase8-5.C execution test
UNRESOLVED: g++.old-deja/g++.abi/vbase8-9.C execution test
UNRESOLVED: g++.old-deja/g++.abi/vmihint.C execution test
UNRESOLVED: g++.old-deja/g++.abi/vtable.C execution test
UNRESOLVED: g++.old-deja/g++.abi/vtable2.C execution test
UNRESOLVED: g++.old-deja/g++.abi/vtable3a.C execution test
UNRESOLVED: g++.old-deja/g++.abi/vtable3b.C execution test
UNRESOLVED: g++.old-deja/g++.abi/vtable3c.C execution test
UNRESOLVED: g++.old-deja/g++.abi/vtable3d.C execution test
UNRESOLVED: g++.old-deja/g++.abi/vtable3e.C execution test
UNRESOLVED: g++.old-deja/g++.abi/vtable3f.C execution test
UNRESOLVED: g++.old-deja/g++.abi/vtable3g.C execution test
UNRESOLVED: g++.old-deja/g++.abi/vtable3h.C execution test
UNRESOLVED: g++.old-deja/g++.abi/vtable3i.C execution test
UNRESOLVED: g++.old-deja/g++.abi/vtable3j.C execution test
UNRESOLVED: g++.old-deja/g++.benjamin/14687.C execution test
UNRESOLVED: g++.old-deja/g++.benjamin/15071.C execution test
UNRESOLVED: g++.old-deja/g++.benjamin/15822.C execution test
UNRESOLVED: g++.old-deja/g++.benjamin/bool01.C execution test
UNRESOLVED: g++.old-deja/g++.benjamin/bool02.C execution test
UNRESOLVED: g++.old-deja/g++.benjamin/tem06.C execution test
UNRESOLVED: g++.old-deja/g++.benjamin/tem07.C execution test
UNRESOLVED: g++.old-deja/g++.benjamin/typeid01.C execution test
UNRESOLVED: g++.old-deja/g++.bob/delete1.C execution test
UNRESOLVED: g++.old-deja/g++.bob/packed1.C execution test
UNRESOLVED: g++.old-deja/g++.bob/template4.C execution test
UNRESOLVED: g++.old-deja/g++.brendan/code-gen1.C execution test
UNRESOLVED: g++.old-deja/g++.brendan/code-gen2.C execution test
UNRESOLVED: g++.old-deja/g++.brendan/code-gen3.C execution test
UNRESOLVED: g++.old-deja/g++.brendan/code-gen4.C execution test
UNRESOLVED: g++.old-deja/g++.brendan/code-gen6.C execution test
UNRESOLVED: g++.old-deja/g++.brendan/complex1.C execution test
UNRESOLVED: g++.old-deja/g++.brendan/copy1.C execution test
UNRESOLVED: g++.old-deja/g++.brendan/copy2.C execution test
UNRESOLVED: g++.old-deja/g++.brendan/copy3.C execution test
UNRESOLVED: g++.old-deja/g++.brendan/copy4.C execution test
UNRESOLVED: g++.old-deja/g++.brendan/copy5.C execution test
UNRESOLVED: g++.old-deja/g++.brendan/copy6.C execution test
UNRESOLVED: g++.old-deja/g++.brendan/copy7.C execution test
UNRESOLVED: g++.old-deja/g++.brendan/copy8.C execution test
UNRESOLVED: g++.old-deja/g++.brendan/copy9.C execution test
UNRESOLVED: g++.old-deja/g++.brendan/ctors1.C execution test
UNRESOLVED: g++.old-deja/g++.brendan/ctors2.C execution test
UNRESOLVED: g++.old-deja/g++.brendan/delete2.C execution test
UNRESOLVED: g++.old-deja/g++.brendan/dtors1.C execution test
UNRESOLVED: g++.old-deja/g++.brendan/dtors2.C execution test
UNRESOLVED: g++.old-deja/g++.brendan/dtors3.C execution test
UNRESOLVED: g++.old-deja/g++.brendan/eh1.C execution test
UNRESOLVED: g++.old-deja/g++.brendan/groff1.C execution test
UNRESOLVED: g++.old-deja/g++.brendan/init3.C execution test
UNRESOLVED: g++.old-deja/g++.brendan/misc7.C execution test
UNRESOLVED: g++.old-deja/g++.brendan/nest21.C execution test
UNRESOLVED: g++.old-deja/g++.brendan/new2.C execution test
UNRESOLVED: g++.old-deja/g++.brendan/new3.C execution test
UNRESOLVED: g++.old-deja/g++.brendan/operators5.C execution test
UNRESOLVED: g++.old-deja/g++.brendan/overload2.C execution test
UNRESOLVED: g++.old-deja/g++.brendan/overload7.C execution test
UNRESOLVED: g++.old-deja/g++.brendan/ptolemy2.C execution test
UNRESOLVED: g++.old-deja/g++.brendan/redecl2.C execution test
UNRESOLVED: g++.old-deja/g++.brendan/reference1.C execution test
UNRESOLVED: g++.old-deja/g++.brendan/sizeof5.C execution test
UNRESOLVED: g++.old-deja/g++.brendan/template22.C execution test
UNRESOLVED: g++.old-deja/g++.brendan/template24.C execution test
UNRESOLVED: g++.old-deja/g++.brendan/template3.C execution test
UNRESOLVED: g++.old-deja/g++.brendan/union1.C execution test
UNRESOLVED: g++.old-deja/g++.brendan/vtables1.C execution test
UNRESOLVED: g++.old-deja/g++.bugs/891230_01.C execution test
UNRESOLVED: g++.old-deja/g++.bugs/900107_01.C execution test
UNRESOLVED: g++.old-deja/g++.bugs/900207_03.C execution test
UNRESOLVED: g++.old-deja/g++.bugs/900208_02.C execution test
UNRESOLVED: g++.old-deja/g++.bugs/900212_03.C execution test
UNRESOLVED: g++.old-deja/g++.bugs/900220_01.C execution test
UNRESOLVED: g++.old-deja/g++.bugs/900220_02.C execution test
UNRESOLVED: g++.old-deja/g++.bugs/900220_03.C execution test
UNRESOLVED: g++.old-deja/g++.bugs/900321_02.C execution test
UNRESOLVED: g++.old-deja/g++.bugs/900321_04.C execution test
UNRESOLVED: g++.old-deja/g++.bugs/900321_05.C execution test
UNRESOLVED: g++.old-deja/g++.bugs/900324_03.C execution test
UNRESOLVED: g++.old-deja/g++.bugs/900324_06.C execution test
UNRESOLVED: g++.old-deja/g++.bugs/900331_02.C execution test
UNRESOLVED: g++.old-deja/g++.bugs/900331_03.C execution test
UNRESOLVED: g++.old-deja/g++.bugs/900331_04.C execution test
UNRESOLVED: g++.old-deja/g++.bugs/900406_02.C execution test
UNRESOLVED: g++.old-deja/g++.bugs/900511_01.C execution test
UNRESOLVED: g++.old-deja/g++.bugs/900519_04.C execution test
UNRESOLVED: g++.old-deja/g++.bugs/900519_05.C execution test
UNRESOLVED: g++.old-deja/g++.bugs/900520_04.C execution test
UNRESOLVED: g++.old-deja/g++.bugs/900520_05.C execution test
UNRESOLVED: g++.old-deja/g++.bugs/900520_06.C execution test
UNRESOLVED: g++.old-deja/g++.eh/badalloc1.C execution test
UNRESOLVED: g++.old-deja/g++.eh/catch11.C execution test
UNRESOLVED: g++.old-deja/g++.eh/catch12.C execution test
UNRESOLVED: g++.old-deja/g++.eh/catch3.C execution test
UNRESOLVED: g++.old-deja/g++.eh/catch3p.C execution test
UNRESOLVED: g++.old-deja/g++.eh/catch4.C execution test
UNRESOLVED: g++.old-deja/g++.eh/catch4p.C execution test
UNRESOLVED: g++.old-deja/g++.eh/catch5.C execution test
UNRESOLVED: g++.old-deja/g++.eh/catch5p.C execution test
UNRESOLVED: g++.old-deja/g++.eh/catch6.C execution test
UNRESOLVED: g++.old-deja/g++.eh/catch6p.C execution test
UNRESOLVED: g++.old-deja/g++.eh/catch7.C execution test
UNRESOLVED: g++.old-deja/g++.eh/catch7p.C execution test
UNRESOLVED: g++.old-deja/g++.eh/catch8.C execution test
UNRESOLVED: g++.old-deja/g++.eh/catch8p.C execution test
UNRESOLVED: g++.old-deja/g++.eh/catch9.C execution test
UNRESOLVED: g++.old-deja/g++.eh/catch9p.C execution test
UNRESOLVED: g++.old-deja/g++.eh/catchptr1.C execution test
UNRESOLVED: g++.old-deja/g++.eh/cleanup1.C execution test
UNRESOLVED: g++.old-deja/g++.eh/cleanup2.C execution test
UNRESOLVED: g++.old-deja/g++.eh/flow1.C execution test
UNRESOLVED: g++.old-deja/g++.eh/fntry1.C execution test
UNRESOLVED: g++.old-deja/g++.eh/ia64-1.C execution test
UNRESOLVED: g++.old-deja/g++.eh/inline2.C execution test
UNRESOLVED: g++.old-deja/g++.eh/new1.C execution test
UNRESOLVED: g++.old-deja/g++.eh/new2.C execution test
UNRESOLVED: g++.old-deja/g++.eh/pdel1.C execution test
UNRESOLVED: g++.old-deja/g++.eh/pdel2.C execution test
UNRESOLVED: g++.old-deja/g++.eh/ptr1.C execution test
UNRESOLVED: g++.old-deja/g++.eh/ptrmem1.C execution test
UNRESOLVED: g++.old-deja/g++.eh/rethrow1.C execution test
UNRESOLVED: g++.old-deja/g++.eh/rethrow2.C execution test
UNRESOLVED: g++.old-deja/g++.eh/rethrow3.C execution test
UNRESOLVED: g++.old-deja/g++.eh/rethrow4.C execution test
UNRESOLVED: g++.old-deja/g++.eh/rethrow5.C execution test
UNRESOLVED: g++.old-deja/g++.eh/rethrow6.C execution test
UNRESOLVED: g++.old-deja/g++.eh/spec1.C execution test
UNRESOLVED: g++.old-deja/g++.eh/spec2.C execution test
UNRESOLVED: g++.old-deja/g++.eh/spec3.C execution test
UNRESOLVED: g++.old-deja/g++.eh/spec4.C execution test
UNRESOLVED: g++.old-deja/g++.eh/spec7.C execution test
UNRESOLVED: g++.old-deja/g++.eh/terminate1.C execution test
UNRESOLVED: g++.old-deja/g++.eh/terminate2.C execution test
UNRESOLVED: g++.old-deja/g++.eh/tmpl1.C execution test
UNRESOLVED: g++.old-deja/g++.eh/unwind1.C execution test
UNRESOLVED: g++.old-deja/g++.eh/vbase1.C execution test
UNRESOLVED: g++.old-deja/g++.eh/vbase2.C execution test
UNRESOLVED: g++.old-deja/g++.eh/vbase4.C execution test
UNRESOLVED: g++.old-deja/g++.ext/addrfunc2.C execution test
UNRESOLVED: g++.old-deja/g++.ext/addrfunc3.C execution test
UNRESOLVED: g++.old-deja/g++.ext/addrfunc4.C execution test
UNRESOLVED: g++.old-deja/g++.ext/anon1.C execution test
UNRESOLVED: g++.old-deja/g++.ext/arrnew2.C execution test
UNRESOLVED: g++.old-deja/g++.ext/attrib5.C execution test
UNRESOLVED: g++.old-deja/g++.ext/constructor.C execution test
UNRESOLVED: g++.old-deja/g++.ext/delvoid.C execution test
UNRESOLVED: g++.old-deja/g++.ext/jump1.C execution test
UNRESOLVED: g++.old-deja/g++.ext/label1.C execution test
UNRESOLVED: g++.old-deja/g++.ext/label2.C execution test
UNRESOLVED: g++.old-deja/g++.ext/noweak1.C execution test
UNRESOLVED: g++.old-deja/g++.ext/null1.C execution test
UNRESOLVED: g++.old-deja/g++.ext/pretty2.C execution test
UNRESOLVED: g++.old-deja/g++.ext/pretty3.C execution test
UNRESOLVED: g++.old-deja/g++.ext/pretty4.C execution test
UNRESOLVED: g++.old-deja/g++.ext/typename1.C execution test
UNRESOLVED: g++.old-deja/g++.jason/2371.C execution test
UNRESOLVED: g++.old-deja/g++.jason/aggregate.C execution test
UNRESOLVED: g++.old-deja/g++.jason/anon.C execution test
UNRESOLVED: g++.old-deja/g++.jason/bool2.C execution test
UNRESOLVED: g++.old-deja/g++.jason/bool4.C execution test
UNRESOLVED: g++.old-deja/g++.jason/bool5.C execution test
UNRESOLVED: g++.old-deja/g++.jason/byval.C execution test
UNRESOLVED: g++.old-deja/g++.jason/cleanup.C execution test
UNRESOLVED: g++.old-deja/g++.jason/cond2.C execution test
UNRESOLVED: g++.old-deja/g++.jason/const.C execution test
UNRESOLVED: g++.old-deja/g++.jason/const2.C execution test
UNRESOLVED: g++.old-deja/g++.jason/const3.C execution test
UNRESOLVED: g++.old-deja/g++.jason/conversion6.C execution test
UNRESOLVED: g++.old-deja/g++.jason/conversion7.C execution test
UNRESOLVED: g++.old-deja/g++.jason/conversion8.C execution test
UNRESOLVED: g++.old-deja/g++.jason/conversion9.C execution test
UNRESOLVED: g++.old-deja/g++.jason/ctor1.C execution test
UNRESOLVED: g++.old-deja/g++.jason/dcast2.C execution test
UNRESOLVED: g++.old-deja/g++.jason/dcast3.C execution test
UNRESOLVED: g++.old-deja/g++.jason/defctor.C execution test
UNRESOLVED: g++.old-deja/g++.jason/dtor2.C execution test
UNRESOLVED: g++.old-deja/g++.jason/dtor5.C execution test
UNRESOLVED: g++.old-deja/g++.jason/enum5.C execution test
UNRESOLVED: g++.old-deja/g++.jason/enum6.C execution test
UNRESOLVED: g++.old-deja/g++.jason/enum8.C execution test
UNRESOLVED: g++.old-deja/g++.jason/friend.C execution test
UNRESOLVED: g++.old-deja/g++.jason/groff1.C execution test
UNRESOLVED: g++.old-deja/g++.jason/init2.C execution test
UNRESOLVED: g++.old-deja/g++.jason/init3.C execution test
UNRESOLVED: g++.old-deja/g++.jason/inline.C execution test
UNRESOLVED: g++.old-deja/g++.jason/inline3.C execution test
UNRESOLVED: g++.old-deja/g++.jason/lex1.C execution test
UNRESOLVED: g++.old-deja/g++.jason/lvalue4.C execution test
UNRESOLVED: g++.old-deja/g++.jason/mangle3.C execution test
UNRESOLVED: g++.old-deja/g++.jason/mi.C execution test
UNRESOLVED: g++.old-deja/g++.jason/mutable1.C execution test
UNRESOLVED: g++.old-deja/g++.jason/net2.C execution test
UNRESOLVED: g++.old-deja/g++.jason/new2.C execution test
UNRESOLVED: g++.old-deja/g++.jason/new3.C execution test
UNRESOLVED: g++.old-deja/g++.jason/new4.C execution test
UNRESOLVED: g++.old-deja/g++.jason/new5.C execution test
UNRESOLVED: g++.old-deja/g++.jason/offset2.C execution test
UNRESOLVED: g++.old-deja/g++.jason/opeq.C execution test
UNRESOLVED: g++.old-deja/g++.jason/opeq5.C execution test
UNRESOLVED: g++.old-deja/g++.jason/optimize2.C execution test
UNRESOLVED: g++.old-deja/g++.jason/overload11.C execution test
UNRESOLVED: g++.old-deja/g++.jason/overload12.C execution test
UNRESOLVED: g++.old-deja/g++.jason/overload13.C execution test
UNRESOLVED: g++.old-deja/g++.jason/overload19.C execution test
UNRESOLVED: g++.old-deja/g++.jason/overload27.C execution test
UNRESOLVED: g++.old-deja/g++.jason/overload36.C execution test
UNRESOLVED: g++.old-deja/g++.jason/parse10.C execution test
UNRESOLVED: g++.old-deja/g++.jason/parse12.C execution test
UNRESOLVED: g++.old-deja/g++.jason/parse9.C execution test
UNRESOLVED: g++.old-deja/g++.jason/pmem2.C execution test
UNRESOLVED: g++.old-deja/g++.jason/pmem3.C execution test
UNRESOLVED: g++.old-deja/g++.jason/pmf7.C execution test
UNRESOLVED: g++.old-deja/g++.jason/pmf8.C execution test
UNRESOLVED: g++.old-deja/g++.jason/ref10.C execution test
UNRESOLVED: g++.old-deja/g++.jason/ref11.C execution test
UNRESOLVED: g++.old-deja/g++.jason/ref12.C execution test
UNRESOLVED: g++.old-deja/g++.jason/ref7.C execution test
UNRESOLVED: g++.old-deja/g++.jason/ref8.C execution test
UNRESOLVED: g++.old-deja/g++.jason/ref9.C execution test
UNRESOLVED: g++.old-deja/g++.jason/return.C execution test
UNRESOLVED: g++.old-deja/g++.jason/return2.C execution test
UNRESOLVED: g++.old-deja/g++.jason/return3.C execution test
UNRESOLVED: g++.old-deja/g++.jason/rvalue1.C execution test
UNRESOLVED: g++.old-deja/g++.jason/rvalue2.C execution test
UNRESOLVED: g++.old-deja/g++.jason/scoping17.C execution test
UNRESOLVED: g++.old-deja/g++.jason/static1.C execution test
UNRESOLVED: g++.old-deja/g++.jason/synth5.C execution test
UNRESOLVED: g++.old-deja/g++.jason/synth7.C execution test
UNRESOLVED: g++.old-deja/g++.jason/template11.C execution test
UNRESOLVED: g++.old-deja/g++.jason/template14.C execution test
UNRESOLVED: g++.old-deja/g++.jason/template15.C execution test
UNRESOLVED: g++.old-deja/g++.jason/template16.C execution test
UNRESOLVED: g++.old-deja/g++.jason/template19.C execution test
UNRESOLVED: g++.old-deja/g++.jason/template20.C execution test
UNRESOLVED: g++.old-deja/g++.jason/template24.C execution test
UNRESOLVED: g++.old-deja/g++.jason/template25.C execution test
UNRESOLVED: g++.old-deja/g++.jason/template26.C execution test
UNRESOLVED: g++.old-deja/g++.jason/template27.C execution test
UNRESOLVED: g++.old-deja/g++.jason/template28.C execution test
UNRESOLVED: g++.old-deja/g++.jason/template3.C execution test
UNRESOLVED: g++.old-deja/g++.jason/template31.C execution test
UNRESOLVED: g++.old-deja/g++.jason/template34.C execution test
UNRESOLVED: g++.old-deja/g++.jason/template36.C execution test
UNRESOLVED: g++.old-deja/g++.jason/template40.C execution test
UNRESOLVED: g++.old-deja/g++.jason/template41.C execution test
UNRESOLVED: g++.old-deja/g++.jason/template42.C execution test
UNRESOLVED: g++.old-deja/g++.jason/template43.C execution test
UNRESOLVED: g++.old-deja/g++.jason/template44.C execution test
UNRESOLVED: g++.old-deja/g++.jason/template6.C execution test
UNRESOLVED: g++.old-deja/g++.jason/temporary.C execution test
UNRESOLVED: g++.old-deja/g++.jason/temporary3.C execution test
UNRESOLVED: g++.old-deja/g++.jason/temporary4.C execution test
UNRESOLVED: g++.old-deja/g++.jason/temporary5.C execution test
UNRESOLVED: g++.old-deja/g++.jason/temporary7.C execution test
UNRESOLVED: g++.old-deja/g++.jason/temporary8.C execution test
UNRESOLVED: g++.old-deja/g++.jason/thunk1.C execution test
UNRESOLVED: g++.old-deja/g++.jason/thunk2.C execution test
UNRESOLVED: g++.old-deja/g++.jason/thunk3.C execution test
UNRESOLVED: g++.old-deja/g++.jason/typedef2.C execution test
UNRESOLVED: g++.old-deja/g++.jason/typeid2.C execution test
UNRESOLVED: g++.old-deja/g++.jason/vecdel.C execution test
UNRESOLVED: g++.old-deja/g++.jason/virtual2.C execution test
UNRESOLVED: g++.old-deja/g++.jason/warning5.C execution test
UNRESOLVED: g++.old-deja/g++.law/arg7.C execution test
UNRESOLVED: g++.old-deja/g++.law/arg8.C execution test
UNRESOLVED: g++.old-deja/g++.law/arm13.C execution test
UNRESOLVED: g++.old-deja/g++.law/arm15.C execution test
UNRESOLVED: g++.old-deja/g++.law/arm4.C execution test
UNRESOLVED: g++.old-deja/g++.law/arm5.C execution test
UNRESOLVED: g++.old-deja/g++.law/arm7.C execution test
UNRESOLVED: g++.old-deja/g++.law/array1.C execution test
UNRESOLVED: g++.old-deja/g++.law/bit-fields2.C execution test
UNRESOLVED: g++.old-deja/g++.law/builtin1.C execution test
UNRESOLVED: g++.old-deja/g++.law/code-gen1.C execution test
UNRESOLVED: g++.old-deja/g++.law/code-gen2.C execution test
UNRESOLVED: g++.old-deja/g++.law/code-gen4.C execution test
UNRESOLVED: g++.old-deja/g++.law/code-gen5.C execution test
UNRESOLVED: g++.old-deja/g++.law/copy1.C execution test
UNRESOLVED: g++.old-deja/g++.law/ctors12.C execution test
UNRESOLVED: g++.old-deja/g++.law/ctors15.C execution test
UNRESOLVED: g++.old-deja/g++.law/ctors16.C execution test
UNRESOLVED: g++.old-deja/g++.law/ctors2.C execution test
UNRESOLVED: g++.old-deja/g++.law/ctors4.C execution test
UNRESOLVED: g++.old-deja/g++.law/ctors8.C execution test
UNRESOLVED: g++.old-deja/g++.law/cvt12.C execution test
UNRESOLVED: g++.old-deja/g++.law/cvt2.C execution test
UNRESOLVED: g++.old-deja/g++.law/cvt4.C execution test
UNRESOLVED: g++.old-deja/g++.law/cvt7.C execution test
UNRESOLVED: g++.old-deja/g++.law/dtors2.C execution test
UNRESOLVED: g++.old-deja/g++.law/dtors3.C execution test
UNRESOLVED: g++.old-deja/g++.law/dtors4.C execution test
UNRESOLVED: g++.old-deja/g++.law/dtors5.C execution test
UNRESOLVED: g++.old-deja/g++.law/enum9.C execution test
UNRESOLVED: g++.old-deja/g++.law/global-init1.C execution test
UNRESOLVED: g++.old-deja/g++.law/init11.C execution test
UNRESOLVED: g++.old-deja/g++.law/init13.C execution test
UNRESOLVED: g++.old-deja/g++.law/init14.C execution test
UNRESOLVED: g++.old-deja/g++.law/init9.C execution test
UNRESOLVED: g++.old-deja/g++.law/inline4.C execution test
UNRESOLVED: g++.old-deja/g++.law/operators15.C execution test
UNRESOLVED: g++.old-deja/g++.law/operators16.C execution test
UNRESOLVED: g++.old-deja/g++.law/operators23.C execution test
UNRESOLVED: g++.old-deja/g++.law/operators27.C execution test
UNRESOLVED: g++.old-deja/g++.law/operators30.C execution test
UNRESOLVED: g++.old-deja/g++.law/operators8.C execution test
UNRESOLVED: g++.old-deja/g++.law/profile1.C execution test
UNRESOLVED: g++.old-deja/g++.law/refs1.C execution test
UNRESOLVED: g++.old-deja/g++.law/refs4.C execution test
UNRESOLVED: g++.old-deja/g++.law/scope2.C execution test
UNRESOLVED: g++.old-deja/g++.law/temps2.C execution test
UNRESOLVED: g++.old-deja/g++.law/temps3.C execution test
UNRESOLVED: g++.old-deja/g++.law/temps4.C execution test
UNRESOLVED: g++.old-deja/g++.law/temps5.C execution test
UNRESOLVED: g++.old-deja/g++.law/temps6.C execution test
UNRESOLVED: g++.old-deja/g++.law/virtual2.C execution test
UNRESOLVED: g++.old-deja/g++.law/virtual3.C execution test
UNRESOLVED: g++.old-deja/g++.law/virtual4.C execution test
UNRESOLVED: g++.old-deja/g++.law/vtable3.C execution test
UNRESOLVED: g++.old-deja/g++.martin/bitset1.C execution test
UNRESOLVED: g++.old-deja/g++.martin/conv1.C execution test
UNRESOLVED: g++.old-deja/g++.martin/eval1.C execution test
UNRESOLVED: g++.old-deja/g++.martin/new1.C execution test
UNRESOLVED: g++.old-deja/g++.martin/overload1.C execution test
UNRESOLVED: g++.old-deja/g++.martin/pmf1.C execution test
UNRESOLVED: g++.old-deja/g++.martin/pmf2.C execution test
UNRESOLVED: g++.old-deja/g++.martin/sts_conv.C execution test
UNRESOLVED: g++.old-deja/g++.martin/sts_iarr.C execution test
UNRESOLVED: g++.old-deja/g++.martin/sts_partial.C execution test
UNRESOLVED: g++.old-deja/g++.martin/sts_vectini.C execution test
UNRESOLVED: g++.old-deja/g++.mike/align1.C execution test
UNRESOLVED: g++.old-deja/g++.mike/align2.C execution test
UNRESOLVED: g++.old-deja/g++.mike/asm2.C execution test
UNRESOLVED: g++.old-deja/g++.mike/bool2.C execution test
UNRESOLVED: g++.old-deja/g++.mike/conv1.C execution test
UNRESOLVED: g++.old-deja/g++.mike/dyncast1.C execution test
UNRESOLVED: g++.old-deja/g++.mike/dyncast2.C execution test
UNRESOLVED: g++.old-deja/g++.mike/dyncast3.C execution test
UNRESOLVED: g++.old-deja/g++.mike/dyncast5.C execution test
UNRESOLVED: g++.old-deja/g++.mike/dyncast7.C execution test
UNRESOLVED: g++.old-deja/g++.mike/dyncast8.C execution test
UNRESOLVED: g++.old-deja/g++.mike/dyncast9.C execution test
UNRESOLVED: g++.old-deja/g++.mike/eh10.C execution test
UNRESOLVED: g++.old-deja/g++.mike/eh12.C execution test
UNRESOLVED: g++.old-deja/g++.mike/eh13.C execution test
UNRESOLVED: g++.old-deja/g++.mike/eh14.C execution test
UNRESOLVED: g++.old-deja/g++.mike/eh16.C execution test
UNRESOLVED: g++.old-deja/g++.mike/eh17.C execution test
UNRESOLVED: g++.old-deja/g++.mike/eh18.C execution test
UNRESOLVED: g++.old-deja/g++.mike/eh2.C execution test
UNRESOLVED: g++.old-deja/g++.mike/eh21.C execution test
UNRESOLVED: g++.old-deja/g++.mike/eh23.C execution test
UNRESOLVED: g++.old-deja/g++.mike/eh24.C execution test
UNRESOLVED: g++.old-deja/g++.mike/eh25.C execution test
UNRESOLVED: g++.old-deja/g++.mike/eh26.C execution test
UNRESOLVED: g++.old-deja/g++.mike/eh27.C execution test
UNRESOLVED: g++.old-deja/g++.mike/eh28.C execution test
UNRESOLVED: g++.old-deja/g++.mike/eh29.C execution test
UNRESOLVED: g++.old-deja/g++.mike/eh3.C execution test
UNRESOLVED: g++.old-deja/g++.mike/eh31.C execution test
UNRESOLVED: g++.old-deja/g++.mike/eh33.C execution test
UNRESOLVED: g++.old-deja/g++.mike/eh34.C execution test
UNRESOLVED: g++.old-deja/g++.mike/eh35.C execution test
UNRESOLVED: g++.old-deja/g++.mike/eh36.C execution test
UNRESOLVED: g++.old-deja/g++.mike/eh37.C execution test
UNRESOLVED: g++.old-deja/g++.mike/eh38.C execution test
UNRESOLVED: g++.old-deja/g++.mike/eh39.C execution test
UNRESOLVED: g++.old-deja/g++.mike/eh40.C execution test
UNRESOLVED: g++.old-deja/g++.mike/eh41.C execution test
UNRESOLVED: g++.old-deja/g++.mike/eh42.C execution test
UNRESOLVED: g++.old-deja/g++.mike/eh44.C execution test
UNRESOLVED: g++.old-deja/g++.mike/eh45.C execution test
UNRESOLVED: g++.old-deja/g++.mike/eh47.C execution test
UNRESOLVED: g++.old-deja/g++.mike/eh48.C execution test
UNRESOLVED: g++.old-deja/g++.mike/eh49.C execution test
UNRESOLVED: g++.old-deja/g++.mike/eh5.C execution test
UNRESOLVED: g++.old-deja/g++.mike/eh50.C execution test
UNRESOLVED: g++.old-deja/g++.mike/eh51.C execution test
UNRESOLVED: g++.old-deja/g++.mike/eh52.C execution test
UNRESOLVED: g++.old-deja/g++.mike/eh53.C execution test
UNRESOLVED: g++.old-deja/g++.mike/eh55.C execution test
UNRESOLVED: g++.old-deja/g++.mike/eh56.C execution test
UNRESOLVED: g++.old-deja/g++.mike/eh59.C execution test
UNRESOLVED: g++.old-deja/g++.mike/eh6.C execution test
UNRESOLVED: g++.old-deja/g++.mike/eh7.C execution test
UNRESOLVED: g++.old-deja/g++.mike/eh8.C execution test
UNRESOLVED: g++.old-deja/g++.mike/eh9.C execution test
UNRESOLVED: g++.old-deja/g++.mike/hog1.C execution test
UNRESOLVED: g++.old-deja/g++.mike/init1.C execution test
UNRESOLVED: g++.old-deja/g++.mike/leak1.C execution test
UNRESOLVED: g++.old-deja/g++.mike/mangle3.C execution test
UNRESOLVED: g++.old-deja/g++.mike/mi1.C execution test
UNRESOLVED: g++.old-deja/g++.mike/mi2.C execution test
UNRESOLVED: g++.old-deja/g++.mike/misc1.C execution test
UNRESOLVED: g++.old-deja/g++.mike/misc13.C execution test
UNRESOLVED: g++.old-deja/g++.mike/misc14.C execution test
UNRESOLVED: g++.old-deja/g++.mike/net15.C execution test
UNRESOLVED: g++.old-deja/g++.mike/net16.C execution test
UNRESOLVED: g++.old-deja/g++.mike/net17.C execution test
UNRESOLVED: g++.old-deja/g++.mike/net21.C execution test
UNRESOLVED: g++.old-deja/g++.mike/net26.C execution test
UNRESOLVED: g++.old-deja/g++.mike/net34.C execution test
UNRESOLVED: g++.old-deja/g++.mike/net35.C execution test
UNRESOLVED: g++.old-deja/g++.mike/net37.C execution test
UNRESOLVED: g++.old-deja/g++.mike/net38.C execution test
UNRESOLVED: g++.old-deja/g++.mike/net39.C execution test
UNRESOLVED: g++.old-deja/g++.mike/net40.C execution test
UNRESOLVED: g++.old-deja/g++.mike/net41.C execution test
UNRESOLVED: g++.old-deja/g++.mike/net46.C execution test
UNRESOLVED: g++.old-deja/g++.mike/ns1.C execution test
UNRESOLVED: g++.old-deja/g++.mike/ns10.C execution test
UNRESOLVED: g++.old-deja/g++.mike/ns11.C execution test
UNRESOLVED: g++.old-deja/g++.mike/ns12.C execution test
UNRESOLVED: g++.old-deja/g++.mike/ns2.C execution test
UNRESOLVED: g++.old-deja/g++.mike/ns9.C execution test
UNRESOLVED: g++.old-deja/g++.mike/offset1.C execution test
UNRESOLVED: g++.old-deja/g++.mike/opr-as1.C execution test
UNRESOLVED: g++.old-deja/g++.mike/p10148.C execution test
UNRESOLVED: g++.old-deja/g++.mike/p10849a.C execution test
UNRESOLVED: g++.old-deja/g++.mike/p11144.C execution test
UNRESOLVED: g++.old-deja/g++.mike/p11667.C execution test
UNRESOLVED: g++.old-deja/g++.mike/p12306.C execution test
UNRESOLVED: g++.old-deja/g++.mike/p12306a.C execution test
UNRESOLVED: g++.old-deja/g++.mike/p1248.C execution test
UNRESOLVED: g++.old-deja/g++.mike/p1567.C execution test
UNRESOLVED: g++.old-deja/g++.mike/p16146.C execution test
UNRESOLVED: g++.old-deja/g++.mike/p1862.C execution test
UNRESOLVED: g++.old-deja/g++.mike/p2394.C execution test
UNRESOLVED: g++.old-deja/g++.mike/p2736.C execution test
UNRESOLVED: g++.old-deja/g++.mike/p2846.C execution test
UNRESOLVED: g++.old-deja/g++.mike/p2846a.C execution test
UNRESOLVED: g++.old-deja/g++.mike/p2846b.C execution test
UNRESOLVED: g++.old-deja/g++.mike/p2960.C execution test
UNRESOLVED: g++.old-deja/g++.mike/p3041.C execution test
UNRESOLVED: g++.old-deja/g++.mike/p3060d.C execution test
UNRESOLVED: g++.old-deja/g++.mike/p3068.C execution test
UNRESOLVED: g++.old-deja/g++.mike/p3139.C execution test
UNRESOLVED: g++.old-deja/g++.mike/p3570.C execution test
UNRESOLVED: g++.old-deja/g++.mike/p3579.C execution test
UNRESOLVED: g++.old-deja/g++.mike/p3708.C execution test
UNRESOLVED: g++.old-deja/g++.mike/p3708a.C execution test
UNRESOLVED: g++.old-deja/g++.mike/p3708b.C execution test
UNRESOLVED: g++.old-deja/g++.mike/p4068.C execution test
UNRESOLVED: g++.old-deja/g++.mike/p4104.C execution test
UNRESOLVED: g++.old-deja/g++.mike/p4246.C execution test
UNRESOLVED: g++.old-deja/g++.mike/p4511.C execution test
UNRESOLVED: g++.old-deja/g++.mike/p4623.C execution test
UNRESOLVED: g++.old-deja/g++.mike/p4667.C execution test
UNRESOLVED: g++.old-deja/g++.mike/p4736a.C execution test
UNRESOLVED: g++.old-deja/g++.mike/p4736b.C execution test
UNRESOLVED: g++.old-deja/g++.mike/p4736c.C execution test
UNRESOLVED: g++.old-deja/g++.mike/p5469.C execution test
UNRESOLVED: g++.old-deja/g++.mike/p5469a.C execution test
UNRESOLVED: g++.old-deja/g++.mike/p5571.C execution test
UNRESOLVED: g++.old-deja/g++.mike/p5611.C execution test
UNRESOLVED: g++.old-deja/g++.mike/p5673.C execution test
UNRESOLVED: g++.old-deja/g++.mike/p5718.C execution test
UNRESOLVED: g++.old-deja/g++.mike/p5840.C execution test
UNRESOLVED: g++.old-deja/g++.mike/p5958.C execution test
UNRESOLVED: g++.old-deja/g++.mike/p6004.C execution test
UNRESOLVED: g++.old-deja/g++.mike/p6311.C execution test
UNRESOLVED: g++.old-deja/g++.mike/p658.C execution test
UNRESOLVED: g++.old-deja/g++.mike/p6610a.C execution test
UNRESOLVED: g++.old-deja/g++.mike/p6610b.C execution test
UNRESOLVED: g++.old-deja/g++.mike/p6611.C execution test
UNRESOLVED: g++.old-deja/g++.mike/p6927.C execution test
UNRESOLVED: g++.old-deja/g++.mike/p7180.C execution test
UNRESOLVED: g++.old-deja/g++.mike/p755.C execution test
UNRESOLVED: g++.old-deja/g++.mike/p755a.C execution test
UNRESOLVED: g++.old-deja/g++.mike/p7651.C execution test
UNRESOLVED: g++.old-deja/g++.mike/p783.C execution test
UNRESOLVED: g++.old-deja/g++.mike/p783a.C execution test
UNRESOLVED: g++.old-deja/g++.mike/p783b.C execution test
UNRESOLVED: g++.old-deja/g++.mike/p786.C execution test
UNRESOLVED: g++.old-deja/g++.mike/p7865.C execution test
UNRESOLVED: g++.old-deja/g++.mike/p789.C execution test
UNRESOLVED: g++.old-deja/g++.mike/p789a.C execution test
UNRESOLVED: g++.old-deja/g++.mike/p7912.C execution test
UNRESOLVED: g++.old-deja/g++.mike/p8018.C execution test
UNRESOLVED: g++.old-deja/g++.mike/p8155.C execution test
UNRESOLVED: g++.old-deja/g++.mike/p8483.C execution test
UNRESOLVED: g++.old-deja/g++.mike/p8804.C execution test
UNRESOLVED: g++.old-deja/g++.mike/p9206.C execution test
UNRESOLVED: g++.old-deja/g++.mike/p9706.C execution test
UNRESOLVED: g++.old-deja/g++.mike/p9732a.C execution test
UNRESOLVED: g++.old-deja/g++.mike/p9732b.C execution test
UNRESOLVED: g++.old-deja/g++.mike/pmf1.C execution test
UNRESOLVED: g++.old-deja/g++.mike/pmf2.C execution test
UNRESOLVED: g++.old-deja/g++.mike/pmf7.C execution test
UNRESOLVED: g++.old-deja/g++.mike/pmf8.C execution test
UNRESOLVED: g++.old-deja/g++.mike/pmf9.C execution test
UNRESOLVED: g++.old-deja/g++.mike/pt1.C execution test
UNRESOLVED: g++.old-deja/g++.mike/pt2.C execution test
UNRESOLVED: g++.old-deja/g++.mike/ref1.C execution test
UNRESOLVED: g++.old-deja/g++.mike/rtti2.C execution test
UNRESOLVED: g++.old-deja/g++.mike/rtti3.C execution test
UNRESOLVED: g++.old-deja/g++.mike/temp.C execution test
UNRESOLVED: g++.old-deja/g++.mike/thunk2.C execution test
UNRESOLVED: g++.old-deja/g++.mike/thunk3.C execution test
UNRESOLVED: g++.old-deja/g++.mike/virt2.C execution test
UNRESOLVED: g++.old-deja/g++.mike/virt4.C execution test
UNRESOLVED: g++.old-deja/g++.mike/virt5.C execution test
UNRESOLVED: g++.old-deja/g++.mike/virt6.C execution test
UNRESOLVED: g++.old-deja/g++.niklas/t140.C execution test
UNRESOLVED: g++.old-deja/g++.ns/alias1.C execution test
UNRESOLVED: g++.old-deja/g++.ns/alias3.C execution test
UNRESOLVED: g++.old-deja/g++.ns/alias6.C execution test
UNRESOLVED: g++.old-deja/g++.ns/anon1.C execution test
UNRESOLVED: g++.old-deja/g++.ns/koenig3.C execution test
UNRESOLVED: g++.old-deja/g++.ns/koenig4.C execution test
UNRESOLVED: g++.old-deja/g++.ns/koenig7.C execution test
UNRESOLVED: g++.old-deja/g++.ns/lookup3.C execution test
UNRESOLVED: g++.old-deja/g++.ns/ns1.C execution test
UNRESOLVED: g++.old-deja/g++.ns/ns12.C execution test
UNRESOLVED: g++.old-deja/g++.ns/ns13.C execution test
UNRESOLVED: g++.old-deja/g++.ns/ns14.C execution test
UNRESOLVED: g++.old-deja/g++.ns/ns2.C execution test
UNRESOLVED: g++.old-deja/g++.ns/ns6.C execution test
UNRESOLVED: g++.old-deja/g++.ns/overload1.C execution test
UNRESOLVED: g++.old-deja/g++.ns/template11.C execution test
UNRESOLVED: g++.old-deja/g++.ns/template3.C execution test
UNRESOLVED: g++.old-deja/g++.ns/template4.C execution test
UNRESOLVED: g++.old-deja/g++.ns/template5.C execution test
UNRESOLVED: g++.old-deja/g++.ns/template9.C execution test
UNRESOLVED: g++.old-deja/g++.ns/using13.C execution test
UNRESOLVED: g++.old-deja/g++.ns/using7.C execution test
UNRESOLVED: g++.old-deja/g++.oliva/delete2.C execution test
UNRESOLVED: g++.old-deja/g++.oliva/delete3.C execution test
UNRESOLVED: g++.old-deja/g++.oliva/delete4.C execution test
UNRESOLVED: g++.old-deja/g++.oliva/delete5.C execution test
UNRESOLVED: g++.old-deja/g++.oliva/expr2.C execution test
UNRESOLVED: g++.old-deja/g++.oliva/ext1.C execution test
UNRESOLVED: g++.old-deja/g++.oliva/new1.C execution test
UNRESOLVED: g++.old-deja/g++.oliva/thunk1.C execution test
UNRESOLVED: g++.old-deja/g++.other/addrof1.C execution test
UNRESOLVED: g++.old-deja/g++.other/anon2.C execution test
UNRESOLVED: g++.old-deja/g++.other/anon3.C execution test
UNRESOLVED: g++.old-deja/g++.other/anon6.C execution test
UNRESOLVED: g++.old-deja/g++.other/array1.C execution test
UNRESOLVED: g++.old-deja/g++.other/array2.C execution test
UNRESOLVED: g++.old-deja/g++.other/array6.C execution test
UNRESOLVED: g++.old-deja/g++.other/badopt1.C execution test
UNRESOLVED: g++.old-deja/g++.other/builtins1.C execution test
UNRESOLVED: g++.old-deja/g++.other/builtins2.C execution test
UNRESOLVED: g++.old-deja/g++.other/builtins3.C execution test
UNRESOLVED: g++.old-deja/g++.other/builtins4.C execution test
UNRESOLVED: g++.old-deja/g++.other/builtins6.C execution test
UNRESOLVED: g++.old-deja/g++.other/builtins7.C execution test
UNRESOLVED: g++.old-deja/g++.other/builtins8.C execution test
UNRESOLVED: g++.old-deja/g++.other/builtins9.C execution test
UNRESOLVED: g++.old-deja/g++.other/call1.C execution test
UNRESOLVED: g++.old-deja/g++.other/cast7.C execution test
UNRESOLVED: g++.old-deja/g++.other/cleanup1.C execution test
UNRESOLVED: g++.old-deja/g++.other/cleanup2.C execution test
UNRESOLVED: g++.old-deja/g++.other/comdat1.C execution test
UNRESOLVED: g++.old-deja/g++.other/comdat2.C execution test
UNRESOLVED: g++.old-deja/g++.other/comdat3.C execution test
UNRESOLVED: g++.old-deja/g++.other/conv4.C execution test
UNRESOLVED: g++.old-deja/g++.other/conv6.C execution test
UNRESOLVED: g++.old-deja/g++.other/copy1.C execution test
UNRESOLVED: g++.old-deja/g++.other/copy2.C execution test
UNRESOLVED: g++.old-deja/g++.other/ctor1.C execution test
UNRESOLVED: g++.old-deja/g++.other/defarg2.C execution test
UNRESOLVED: g++.old-deja/g++.other/delete3.C execution test
UNRESOLVED: g++.old-deja/g++.other/delete6.C execution test
UNRESOLVED: g++.old-deja/g++.other/delete7.C execution test
UNRESOLVED: g++.old-deja/g++.other/delete8.C execution test
UNRESOLVED: g++.old-deja/g++.other/dtor1.C execution test
UNRESOLVED: g++.old-deja/g++.other/dtor10.C execution test
UNRESOLVED: g++.old-deja/g++.other/dtor11.C execution test
UNRESOLVED: g++.old-deja/g++.other/dtor12.C execution test
UNRESOLVED: g++.old-deja/g++.other/dtor5.C execution test
UNRESOLVED: g++.old-deja/g++.other/dtor6.C execution test
UNRESOLVED: g++.old-deja/g++.other/dtor7.C execution test
UNRESOLVED: g++.old-deja/g++.other/dtor8.C execution test
UNRESOLVED: g++.old-deja/g++.other/dtor9.C execution test
UNRESOLVED: g++.old-deja/g++.other/dyncast1.C execution test
UNRESOLVED: g++.old-deja/g++.other/dyncast2.C execution test
UNRESOLVED: g++.old-deja/g++.other/dyncast3.C execution test
UNRESOLVED: g++.old-deja/g++.other/dyncast4.C execution test
UNRESOLVED: g++.old-deja/g++.other/dyncast5.C execution test
UNRESOLVED: g++.old-deja/g++.other/dyncast6.C execution test
UNRESOLVED: g++.old-deja/g++.other/eh3.C execution test
UNRESOLVED: g++.old-deja/g++.other/empty1.C execution test
UNRESOLVED: g++.old-deja/g++.other/enum1.C execution test
UNRESOLVED: g++.old-deja/g++.other/enum4.C execution test
UNRESOLVED: g++.old-deja/g++.other/enum5.C execution test
UNRESOLVED: g++.old-deja/g++.other/exprstmt1.C execution test
UNRESOLVED: g++.old-deja/g++.other/externC3.C execution test
UNRESOLVED: g++.old-deja/g++.other/field2.C execution test
UNRESOLVED: g++.old-deja/g++.other/goto4.C execution test
UNRESOLVED: g++.old-deja/g++.other/headers1.C execution test
UNRESOLVED: g++.old-deja/g++.other/init1.C execution test
UNRESOLVED: g++.old-deja/g++.other/init10.C execution test
UNRESOLVED: g++.old-deja/g++.other/init11.C execution test
UNRESOLVED: g++.old-deja/g++.other/init16.C execution test
UNRESOLVED: g++.old-deja/g++.other/init19.C execution test
UNRESOLVED: g++.old-deja/g++.other/init2.C execution test
UNRESOLVED: g++.old-deja/g++.other/init5.C execution test
UNRESOLVED: g++.old-deja/g++.other/init6.C execution test
UNRESOLVED: g++.old-deja/g++.other/init7.C execution test
UNRESOLVED: g++.old-deja/g++.other/inline21.C execution test
UNRESOLVED: g++.old-deja/g++.other/inline7.C execution test
UNRESOLVED: g++.old-deja/g++.other/inline8.C execution test
UNRESOLVED: g++.old-deja/g++.other/local3.C execution test
UNRESOLVED: g++.old-deja/g++.other/local4.C execution test
UNRESOLVED: g++.old-deja/g++.other/lookup13.C execution test
UNRESOLVED: g++.old-deja/g++.other/lookup17.C execution test
UNRESOLVED: g++.old-deja/g++.other/lookup21.C execution test
UNRESOLVED: g++.old-deja/g++.other/lookup3.C execution test
UNRESOLVED: g++.old-deja/g++.other/lookup4.C execution test
UNRESOLVED: g++.old-deja/g++.other/lookup6.C execution test
UNRESOLVED: g++.old-deja/g++.other/lookup7.C execution test
UNRESOLVED: g++.old-deja/g++.other/loop1.C execution test
UNRESOLVED: g++.old-deja/g++.other/mangle3.C execution test
UNRESOLVED: g++.old-deja/g++.other/mutable1.C execution test
UNRESOLVED: g++.old-deja/g++.other/new3.C execution test
UNRESOLVED: g++.old-deja/g++.other/new5.C execution test
UNRESOLVED: g++.old-deja/g++.other/new6.C execution test
UNRESOLVED: g++.old-deja/g++.other/new7.C execution test
UNRESOLVED: g++.old-deja/g++.other/null2.C execution test
UNRESOLVED: g++.old-deja/g++.other/op2.C execution test
UNRESOLVED: g++.old-deja/g++.other/op3.C execution test
UNRESOLVED: g++.old-deja/g++.other/optimize1.C execution test
UNRESOLVED: g++.old-deja/g++.other/optimize2.C execution test
UNRESOLVED: g++.old-deja/g++.other/optimize3.C execution test
UNRESOLVED: g++.old-deja/g++.other/overload1.C execution test
UNRESOLVED: g++.old-deja/g++.other/overload14.C execution test
UNRESOLVED: g++.old-deja/g++.other/overload6.C execution test
UNRESOLVED: g++.old-deja/g++.other/overload7.C execution test
UNRESOLVED: g++.old-deja/g++.other/overload8.C execution test
UNRESOLVED: g++.old-deja/g++.other/overload9.C execution test
UNRESOLVED: g++.old-deja/g++.other/pmf1.C execution test
UNRESOLVED: g++.old-deja/g++.other/pmf4.C execution test
UNRESOLVED: g++.old-deja/g++.other/pmf5.C execution test
UNRESOLVED: g++.old-deja/g++.other/pmf6.C execution test
UNRESOLVED: g++.old-deja/g++.other/ptrmem10.C execution test
UNRESOLVED: g++.old-deja/g++.other/ptrmem4.C execution test
UNRESOLVED: g++.old-deja/g++.other/ptrmem9.C execution test
UNRESOLVED: g++.old-deja/g++.other/ref3.C execution test
UNRESOLVED: g++.old-deja/g++.other/reload1.C execution test
UNRESOLVED: g++.old-deja/g++.other/rtti1.C execution test
UNRESOLVED: g++.old-deja/g++.other/rtti2.C execution test
UNRESOLVED: g++.old-deja/g++.other/rtti3.C execution test
UNRESOLVED: g++.old-deja/g++.other/rtti4.C execution test
UNRESOLVED: g++.old-deja/g++.other/rttid2.C execution test
UNRESOLVED: g++.old-deja/g++.other/rttid3.C execution test
UNRESOLVED: g++.old-deja/g++.other/rttid4.C execution test
UNRESOLVED: g++.old-deja/g++.other/scope1.C execution test
UNRESOLVED: g++.old-deja/g++.other/sibcall1.C execution test
UNRESOLVED: g++.old-deja/g++.other/singleton.C execution test
UNRESOLVED: g++.old-deja/g++.other/sizeof3.C execution test
UNRESOLVED: g++.old-deja/g++.other/static15.C execution test
UNRESOLVED: g++.old-deja/g++.other/static16.C execution test
UNRESOLVED: g++.old-deja/g++.other/static4.C execution test
UNRESOLVED: g++.old-deja/g++.other/static7.C execution test
UNRESOLVED: g++.old-deja/g++.other/string2.C execution test
UNRESOLVED: g++.old-deja/g++.other/temporary1.C execution test
UNRESOLVED: g++.old-deja/g++.other/thunk1.C execution test
UNRESOLVED: g++.old-deja/g++.other/unchanging1.C execution test
UNRESOLVED: g++.old-deja/g++.other/union2.C execution test
UNRESOLVED: g++.old-deja/g++.other/union3.C execution test
UNRESOLVED: g++.old-deja/g++.other/using6.C execution test
UNRESOLVED: g++.old-deja/g++.other/vaarg2.C execution test
UNRESOLVED: g++.old-deja/g++.other/vbase1.C execution test
UNRESOLVED: g++.old-deja/g++.other/vbase2.C execution test
UNRESOLVED: g++.old-deja/g++.other/vbase5.C execution test
UNRESOLVED: g++.old-deja/g++.other/virtual2.C execution test
UNRESOLVED: g++.old-deja/g++.other/virtual3.C execution test
UNRESOLVED: g++.old-deja/g++.other/virtual8.C execution test
UNRESOLVED: g++.old-deja/g++.other/virtual9.C execution test
UNRESOLVED: g++.old-deja/g++.other/vtbl2.C execution test
UNRESOLVED: g++.old-deja/g++.pt/alignof.C execution test
UNRESOLVED: g++.old-deja/g++.pt/array1.C execution test
UNRESOLVED: g++.old-deja/g++.pt/copy1.C execution test
UNRESOLVED: g++.old-deja/g++.pt/deduct4.C execution test
UNRESOLVED: g++.old-deja/g++.pt/deduct5.C execution test
UNRESOLVED: g++.old-deja/g++.pt/deduct7.C execution test
UNRESOLVED: g++.old-deja/g++.pt/defarg.C execution test
UNRESOLVED: g++.old-deja/g++.pt/defarg2.C execution test
UNRESOLVED: g++.old-deja/g++.pt/eichin01a.C execution test
UNRESOLVED: g++.old-deja/g++.pt/eichin01b.C execution test
UNRESOLVED: g++.old-deja/g++.pt/enum3.C execution test
UNRESOLVED: g++.old-deja/g++.pt/enum7.C execution test
UNRESOLVED: g++.old-deja/g++.pt/explarg1.C execution test
UNRESOLVED: g++.old-deja/g++.pt/explicit40.C execution test
UNRESOLVED: g++.old-deja/g++.pt/explicit42.C execution test
UNRESOLVED: g++.old-deja/g++.pt/explicit43.C execution test
UNRESOLVED: g++.old-deja/g++.pt/explicit50.C execution test
UNRESOLVED: g++.old-deja/g++.pt/explicit51.C execution test
UNRESOLVED: g++.old-deja/g++.pt/explicit52.C execution test
UNRESOLVED: g++.old-deja/g++.pt/explicit53.C execution test
UNRESOLVED: g++.old-deja/g++.pt/explicit54.C execution test
UNRESOLVED: g++.old-deja/g++.pt/explicit55.C execution test
UNRESOLVED: g++.old-deja/g++.pt/explicit56.C execution test
UNRESOLVED: g++.old-deja/g++.pt/explicit57.C execution test
UNRESOLVED: g++.old-deja/g++.pt/explicit58.C execution test
UNRESOLVED: g++.old-deja/g++.pt/explicit59.C execution test
UNRESOLVED: g++.old-deja/g++.pt/explicit60.C execution test
UNRESOLVED: g++.old-deja/g++.pt/explicit61.C execution test
UNRESOLVED: g++.old-deja/g++.pt/explicit62.C execution test
UNRESOLVED: g++.old-deja/g++.pt/explicit63.C execution test
UNRESOLVED: g++.old-deja/g++.pt/explicit64.C execution test
UNRESOLVED: g++.old-deja/g++.pt/explicit65.C execution test
UNRESOLVED: g++.old-deja/g++.pt/explicit66.C execution test
UNRESOLVED: g++.old-deja/g++.pt/explicit74.C execution test
UNRESOLVED: g++.old-deja/g++.pt/expr1.C execution test
UNRESOLVED: g++.old-deja/g++.pt/fntry1.C execution test
UNRESOLVED: g++.old-deja/g++.pt/friend1.C execution test
UNRESOLVED: g++.old-deja/g++.pt/friend10.C execution test
UNRESOLVED: g++.old-deja/g++.pt/friend12.C execution test
UNRESOLVED: g++.old-deja/g++.pt/friend13.C execution test
UNRESOLVED: g++.old-deja/g++.pt/friend4.C execution test
UNRESOLVED: g++.old-deja/g++.pt/friend5.C execution test
UNRESOLVED: g++.old-deja/g++.pt/friend6.C execution test
UNRESOLVED: g++.old-deja/g++.pt/friend7.C execution test
UNRESOLVED: g++.old-deja/g++.pt/friend8.C execution test
UNRESOLVED: g++.old-deja/g++.pt/friend9.C execution test
UNRESOLVED: g++.old-deja/g++.pt/inherit1.C execution test
UNRESOLVED: g++.old-deja/g++.pt/instantiate12.C execution test
UNRESOLVED: g++.old-deja/g++.pt/local1.C execution test
UNRESOLVED: g++.old-deja/g++.pt/local2.C execution test
UNRESOLVED: g++.old-deja/g++.pt/local3.C execution test
UNRESOLVED: g++.old-deja/g++.pt/local4.C execution test
UNRESOLVED: g++.old-deja/g++.pt/local5.C execution test
UNRESOLVED: g++.old-deja/g++.pt/local6.C execution test
UNRESOLVED: g++.old-deja/g++.pt/lookup3.C execution test
UNRESOLVED: g++.old-deja/g++.pt/memclass1.C execution test
UNRESOLVED: g++.old-deja/g++.pt/memclass2.C execution test
UNRESOLVED: g++.old-deja/g++.pt/memclass3.C execution test
UNRESOLVED: g++.old-deja/g++.pt/memclass4.C execution test
UNRESOLVED: g++.old-deja/g++.pt/memclass5.C execution test
UNRESOLVED: g++.old-deja/g++.pt/memclass6.C execution test
UNRESOLVED: g++.old-deja/g++.pt/memclass7.C execution test
UNRESOLVED: g++.old-deja/g++.pt/memtemp28.C execution test
UNRESOLVED: g++.old-deja/g++.pt/memtemp63.C execution test
UNRESOLVED: g++.old-deja/g++.pt/memtemp67.C execution test
UNRESOLVED: g++.old-deja/g++.pt/memtemp69.C execution test
UNRESOLVED: g++.old-deja/g++.pt/memtemp73.C execution test
UNRESOLVED: g++.old-deja/g++.pt/memtemp77.C execution test
UNRESOLVED: g++.old-deja/g++.pt/memtemp96.C execution test
UNRESOLVED: g++.old-deja/g++.pt/memtemp97.C execution test
UNRESOLVED: g++.old-deja/g++.pt/mi1.C execution test
UNRESOLVED: g++.old-deja/g++.pt/nttp1.C execution test
UNRESOLVED: g++.old-deja/g++.pt/nttp2.C execution test
UNRESOLVED: g++.old-deja/g++.pt/overload1.C execution test
UNRESOLVED: g++.old-deja/g++.pt/overload10.C execution test
UNRESOLVED: g++.old-deja/g++.pt/overload12.C execution test
UNRESOLVED: g++.old-deja/g++.pt/overload6.C execution test
UNRESOLVED: g++.old-deja/g++.pt/overload9.C execution test
UNRESOLVED: g++.old-deja/g++.pt/parms1.C execution test
UNRESOLVED: g++.old-deja/g++.pt/partial1.C execution test
UNRESOLVED: g++.old-deja/g++.pt/partial3.C execution test
UNRESOLVED: g++.old-deja/g++.pt/partial5.C execution test
UNRESOLVED: g++.old-deja/g++.pt/ptrmem1.C execution test
UNRESOLVED: g++.old-deja/g++.pt/ptrmem2.C execution test
UNRESOLVED: g++.old-deja/g++.pt/recursion2.C execution test
UNRESOLVED: g++.old-deja/g++.pt/ref3.C execution test
UNRESOLVED: g++.old-deja/g++.pt/sizeof.C execution test
UNRESOLVED: g++.old-deja/g++.pt/sizeof2.C execution test
UNRESOLVED: g++.old-deja/g++.pt/sizeof3.C execution test
UNRESOLVED: g++.old-deja/g++.pt/spec10.C execution test
UNRESOLVED: g++.old-deja/g++.pt/spec11.C execution test
UNRESOLVED: g++.old-deja/g++.pt/spec12.C execution test
UNRESOLVED: g++.old-deja/g++.pt/spec13.C execution test
UNRESOLVED: g++.old-deja/g++.pt/spec15.C execution test
UNRESOLVED: g++.old-deja/g++.pt/spec29.C execution test
UNRESOLVED: g++.old-deja/g++.pt/spec3.C execution test
UNRESOLVED: g++.old-deja/g++.pt/spec30.C execution test
UNRESOLVED: g++.old-deja/g++.pt/spec36.C execution test
UNRESOLVED: g++.old-deja/g++.pt/spec40.C execution test
UNRESOLVED: g++.old-deja/g++.pt/spec7.C execution test
UNRESOLVED: g++.old-deja/g++.pt/spec8.C execution test
UNRESOLVED: g++.old-deja/g++.pt/static1.C execution test
UNRESOLVED: g++.old-deja/g++.pt/static11.C execution test
UNRESOLVED: g++.old-deja/g++.pt/static3.C execution test
UNRESOLVED: g++.old-deja/g++.pt/static8.C execution test
UNRESOLVED: g++.old-deja/g++.pt/stmtexpr.C execution test
UNRESOLVED: g++.old-deja/g++.pt/stmtexpr2.C execution test
UNRESOLVED: g++.old-deja/g++.pt/t16.C execution test
UNRESOLVED: g++.old-deja/g++.pt/t39.C execution test
UNRESOLVED: g++.old-deja/g++.pt/t42.C execution test
UNRESOLVED: g++.old-deja/g++.pt/tiemann2.C execution test
UNRESOLVED: g++.old-deja/g++.pt/ttp11.C execution test
UNRESOLVED: g++.old-deja/g++.pt/ttp12.C execution test
UNRESOLVED: g++.old-deja/g++.pt/ttp13.C execution test
UNRESOLVED: g++.old-deja/g++.pt/ttp14.C execution test
UNRESOLVED: g++.old-deja/g++.pt/ttp15.C execution test
UNRESOLVED: g++.old-deja/g++.pt/ttp16.C execution test
UNRESOLVED: g++.old-deja/g++.pt/ttp17.C execution test
UNRESOLVED: g++.old-deja/g++.pt/ttp18.C execution test
UNRESOLVED: g++.old-deja/g++.pt/ttp20.C execution test
UNRESOLVED: g++.old-deja/g++.pt/ttp21.C execution test
UNRESOLVED: g++.old-deja/g++.pt/ttp22.C execution test
UNRESOLVED: g++.old-deja/g++.pt/ttp23.C execution test
UNRESOLVED: g++.old-deja/g++.pt/ttp24.C execution test
UNRESOLVED: g++.old-deja/g++.pt/ttp25.C execution test
UNRESOLVED: g++.old-deja/g++.pt/ttp27.C execution test
UNRESOLVED: g++.old-deja/g++.pt/ttp28.C execution test
UNRESOLVED: g++.old-deja/g++.pt/ttp29.C execution test
UNRESOLVED: g++.old-deja/g++.pt/ttp30.C execution test
UNRESOLVED: g++.old-deja/g++.pt/ttp31.C execution test
UNRESOLVED: g++.old-deja/g++.pt/ttp32.C execution test
UNRESOLVED: g++.old-deja/g++.pt/ttp33.C execution test
UNRESOLVED: g++.old-deja/g++.pt/ttp34.C execution test
UNRESOLVED: g++.old-deja/g++.pt/ttp42.C execution test
UNRESOLVED: g++.old-deja/g++.pt/ttp47.C execution test
UNRESOLVED: g++.old-deja/g++.pt/ttp48.C execution test
UNRESOLVED: g++.old-deja/g++.pt/ttp50.C execution test
UNRESOLVED: g++.old-deja/g++.pt/ttp6.C execution test
UNRESOLVED: g++.old-deja/g++.pt/ttp62.C execution test
UNRESOLVED: g++.old-deja/g++.pt/ttp8.C execution test
UNRESOLVED: g++.old-deja/g++.pt/typename12.C execution test
UNRESOLVED: g++.old-deja/g++.pt/typename19.C execution test
UNRESOLVED: g++.old-deja/g++.pt/typename9.C execution test
UNRESOLVED: g++.old-deja/g++.pt/using1.C execution test
UNRESOLVED: g++.old-deja/g++.pt/vaarg.C execution test
UNRESOLVED: g++.old-deja/g++.pt/vbase1.C execution test
UNRESOLVED: g++.old-deja/g++.pt/virtual1.C execution test
UNRESOLVED: g++.old-deja/g++.pt/virtual4.C execution test
UNRESOLVED: g++.old-deja/g++.robertl/980310-1.C execution test
UNRESOLVED: g++.old-deja/g++.robertl/eb102.C execution test
UNRESOLVED: g++.old-deja/g++.robertl/eb104.C execution test
UNRESOLVED: g++.old-deja/g++.robertl/eb111.C execution test
UNRESOLVED: g++.old-deja/g++.robertl/eb114.C execution test
UNRESOLVED: g++.old-deja/g++.robertl/eb115.C execution test
UNRESOLVED: g++.old-deja/g++.robertl/eb116.C execution test
UNRESOLVED: g++.old-deja/g++.robertl/eb120.C execution test
UNRESOLVED: g++.old-deja/g++.robertl/eb126.C execution test
UNRESOLVED: g++.old-deja/g++.robertl/eb14.C execution test
UNRESOLVED: g++.old-deja/g++.robertl/eb17.C execution test
UNRESOLVED: g++.old-deja/g++.robertl/eb21.C execution test
UNRESOLVED: g++.old-deja/g++.robertl/eb26.C execution test
UNRESOLVED: g++.old-deja/g++.robertl/eb31.C execution test
UNRESOLVED: g++.old-deja/g++.robertl/eb33.C execution test
UNRESOLVED: g++.old-deja/g++.robertl/eb41.C execution test
UNRESOLVED: g++.old-deja/g++.robertl/eb46.C execution test
UNRESOLVED: g++.old-deja/g++.robertl/eb50.C execution test
UNRESOLVED: g++.old-deja/g++.robertl/eb54.C execution test
UNRESOLVED: g++.old-deja/g++.robertl/eb58.C execution test
UNRESOLVED: g++.old-deja/g++.robertl/eb59.C execution test
UNRESOLVED: g++.old-deja/g++.robertl/eb63.C execution test
UNRESOLVED: g++.old-deja/g++.robertl/eb65.C execution test
UNRESOLVED: g++.old-deja/g++.robertl/eb66.C execution test
UNRESOLVED: g++.old-deja/g++.robertl/eb73.C execution test
UNRESOLVED: g++.old-deja/g++.robertl/eb77.C execution test
UNRESOLVED: g++.old-deja/g++.robertl/eb84.C execution test
UNRESOLVED: g++.old-deja/g++.robertl/eb88.C execution test
UNRESOLVED: g++.old-deja/g++.robertl/eb91.C execution test
UNRESOLVED: g++.old-deja/g++.robertl/eb95.C execution test
UNRESOLVED: g++.old-deja/g++.robertl/eb97.C execution test
UNRESOLVED: g++.old-deja/g++.robertl/ebnull-cast.C execution test
UNRESOLVED: g++.old-deja/g++.robertl/ebnull-oldcast.C execution test
UNRESOLVED: g++.old-deja/g++.robertl/ebnull.C execution test
UNRESOLVED: g++.old-deja/g++.robertl/eh990323-1.C execution test
UNRESOLVED: g++.old-deja/g++.robertl/eh990323-2.C execution test
UNRESOLVED: g++.old-deja/g++.robertl/eh990323-3.C execution test
UNRESOLVED: g++.old-deja/g++.robertl/eh990323-4.C execution test
UNRESOLVED: g++.old-deja/g++.robertl/eh990323-5.C execution test
UNRESOLVED: g++.old-deja/g++.robertl/ice990323-2.C execution test

		=== g++ Summary ===

# of expected passes		16223
# of unexpected failures	6
# of expected failures		80
# of unresolved testcases	1458
# of unsupported tests		144
/tmp/edmar/build_cde/job_28/obj_gcc/gcc/testsuite/g++/../../g++  version 4.4.0 20080531 (experimental) (GCC) 

Host   is x86_64-unknown-linux-gnu

		=== gcc tests ===


Running target reg_e600_ssh
FAIL: gcc.c-torture/execute/991112-1.c execution,  -O0 
FAIL: gcc.c-torture/execute/991112-1.c execution,  -O1 
FAIL: gcc.c-torture/execute/991112-1.c execution,  -O2 
FAIL: gcc.c-torture/execute/991112-1.c execution,  -O3 -fomit-frame-pointer 
FAIL: gcc.c-torture/execute/991112-1.c execution,  -O3 -g 
FAIL: gcc.c-torture/execute/991112-1.c execution,  -Os 
UNRESOLVED: tmpdir-gcc.dg-struct-layout-1/t007 c_compat_x_tst.o-c_compat_y_tst.o execute 
UNRESOLVED: tmpdir-gcc.dg-struct-layout-1/t008 c_compat_x_tst.o-c_compat_y_tst.o execute 
UNRESOLVED: tmpdir-gcc.dg-struct-layout-1/t009 c_compat_x_tst.o-c_compat_y_tst.o execute 
UNRESOLVED: tmpdir-gcc.dg-struct-layout-1/t010 c_compat_x_tst.o-c_compat_y_tst.o execute 
UNRESOLVED: tmpdir-gcc.dg-struct-layout-1/t011 c_compat_x_tst.o-c_compat_y_tst.o execute 
UNRESOLVED: tmpdir-gcc.dg-struct-layout-1/t012 c_compat_x_tst.o-c_compat_y_tst.o execute 
UNRESOLVED: tmpdir-gcc.dg-struct-layout-1/t013 c_compat_x_tst.o-c_compat_y_tst.o execute 
UNRESOLVED: tmpdir-gcc.dg-struct-layout-1/t014 c_compat_x_tst.o-c_compat_y_tst.o execute 
UNRESOLVED: tmpdir-gcc.dg-struct-layout-1/t015 c_compat_x_tst.o-c_compat_y_tst.o execute 
UNRESOLVED: tmpdir-gcc.dg-struct-layout-1/t016 c_compat_x_tst.o-c_compat_y_tst.o execute 
UNRESOLVED: tmpdir-gcc.dg-struct-layout-1/t017 c_compat_x_tst.o-c_compat_y_tst.o execute 
UNRESOLVED: tmpdir-gcc.dg-struct-layout-1/t018 c_compat_x_tst.o-c_compat_y_tst.o execute 
UNRESOLVED: tmpdir-gcc.dg-struct-layout-1/t019 c_compat_x_tst.o-c_compat_y_tst.o execute 
UNRESOLVED: tmpdir-gcc.dg-struct-layout-1/t020 c_compat_x_tst.o-c_compat_y_tst.o execute 
UNRESOLVED: tmpdir-gcc.dg-struct-layout-1/t021 c_compat_x_tst.o-c_compat_y_tst.o execute 
UNRESOLVED: tmpdir-gcc.dg-struct-layout-1/t022 c_compat_x_tst.o-c_compat_y_tst.o execute 
UNRESOLVED: tmpdir-gcc.dg-struct-layout-1/t023 c_compat_x_tst.o-c_compat_y_tst.o execute 
UNRESOLVED: tmpdir-gcc.dg-struct-layout-1/t024 c_compat_x_tst.o-c_compat_y_tst.o execute 
UNRESOLVED: tmpdir-gcc.dg-struct-layout-1/t025 c_compat_x_tst.o-c_compat_y_tst.o execute 
UNRESOLVED: tmpdir-gcc.dg-struct-layout-1/t026 c_compat_x_tst.o-c_compat_y_tst.o execute 
UNRESOLVED: tmpdir-gcc.dg-struct-layout-1/t027 c_compat_x_tst.o-c_compat_y_tst.o execute 
UNRESOLVED: tmpdir-gcc.dg-struct-layout-1/t028 c_compat_x_tst.o-c_compat_y_tst.o execute 
UNRESOLVED: gcc.dg/cpp/19990407-1.c execution test
FAIL: gcc.dg/cpp/_Pragma3.c (test for excess errors)
UNRESOLVED: gcc.dg/cpp/charconst-3.c execution test
UNRESOLVED: gcc.dg/cpp/charconst-4.c execution test
UNRESOLVED: gcc.dg/cpp/digraphs.c execution test
UNRESOLVED: gcc.dg/cpp/lexnum.c execution test
UNRESOLVED: gcc.dg/cpp/lexstrng.c execution test
UNRESOLVED: gcc.dg/cpp/mac-dir-1.c execution test
UNRESOLVED: gcc.dg/cpp/macro1.c execution test
UNRESOLVED: gcc.dg/cpp/macro3.c execution test
UNRESOLVED: gcc.dg/cpp/macro6.c execution test
UNRESOLVED: gcc.dg/cpp/paste2.c execution test
UNRESOLVED: gcc.dg/cpp/paste7.c execution test
UNRESOLVED: gcc.dg/cpp/paste9.c execution test
UNRESOLVED: gcc.dg/cpp/strify2.c execution test
UNRESOLVED: gcc.dg/cpp/strify3.c execution test
UNRESOLVED: gcc.dg/cpp/strify4.c execution test
UNRESOLVED: gcc.dg/cpp/strp1.c execution test
UNRESOLVED: gcc.dg/cpp/strp2.c execution test
UNRESOLVED: gcc.dg/cpp/trigraphs.c execution test
UNRESOLVED: gcc.dg/cpp/ucnid-1.c execution test
UNRESOLVED: gcc.dg/cpp/ucnid-2.c execution test
UNRESOLVED: gcc.dg/cpp/vararg1.c execution test
UNRESOLVED: gcc.dg/cpp/wchar-1.c execution test
UNRESOLVED: gcc.dg/cpp/trad/builtins.c execution test
UNRESOLVED: gcc.dg/cpp/trad/funlike-4.c execution test
UNRESOLVED: gcc.dg/cpp/trad/literals-1.c execution test
UNRESOLVED: gcc.dg/cpp/trad/macroargs.c execution test
UNRESOLVED: gcc.dg/cpp/trad/strify.c execution test
UNRESOLVED: gcc.dg/debug/20020220-1.c -gdwarf-21 execution test
UNRESOLVED: gcc.dg/debug/20020220-1.c -gdwarf-21 -O execution test
UNRESOLVED: gcc.dg/debug/20020220-1.c -gdwarf-21 -O3 execution test
UNRESOLVED: gcc.dg/debug/20020220-1.c -gdwarf-2 execution test
UNRESOLVED: gcc.dg/debug/20020220-1.c -gdwarf-2 -O execution test
UNRESOLVED: gcc.dg/debug/20020220-1.c -gdwarf-2 -O3 execution test
UNRESOLVED: gcc.dg/debug/20020220-1.c -gdwarf-23 execution test
UNRESOLVED: gcc.dg/debug/20020220-1.c -gdwarf-23 -O execution test
UNRESOLVED: gcc.dg/debug/20020220-1.c -gdwarf-23 -O3 execution test
UNRESOLVED: gcc.dg/debug/20020220-1.c -gstabs1 execution test
UNRESOLVED: gcc.dg/debug/20020220-1.c -gstabs1 -O execution test
UNRESOLVED: gcc.dg/debug/20020220-1.c -gstabs1 -O3 execution test
UNRESOLVED: gcc.dg/debug/20020220-1.c -gstabs execution test
UNRESOLVED: gcc.dg/debug/20020220-1.c -gstabs -O execution test
UNRESOLVED: gcc.dg/debug/20020220-1.c -gstabs -O3 execution test
UNRESOLVED: gcc.dg/debug/20020220-1.c -gstabs3 execution test
UNRESOLVED: gcc.dg/debug/20020220-1.c -gstabs3 -O execution test
UNRESOLVED: gcc.dg/debug/20020220-1.c -gstabs3 -O3 execution test
UNRESOLVED: gcc.dg/debug/20020220-1.c -gstabs+1 execution test
UNRESOLVED: gcc.dg/debug/20020220-1.c -gstabs+1 -O execution test
UNRESOLVED: gcc.dg/debug/20020220-1.c -gstabs+1 -O3 execution test
UNRESOLVED: gcc.dg/debug/20020220-1.c -gstabs+ execution test
UNRESOLVED: gcc.dg/debug/20020220-1.c -gstabs+ -O execution test
UNRESOLVED: gcc.dg/debug/20020220-1.c -gstabs+ -O3 execution test
UNRESOLVED: gcc.dg/debug/20020220-1.c -gstabs+3 execution test
UNRESOLVED: gcc.dg/debug/20020220-1.c -gstabs+3 -O execution test
UNRESOLVED: gcc.dg/debug/20020220-1.c -gstabs+3 -O3 execution test
UNRESOLVED: gcc.dg/debug/trivial.c -gdwarf-21 execution test
UNRESOLVED: gcc.dg/debug/trivial.c -gdwarf-21 -O execution test
UNRESOLVED: gcc.dg/debug/trivial.c -gdwarf-21 -O3 execution test
UNRESOLVED: gcc.dg/debug/trivial.c -gdwarf-2 execution test
UNRESOLVED: gcc.dg/debug/trivial.c -gdwarf-2 -O execution test
UNRESOLVED: gcc.dg/debug/trivial.c -gdwarf-2 -O3 execution test
UNRESOLVED: gcc.dg/debug/trivial.c -gdwarf-23 execution test
UNRESOLVED: gcc.dg/debug/trivial.c -gdwarf-23 -O execution test
UNRESOLVED: gcc.dg/debug/trivial.c -gdwarf-23 -O3 execution test
UNRESOLVED: gcc.dg/debug/trivial.c -gstabs1 execution test
UNRESOLVED: gcc.dg/debug/trivial.c -gstabs1 -O execution test
UNRESOLVED: gcc.dg/debug/trivial.c -gstabs1 -O3 execution test
UNRESOLVED: gcc.dg/debug/trivial.c -gstabs execution test
UNRESOLVED: gcc.dg/debug/trivial.c -gstabs -O execution test
UNRESOLVED: gcc.dg/debug/trivial.c -gstabs -O3 execution test
UNRESOLVED: gcc.dg/debug/trivial.c -gstabs3 execution test
UNRESOLVED: gcc.dg/debug/trivial.c -gstabs3 -O execution test
UNRESOLVED: gcc.dg/debug/trivial.c -gstabs3 -O3 execution test
UNRESOLVED: gcc.dg/debug/trivial.c -gstabs+1 execution test
UNRESOLVED: gcc.dg/debug/trivial.c -gstabs+1 -O execution test
UNRESOLVED: gcc.dg/debug/trivial.c -gstabs+1 -O3 execution test
UNRESOLVED: gcc.dg/debug/trivial.c -gstabs+ execution test
UNRESOLVED: gcc.dg/debug/trivial.c -gstabs+ -O execution test
UNRESOLVED: gcc.dg/debug/trivial.c -gstabs+ -O3 execution test
UNRESOLVED: gcc.dg/debug/trivial.c -gstabs+3 execution test
UNRESOLVED: gcc.dg/debug/trivial.c -gstabs+3 -O execution test
UNRESOLVED: gcc.dg/debug/trivial.c -gstabs+3 -O3 execution test
UNRESOLVED: gcc.dg/20000108-1.c execution test
UNRESOLVED: gcc.dg/20000623-1.c execution test
UNRESOLVED: gcc.dg/20000906-1.c execution test
UNRESOLVED: gcc.dg/20001012-1.c execution test
UNRESOLVED: gcc.dg/20001012-2.c execution test
UNRESOLVED: gcc.dg/20001023-1.c execution test
UNRESOLVED: gcc.dg/20001108-1.c execution test
UNRESOLVED: gcc.dg/20001117-1.c execution test
UNRESOLVED: gcc.dg/20010822-1.c execution test
UNRESOLVED: gcc.dg/20010912-1.c execution test
UNRESOLVED: gcc.dg/20011008-2.c execution test
UNRESOLVED: gcc.dg/20011214-1.c execution test
UNRESOLVED: gcc.dg/20020206-1.c execution test
UNRESOLVED: gcc.dg/20020210-1.c execution test
UNRESOLVED: gcc.dg/20020219-1.c execution test
UNRESOLVED: gcc.dg/20020310-1.c execution test
UNRESOLVED: gcc.dg/20020312-2.c execution test
UNRESOLVED: gcc.dg/20020426-2.c execution test
UNRESOLVED: gcc.dg/20020517-1.c execution test
UNRESOLVED: gcc.dg/20020525-1.c execution test
UNRESOLVED: gcc.dg/20020607-1.c execution test
UNRESOLVED: gcc.dg/20020607-2.c execution test
UNRESOLVED: gcc.dg/20021014-1.c execution test
UNRESOLVED: gcc.dg/20021018-1.c execution test
UNRESOLVED: gcc.dg/20030225-1.c execution test
UNRESOLVED: gcc.dg/20030323-1.c execution test
UNRESOLVED: gcc.dg/20030324-1.c execution test
UNRESOLVED: gcc.dg/20030414-2.c execution test
UNRESOLVED: gcc.dg/20030612-1.c execution test
UNRESOLVED: gcc.dg/20030711-1.c execution test
UNRESOLVED: gcc.dg/20030717-1.c execution test
UNRESOLVED: gcc.dg/20030805-1.c execution test
UNRESOLVED: gcc.dg/20030826-1.c execution test
UNRESOLVED: gcc.dg/20030826-2.c execution test
UNRESOLVED: gcc.dg/20031102-1.c execution test
UNRESOLVED: gcc.dg/20031202-1.c execution test
UNRESOLVED: gcc.dg/20031216-1.c execution test
UNRESOLVED: gcc.dg/20040219-1.c execution test
UNRESOLVED: gcc.dg/20040305-2.c execution test
UNRESOLVED: gcc.dg/20040309-1.c execution test
UNRESOLVED: gcc.dg/20040331-1.c execution test
UNRESOLVED: gcc.dg/20040625-1.c execution test
UNRESOLVED: gcc.dg/20041106-1.c execution test
UNRESOLVED: gcc.dg/20041219-1.c execution test
UNRESOLVED: gcc.dg/20050527-1.c execution test
UNRESOLVED: gcc.dg/20050603-2.c execution test
UNRESOLVED: gcc.dg/20050826-1.c execution test
UNRESOLVED: gcc.dg/20050922-1.c execution test
UNRESOLVED: gcc.dg/20050922-2.c execution test
UNRESOLVED: gcc.dg/20060425-1.c execution test
UNRESOLVED: gcc.dg/20061124-1.c execution test
UNRESOLVED: gcc.dg/20070507-1.c execution test
UNRESOLVED: gcc.dg/20070725-1.c execution test
UNRESOLVED: gcc.dg/980523-1.c execution test
UNRESOLVED: gcc.dg/Wdeclaration-after-statement-1.c execution test
UNRESOLVED: gcc.dg/Wdeclaration-after-statement-2.c execution test
UNRESOLVED: gcc.dg/alias-11.c execution test
UNRESOLVED: gcc.dg/alias-7.c execution test
UNRESOLVED: gcc.dg/align-1.c execution test
FAIL: gcc.dg/and-1.c scan-assembler-not nand
UNRESOLVED: gcc.dg/array-4.c execution test
UNRESOLVED: gcc.dg/array-init-2.c execution test
UNRESOLVED: gcc.dg/asm-b.c execution test
UNRESOLVED: gcc.dg/attr-weakref-1.c execution test
UNRESOLVED: gcc.dg/bitfld-3.c execution test
UNRESOLVED: gcc.dg/bitfld-4.c execution test
UNRESOLVED: gcc.dg/bitfld-9.c execution test
UNRESOLVED: gcc.dg/builtin-apply2.c execution test
UNRESOLVED: gcc.dg/builtin-apply3.c execution test
UNRESOLVED: gcc.dg/builtin-apply4.c execution test
UNRESOLVED: gcc.dg/builtin-bswap-2.c execution test
UNRESOLVED: gcc.dg/builtin-bswap-3.c execution test
UNRESOLVED: gcc.dg/builtin-bswap-4.c execution test
UNRESOLVED: gcc.dg/builtin-bswap-5.c execution test
UNRESOLVED: gcc.dg/builtin-choose-expr.c execution test
UNRESOLVED: gcc.dg/builtin-object-size-1.c execution test
UNRESOLVED: gcc.dg/builtin-object-size-2.c execution test
UNRESOLVED: gcc.dg/builtin-object-size-3.c execution test
UNRESOLVED: gcc.dg/builtin-object-size-4.c execution test
UNRESOLVED: gcc.dg/builtin-prefetch-1.c execution test
UNRESOLVED: gcc.dg/builtin-return-1.c execution test
UNRESOLVED: gcc.dg/builtins-24.c execution test
UNRESOLVED: gcc.dg/builtins-32.c execution test
UNRESOLVED: gcc.dg/builtins-47.c execution test
UNRESOLVED: gcc.dg/builtins-48.c execution test
UNRESOLVED: gcc.dg/builtins-49.c execution test
UNRESOLVED: gcc.dg/builtins-50.c execution test
UNRESOLVED: gcc.dg/builtins-51.c execution test
UNRESOLVED: gcc.dg/builtins-6.c execution test
UNRESOLVED: gcc.dg/builtins-64.c execution test
UNRESOLVED: gcc.dg/builtins-8.c execution test
UNRESOLVED: gcc.dg/c90-digraph-1.c execution test
UNRESOLVED: gcc.dg/c90-hexfloat-2.c execution test
UNRESOLVED: gcc.dg/c90-scope-1.c execution test
UNRESOLVED: gcc.dg/c94-digraph-1.c execution test
UNRESOLVED: gcc.dg/c99-bool-1.c execution test
UNRESOLVED: gcc.dg/c99-bool-3.c execution test
UNRESOLVED: gcc.dg/c99-complit-1.c execution test
UNRESOLVED: gcc.dg/c99-digraph-1.c execution test
UNRESOLVED: gcc.dg/c99-fordecl-1.c execution test
UNRESOLVED: gcc.dg/c99-func-1.c execution test
UNRESOLVED: gcc.dg/c99-func-3.c execution test
UNRESOLVED: gcc.dg/c99-hexfloat-2.c execution test
UNRESOLVED: gcc.dg/c99-init-1.c execution test
UNRESOLVED: gcc.dg/c99-main-1.c execution test
UNRESOLVED: gcc.dg/c99-mixdecl-1.c execution test
UNRESOLVED: gcc.dg/c99-scope-1.c execution test
UNRESOLVED: gcc.dg/c99-scope-2.c execution test
UNRESOLVED: gcc.dg/char-compare.c execution test
UNRESOLVED: gcc.dg/cleanup-10.c execution test
UNRESOLVED: gcc.dg/cleanup-11.c execution test
UNRESOLVED: gcc.dg/cleanup-12.c execution test
UNRESOLVED: gcc.dg/cleanup-2.c execution test
UNRESOLVED: gcc.dg/cleanup-3.c execution test
UNRESOLVED: gcc.dg/cleanup-4.c execution test
UNRESOLVED: gcc.dg/cleanup-5.c execution test
UNRESOLVED: gcc.dg/cleanup-7.c execution test
UNRESOLVED: gcc.dg/cleanup-8.c execution test
UNRESOLVED: gcc.dg/cleanup-9.c execution test
UNRESOLVED: gcc.dg/complex-1.c execution test
UNRESOLVED: gcc.dg/complex-3.c execution test
UNRESOLVED: gcc.dg/conv-3.c execution test
UNRESOLVED: gcc.dg/div-compare-1.c execution test
UNRESOLVED: gcc.dg/doloop-2.c execution test
UNRESOLVED: gcc.dg/duff-1.c execution test
UNRESOLVED: gcc.dg/duff-2.c execution test
UNRESOLVED: gcc.dg/duff-3.c execution test
UNRESOLVED: gcc.dg/duff-4.c execution test
UNRESOLVED: gcc.dg/empty1.c execution test
UNRESOLVED: gcc.dg/enum1.c execution test
UNRESOLVED: gcc.dg/fastmath-1.c execution test
UNRESOLVED: gcc.dg/fixuns-trunc-1.c execution test
UNRESOLVED: gcc.dg/fnegate-1.c execution test
UNRESOLVED: gcc.dg/fold-abs-2.c execution test
UNRESOLVED: gcc.dg/fshort-wchar.c execution test
UNRESOLVED: gcc.dg/ftrapv-1.c execution test
UNRESOLVED: gcc.dg/ftrapv-2.c execution test
UNRESOLVED: gcc.dg/fwrapv-1.c execution test
UNRESOLVED: gcc.dg/fwrapv-2.c execution test
UNRESOLVED: gcc.dg/gnu89-init-1.c execution test
UNRESOLVED: gcc.dg/gnu99-init-1.c execution test
UNRESOLVED: gcc.dg/ia64-sync-1.c execution test
UNRESOLVED: gcc.dg/ia64-sync-2.c execution test
UNRESOLVED: gcc.dg/ia64-sync-3.c execution test
UNRESOLVED: gcc.dg/ifcvt-fabs-1.c execution test
UNRESOLVED: gcc.dg/ifelse-2.c execution test
UNRESOLVED: gcc.dg/initpri1.c execution test
UNRESOLVED: gcc.dg/long-long-compare-1.c execution test
UNRESOLVED: gcc.dg/long-long-cst1.c execution test
UNRESOLVED: gcc.dg/loop-2.c execution test
UNRESOLVED: gcc.dg/loop-4.c execution test
UNRESOLVED: gcc.dg/loop-6.c execution test
UNRESOLVED: gcc.dg/max-1.c execution test
FAIL: gcc.dg/memcpy-1.c scan-tree-dump-times optimized "nasty_local" 0
UNRESOLVED: gcc.dg/minmax-1.c execution test
UNRESOLVED: gcc.dg/multiword-1.c execution test
UNRESOLVED: gcc.dg/nest.c execution test
UNRESOLVED: gcc.dg/nested-calls-1.c execution test
UNRESOLVED: gcc.dg/nested-func-4.c execution test
UNRESOLVED: gcc.dg/non-local-goto-1.c execution test
UNRESOLVED: gcc.dg/non-local-goto-2.c execution test
UNRESOLVED: gcc.dg/nrv1.c execution test
UNRESOLVED: gcc.dg/pack-test-4.c execution test
UNRESOLVED: gcc.dg/pack-test-5.c execution test
UNRESOLVED: gcc.dg/packed-array.c execution test
UNRESOLVED: gcc.dg/packed-vla.c execution test
UNRESOLVED: gcc.dg/postincr-1.c execution test
UNRESOLVED: gcc.dg/pr10392-1.c execution test
UNRESOLVED: gcc.dg/pr11864-1.c execution test
UNRESOLVED: gcc.dg/pr17112-1.c execution test
UNRESOLVED: gcc.dg/pr17581-1.c execution test
UNRESOLVED: gcc.dg/pr18241-1.c execution test
UNRESOLVED: gcc.dg/pr18241-2.c execution test
UNRESOLVED: gcc.dg/pr18241-3.c execution test
UNRESOLVED: gcc.dg/pr18241-4.c execution test
UNRESOLVED: gcc.dg/pr18241-5.c execution test
UNRESOLVED: gcc.dg/pr18921-1.c execution test
UNRESOLVED: gcc.dg/pr18963-1.c execution test
UNRESOLVED: gcc.dg/pr19402-2.c execution test
UNRESOLVED: gcc.dg/pr19633-1.c execution test
UNRESOLVED: gcc.dg/pr20100.c execution test
UNRESOLVED: gcc.dg/pr20115.c execution test
UNRESOLVED: gcc.dg/pr23518.c execution test
UNRESOLVED: gcc.dg/pr23818.c execution test
UNRESOLVED: gcc.dg/pr25805.c execution test
UNRESOLVED: gcc.dg/pr26719.c execution test
UNRESOLVED: gcc.dg/pr26729-1.c execution test
UNRESOLVED: gcc.dg/pr27003.c execution test
UNRESOLVED: gcc.dg/pr27363.c execution test
UNRESOLVED: gcc.dg/pr27671-2.c execution test
UNRESOLVED: gcc.dg/pr27758.c execution test
UNRESOLVED: gcc.dg/pr27959-2.c execution test
UNRESOLVED: gcc.dg/pr27959.c execution test
UNRESOLVED: gcc.dg/pr28726.c execution test
UNRESOLVED: gcc.dg/pr28796-2.c execution test
UNRESOLVED: gcc.dg/pr29091.c execution test
UNRESOLVED: gcc.dg/pr29581-1.c execution test
UNRESOLVED: gcc.dg/pr29581-2.c execution test
UNRESOLVED: gcc.dg/pr29581-3.c execution test
UNRESOLVED: gcc.dg/pr29581-4.c execution test
UNRESOLVED: gcc.dg/pr29683.c execution test
UNRESOLVED: gcc.dg/pr30286.c execution test
UNRESOLVED: gcc.dg/pr30957-1.c execution test
UNRESOLVED: gcc.dg/pr31507-1.c execution test
UNRESOLVED: gcc.dg/pr32450.c execution test
UNRESOLVED: gcc.dg/pr32912-1.c execution test
UNRESOLVED: gcc.dg/pr32912-2.c execution test
UNRESOLVED: gcc.dg/pr33017.c execution test
UNRESOLVED: gcc.dg/pr33136-1.c execution test
UNRESOLVED: gcc.dg/pr33136-2.c execution test
UNRESOLVED: gcc.dg/pr33136-3.c execution test
UNRESOLVED: gcc.dg/pr33434-1.c execution test
UNRESOLVED: gcc.dg/pr33434-2.c execution test
UNRESOLVED: gcc.dg/pr33434-3.c execution test
UNRESOLVED: gcc.dg/pr33619.c execution test
UNRESOLVED: gcc.dg/pr33676.c execution test
UNRESOLVED: gcc.dg/pr33961.c execution test
UNRESOLVED: gcc.dg/pr34263.c execution test
UNRESOLVED: gcc.dg/pr35045.c execution test
UNRESOLVED: gcc.dg/pr35258.c execution test
UNRESOLVED: gcc.dg/pr35264.c execution test
UNRESOLVED: gcc.dg/pr35616.c execution test
FAIL: gcc.dg/pr35729.c scan-rtl-dump-times loop2_invariant "Decided to move invariant" 0
UNRESOLVED: gcc.dg/pr36015.c execution test
UNRESOLVED: gcc.dg/pr36017.c execution test
UNRESOLVED: gcc.dg/pr36194.c execution test
UNRESOLVED: gcc.dg/pr36300-1.c execution test
UNRESOLVED: gcc.dg/pr36300-2.c execution test
UNRESOLVED: gcc.dg/pr9814-1.c execution test
UNRESOLVED: gcc.dg/pragma-pack-3.c execution test
UNRESOLVED: gcc.dg/range-test-1.c execution test
UNRESOLVED: gcc.dg/setjmp-3.c execution test
UNRESOLVED: gcc.dg/setjmp-4.c execution test
UNRESOLVED: gcc.dg/short-compare-1.c execution test
UNRESOLVED: gcc.dg/short-compare-2.c execution test
UNRESOLVED: gcc.dg/sibcall-1.c execution test
UNRESOLVED: gcc.dg/sibcall-2.c execution test
UNRESOLVED: gcc.dg/sibcall-3.c execution test
UNRESOLVED: gcc.dg/sibcall-4.c execution test
UNRESOLVED: gcc.dg/sibcall-7.c execution test
UNRESOLVED: gcc.dg/sibcall-8.c execution test
UNRESOLVED: gcc.dg/single-precision-constant.c execution test
UNRESOLVED: gcc.dg/smod-1.c execution test
UNRESOLVED: gcc.dg/sms-1.c execution test
UNRESOLVED: gcc.dg/sms-3.c execution test
UNRESOLVED: gcc.dg/sms-4.c execution test
UNRESOLVED: gcc.dg/sms-5.c execution test
UNRESOLVED: gcc.dg/sms-antideps.c execution test
UNRESOLVED: gcc.dg/struct-by-value-1.c execution test
UNRESOLVED: gcc.dg/struct-ret-3.c execution test
UNRESOLVED: gcc.dg/struct-ret-libc.c execution test
UNRESOLVED: gcc.dg/switch-warn-1.c execution test
UNRESOLVED: gcc.dg/switch-warn-2.c execution test
UNRESOLVED: gcc.dg/sync-2.c execution test
UNRESOLVED: gcc.dg/sync-3.c execution test
UNRESOLVED: gcc.dg/titype-1.c execution test
UNRESOLVED: gcc.dg/trampoline-1.c execution test
UNRESOLVED: gcc.dg/transparent-union-5.c execution test
UNRESOLVED: gcc.dg/typename-vla-1.c execution test
UNRESOLVED: gcc.dg/ucnid-1.c execution test
UNRESOLVED: gcc.dg/ucnid-2.c execution test
UNRESOLVED: gcc.dg/ucnid-3.c execution test
UNRESOLVED: gcc.dg/ucnid-4.c execution test
UNRESOLVED: gcc.dg/ucnid-5.c execution test
UNRESOLVED: gcc.dg/unaligned-1.c execution test
UNRESOLVED: gcc.dg/union-2.c execution test
UNRESOLVED: gcc.dg/unroll-1.c execution test
UNRESOLVED: gcc.dg/unsigned-long-compare.c execution test
UNRESOLVED: gcc.dg/utf16-1.c execution test
UNRESOLVED: gcc.dg/utf16-2.c execution test
UNRESOLVED: gcc.dg/utf16-3.c execution test
UNRESOLVED: gcc.dg/utf32-1.c execution test
UNRESOLVED: gcc.dg/utf32-2.c execution test
UNRESOLVED: gcc.dg/utf32-3.c execution test
UNRESOLVED: gcc.dg/va-arg-pack-len-1.c execution test
UNRESOLVED: gcc.dg/var-expand2.c execution test
UNRESOLVED: gcc.dg/vla-4.c execution test
UNRESOLVED: gcc.dg/matrix/matrix-1.c execution test
UNRESOLVED: gcc.dg/matrix/matrix-2.c execution test
UNRESOLVED: gcc.dg/matrix/matrix-5.c execution test
UNRESOLVED: gcc.dg/matrix/transpose-1.c execution,    -fprofile-generate -O3
UNRESOLVED: gcc.dg/matrix/transpose-1.c compilation,  -fprofile-use -fipa-matrix-reorg -fdump-ipa-matrix-reorg -O3 -fwhole-program -combine
UNRESOLVED: gcc.dg/matrix/transpose-1.c execution,    -fprofile-use -fipa-matrix-reorg -fdump-ipa-matrix-reorg -O3 -fwhole-program -combine
UNRESOLVED: gcc.dg/matrix/transpose-2.c execution,    -fprofile-generate -O3
UNRESOLVED: gcc.dg/matrix/transpose-2.c compilation,  -fprofile-use -fipa-matrix-reorg -fdump-ipa-matrix-reorg -O3 -fwhole-program -combine
UNRESOLVED: gcc.dg/matrix/transpose-2.c execution,    -fprofile-use -fipa-matrix-reorg -fdump-ipa-matrix-reorg -O3 -fwhole-program -combine
UNRESOLVED: gcc.dg/matrix/transpose-3.c execution,    -fprofile-generate -O3
UNRESOLVED: gcc.dg/matrix/transpose-3.c compilation,  -fprofile-use -fipa-matrix-reorg -fdump-ipa-matrix-reorg -O3 -fwhole-program -combine
UNRESOLVED: gcc.dg/matrix/transpose-3.c execution,    -fprofile-use -fipa-matrix-reorg -fdump-ipa-matrix-reorg -O3 -fwhole-program -combine
UNRESOLVED: gcc.dg/matrix/transpose-4.c execution,    -fprofile-generate -O3
UNRESOLVED: gcc.dg/matrix/transpose-4.c compilation,  -fprofile-use -fipa-matrix-reorg -fdump-ipa-matrix-reorg -O3 -fwhole-program -combine
UNRESOLVED: gcc.dg/matrix/transpose-4.c execution,    -fprofile-use -fipa-matrix-reorg -fdump-ipa-matrix-reorg -O3 -fwhole-program -combine
UNRESOLVED: gcc.dg/matrix/transpose-5.c execution,    -fprofile-generate -O3
UNRESOLVED: gcc.dg/matrix/transpose-5.c compilation,  -fprofile-use -fipa-matrix-reorg -fdump-ipa-matrix-reorg -O3 -fwhole-program -combine
UNRESOLVED: gcc.dg/matrix/transpose-5.c execution,    -fprofile-use -fipa-matrix-reorg -fdump-ipa-matrix-reorg -O3 -fwhole-program -combine
UNRESOLVED: gcc.dg/matrix/transpose-6.c execution,    -fprofile-generate -O3
UNRESOLVED: gcc.dg/matrix/transpose-6.c compilation,  -fprofile-use -fipa-matrix-reorg -fdump-ipa-matrix-reorg -O3 -fwhole-program -combine
UNRESOLVED: gcc.dg/matrix/transpose-6.c execution,    -fprofile-use -fipa-matrix-reorg -fdump-ipa-matrix-reorg -O3 -fwhole-program -combine
UNRESOLVED: gcc.dg/special/alias-2.c execution test
UNRESOLVED: gcc.dg/special/weak-1.c execution test
UNRESOLVED: gcc.dg/special/weak-2.c execution test
UNRESOLVED: gcc.dg/special/wkali-2.c execution test
UNRESOLVED: gcc.dg/struct/wo_prof_array_field.c execution test
UNRESOLVED: gcc.dg/struct/wo_prof_array_through_pointer.c execution test
UNRESOLVED: gcc.dg/struct/wo_prof_double_malloc.c execution test
UNRESOLVED: gcc.dg/struct/wo_prof_escape_arg_to_local.c execution test
UNRESOLVED: gcc.dg/struct/wo_prof_escape_return.c execution test
UNRESOLVED: gcc.dg/struct/wo_prof_escape_str_init.c execution test
UNRESOLVED: gcc.dg/struct/wo_prof_escape_substr_array.c execution test
UNRESOLVED: gcc.dg/struct/wo_prof_escape_substr_pointer.c execution test
UNRESOLVED: gcc.dg/struct/wo_prof_escape_substr_value.c execution test
UNRESOLVED: gcc.dg/struct/wo_prof_global_array.c execution test
UNRESOLVED: gcc.dg/struct/wo_prof_global_var.c execution test
UNRESOLVED: gcc.dg/struct/wo_prof_local_array.c execution test
UNRESOLVED: gcc.dg/struct/wo_prof_local_var.c execution test
UNRESOLVED: gcc.dg/struct/wo_prof_malloc_size_var.c execution test
UNRESOLVED: gcc.dg/struct/wo_prof_mult_field_peeling.c execution test
UNRESOLVED: gcc.dg/struct/wo_prof_single_str_global.c execution test
UNRESOLVED: gcc.dg/struct/wo_prof_single_str_local.c execution test
UNRESOLVED: gcc.dg/struct/wo_prof_single_str_pointer.c execution test
UNRESOLVED: gcc.dg/struct/wo_prof_two_strs.c execution test
UNRESOLVED: gcc.dg/struct/w_prof_global_array.c execution,    -O3 -fwhole-program -combine -fipa-type-escape -fprofile-generate
UNRESOLVED: gcc.dg/struct/w_prof_global_array.c compilation,  -O3 -fwhole-program -combine -fipa-type-escape -fprofile-use -fipa-struct-reorg -fdump-ipa-all
UNRESOLVED: gcc.dg/struct/w_prof_global_array.c execution,    -O3 -fwhole-program -combine -fipa-type-escape -fprofile-use -fipa-struct-reorg -fdump-ipa-all
UNRESOLVED: gcc.dg/struct/w_prof_global_var.c execution,    -O3 -fwhole-program -combine -fipa-type-escape -fprofile-generate
UNRESOLVED: gcc.dg/struct/w_prof_global_var.c compilation,  -O3 -fwhole-program -combine -fipa-type-escape -fprofile-use -fipa-struct-reorg -fdump-ipa-all
UNRESOLVED: gcc.dg/struct/w_prof_global_var.c execution,    -O3 -fwhole-program -combine -fipa-type-escape -fprofile-use -fipa-struct-reorg -fdump-ipa-all
UNRESOLVED: gcc.dg/struct/w_prof_local_array.c execution,    -O3 -fwhole-program -combine -fipa-type-escape -fprofile-generate
UNRESOLVED: gcc.dg/struct/w_prof_local_array.c compilation,  -O3 -fwhole-program -combine -fipa-type-escape -fprofile-use -fipa-struct-reorg -fdump-ipa-all
UNRESOLVED: gcc.dg/struct/w_prof_local_array.c execution,    -O3 -fwhole-program -combine -fipa-type-escape -fprofile-use -fipa-struct-reorg -fdump-ipa-all
UNRESOLVED: gcc.dg/struct/w_prof_local_var.c execution,    -O3 -fwhole-program -combine -fipa-type-escape -fprofile-generate
UNRESOLVED: gcc.dg/struct/w_prof_local_var.c compilation,  -O3 -fwhole-program -combine -fipa-type-escape -fprofile-use -fipa-struct-reorg -fdump-ipa-all
UNRESOLVED: gcc.dg/struct/w_prof_local_var.c execution,    -O3 -fwhole-program -combine -fipa-type-escape -fprofile-use -fipa-struct-reorg -fdump-ipa-all
UNRESOLVED: gcc.dg/struct/w_prof_single_str_global.c execution,    -O3 -fwhole-program -combine -fipa-type-escape -fprofile-generate
UNRESOLVED: gcc.dg/struct/w_prof_single_str_global.c compilation,  -O3 -fwhole-program -combine -fipa-type-escape -fprofile-use -fipa-struct-reorg -fdump-ipa-all
UNRESOLVED: gcc.dg/struct/w_prof_single_str_global.c execution,    -O3 -fwhole-program -combine -fipa-type-escape -fprofile-use -fipa-struct-reorg -fdump-ipa-all
UNRESOLVED: gcc.dg/struct/w_prof_two_strs.c execution,    -O3 -fwhole-program -combine -fipa-type-escape -fprofile-generate
UNRESOLVED: gcc.dg/struct/w_prof_two_strs.c compilation,  -O3 -fwhole-program -combine -fipa-type-escape -fprofile-use -fipa-struct-reorg -fdump-ipa-all
UNRESOLVED: gcc.dg/struct/w_prof_two_strs.c execution,    -O3 -fwhole-program -combine -fipa-type-escape -fprofile-use -fipa-struct-reorg -fdump-ipa-all
UNRESOLVED: gcc.dg/struct/w_ratio_cold_str.c execution,    -O3 -fwhole-program -combine -fipa-type-escape -fprofile-generate
UNRESOLVED: gcc.dg/struct/w_ratio_cold_str.c compilation,  -O3 -fwhole-program -combine -fipa-type-escape -fprofile-use -fipa-struct-reorg -fdump-ipa-all --param struct-reorg-cold-struct-ratio=30
UNRESOLVED: gcc.dg/struct/w_ratio_cold_str.c execution,    -O3 -fwhole-program -combine -fipa-type-escape -fprofile-use -fipa-struct-reorg -fdump-ipa-all --param struct-reorg-cold-struct-ratio=30
UNRESOLVED: gcc.dg/torture/badshift.c  -O0  execution test
UNRESOLVED: gcc.dg/torture/badshift.c  -O1  execution test
UNRESOLVED: gcc.dg/torture/badshift.c  -O2  execution test
UNRESOLVED: gcc.dg/torture/badshift.c  -O3 -fomit-frame-pointer  execution test
UNRESOLVED: gcc.dg/torture/badshift.c  -O3 -g  execution test
UNRESOLVED: gcc.dg/torture/badshift.c  -Os  execution test
UNRESOLVED: gcc.dg/torture/complex-alias-1.c  -O0  execution test
UNRESOLVED: gcc.dg/torture/complex-alias-1.c  -O1  execution test
UNRESOLVED: gcc.dg/torture/complex-alias-1.c  -O2  execution test
UNRESOLVED: gcc.dg/torture/complex-alias-1.c  -O3 -fomit-frame-pointer  execution test
UNRESOLVED: gcc.dg/torture/complex-alias-1.c  -O3 -g  execution test
UNRESOLVED: gcc.dg/torture/complex-alias-1.c  -Os  execution test
UNRESOLVED: gcc.dg/torture/fp-int-convert-double.c  -O0  execution test
UNRESOLVED: gcc.dg/torture/fp-int-convert-double.c  -O1  execution test
UNRESOLVED: gcc.dg/torture/fp-int-convert-double.c  -O2  execution test
UNRESOLVED: gcc.dg/torture/fp-int-convert-double.c  -O3 -fomit-frame-pointer  execution test
UNRESOLVED: gcc.dg/torture/fp-int-convert-double.c  -O3 -g  execution test
UNRESOLVED: gcc.dg/torture/fp-int-convert-double.c  -Os  execution test
UNRESOLVED: gcc.dg/torture/fp-int-convert-float.c  -O0  execution test
UNRESOLVED: gcc.dg/torture/fp-int-convert-float.c  -O1  execution test
UNRESOLVED: gcc.dg/torture/fp-int-convert-float.c  -O2  execution test
UNRESOLVED: gcc.dg/torture/fp-int-convert-float.c  -O3 -fomit-frame-pointer  execution test
UNRESOLVED: gcc.dg/torture/fp-int-convert-float.c  -O3 -g  execution test
UNRESOLVED: gcc.dg/torture/fp-int-convert-float.c  -Os  execution test
UNRESOLVED: gcc.dg/torture/fp-int-convert-long-double.c  -O0  execution test
UNRESOLVED: gcc.dg/torture/fp-int-convert-long-double.c  -O1  execution test
UNRESOLVED: gcc.dg/torture/fp-int-convert-long-double.c  -O2  execution test
UNRESOLVED: gcc.dg/torture/fp-int-convert-long-double.c  -O3 -fomit-frame-pointer  execution test
UNRESOLVED: gcc.dg/torture/fp-int-convert-long-double.c  -O3 -g  execution test
UNRESOLVED: gcc.dg/torture/fp-int-convert-long-double.c  -Os  execution test
UNRESOLVED: gcc.dg/torture/fp-int-convert-timode.c  -O0  execution test
UNRESOLVED: gcc.dg/torture/fp-int-convert-timode.c  -O1  execution test
UNRESOLVED: gcc.dg/torture/fp-int-convert-timode.c  -O2  execution test
UNRESOLVED: gcc.dg/torture/fp-int-convert-timode.c  -O3 -fomit-frame-pointer  execution test
UNRESOLVED: gcc.dg/torture/fp-int-convert-timode.c  -O3 -g  execution test
UNRESOLVED: gcc.dg/torture/fp-int-convert-timode.c  -Os  execution test
UNRESOLVED: gcc.dg/torture/pr17526.c  -O0  execution test
UNRESOLVED: gcc.dg/torture/pr17526.c  -O1  execution test
UNRESOLVED: gcc.dg/torture/pr17526.c  -O2  execution test
UNRESOLVED: gcc.dg/torture/pr17526.c  -O3 -fomit-frame-pointer  execution test
UNRESOLVED: gcc.dg/torture/pr17526.c  -O3 -g  execution test
UNRESOLVED: gcc.dg/torture/pr17526.c  -Os  execution test
UNRESOLVED: gcc.dg/torture/pr25654.c  -O0  execution test
UNRESOLVED: gcc.dg/torture/pr25654.c  -O1  execution test
UNRESOLVED: gcc.dg/torture/pr25654.c  -O2  execution test
UNRESOLVED: gcc.dg/torture/pr25654.c  -O3 -fomit-frame-pointer  execution test
UNRESOLVED: gcc.dg/torture/pr25654.c  -O3 -g  execution test
UNRESOLVED: gcc.dg/torture/pr25654.c  -Os  execution test
UNRESOLVED: gcc.dg/torture/pr25718-1.c  -O0  execution test
UNRESOLVED: gcc.dg/torture/pr25718-1.c  -O1  execution test
UNRESOLVED: gcc.dg/torture/pr25718-1.c  -O2  execution test
UNRESOLVED: gcc.dg/torture/pr25718-1.c  -O3 -fomit-frame-pointer  execution test
UNRESOLVED: gcc.dg/torture/pr25718-1.c  -O3 -g  execution test
UNRESOLVED: gcc.dg/torture/pr25718-1.c  -Os  execution test
UNRESOLVED: gcc.dg/torture/pr26258.c  -O0  execution test
UNRESOLVED: gcc.dg/torture/pr26258.c  -O1  execution test
UNRESOLVED: gcc.dg/torture/pr26258.c  -O2  execution test
UNRESOLVED: gcc.dg/torture/pr26258.c  -O3 -fomit-frame-pointer  execution test
UNRESOLVED: gcc.dg/torture/pr26258.c  -O3 -g  execution test
UNRESOLVED: gcc.dg/torture/pr26258.c  -Os  execution test
UNRESOLVED: gcc.dg/torture/pr26565.c  -O0  execution test
UNRESOLVED: gcc.dg/torture/pr26565.c  -O1  execution test
UNRESOLVED: gcc.dg/torture/pr26565.c  -O2  execution test
UNRESOLVED: gcc.dg/torture/pr26565.c  -O3 -fomit-frame-pointer  execution test
UNRESOLVED: gcc.dg/torture/pr26565.c  -O3 -g  execution test
UNRESOLVED: gcc.dg/torture/pr26565.c  -Os  execution test
UNRESOLVED: gcc.dg/torture/pr26587.c  -O0  execution test
UNRESOLVED: gcc.dg/torture/pr26587.c  -O1  execution test
UNRESOLVED: gcc.dg/torture/pr26587.c  -O2  execution test
UNRESOLVED: gcc.dg/torture/pr26587.c  -O3 -fomit-frame-pointer  execution test
UNRESOLVED: gcc.dg/torture/pr26587.c  -O3 -fomit-frame-pointer -funroll-loops  execution test
UNRESOLVED: gcc.dg/torture/pr26587.c  -O3 -fomit-frame-pointer -funroll-all-loops -finline-functions  execution test
UNRESOLVED: gcc.dg/torture/pr26587.c  -O3 -g  execution test
UNRESOLVED: gcc.dg/torture/pr26587.c  -Os  execution test
UNRESOLVED: gcc.dg/torture/pr26630.c  -O0  execution test
UNRESOLVED: gcc.dg/torture/pr26630.c  -O1  execution test
UNRESOLVED: gcc.dg/torture/pr26630.c  -O2  execution test
UNRESOLVED: gcc.dg/torture/pr26630.c  -O3 -fomit-frame-pointer  execution test
UNRESOLVED: gcc.dg/torture/pr26630.c  -O3 -g  execution test
UNRESOLVED: gcc.dg/torture/pr26630.c  -Os  execution test
UNRESOLVED: gcc.dg/torture/pr26763-1.c  -O0  execution test
UNRESOLVED: gcc.dg/torture/pr26763-1.c  -O1  execution test
UNRESOLVED: gcc.dg/torture/pr26763-1.c  -O2  execution test
UNRESOLVED: gcc.dg/torture/pr26763-1.c  -O3 -fomit-frame-pointer  execution test
UNRESOLVED: gcc.dg/torture/pr26763-1.c  -O3 -g  execution test
UNRESOLVED: gcc.dg/torture/pr26763-1.c  -Os  execution test
UNRESOLVED: gcc.dg/torture/pr26763-2.c  -O0  execution test
UNRESOLVED: gcc.dg/torture/pr26763-2.c  -O1  execution test
UNRESOLVED: gcc.dg/torture/pr26763-2.c  -O2  execution test
UNRESOLVED: gcc.dg/torture/pr26763-2.c  -O3 -fomit-frame-pointer  execution test
UNRESOLVED: gcc.dg/torture/pr26763-2.c  -O3 -g  execution test
UNRESOLVED: gcc.dg/torture/pr26763-2.c  -Os  execution test
UNRESOLVED: gcc.dg/torture/pr26898-2.c  -O0  execution test
UNRESOLVED: gcc.dg/torture/pr26898-2.c  -O1  execution test
UNRESOLVED: gcc.dg/torture/pr26898-2.c  -O2  execution test
UNRESOLVED: gcc.dg/torture/pr26898-2.c  -O3 -fomit-frame-pointer  execution test
UNRESOLVED: gcc.dg/torture/pr26898-2.c  -O3 -g  execution test
UNRESOLVED: gcc.dg/torture/pr26898-2.c  -Os  execution test
UNRESOLVED: gcc.dg/torture/pr27116-2.c  -O0  execution test
UNRESOLVED: gcc.dg/torture/pr27116-2.c  -O1  execution test
UNRESOLVED: gcc.dg/torture/pr27116-2.c  -O2  execution test
UNRESOLVED: gcc.dg/torture/pr27116-2.c  -O3 -fomit-frame-pointer  execution test
UNRESOLVED: gcc.dg/torture/pr27116-2.c  -O3 -g  execution test
UNRESOLVED: gcc.dg/torture/pr27116-2.c  -Os  execution test
UNRESOLVED: gcc.dg/torture/pr27116.c  -O0  execution test
UNRESOLVED: gcc.dg/torture/pr27116.c  -O1  execution test
UNRESOLVED: gcc.dg/torture/pr27116.c  -O2  execution test
UNRESOLVED: gcc.dg/torture/pr27116.c  -O3 -fomit-frame-pointer  execution test
UNRESOLVED: gcc.dg/torture/pr27116.c  -O3 -g  execution test
UNRESOLVED: gcc.dg/torture/pr27116.c  -Os  execution test
UNRESOLVED: gcc.dg/torture/pr27184.c  -O0  execution test
UNRESOLVED: gcc.dg/torture/pr27184.c  -O1  execution test
UNRESOLVED: gcc.dg/torture/pr27184.c  -O2  execution test
UNRESOLVED: gcc.dg/torture/pr27184.c  -O3 -fomit-frame-pointer  execution test
UNRESOLVED: gcc.dg/torture/pr27184.c  -O3 -g  execution test
UNRESOLVED: gcc.dg/torture/pr27184.c  -Os  execution test
UNRESOLVED: gcc.dg/torture/pr27302-2.c  -O0  execution test
UNRESOLVED: gcc.dg/torture/pr27302-2.c  -O1  execution test
UNRESOLVED: gcc.dg/torture/pr27302-2.c  -O2  execution test
UNRESOLVED: gcc.dg/torture/pr27302-2.c  -O3 -fomit-frame-pointer  execution test
UNRESOLVED: gcc.dg/torture/pr27302-2.c  -O3 -g  execution test
UNRESOLVED: gcc.dg/torture/pr27302-2.c  -Os  execution test
UNRESOLVED: gcc.dg/torture/pr27302.c  -O0  execution test
UNRESOLVED: gcc.dg/torture/pr27302.c  -O1  execution test
UNRESOLVED: gcc.dg/torture/pr27302.c  -O2  execution test
UNRESOLVED: gcc.dg/torture/pr27302.c  -O3 -fomit-frame-pointer  execution test
UNRESOLVED: gcc.dg/torture/pr27302.c  -O3 -g  execution test
UNRESOLVED: gcc.dg/torture/pr27302.c  -Os  execution test
UNRESOLVED: gcc.dg/torture/pr27603.c  -O0  execution test
UNRESOLVED: gcc.dg/torture/pr27603.c  -O1  execution test
UNRESOLVED: gcc.dg/torture/pr27603.c  -O2  execution test
UNRESOLVED: gcc.dg/torture/pr27603.c  -O3 -fomit-frame-pointer  execution test
UNRESOLVED: gcc.dg/torture/pr27603.c  -O3 -fomit-frame-pointer -funroll-loops  execution test
UNRESOLVED: gcc.dg/torture/pr27603.c  -O3 -fomit-frame-pointer -funroll-all-loops -finline-functions  execution test
UNRESOLVED: gcc.dg/torture/pr27603.c  -O3 -g  execution test
UNRESOLVED: gcc.dg/torture/pr27603.c  -Os  execution test
UNRESOLVED: gcc.dg/torture/pr27743.c  -O0  execution test
UNRESOLVED: gcc.dg/torture/pr27743.c  -O1  execution test
UNRESOLVED: gcc.dg/torture/pr27743.c  -O2  execution test
UNRESOLVED: gcc.dg/torture/pr27743.c  -O3 -fomit-frame-pointer  execution test
UNRESOLVED: gcc.dg/torture/pr27743.c  -O3 -g  execution test
UNRESOLVED: gcc.dg/torture/pr27743.c  -Os  execution test
UNRESOLVED: gcc.dg/torture/pr28045.c  -O0  execution test
UNRESOLVED: gcc.dg/torture/pr28045.c  -O1  execution test
UNRESOLVED: gcc.dg/torture/pr28045.c  -O2  execution test
UNRESOLVED: gcc.dg/torture/pr28045.c  -O3 -fomit-frame-pointer  execution test
UNRESOLVED: gcc.dg/torture/pr28045.c  -O3 -g  execution test
UNRESOLVED: gcc.dg/torture/pr28045.c  -Os  execution test
UNRESOLVED: gcc.dg/torture/pr28230.c  -O0  execution test
UNRESOLVED: gcc.dg/torture/pr28230.c  -O1  execution test
UNRESOLVED: gcc.dg/torture/pr28230.c  -O2  execution test
UNRESOLVED: gcc.dg/torture/pr28230.c  -O3 -fomit-frame-pointer  execution test
UNRESOLVED: gcc.dg/torture/pr28230.c  -O3 -fomit-frame-pointer -funroll-loops  execution test
UNRESOLVED: gcc.dg/torture/pr28230.c  -O3 -fomit-frame-pointer -funroll-all-loops -finline-functions  execution test
UNRESOLVED: gcc.dg/torture/pr28230.c  -O3 -g  execution test
UNRESOLVED: gcc.dg/torture/pr28230.c  -Os  execution test
UNRESOLVED: gcc.dg/torture/pr30364-1.c  -O0  execution test
UNRESOLVED: gcc.dg/torture/pr30364-1.c  -O1  execution test
UNRESOLVED: gcc.dg/torture/pr30364-1.c  -O2  execution test
UNRESOLVED: gcc.dg/torture/pr30364-1.c  -O3 -fomit-frame-pointer  execution test
UNRESOLVED: gcc.dg/torture/pr30364-1.c  -O3 -g  execution test
UNRESOLVED: gcc.dg/torture/pr30364-1.c  -Os  execution test
UNRESOLVED: gcc.dg/torture/pr30364-2.c  -O0  execution test
UNRESOLVED: gcc.dg/torture/pr30364-2.c  -O1  execution test
UNRESOLVED: gcc.dg/torture/pr30364-2.c  -O2  execution test
UNRESOLVED: gcc.dg/torture/pr30364-2.c  -O3 -fomit-frame-pointer  execution test
UNRESOLVED: gcc.dg/torture/pr30364-2.c  -O3 -g  execution test
UNRESOLVED: gcc.dg/torture/pr30364-2.c  -Os  execution test
UNRESOLVED: gcc.dg/torture/pr30364-3.c  -O0  execution test
UNRESOLVED: gcc.dg/torture/pr30364-3.c  -O1  execution test
UNRESOLVED: gcc.dg/torture/pr30364-3.c  -O2  execution test
UNRESOLVED: gcc.dg/torture/pr30364-3.c  -O3 -fomit-frame-pointer  execution test
UNRESOLVED: gcc.dg/torture/pr30364-3.c  -O3 -g  execution test
UNRESOLVED: gcc.dg/torture/pr30364-3.c  -Os  execution test
UNRESOLVED: gcc.dg/torture/pr30375.c  -O0  execution test
UNRESOLVED: gcc.dg/torture/pr30375.c  -O1  execution test
UNRESOLVED: gcc.dg/torture/pr30375.c  -O2  execution test
UNRESOLVED: gcc.dg/torture/pr30375.c  -O3 -fomit-frame-pointer  execution test
UNRESOLVED: gcc.dg/torture/pr30375.c  -O3 -g  execution test
UNRESOLVED: gcc.dg/torture/pr30375.c  -Os  execution test
UNRESOLVED: gcc.dg/torture/pr30665-1.c  -O0  execution test
UNRESOLVED: gcc.dg/torture/pr30665-1.c  -O1  execution test
UNRESOLVED: gcc.dg/torture/pr30665-1.c  -O2  execution test
UNRESOLVED: gcc.dg/torture/pr30665-1.c  -O3 -fomit-frame-pointer  execution test
UNRESOLVED: gcc.dg/torture/pr30665-1.c  -O3 -g  execution test
UNRESOLVED: gcc.dg/torture/pr30665-1.c  -Os  execution test
UNRESOLVED: gcc.dg/torture/pr30665-2.c  -O0  execution test
UNRESOLVED: gcc.dg/torture/pr30665-2.c  -O1  execution test
UNRESOLVED: gcc.dg/torture/pr30665-2.c  -O2  execution test
UNRESOLVED: gcc.dg/torture/pr30665-2.c  -O3 -fomit-frame-pointer  execution test
UNRESOLVED: gcc.dg/torture/pr30665-2.c  -O3 -g  execution test
UNRESOLVED: gcc.dg/torture/pr30665-2.c  -Os  execution test
UNRESOLVED: gcc.dg/torture/pr31115.c  -O0  execution test
UNRESOLVED: gcc.dg/torture/pr31115.c  -O1  execution test
UNRESOLVED: gcc.dg/torture/pr31115.c  -O2  execution test
UNRESOLVED: gcc.dg/torture/pr31115.c  -O3 -fomit-frame-pointer  execution test
UNRESOLVED: gcc.dg/torture/pr31115.c  -O3 -g  execution test
UNRESOLVED: gcc.dg/torture/pr31115.c  -Os  execution test
UNRESOLVED: gcc.dg/torture/pr33560.c  -O0  execution test
UNRESOLVED: gcc.dg/torture/pr33560.c  -O1  execution test
UNRESOLVED: gcc.dg/torture/pr33560.c  -O2  execution test
UNRESOLVED: gcc.dg/torture/pr33560.c  -O3 -fomit-frame-pointer  execution test
UNRESOLVED: gcc.dg/torture/pr33560.c  -O3 -g  execution test
UNRESOLVED: gcc.dg/torture/pr33560.c  -Os  execution test
UNRESOLVED: gcc.dg/torture/pr33563.c  -O0  execution test
UNRESOLVED: gcc.dg/torture/pr33563.c  -O1  execution test
UNRESOLVED: gcc.dg/torture/pr33563.c  -O2  execution test
UNRESOLVED: gcc.dg/torture/pr33563.c  -O3 -fomit-frame-pointer  execution test
UNRESOLVED: gcc.dg/torture/pr33563.c  -O3 -g  execution test
UNRESOLVED: gcc.dg/torture/pr33563.c  -Os  execution test
UNRESOLVED: gcc.dg/torture/pr33870.c  -O0  execution test
UNRESOLVED: gcc.dg/torture/pr33870.c  -O1  execution test
UNRESOLVED: gcc.dg/torture/pr33870.c  -O2  execution test
UNRESOLVED: gcc.dg/torture/pr33870.c  -O3 -fomit-frame-pointer  execution test
UNRESOLVED: gcc.dg/torture/pr33870.c  -O3 -fomit-frame-pointer -funroll-loops  execution test
UNRESOLVED: gcc.dg/torture/pr33870.c  -O3 -fomit-frame-pointer -funroll-all-loops -finline-functions  execution test
UNRESOLVED: gcc.dg/torture/pr33870.c  -O3 -g  execution test
UNRESOLVED: gcc.dg/torture/pr33870.c  -Os  execution test
UNRESOLVED: gcc.dg/torture/pr34174-1.c  -O0  execution test
UNRESOLVED: gcc.dg/torture/pr34174-1.c  -O1  execution test
UNRESOLVED: gcc.dg/torture/pr34174-1.c  -O2  execution test
UNRESOLVED: gcc.dg/torture/pr34174-1.c  -O3 -fomit-frame-pointer  execution test
UNRESOLVED: gcc.dg/torture/pr34174-1.c  -O3 -g  execution test
UNRESOLVED: gcc.dg/torture/pr34174-1.c  -Os  execution test
UNRESOLVED: gcc.dg/torture/pr35833.c  -O0  execution test
UNRESOLVED: gcc.dg/torture/pr35833.c  -O1  execution test
UNRESOLVED: gcc.dg/torture/pr35833.c  -O2  execution test
UNRESOLVED: gcc.dg/torture/pr35833.c  -O3 -fomit-frame-pointer  execution test
UNRESOLVED: gcc.dg/torture/pr35833.c  -O3 -g  execution test
UNRESOLVED: gcc.dg/torture/pr35833.c  -Os  execution test
UNRESOLVED: gcc.dg/torture/type-generic-1.c  -O0  execution test
UNRESOLVED: gcc.dg/torture/type-generic-1.c  -O1  execution test
UNRESOLVED: gcc.dg/torture/type-generic-1.c  -O2  execution test
UNRESOLVED: gcc.dg/torture/type-generic-1.c  -O3 -fomit-frame-pointer  execution test
UNRESOLVED: gcc.dg/torture/type-generic-1.c  -O3 -g  execution test
UNRESOLVED: gcc.dg/torture/type-generic-1.c  -Os  execution test
UNRESOLVED: gcc.dg/tree-prof/bb-reorg.c execution,    -fprofile-generate -D_PROFILE_GENERATE
UNRESOLVED: gcc.dg/tree-prof/bb-reorg.c compilation,  -fprofile-use -D_PROFILE_USE
UNRESOLVED: gcc.dg/tree-prof/bb-reorg.c execution,    -fprofile-use -D_PROFILE_USE
UNRESOLVED: gcc.dg/tree-prof/ic-misattribution-1.c execution,    -fprofile-generate -D_PROFILE_GENERATE
UNRESOLVED: gcc.dg/tree-prof/ic-misattribution-1.c compilation,  -fprofile-use -D_PROFILE_USE
UNRESOLVED: gcc.dg/tree-prof/ic-misattribution-1.c execution,    -fprofile-use -D_PROFILE_USE
UNRESOLVED: gcc.dg/tree-prof/ic-misattribution-1a.c execution,    -fprofile-generate -D_PROFILE_GENERATE
UNRESOLVED: gcc.dg/tree-prof/ic-misattribution-1a.c compilation,  -fprofile-use -D_PROFILE_USE
UNRESOLVED: gcc.dg/tree-prof/ic-misattribution-1a.c execution,    -fprofile-use -D_PROFILE_USE
UNRESOLVED: gcc.dg/tree-prof/indir-call-prof.c execution,    -fprofile-generate -D_PROFILE_GENERATE
UNRESOLVED: gcc.dg/tree-prof/indir-call-prof.c compilation,  -fprofile-use -D_PROFILE_USE
UNRESOLVED: gcc.dg/tree-prof/indir-call-prof.c execution,    -fprofile-use -D_PROFILE_USE
UNRESOLVED: gcc.dg/tree-prof/inliner-1.c execution,    -fprofile-generate -D_PROFILE_GENERATE
UNRESOLVED: gcc.dg/tree-prof/inliner-1.c compilation,  -fprofile-use -D_PROFILE_USE
UNRESOLVED: gcc.dg/tree-prof/inliner-1.c execution,    -fprofile-use -D_PROFILE_USE
UNRESOLVED: gcc.dg/tree-prof/pr34999.c execution,    -fprofile-generate -D_PROFILE_GENERATE
UNRESOLVED: gcc.dg/tree-prof/pr34999.c compilation,  -fprofile-use -D_PROFILE_USE
UNRESOLVED: gcc.dg/tree-prof/pr34999.c execution,    -fprofile-use -D_PROFILE_USE
UNRESOLVED: gcc.dg/tree-prof/stringop-1.c execution,    -fprofile-generate -D_PROFILE_GENERATE
UNRESOLVED: gcc.dg/tree-prof/stringop-1.c compilation,  -fprofile-use -D_PROFILE_USE
UNRESOLVED: gcc.dg/tree-prof/stringop-1.c execution,    -fprofile-use -D_PROFILE_USE
UNRESOLVED: gcc.dg/tree-prof/stringop-2.c execution,    -fprofile-generate -D_PROFILE_GENERATE
UNRESOLVED: gcc.dg/tree-prof/stringop-2.c compilation,  -fprofile-use -D_PROFILE_USE
UNRESOLVED: gcc.dg/tree-prof/stringop-2.c execution,    -fprofile-use -D_PROFILE_USE
UNRESOLVED: gcc.dg/tree-prof/tracer-1.c execution,    -fprofile-generate -D_PROFILE_GENERATE
UNRESOLVED: gcc.dg/tree-prof/tracer-1.c compilation,  -fprofile-use -D_PROFILE_USE
UNRESOLVED: gcc.dg/tree-prof/tracer-1.c execution,    -fprofile-use -D_PROFILE_USE
UNRESOLVED: gcc.dg/tree-prof/update-cunroll-2.c execution,    -fprofile-generate -D_PROFILE_GENERATE
UNRESOLVED: gcc.dg/tree-prof/update-cunroll-2.c compilation,  -fprofile-use -D_PROFILE_USE
UNRESOLVED: gcc.dg/tree-prof/update-cunroll-2.c execution,    -fprofile-use -D_PROFILE_USE
UNRESOLVED: gcc.dg/tree-prof/update-loopch.c execution,    -fprofile-generate -D_PROFILE_GENERATE
UNRESOLVED: gcc.dg/tree-prof/update-loopch.c compilation,  -fprofile-use -D_PROFILE_USE
UNRESOLVED: gcc.dg/tree-prof/update-loopch.c execution,    -fprofile-use -D_PROFILE_USE
UNRESOLVED: gcc.dg/tree-prof/update-tailcall.c execution,    -fprofile-generate -D_PROFILE_GENERATE
UNRESOLVED: gcc.dg/tree-prof/update-tailcall.c compilation,  -fprofile-use -D_PROFILE_USE
UNRESOLVED: gcc.dg/tree-prof/update-tailcall.c execution,    -fprofile-use -D_PROFILE_USE
UNRESOLVED: gcc.dg/tree-prof/val-prof-1.c execution,    -fprofile-generate -D_PROFILE_GENERATE
UNRESOLVED: gcc.dg/tree-prof/val-prof-1.c compilation,  -fprofile-use -D_PROFILE_USE
UNRESOLVED: gcc.dg/tree-prof/val-prof-1.c execution,    -fprofile-use -D_PROFILE_USE
UNRESOLVED: gcc.dg/tree-prof/val-prof-2.c execution,    -fprofile-generate -D_PROFILE_GENERATE
UNRESOLVED: gcc.dg/tree-prof/val-prof-2.c compilation,  -fprofile-use -D_PROFILE_USE
UNRESOLVED: gcc.dg/tree-prof/val-prof-2.c execution,    -fprofile-use -D_PROFILE_USE
UNRESOLVED: gcc.dg/tree-prof/val-prof-3.c execution,    -fprofile-generate -D_PROFILE_GENERATE
UNRESOLVED: gcc.dg/tree-prof/val-prof-3.c compilation,  -fprofile-use -D_PROFILE_USE
UNRESOLVED: gcc.dg/tree-prof/val-prof-3.c execution,    -fprofile-use -D_PROFILE_USE
UNRESOLVED: gcc.dg/tree-prof/val-prof-4.c execution,    -fprofile-generate -D_PROFILE_GENERATE
UNRESOLVED: gcc.dg/tree-prof/val-prof-4.c compilation,  -fprofile-use -D_PROFILE_USE
UNRESOLVED: gcc.dg/tree-prof/val-prof-4.c execution,    -fprofile-use -D_PROFILE_USE
UNRESOLVED: gcc.dg/tree-prof/val-prof-5.c execution,    -fprofile-generate -D_PROFILE_GENERATE
UNRESOLVED: gcc.dg/tree-prof/val-prof-5.c compilation,  -fprofile-use -D_PROFILE_USE
UNRESOLVED: gcc.dg/tree-prof/val-prof-5.c execution,    -fprofile-use -D_PROFILE_USE
UNRESOLVED: gcc.dg/tree-prof/val-prof-6.c execution,    -fprofile-generate -D_PROFILE_GENERATE
UNRESOLVED: gcc.dg/tree-prof/val-prof-6.c compilation,  -fprofile-use -D_PROFILE_USE
UNRESOLVED: gcc.dg/tree-prof/val-prof-6.c execution,    -fprofile-use -D_PROFILE_USE
UNRESOLVED: gcc.dg/tree-prof/wcoverage-mismatch.c execution,    -fprofile-generate -D_PROFILE_GENERATE
UNRESOLVED: gcc.dg/tree-prof/wcoverage-mismatch.c compilation,  -fprofile-use -D_PROFILE_USE
UNRESOLVED: gcc.dg/tree-prof/wcoverage-mismatch.c execution,    -fprofile-use -D_PROFILE_USE
UNRESOLVED: gcc.dg/tree-ssa/20040121-1.c execution test
UNRESOLVED: gcc.dg/tree-ssa/20040319-1.c execution test
UNRESOLVED: gcc.dg/tree-ssa/20040324-1.c execution test
UNRESOLVED: gcc.dg/tree-ssa/20040326-1.c execution test
UNRESOLVED: gcc.dg/tree-ssa/20040326-2.c execution test
UNRESOLVED: gcc.dg/tree-ssa/20040430-1.c execution test
UNRESOLVED: gcc.dg/tree-ssa/20041008-1.c execution test
UNRESOLVED: gcc.dg/tree-ssa/20050719-1.c execution test
UNRESOLVED: gcc.dg/tree-ssa/alias-14.c execution test
UNRESOLVED: gcc.dg/tree-ssa/alias-16.c execution test
UNRESOLVED: gcc.dg/tree-ssa/alias-7.c execution test
UNRESOLVED: gcc.dg/tree-ssa/alias-8.c execution test
UNRESOLVED: gcc.dg/tree-ssa/alias-9.c execution test
XPASS: gcc.dg/tree-ssa/ltrans-3.c scan-tree-dump-times ltrans "transformed loop" 1
UNRESOLVED: gcc.dg/tree-ssa/pr21029.c execution test
UNRESOLVED: gcc.dg/tree-ssa/pr21332.c execution test
UNRESOLVED: gcc.dg/tree-ssa/pr22018.c execution test
UNRESOLVED: gcc.dg/tree-ssa/pr22230.c execution test
UNRESOLVED: gcc.dg/tree-ssa/pr22236.c execution test
UNRESOLVED: gcc.dg/tree-ssa/pr22591.c execution test
UNRESOLVED: gcc.dg/tree-ssa/pr23115.c execution test
UNRESOLVED: gcc.dg/tree-ssa/pr23192.c execution test
UNRESOLVED: gcc.dg/tree-ssa/pr23386.c execution test
UNRESOLVED: gcc.dg/tree-ssa/pr24627.c execution test
UNRESOLVED: gcc.dg/tree-ssa/pr26180.c execution test
UNRESOLVED: gcc.dg/tree-ssa/pr28410.c execution test
UNRESOLVED: gcc.dg/tree-ssa/pr34244.c execution test
UNRESOLVED: gcc.dg/tree-ssa/predcom-1.c execution test
UNRESOLVED: gcc.dg/tree-ssa/predcom-2.c execution test
UNRESOLVED: gcc.dg/tree-ssa/predcom-4.c execution test
UNRESOLVED: gcc.dg/tree-ssa/predcom-5.c execution test
UNRESOLVED: gcc.dg/tree-ssa/scev-1.c execution test
UNRESOLVED: gcc.dg/tree-ssa/scev-2.c execution test
UNRESOLVED: gcc.dg/tree-ssa/ssa-ccp-12.c execution test
UNRESOLVED: gcc.dg/tree-ssa/tailrecursion-5.c execution test
UNRESOLVED: gcc.dg/tree-ssa/vrp10.c execution test
UNRESOLVED: gcc.dg/tree-ssa/vrp13.c execution test
UNRESOLVED: gcc.dg/tree-ssa/vrp14.c execution test
UNRESOLVED: gcc.dg/tree-ssa/vrp27.c execution test
UNRESOLVED: gcc.dg/tree-ssa/vrp29.c execution test
UNRESOLVED: gcc.dg/tree-ssa/vrp38.c execution test
UNRESOLVED: gcc.dg/tree-ssa/vrp43.c execution test
FAIL: gcc.dg/vect/costmodel/ppc/costmodel-vect-31d.c scan-tree-dump-times vect "vectorization not profitable" 1
FAIL: gcc.dg/vect/costmodel/ppc/costmodel-vect-31d.c scan-tree-dump-times vect "vectorized 1 loops" 0
FAIL: gcc.dg/vect/costmodel/ppc/costmodel-vect-68d.c scan-tree-dump-times vect "vectorization not profitable" 1
FAIL: gcc.dg/vect/costmodel/ppc/costmodel-vect-68d.c scan-tree-dump-times vect "vectorized 1 loops" 0
FAIL: gcc.dg/vect/costmodel/ppc/costmodel-vect-76c.c scan-tree-dump-times vect "vectorized 1 loops" 1
UNRESOLVED: gcc.dg/vect/vect-82.c execution test
UNRESOLVED: gcc.dg/vect/vect-83.c execution test
FAIL: gcc.dg/vect/vect-strided-store-u16-i4.c scan-tree-dump-times vect "vectorized 1 loops" 2
FAIL: gcc.dg/vect/vect-vfa-03.c scan-tree-dump-times vect "vectorized 1 loops" 1
XPASS: gcc.dg/vect/vect-vfa-03.c scan-tree-dump-times vect "vectorized 1 loops" 0
FAIL: gcc.dg/vect/slp-21.c scan-tree-dump-times vect "vectorized 4 loops" 1
FAIL: gcc.dg/vect/slp-21.c scan-tree-dump-times vect "vectorizing stmts using SLP" 2
FAIL: gcc.dg/vect/slp-7.c scan-tree-dump-times vect "vectorized 3 loops" 1
FAIL: gcc.dg/vect/slp-7.c scan-tree-dump-times vect "vectorizing stmts using SLP" 3
UNRESOLVED: gcc.dg/weak/weak-14.c execution test
UNRESOLVED: gcc.misc-tests/bprob-1.c execution,    -fprofile-arcs
UNRESOLVED: gcc.misc-tests/bprob-1.c compilation,  -fprofile-use
UNRESOLVED: gcc.misc-tests/bprob-1.c execution,    -fprofile-use
UNRESOLVED: gcc.misc-tests/bprob-2.c execution,    -fprofile-arcs
UNRESOLVED: gcc.misc-tests/bprob-2.c compilation,  -fprofile-use
UNRESOLVED: gcc.misc-tests/bprob-2.c execution,    -fprofile-use
UNRESOLVED: gcc.target/powerpc/20020118-1.c execution test
UNRESOLVED: gcc.target/powerpc/20050603-1.c execution test
UNRESOLVED: gcc.target/powerpc/980827-1.c execution test
UNRESOLVED: gcc.target/powerpc/altivec-1.c execution test
UNRESOLVED: gcc.target/powerpc/altivec-12.c execution test
UNRESOLVED: gcc.target/powerpc/altivec-24.c execution test
UNRESOLVED: gcc.target/powerpc/altivec-3.c execution test
UNRESOLVED: gcc.target/powerpc/altivec-consts.c execution test
UNRESOLVED: gcc.target/powerpc/altivec-varargs-1.c execution test
UNRESOLVED: gcc.target/powerpc/altivec-vec-merge.c execution test
UNRESOLVED: gcc.target/powerpc/darwin-longlong.c execution test
UNRESOLVED: gcc.target/powerpc/darwin-save-world-1.c execution test
FAIL: gcc.target/powerpc/dfp-dd.c (test for excess errors)
ERROR: gcc.target/powerpc/dfp-dd.c: error executing dg-final: couldn't open "dfp-dd.s": no such file or directory
UNRESOLVED: gcc.target/powerpc/dfp-dd.c: error executing dg-final: couldn't open "dfp-dd.s": no such file or directory
FAIL: gcc.target/powerpc/dfp-td.c (test for excess errors)
ERROR: gcc.target/powerpc/dfp-td.c: error executing dg-final: couldn't open "dfp-td.s": no such file or directory
UNRESOLVED: gcc.target/powerpc/dfp-td.c: error executing dg-final: couldn't open "dfp-td.s": no such file or directory
UNRESOLVED: gcc.target/powerpc/ppc-ldstruct.c execution test
UNRESOLVED: gcc.target/powerpc/ppc-stackalign-1.c execution test
UNRESOLVED: gcc.target/powerpc/pr25960.c execution test
UNRESOLVED: gcc.target/powerpc/pr35907.c execution test

		=== gcc Summary ===

# of expected passes		47661
# of unexpected failures	23
# of unexpected successes	2
# of expected failures		188
# of unresolved testcases	804
# of unsupported tests		572
/tmp/edmar/build_cde/job_28/obj_gcc/gcc/xgcc  version 4.4.0 20080531 (experimental) (GCC) 

Host   is x86_64-unknown-linux-gnu

		=== gfortran tests ===


Running target reg_e600_ssh
UNRESOLVED: gfortran.dg/PR19754_2.f90  -O0  execution test
UNRESOLVED: gfortran.dg/PR19754_2.f90  -O1  execution test
UNRESOLVED: gfortran.dg/PR19754_2.f90  -O2  execution test
UNRESOLVED: gfortran.dg/PR19754_2.f90  -O3 -fomit-frame-pointer  execution test
UNRESOLVED: gfortran.dg/PR19754_2.f90  -O3 -fomit-frame-pointer -funroll-loops  execution test
UNRESOLVED: gfortran.dg/PR19754_2.f90  -O3 -fomit-frame-pointer -funroll-all-loops -finline-functions  execution test
UNRESOLVED: gfortran.dg/PR19754_2.f90  -O3 -g  execution test
UNRESOLVED: gfortran.dg/PR19754_2.f90  -Os  execution test
UNRESOLVED: gfortran.dg/Wall.f90  -O0  execution test
UNRESOLVED: gfortran.dg/Wall.f90  -O1  execution test
UNRESOLVED: gfortran.dg/Wall.f90  -O2  execution test
UNRESOLVED: gfortran.dg/Wall.f90  -O3 -fomit-frame-pointer  execution test
UNRESOLVED: gfortran.dg/Wall.f90  -O3 -fomit-frame-pointer -funroll-loops  execution test
UNRESOLVED: gfortran.dg/Wall.f90  -O3 -fomit-frame-pointer -funroll-all-loops -finline-functions  execution test
UNRESOLVED: gfortran.dg/Wall.f90  -O3 -g  execution test
UNRESOLVED: gfortran.dg/Wall.f90  -Os  execution test
UNRESOLVED: gfortran.dg/Wno-all.f90  -O0  execution test
UNRESOLVED: gfortran.dg/Wno-all.f90  -O1  execution test
UNRESOLVED: gfortran.dg/Wno-all.f90  -O2  execution test
UNRESOLVED: gfortran.dg/Wno-all.f90  -O3 -fomit-frame-pointer  execution test
UNRESOLVED: gfortran.dg/Wno-all.f90  -O3 -fomit-frame-pointer -funroll-loops  execution test
UNRESOLVED: gfortran.dg/Wno-all.f90  -O3 -fomit-frame-pointer -funroll-all-loops -finline-functions  execution test
UNRESOLVED: gfortran.dg/Wno-all.f90  -O3 -g  execution test
UNRESOLVED: gfortran.dg/Wno-all.f90  -Os  execution test
UNRESOLVED: gfortran.dg/achar_1.f90  -O0  execution test
UNRESOLVED: gfortran.dg/achar_1.f90  -O1  execution test
UNRESOLVED: gfortran.dg/achar_1.f90  -O2  execution test
UNRESOLVED: gfortran.dg/achar_1.f90  -O3 -fomit-frame-pointer  execution test
UNRESOLVED: gfortran.dg/achar_1.f90  -O3 -fomit-frame-pointer -funroll-loops  execution test
UNRESOLVED: gfortran.dg/achar_1.f90  -O3 -fomit-frame-pointer -funroll-all-loops -finline-functions  execution test
UNRESOLVED: gfortran.dg/achar_1.f90  -O3 -g  execution test
UNRESOLVED: gfortran.dg/achar_1.f90  -Os  execution test
UNRESOLVED: gfortran.dg/achar_2.f90  -O0  execution test
UNRESOLVED: gfortran.dg/achar_2.f90  -O1  execution test
UNRESOLVED: gfortran.dg/achar_2.f90  -O2  execution test
UNRESOLVED: gfortran.dg/achar_2.f90  -O3 -fomit-frame-pointer  execution test
UNRESOLVED: gfortran.dg/achar_2.f90  -O3 -fomit-frame-pointer -funroll-loops  execution test
UNRESOLVED: gfortran.dg/achar_2.f90  -O3 -fomit-frame-pointer -funroll-all-loops -finline-functions  execution test
UNRESOLVED: gfortran.dg/achar_2.f90  -O3 -g  execution test
UNRESOLVED: gfortran.dg/achar_2.f90  -Os  execution test
UNRESOLVED: gfortran.dg/achar_4.f90  -O0  execution test
UNRESOLVED: gfortran.dg/achar_4.f90  -O1  execution test
UNRESOLVED: gfortran.dg/achar_4.f90  -O2  execution test
UNRESOLVED: gfortran.dg/achar_4.f90  -O3 -fomit-frame-pointer  execution test
UNRESOLVED: gfortran.dg/achar_4.f90  -O3 -fomit-frame-pointer -funroll-loops  execution test
UNRESOLVED: gfortran.dg/achar_4.f90  -O3 -fomit-frame-pointer -funroll-all-loops -finline-functions  execution test
UNRESOLVED: gfortran.dg/achar_4.f90  -O3 -g  execution test
UNRESOLVED: gfortran.dg/achar_4.f90  -Os  execution test
UNRESOLVED: gfortran.dg/achar_6.F90  -O0  execution test
UNRESOLVED: gfortran.dg/achar_6.F90  -O1  execution test
UNRESOLVED: gfortran.dg/achar_6.F90  -O2  execution test
UNRESOLVED: gfortran.dg/achar_6.F90  -O3 -fomit-frame-pointer  execution test
UNRESOLVED: gfortran.dg/achar_6.F90  -O3 -fomit-frame-pointer -funroll-loops  execution test
UNRESOLVED: gfortran.dg/achar_6.F90  -O3 -fomit-frame-pointer -funroll-all-loops -finline-functions  execution test
UNRESOLVED: gfortran.dg/achar_6.F90  -O3 -g  execution test
UNRESOLVED: gfortran.dg/achar_6.F90  -Os  execution test
UNRESOLVED: gfortran.dg/actual_array_constructor_1.f90  -O0  execution test
UNRESOLVED: gfortran.dg/actual_array_constructor_1.f90  -O1  execution test
UNRESOLVED: gfortran.dg/actual_array_constructor_1.f90  -O2  execution test
UNRESOLVED: gfortran.dg/actual_array_constructor_1.f90  -O3 -fomit-frame-pointer  execution test
UNRESOLVED: gfortran.dg/actual_array_constructor_1.f90  -O3 -fomit-frame-pointer -funroll-loops  execution test
UNRESOLVED: gfortran.dg/actual_array_constructor_1.f90  -O3 -fomit-frame-pointer -funroll-all-loops -finline-functions  execution test
UNRESOLVED: gfortran.dg/actual_array_constructor_1.f90  -O3 -g  execution test
UNRESOLVED: gfortran.dg/actual_array_constructor_1.f90  -Os  execution test
UNRESOLVED: gfortran.dg/actual_array_constructor_2.f90  -O0  execution test
UNRESOLVED: gfortran.dg/actual_array_constructor_2.f90  -O1  execution test
UNRESOLVED: gfortran.dg/actual_array_constructor_2.f90  -O2  execution test
UNRESOLVED: gfortran.dg/actual_array_constructor_2.f90  -O3 -fomit-frame-pointer  execution test
UNRESOLVED: gfortran.dg/actual_array_constructor_2.f90  -O3 -fomit-frame-pointer -funroll-loops  execution test
UNRESOLVED: gfortran.dg/actual_array_constructor_2.f90  -O3 -fomit-frame-pointer -funroll-all-loops -finline-functions  execution test
UNRESOLVED: gfortran.dg/actual_array_constructor_2.f90  -O3 -g  execution test
UNRESOLVED: gfortran.dg/actual_array_constructor_2.f90  -Os  execution test
UNRESOLVED: gfortran.dg/actual_array_constructor_3.f90  -O0  execution test
UNRESOLVED: gfortran.dg/actual_array_constructor_3.f90  -O1  execution test
UNRESOLVED: gfortran.dg/actual_array_constructor_3.f90  -O2  execution test
UNRESOLVED: gfortran.dg/actual_array_constructor_3.f90  -O3 -fomit-frame-pointer  execution test
UNRESOLVED: gfortran.dg/actual_array_constructor_3.f90  -O3 -fomit-frame-pointer -funroll-loops  execution test
UNRESOLVED: gfortran.dg/actual_array_constructor_3.f90  -O3 -fomit-frame-pointer -funroll-all-loops -finline-functions  execution test
UNRESOLVED: gfortran.dg/actual_array_constructor_3.f90  -O3 -g  execution test
UNRESOLVED: gfortran.dg/actual_array_constructor_3.f90  -Os  execution test
UNRESOLVED: gfortran.dg/actual_array_result_1.f90  -O0  execution test
UNRESOLVED: gfortran.dg/actual_array_result_1.f90  -O1  execution test
UNRESOLVED: gfortran.dg/actual_array_result_1.f90  -O2  execution test
UNRESOLVED: gfortran.dg/actual_array_result_1.f90  -O3 -fomit-frame-pointer  execution test
UNRESOLVED: gfortran.dg/actual_array_result_1.f90  -O3 -fomit-frame-pointer -funroll-loops  execution test
UNRESOLVED: gfortran.dg/actual_array_result_1.f90  -O3 -fomit-frame-pointer -funroll-all-loops -finline-functions  execution test
UNRESOLVED: gfortran.dg/actual_array_result_1.f90  -O3 -g  execution test
UNRESOLVED: gfortran.dg/actual_array_result_1.f90  -Os  execution test
UNRESOLVED: gfortran.dg/actual_array_substr_1.f90  -O0  execution test
UNRESOLVED: gfortran.dg/actual_array_substr_1.f90  -O1  execution test
UNRESOLVED: gfortran.dg/actual_array_substr_1.f90  -O2  execution test
UNRESOLVED: gfortran.dg/actual_array_substr_1.f90  -O3 -fomit-frame-pointer  execution test
UNRESOLVED: gfortran.dg/actual_array_substr_1.f90  -O3 -fomit-frame-pointer -funroll-loops  execution test
UNRESOLVED: gfortran.dg/actual_array_substr_1.f90  -O3 -fomit-frame-pointer -funroll-all-loops -finline-functions  execution test
UNRESOLVED: gfortran.dg/actual_array_substr_1.f90  -O3 -g  execution test
UNRESOLVED: gfortran.dg/actual_array_substr_1.f90  -Os  execution test
UNRESOLVED: gfortran.dg/actual_array_substr_2.f90  -O0  execution test
UNRESOLVED: gfortran.dg/actual_array_substr_2.f90  -O1  execution test
UNRESOLVED: gfortran.dg/actual_array_substr_2.f90  -O2  execution test
UNRESOLVED: gfortran.dg/actual_array_substr_2.f90  -O3 -fomit-frame-pointer  execution test
UNRESOLVED: gfortran.dg/actual_array_substr_2.f90  -O3 -fomit-frame-pointer -funroll-loops  execution test
UNRESOLVED: gfortran.dg/actual_array_substr_2.f90  -O3 -fomit-frame-pointer -funroll-all-loops -finline-functions  execution test
UNRESOLVED: gfortran.dg/actual_array_substr_2.f90  -O3 -g  execution test
UNRESOLVED: gfortran.dg/actual_array_substr_2.f90  -Os  execution test
UNRESOLVED: gfortran.dg/actual_pointer_function_1.f90  -O0  execution test
UNRESOLVED: gfortran.dg/actual_pointer_function_1.f90  -O1  execution test
UNRESOLVED: gfortran.dg/actual_pointer_function_1.f90  -O2  execution test
UNRESOLVED: gfortran.dg/actual_pointer_function_1.f90  -O3 -fomit-frame-pointer  execution test
UNRESOLVED: gfortran.dg/actual_pointer_function_1.f90  -O3 -fomit-frame-pointer -funroll-loops  execution test
UNRESOLVED: gfortran.dg/actual_pointer_function_1.f90  -O3 -fomit-frame-pointer -funroll-all-loops -finline-functions  execution test
UNRESOLVED: gfortran.dg/actual_pointer_function_1.f90  -O3 -g  execution test
UNRESOLVED: gfortran.dg/actual_pointer_function_1.f90  -Os  execution test
UNRESOLVED: gfortran.dg/actual_procedure_1.f90  -O0  execution test
UNRESOLVED: gfortran.dg/actual_procedure_1.f90  -O1  execution test
UNRESOLVED: gfortran.dg/actual_procedure_1.f90  -O2  execution test
UNRESOLVED: gfortran.dg/actual_procedure_1.f90  -O3 -fomit-frame-pointer  execution test
UNRESOLVED: gfortran.dg/actual_procedure_1.f90  -O3 -fomit-frame-pointer -funroll-loops  execution test
UNRESOLVED: gfortran.dg/actual_procedure_1.f90  -O3 -fomit-frame-pointer -funroll-all-loops -finline-functions  execution test
UNRESOLVED: gfortran.dg/actual_procedure_1.f90  -O3 -g  execution test
UNRESOLVED: gfortran.dg/actual_procedure_1.f90  -Os  execution test
UNRESOLVED: gfortran.dg/aliasing_dummy_1.f90  -O0  execution test
UNRESOLVED: gfortran.dg/aliasing_dummy_1.f90  -O1  execution test
UNRESOLVED: gfortran.dg/aliasing_dummy_1.f90  -O2  execution test
UNRESOLVED: gfortran.dg/aliasing_dummy_1.f90  -O3 -fomit-frame-pointer  execution test
UNRESOLVED: gfortran.dg/aliasing_dummy_1.f90  -O3 -fomit-frame-pointer -funroll-loops  execution test
UNRESOLVED: gfortran.dg/aliasing_dummy_1.f90  -O3 -fomit-frame-pointer -funroll-all-loops -finline-functions  execution test
UNRESOLVED: gfortran.dg/aliasing_dummy_1.f90  -O3 -g  execution test
UNRESOLVED: gfortran.dg/aliasing_dummy_1.f90  -Os  execution test
UNRESOLVED: gfortran.dg/aliasing_dummy_4.f90  -O0  execution test
UNRESOLVED: gfortran.dg/aliasing_dummy_4.f90  -O1  execution test
UNRESOLVED: gfortran.dg/aliasing_dummy_4.f90  -O2  execution test
UNRESOLVED: gfortran.dg/aliasing_dummy_4.f90  -O3 -fomit-frame-pointer  execution test
UNRESOLVED: gfortran.dg/aliasing_dummy_4.f90  -O3 -fomit-frame-pointer -funroll-loops  execution test
UNRESOLVED: gfortran.dg/aliasing_dummy_4.f90  -O3 -fomit-frame-pointer -funroll-all-loops -finline-functions  execution test
UNRESOLVED: gfortran.dg/aliasing_dummy_4.f90  -O3 -g  execution test
UNRESOLVED: gfortran.dg/aliasing_dummy_4.f90  -Os  execution test
ERROR: tcl error sourcing /tmp/edmar/build_cde/job_28/gcc/gcc/testsuite/gfortran.dg/dg.exp.
ERROR: can't read "status": no such variable
ERROR: tcl error sourcing /tmp/edmar/build_cde/job_28/gcc/gcc/testsuite/gfortran.dg/gomp/gomp.exp.
ERROR: torture-init: torture_without_loops is not empty as expected
ERROR: tcl error sourcing /tmp/edmar/build_cde/job_28/gcc/gcc/testsuite/gfortran.dg/vect/vect.exp.
ERROR: torture-init: torture_without_loops is not empty as expected
ERROR: tcl error sourcing /tmp/edmar/build_cde/job_28/gcc/gcc/testsuite/gfortran.fortran-torture/compile/compile.exp.
ERROR: torture-init: torture_without_loops is not empty as expected
ERROR: tcl error sourcing /tmp/edmar/build_cde/job_28/gcc/gcc/testsuite/gfortran.fortran-torture/execute/execute.exp.
ERROR: torture-init: torture_without_loops is not empty as expected

		=== gfortran Summary ===

# of expected passes		215
# of unresolved testcases	136
# of unsupported tests		58
/tmp/edmar/build_cde/job_28/obj_gcc/gcc/testsuite/gfortran/../../gfortran  version 4.4.0 20080531 (experimental) (GCC) 


Compiler version: 4.4.0 20080531 (experimental) (GCC) 
Platform: powerpc-unknown-linux-gnualtivec
configure flags: --target=powerpc-unknown-linux-gnualtivec --prefix=/_TOOLS_/dist/gnu_toolchain/regression-gcc-trunk-7450/i686-pc-linux2.4 --with-sysroot=/_TOOLS_/dist/gnu_toolchain/regression-gcc-trunk-7450/i686-pc-linux2.4/sysroot --disable-libssp --disable-libmudflap --enable-languages=c,c++ --with-gmp=/_TOOLS_/dist/gnu_toolchain/build_support-x86_64-unknown-linux-gnu/install_gmp-4.1.4 --with-mpfr=/_TOOLS_/dist/gnu_toolchain/build_support-x86_64-unknown-linux-gnu/install_mpfr-2.3.0 --with-cpu=7450 --enable-altivec --disable-decimal-float --enable-languages=c,c++,fortran


Index Nav: [Date Index] [Subject Index] [Author Index] [Thread Index]
Message Nav: [Date Prev] [Date Next] [Thread Prev] [Thread Next]