This is the mail archive of the gcc-testresults@gcc.gnu.org mailing list for the GCC project.


Index Nav: [Date Index] [Subject Index] [Author Index] [Thread Index]
Message Nav: [Date Prev] [Date Next] [Thread Prev] [Thread Next]
Other format: [Raw text]

Results for 4.3.0 20080228 (prerelease) (GCC) testsuite on powerpc-apple-darwin9


Compiled with --enable-libjava-multilib patch applied from
http://gcc.gnu.org/ml/gcc-patches/2007-12/msg00703.html.

LAST_UPDATED: 
Native configuration is powerpc-apple-darwin9

		=== g++ tests ===


Running target unix
FAIL: g++.dg/ext/alignof2.C execution test
FAIL: g++.dg/ext/visibility/anon6.C scan-assembler 1BIiE1cE
FAIL: g++.dg/other/anon5.C  (test for errors, line 19)
FAIL: g++.dg/other/anon5.C (test for excess errors)
FAIL: g++.dg/pubtypes.C scan-assembler long+[ \\t]+0x24+[ \\t]+[#;]+[ \\t]+Length of Public Type Names Info
FAIL: g++.dg/special/conpr-3.C execution test
FAIL: g++.dg/special/initpri1.C execution test
FAIL: g++.old-deja/g++.pt/const2.C (test for excess errors)

		=== g++ Summary ===

# of expected passes		17326
# of unexpected failures	8
# of expected failures		82
# of unsupported tests		146
/sw/src/fink.build/gcc43-4.3.0-20080228/darwin_objdir/gcc/testsuite/g++/../../g++  version 4.3.0 20080228 (prerelease) (GCC) 

		=== gcc tests ===


Running target unix
XPASS: gcc.dg/20020103-1.c scan-assembler-not LC[0-9]
FAIL: gcc.dg/initpri1.c execution test
FAIL: gcc.dg/memcpy-1.c scan-tree-dump-times optimized "nasty_local" 0
FAIL: gcc.dg/vect/costmodel/ppc/costmodel-vect-31d.c scan-tree-dump-times vect "vectorization not profitable" 1
FAIL: gcc.dg/vect/costmodel/ppc/costmodel-vect-31d.c scan-tree-dump-times vect "vectorized 1 loops" 0
FAIL: gcc.dg/vect/costmodel/ppc/costmodel-vect-68d.c scan-tree-dump-times vect "vectorization not profitable" 1
FAIL: gcc.dg/vect/costmodel/ppc/costmodel-vect-68d.c scan-tree-dump-times vect "vectorized 1 loops" 0
FAIL: gcc.dg/vect/pr33953.c scan-tree-dump-times vect "vectorized 1 loops" 1
FAIL: gcc.dg/vect/pr33953.c scan-tree-dump-times vect "vectorizing stmts using SLP" 1
FAIL: gcc.dg/vect/section-anchors-pr27770.c (test for excess errors)
FAIL: gcc.dg/vect/section-anchors-vect-69.c (test for excess errors)
FAIL: gcc.dg/vect/section-anchors-vect-69.c scan-tree-dump-times vect "Alignment of access forced using peeling" 4

		=== gcc Summary ===

# of expected passes		48149
# of unexpected failures	11
# of unexpected successes	1
# of expected failures		167
# of untested testcases		35
# of unsupported tests		437
/sw/src/fink.build/gcc43-4.3.0-20080228/darwin_objdir/gcc/xgcc  version 4.3.0 20080228 (prerelease) (GCC) 

		=== gfortran tests ===


Running target unix
FAIL: gfortran.dg/large_real_kind_3.F90  -O0  execution test

		=== gfortran Summary ===

# of expected passes		23571
# of unexpected failures	1
# of expected failures		35
# of unsupported tests		59
/sw/src/fink.build/gcc43-4.3.0-20080228/darwin_objdir/gcc/testsuite/gfortran/../../gfortran  version 4.3.0 20080228 (prerelease) (GCC) 

		=== objc tests ===


Running target unix
FAIL: objc/execute/bycopy-1.m compilation,  -O0  -fnext-runtime
UNRESOLVED: objc/execute/bycopy-1.m execution,  -O0  -fnext-runtime
FAIL: objc/execute/bycopy-1.m compilation,  -O1  -fnext-runtime
UNRESOLVED: objc/execute/bycopy-1.m execution,  -O1  -fnext-runtime
FAIL: objc/execute/bycopy-1.m compilation,  -O2  -fnext-runtime
UNRESOLVED: objc/execute/bycopy-1.m execution,  -O2  -fnext-runtime
FAIL: objc/execute/bycopy-1.m compilation,  -O3 -fomit-frame-pointer  -fnext-runtime
UNRESOLVED: objc/execute/bycopy-1.m execution,  -O3 -fomit-frame-pointer  -fnext-runtime
FAIL: objc/execute/bycopy-1.m compilation,  -O3 -g  -fnext-runtime
UNRESOLVED: objc/execute/bycopy-1.m execution,  -O3 -g  -fnext-runtime
FAIL: objc/execute/bycopy-1.m compilation,  -Os  -fnext-runtime
UNRESOLVED: objc/execute/bycopy-1.m execution,  -Os  -fnext-runtime
FAIL: objc/execute/bycopy-2.m compilation,  -O0  -fnext-runtime
UNRESOLVED: objc/execute/bycopy-2.m execution,  -O0  -fnext-runtime
FAIL: objc/execute/bycopy-2.m compilation,  -O1  -fnext-runtime
UNRESOLVED: objc/execute/bycopy-2.m execution,  -O1  -fnext-runtime
FAIL: objc/execute/bycopy-2.m compilation,  -O2  -fnext-runtime
UNRESOLVED: objc/execute/bycopy-2.m execution,  -O2  -fnext-runtime
FAIL: objc/execute/bycopy-2.m compilation,  -O3 -fomit-frame-pointer  -fnext-runtime
UNRESOLVED: objc/execute/bycopy-2.m execution,  -O3 -fomit-frame-pointer  -fnext-runtime
FAIL: objc/execute/bycopy-2.m compilation,  -O3 -g  -fnext-runtime
UNRESOLVED: objc/execute/bycopy-2.m execution,  -O3 -g  -fnext-runtime
FAIL: objc/execute/bycopy-2.m compilation,  -Os  -fnext-runtime
UNRESOLVED: objc/execute/bycopy-2.m execution,  -Os  -fnext-runtime
FAIL: objc/execute/bycopy-3.m compilation,  -O0  -fnext-runtime
UNRESOLVED: objc/execute/bycopy-3.m execution,  -O0  -fnext-runtime
FAIL: objc/execute/bycopy-3.m compilation,  -O1  -fnext-runtime
UNRESOLVED: objc/execute/bycopy-3.m execution,  -O1  -fnext-runtime
FAIL: objc/execute/bycopy-3.m compilation,  -O2  -fnext-runtime
UNRESOLVED: objc/execute/bycopy-3.m execution,  -O2  -fnext-runtime
FAIL: objc/execute/bycopy-3.m compilation,  -O3 -fomit-frame-pointer  -fnext-runtime
UNRESOLVED: objc/execute/bycopy-3.m execution,  -O3 -fomit-frame-pointer  -fnext-runtime
FAIL: objc/execute/bycopy-3.m compilation,  -O3 -g  -fnext-runtime
UNRESOLVED: objc/execute/bycopy-3.m execution,  -O3 -g  -fnext-runtime
FAIL: objc/execute/bycopy-3.m compilation,  -Os  -fnext-runtime
UNRESOLVED: objc/execute/bycopy-3.m execution,  -Os  -fnext-runtime
FAIL: objc/execute/formal_protocol-5.m compilation,  -O0  -fnext-runtime
UNRESOLVED: objc/execute/formal_protocol-5.m execution,  -O0  -fnext-runtime
FAIL: objc/execute/formal_protocol-5.m compilation,  -O1  -fnext-runtime
UNRESOLVED: objc/execute/formal_protocol-5.m execution,  -O1  -fnext-runtime
FAIL: objc/execute/formal_protocol-5.m compilation,  -O2  -fnext-runtime
UNRESOLVED: objc/execute/formal_protocol-5.m execution,  -O2  -fnext-runtime
FAIL: objc/execute/formal_protocol-5.m compilation,  -O3 -fomit-frame-pointer  -fnext-runtime
UNRESOLVED: objc/execute/formal_protocol-5.m execution,  -O3 -fomit-frame-pointer  -fnext-runtime
FAIL: objc/execute/formal_protocol-5.m compilation,  -O3 -g  -fnext-runtime
UNRESOLVED: objc/execute/formal_protocol-5.m execution,  -O3 -g  -fnext-runtime
FAIL: objc/execute/formal_protocol-5.m compilation,  -Os  -fnext-runtime
UNRESOLVED: objc/execute/formal_protocol-5.m execution,  -Os  -fnext-runtime
FAIL: objc/execute/formal_protocol-6.m compilation,  -O0  -fnext-runtime
UNRESOLVED: objc/execute/formal_protocol-6.m execution,  -O0  -fnext-runtime
FAIL: objc/execute/formal_protocol-6.m compilation,  -O1  -fnext-runtime
UNRESOLVED: objc/execute/formal_protocol-6.m execution,  -O1  -fnext-runtime
FAIL: objc/execute/formal_protocol-6.m compilation,  -O2  -fnext-runtime
UNRESOLVED: objc/execute/formal_protocol-6.m execution,  -O2  -fnext-runtime
FAIL: objc/execute/formal_protocol-6.m compilation,  -O3 -fomit-frame-pointer  -fnext-runtime
UNRESOLVED: objc/execute/formal_protocol-6.m execution,  -O3 -fomit-frame-pointer  -fnext-runtime
FAIL: objc/execute/formal_protocol-6.m compilation,  -O3 -g  -fnext-runtime
UNRESOLVED: objc/execute/formal_protocol-6.m execution,  -O3 -g  -fnext-runtime
FAIL: objc/execute/formal_protocol-6.m compilation,  -Os  -fnext-runtime
UNRESOLVED: objc/execute/formal_protocol-6.m execution,  -Os  -fnext-runtime
FAIL: objc/execute/formal_protocol-7.m compilation,  -O0  -fnext-runtime
UNRESOLVED: objc/execute/formal_protocol-7.m execution,  -O0  -fnext-runtime
FAIL: objc/execute/formal_protocol-7.m compilation,  -O1  -fnext-runtime
UNRESOLVED: objc/execute/formal_protocol-7.m execution,  -O1  -fnext-runtime
FAIL: objc/execute/formal_protocol-7.m compilation,  -O2  -fnext-runtime
UNRESOLVED: objc/execute/formal_protocol-7.m execution,  -O2  -fnext-runtime
FAIL: objc/execute/formal_protocol-7.m compilation,  -O3 -fomit-frame-pointer  -fnext-runtime
UNRESOLVED: objc/execute/formal_protocol-7.m execution,  -O3 -fomit-frame-pointer  -fnext-runtime
FAIL: objc/execute/formal_protocol-7.m compilation,  -O3 -g  -fnext-runtime
UNRESOLVED: objc/execute/formal_protocol-7.m execution,  -O3 -g  -fnext-runtime
FAIL: objc/execute/formal_protocol-7.m compilation,  -Os  -fnext-runtime
UNRESOLVED: objc/execute/formal_protocol-7.m execution,  -Os  -fnext-runtime
FAIL: objc/execute/np-1.m compilation,  -O0  -fnext-runtime
UNRESOLVED: objc/execute/np-1.m execution,  -O0  -fnext-runtime
FAIL: objc/execute/np-1.m compilation,  -O1  -fnext-runtime
UNRESOLVED: objc/execute/np-1.m execution,  -O1  -fnext-runtime
FAIL: objc/execute/np-1.m compilation,  -O2  -fnext-runtime
UNRESOLVED: objc/execute/np-1.m execution,  -O2  -fnext-runtime
FAIL: objc/execute/np-1.m compilation,  -O3 -fomit-frame-pointer  -fnext-runtime
UNRESOLVED: objc/execute/np-1.m execution,  -O3 -fomit-frame-pointer  -fnext-runtime
FAIL: objc/execute/np-1.m compilation,  -O3 -g  -fnext-runtime
UNRESOLVED: objc/execute/np-1.m execution,  -O3 -g  -fnext-runtime
FAIL: objc/execute/np-1.m compilation,  -Os  -fnext-runtime
UNRESOLVED: objc/execute/np-1.m execution,  -Os  -fnext-runtime
FAIL: objc/execute/np-2.m compilation,  -O0  -fnext-runtime
UNRESOLVED: objc/execute/np-2.m execution,  -O0  -fnext-runtime
FAIL: objc/execute/np-2.m compilation,  -O1  -fnext-runtime
UNRESOLVED: objc/execute/np-2.m execution,  -O1  -fnext-runtime
FAIL: objc/execute/np-2.m compilation,  -O2  -fnext-runtime
UNRESOLVED: objc/execute/np-2.m execution,  -O2  -fnext-runtime
FAIL: objc/execute/np-2.m compilation,  -O3 -fomit-frame-pointer  -fnext-runtime
UNRESOLVED: objc/execute/np-2.m execution,  -O3 -fomit-frame-pointer  -fnext-runtime
FAIL: objc/execute/np-2.m compilation,  -O3 -g  -fnext-runtime
UNRESOLVED: objc/execute/np-2.m execution,  -O3 -g  -fnext-runtime
FAIL: objc/execute/np-2.m compilation,  -Os  -fnext-runtime
UNRESOLVED: objc/execute/np-2.m execution,  -Os  -fnext-runtime
FAIL: objc/execute/protocol-isEqual-1.m compilation,  -O0  -fnext-runtime
UNRESOLVED: objc/execute/protocol-isEqual-1.m execution,  -O0  -fnext-runtime
FAIL: objc/execute/protocol-isEqual-1.m compilation,  -O1  -fnext-runtime
UNRESOLVED: objc/execute/protocol-isEqual-1.m execution,  -O1  -fnext-runtime
FAIL: objc/execute/protocol-isEqual-1.m compilation,  -O2  -fnext-runtime
UNRESOLVED: objc/execute/protocol-isEqual-1.m execution,  -O2  -fnext-runtime
FAIL: objc/execute/protocol-isEqual-1.m compilation,  -O3 -fomit-frame-pointer  -fnext-runtime
UNRESOLVED: objc/execute/protocol-isEqual-1.m execution,  -O3 -fomit-frame-pointer  -fnext-runtime
FAIL: objc/execute/protocol-isEqual-1.m compilation,  -O3 -g  -fnext-runtime
UNRESOLVED: objc/execute/protocol-isEqual-1.m execution,  -O3 -g  -fnext-runtime
FAIL: objc/execute/protocol-isEqual-1.m compilation,  -Os  -fnext-runtime
UNRESOLVED: objc/execute/protocol-isEqual-1.m execution,  -Os  -fnext-runtime
FAIL: objc/execute/protocol-isEqual-2.m compilation,  -O0  -fnext-runtime
UNRESOLVED: objc/execute/protocol-isEqual-2.m execution,  -O0  -fnext-runtime
FAIL: objc/execute/protocol-isEqual-2.m compilation,  -O1  -fnext-runtime
UNRESOLVED: objc/execute/protocol-isEqual-2.m execution,  -O1  -fnext-runtime
FAIL: objc/execute/protocol-isEqual-2.m compilation,  -O2  -fnext-runtime
UNRESOLVED: objc/execute/protocol-isEqual-2.m execution,  -O2  -fnext-runtime
FAIL: objc/execute/protocol-isEqual-2.m compilation,  -O3 -fomit-frame-pointer  -fnext-runtime
UNRESOLVED: objc/execute/protocol-isEqual-2.m execution,  -O3 -fomit-frame-pointer  -fnext-runtime
FAIL: objc/execute/protocol-isEqual-2.m compilation,  -O3 -g  -fnext-runtime
UNRESOLVED: objc/execute/protocol-isEqual-2.m execution,  -O3 -g  -fnext-runtime
FAIL: objc/execute/protocol-isEqual-2.m compilation,  -Os  -fnext-runtime
UNRESOLVED: objc/execute/protocol-isEqual-2.m execution,  -Os  -fnext-runtime
FAIL: objc/execute/protocol-isEqual-3.m compilation,  -O0  -fnext-runtime
UNRESOLVED: objc/execute/protocol-isEqual-3.m execution,  -O0  -fnext-runtime
FAIL: objc/execute/protocol-isEqual-3.m compilation,  -O1  -fnext-runtime
UNRESOLVED: objc/execute/protocol-isEqual-3.m execution,  -O1  -fnext-runtime
FAIL: objc/execute/protocol-isEqual-3.m compilation,  -O2  -fnext-runtime
UNRESOLVED: objc/execute/protocol-isEqual-3.m execution,  -O2  -fnext-runtime
FAIL: objc/execute/protocol-isEqual-3.m compilation,  -O3 -fomit-frame-pointer  -fnext-runtime
UNRESOLVED: objc/execute/protocol-isEqual-3.m execution,  -O3 -fomit-frame-pointer  -fnext-runtime
FAIL: objc/execute/protocol-isEqual-3.m compilation,  -O3 -g  -fnext-runtime
UNRESOLVED: objc/execute/protocol-isEqual-3.m execution,  -O3 -g  -fnext-runtime
FAIL: objc/execute/protocol-isEqual-3.m compilation,  -Os  -fnext-runtime
UNRESOLVED: objc/execute/protocol-isEqual-3.m execution,  -Os  -fnext-runtime
FAIL: objc/execute/protocol-isEqual-4.m compilation,  -O0  -fnext-runtime
UNRESOLVED: objc/execute/protocol-isEqual-4.m execution,  -O0  -fnext-runtime
FAIL: objc/execute/protocol-isEqual-4.m compilation,  -O1  -fnext-runtime
UNRESOLVED: objc/execute/protocol-isEqual-4.m execution,  -O1  -fnext-runtime
FAIL: objc/execute/protocol-isEqual-4.m compilation,  -O2  -fnext-runtime
UNRESOLVED: objc/execute/protocol-isEqual-4.m execution,  -O2  -fnext-runtime
FAIL: objc/execute/protocol-isEqual-4.m compilation,  -O3 -fomit-frame-pointer  -fnext-runtime
UNRESOLVED: objc/execute/protocol-isEqual-4.m execution,  -O3 -fomit-frame-pointer  -fnext-runtime
FAIL: objc/execute/protocol-isEqual-4.m compilation,  -O3 -g  -fnext-runtime
UNRESOLVED: objc/execute/protocol-isEqual-4.m execution,  -O3 -g  -fnext-runtime
FAIL: objc/execute/protocol-isEqual-4.m compilation,  -Os  -fnext-runtime
UNRESOLVED: objc/execute/protocol-isEqual-4.m execution,  -Os  -fnext-runtime
FAIL: objc.dg/category-1.m (test for excess errors)
FAIL: objc.dg/const-str-10.m (test for excess errors)
FAIL: objc.dg/const-str-11.m (test for excess errors)
FAIL: objc.dg/const-str-3.m (test for excess errors)
FAIL: objc.dg/const-str-7.m (test for excess errors)
FAIL: objc.dg/const-str-8.m (test for excess errors)
FAIL: objc.dg/const-str-9.m (test for excess errors)
FAIL: objc.dg/encode-2.m (test for excess errors)
FAIL: objc.dg/encode-3.m (test for excess errors)
WARNING: objc.dg/encode-3.m compilation failed to produce executable
FAIL: objc.dg/encode-4.m (test for excess errors)
FAIL: objc.dg/encode-5.m (test for excess errors)
FAIL: objc.dg/headers.m (test for excess errors)
FAIL: objc.dg/method-6.m (test for excess errors)
FAIL: objc.dg/no-extra-load.m (test for excess errors)
ERROR: objc.dg/no-extra-load.m: error executing dg-final: couldn't open "no-extra-load.s": no such file or directory
UNRESOLVED: objc.dg/no-extra-load.m: error executing dg-final: couldn't open "no-extra-load.s": no such file or directory
FAIL: objc.dg/proto-lossage-3.m (test for excess errors)
WARNING: objc.dg/proto-lossage-3.m compilation failed to produce executable
FAIL: objc.dg/proto-qual-1.m (test for excess errors)
WARNING: objc.dg/proto-qual-1.m compilation failed to produce executable
FAIL: objc.dg/type-size-2.m (test for excess errors)
FAIL: objc.dg-struct-layout-encoding-1/t001_main.m execution test
FAIL: objc.dg-struct-layout-encoding-1/t005_main.m execution test
FAIL: objc.dg-struct-layout-encoding-1/t009_main.m execution test
FAIL: objc.dg-struct-layout-encoding-1/t010_main.m execution test
FAIL: objc.dg-struct-layout-encoding-1/t013_main.m execution test
FAIL: objc.dg-struct-layout-encoding-1/t014_main.m execution test
FAIL: objc.dg-struct-layout-encoding-1/t016_main.m execution test
FAIL: objc.dg-struct-layout-encoding-1/t017_main.m execution test
FAIL: objc.dg-struct-layout-encoding-1/t018_main.m execution test
FAIL: objc.dg-struct-layout-encoding-1/t019_main.m execution test
FAIL: objc.dg-struct-layout-encoding-1/t020_main.m execution test
FAIL: objc.dg-struct-layout-encoding-1/t021_main.m execution test
FAIL: objc.dg-struct-layout-encoding-1/t023_main.m execution test
FAIL: objc.dg-struct-layout-encoding-1/t024_main.m execution test

		=== objc Summary ===

# of expected passes		2874
# of unexpected failures	103
# of expected failures		17
# of unresolved testcases	73
# of unsupported tests		1
/sw/src/fink.build/gcc43-4.3.0-20080228/darwin_objdir/gcc/xgcc  version 4.3.0 20080228 (prerelease) (GCC) 

		=== libffi tests ===


Running target unix
FAIL: libffi.call/nested_struct5.c -O0 -W -Wall execution test
FAIL: libffi.call/nested_struct5.c -O2 execution test
FAIL: libffi.call/nested_struct5.c -O3 execution test
FAIL: libffi.call/nested_struct5.c -Os execution test
FAIL: libffi.call/nested_struct5.c -O2 -fomit-frame-pointer execution test

		=== libffi Summary ===

# of expected passes		1379
# of unexpected failures	5
# of unsupported tests		10
		=== libgomp tests ===


Running target unix

		=== libgomp Summary ===

# of expected passes		1481
# of unsupported tests		109
		=== libjava tests ===


Running target unix
FAIL: Thread_Sleep_2 output - source compiled test
FAIL: Thread_Sleep_2 -findirect-dispatch output - source compiled test
FAIL: Thread_Sleep_2 -O3 output - source compiled test
FAIL: Thread_Sleep_2 -O3 -findirect-dispatch output - source compiled test

		=== libjava Summary ===

# of expected passes		2546
# of unexpected failures	4
		=== libstdc++ tests ===


Running target unix
XPASS: 21_strings/basic_string/element_access/char/21674.cc execution test
XPASS: 21_strings/basic_string/element_access/wchar_t/21674.cc execution test
XPASS: 26_numerics/headers/cmath/c99_classification_macros_c.cc (test for excess errors)
FAIL: 27_io/ios_base/storage/11584.cc execution test
FAIL: ext/mt_allocator/deallocate_local_thread-5.cc execution test
FAIL: ext/mt_allocator/deallocate_local_thread-7.cc execution test

		=== libstdc++ Summary ===

# of expected passes		4944
# of unexpected failures	3
# of unexpected successes	3
# of expected failures		58
# of unsupported tests		336

Compiler version: 4.3.0 20080228 (prerelease) (GCC) 
Platform: powerpc-apple-darwin9
configure flags: --prefix=/sw --prefix=/sw/lib/gcc4.3 --mandir=/sw/share/man --infodir=/sw/share/info --enable-languages=c,c++,fortran,objc,java --build=powerpc-apple-darwin9 --with-gmp=/sw --with-libiconv-prefix=/sw --with-system-zlib --x-includes=/usr/X11R6/include --x-libraries=/usr/X11R6/lib --disable-libjava-multilib


Index Nav: [Date Index] [Subject Index] [Author Index] [Thread Index]
Message Nav: [Date Prev] [Date Next] [Thread Prev] [Thread Next]