This is the mail archive of the gcc-testresults@gcc.gnu.org mailing list for the GCC project.


Index Nav: [Date Index] [Subject Index] [Author Index] [Thread Index]
Message Nav: [Date Prev] [Date Next] [Thread Prev] [Thread Next]
Other format: [Raw text]

Results for 4.4.0 20080227 (experimental) [trunk revision 132712] (GCC) testsuite on i686-pc-linux-gnu


LAST_UPDATED: Wed Feb 27 14:23:40 UTC 2008 (revision 132712)

Native configuration is i686-pc-linux-gnu

		=== g++ tests ===


Running target unix

		=== g++ Summary ===

# of expected passes		17528
# of expected failures		82
# of unsupported tests		89
/home/cuiwd/gcc4/build/gcc/testsuite/g++/../../g++  version 4.4.0 20080227 (experimental) [trunk revision 132712] (GCC) 

		=== gcc tests ===


Running target unix
FAIL: gcc.dg/pr34351.c  (test for warnings, line 4)
FAIL: gcc.dg/pr34351.c (test for excess errors)

		=== gcc Summary ===

# of expected passes		48996
# of unexpected failures	2
# of expected failures		167
# of untested testcases		35
# of unsupported tests		261
/home/cuiwd/gcc4/build/gcc/xgcc  version 4.4.0 20080227 (experimental) [trunk revision 132712] (GCC) 

		=== gfortran tests ===


Running target unix

		=== gfortran Summary ===

# of expected passes		23780
# of expected failures		3
# of unsupported tests		16
/home/cuiwd/gcc4/build/gcc/testsuite/gfortran/../../gfortran  version 4.4.0 20080227 (experimental) [trunk revision 132712] (GCC) 

		=== objc tests ===


Running target unix

		=== objc Summary ===

# of expected passes		1812
# of expected failures		7
# of unsupported tests		24
/home/cuiwd/gcc4/build/gcc/xgcc  version 4.4.0 20080227 (experimental) [trunk revision 132712] (GCC) 

		=== libffi tests ===


Running target unix

		=== libffi Summary ===

# of expected passes		1389
# of unsupported tests		10
		=== libgomp tests ===


Running target unix

		=== libgomp Summary ===

# of expected passes		1699
		=== libjava tests ===


Running target unix

		=== libjava Summary ===

# of expected passes		2550
		=== libmudflap tests ===


Running target unix

		=== libmudflap Summary ===

# of expected passes		1849
		=== libstdc++ tests ===


Running target unix
FAIL: abi_check
XPASS: 26_numerics/headers/cmath/c99_classification_macros_c.cc (test for excess errors)

		=== libstdc++ Summary ===

# of expected passes		4967
# of unexpected failures	1
# of unexpected successes	1
# of expected failures		60
# of unsupported tests		326

Compiler version: 4.4.0 20080227 (experimental) [trunk revision 132712] (GCC) 
Platform: i686-pc-linux-gnu
configure flags: --prefix=/home/cuiwd/gcc4/ins --with-gnu-as --with-as=/home/cuiwd/gcc4/binutils/bin/as --with-gnu-ld --with-ld=/home/cuiwd/gcc4/binutils/bin/ld --with-mpfr=/home/cuiwd/gcc4/mpfr --with-gmp=/home/cuiwd/gcc4/gmp --enable-clocale=gnu --with-system-zlib --enable-shared --enable-threads=posix --enable-decimal-float=bid --with-demangler-in-ld --enable-haifa --enable-checking=assert


Index Nav: [Date Index] [Subject Index] [Author Index] [Thread Index]
Message Nav: [Date Prev] [Date Next] [Thread Prev] [Thread Next]